000
CDUS44 KBRO 070642
CLIBRO


CLIMATE REPORT
NATIONAL WEATHER SERVICE BROWNSVILLE TX
142 AM CDT TUE JUL 7 2015


...................................

...THE BROWNSVILLE CLIMATE SUMMARY FOR JULY 6 2015...

CLIMATE NORMAL PERIOD 1981 TO 2010
CLIMATE RECORD PERIOD 1878 TO 2015


WEATHER ITEM   OBSERVED TIME   RECORD YEAR NORMAL DEPARTURE LAST
                VALUE   (LST)  VALUE       VALUE  FROM      YEAR
                                                  NORMAL
..................................................................
TEMPERATURE (F)
 YESTERDAY
  MAXIMUM         92    222 PM  99    1998  93     -1       92
  MINIMUM         78    606 AM  64    1901  76      2       73
  AVERAGE         85                        85      0       83

PRECIPITATION (IN)
  YESTERDAY        0.00          2.55 1976   0.08  -0.08     0.00
  MONTH TO DATE    2.36                      0.48   1.88     1.03
  SINCE JUN 1      3.12                      3.05   0.07     1.67
  SINCE JAN 1     23.61                     10.81  12.80     7.00

SNOWFALL (IN)
  YESTERDAY        0.0          MM    2001   0.0
  MONTH TO DATE    0.0                       0.0
  SINCE JUN 1      0.0                       0.0
  SINCE JUL 1      0.0                       0.0

DEGREE DAYS
 HEATING
  YESTERDAY        0                         0      0        0
  MONTH TO DATE    0                         0      0        0
  SINCE JUN 1      0                         0      0        0
  SINCE JUL 1      0                         0      0        0

 COOLING
  YESTERDAY       20                        20      0       18
  MONTH TO DATE  105                       120    -15      113
  SINCE JUN 1    678                       687     -9      710
  SINCE JAN 1   1740                      1780    -40     1632
..................................................................


WIND (MPH)
  HIGHEST WIND SPEED    28   HIGHEST WIND DIRECTION    SE (150)
  HIGHEST GUST SPEED    33   HIGHEST GUST DIRECTION    SE (150)
  AVERAGE WIND SPEED    15.5


SKY COVER
  POSSIBLE SUNSHINE  MM
  AVERAGE SKY COVER 0.3


WEATHER CONDITIONS
 THE FOLLOWING WEATHER WAS RECORDED YESTERDAY.
  FOG


RELATIVE HUMIDITY (PERCENT)
 HIGHEST    94          1200 AM
 LOWEST     60           100 PM
 AVERAGE    77

..........................................................


THE BROWNSVILLE CLIMATE NORMALS FOR TODAY
                         NORMAL    RECORD    YEAR
 MAXIMUM TEMPERATURE (F)   93        99      2005
 MINIMUM TEMPERATURE (F)   76        65      1901


SUNRISE AND SUNSET
JULY  7 2015..........SUNRISE   644 AM CDT   SUNSET   825 PM CDT
JULY  8 2015..........SUNRISE   644 AM CDT   SUNSET   825 PM CDT


-  INDICATES NEGATIVE NUMBERS.
R  INDICATES RECORD WAS SET OR TIED.
MM INDICATES DATA IS MISSING.
T  INDICATES TRACE AMOUNT.




$$
