000
CDUS44 KBRO 010629
CLIBRO


CLIMATE REPORT
NATIONAL WEATHER SERVICE BROWNSVILLE TX
129 AM CDT FRI AUG 1 2014


...................................

...THE BROWNSVILLE CLIMATE SUMMARY FOR JULY 31 2014...

CLIMATE NORMAL PERIOD 1981 TO 2010
CLIMATE RECORD PERIOD 1878 TO 2014


WEATHER ITEM   OBSERVED TIME   RECORD YEAR NORMAL DEPARTURE LAST
                VALUE   (LST)  VALUE       VALUE  FROM      YEAR
                                                  NORMAL
..................................................................
TEMPERATURE (F)
 YESTERDAY
  MAXIMUM         97    116 PM 100    1918  95      2       98
  MINIMUM         78    620 AM  67    1894  76      2       76
  AVERAGE         88                        86      2       87

PRECIPITATION (IN)
  YESTERDAY        0.00          0.84 1922   0.06  -0.06     0.00
  MONTH TO DATE    1.64                      2.04  -0.40     2.13
  SINCE JUN 1      2.28                      4.61  -2.33     2.98
  SINCE JAN 1      7.61                     12.37  -4.76     8.58

SNOWFALL (IN)
  YESTERDAY        0.0           0.0  2002   0.0
                                      2001
  MONTH TO DATE    0.0                       0.0
  SINCE JUN 1      0.0                       0.0
  SINCE JUL 1      0.0                       0.0

DEGREE DAYS
 HEATING
  YESTERDAY        0                         0      0        0
  MONTH TO DATE    0                         0      0        0
  SINCE JUN 1      0                         0      0        0
  SINCE JUL 1      0                         0      0        0

 COOLING
  YESTERDAY       23                        20      3       22
  MONTH TO DATE  624                       618      6      632
  SINCE JUN 1   1221                      1185     36     1255
  SINCE JAN 1   2143                      2278   -135     2377
..................................................................


WIND (MPH)
  HIGHEST WIND SPEED    23   HIGHEST WIND DIRECTION    SE (150)
  HIGHEST GUST SPEED    30   HIGHEST GUST DIRECTION    SE (140)
  AVERAGE WIND SPEED    13.8


SKY COVER
  POSSIBLE SUNSHINE  MM
  AVERAGE SKY COVER 0.2


WEATHER CONDITIONS
 THE FOLLOWING WEATHER WAS RECORDED YESTERDAY.
  NO SIGNIFICANT WEATHER WAS OBSERVED.


RELATIVE HUMIDITY (PERCENT)
 HIGHEST    97           400 AM
 LOWEST     46           100 PM
 AVERAGE    72

..........................................................


THE BROWNSVILLE CLIMATE NORMALS FOR TODAY
                         NORMAL    RECORD    YEAR
 MAXIMUM TEMPERATURE (F)   95        98      2013
                                             2012
                                             2009
 MINIMUM TEMPERATURE (F)   76        68      1918


SUNRISE AND SUNSET
AUGUST  1 2014........SUNRISE   656 AM CDT   SUNSET   816 PM CDT
AUGUST  2 2014........SUNRISE   656 AM CDT   SUNSET   815 PM CDT


-  INDICATES NEGATIVE NUMBERS.
R  INDICATES RECORD WAS SET OR TIED.
MM INDICATES DATA IS MISSING.
T  INDICATES TRACE AMOUNT.




$$
