000
CDUS44 KBRO 210627
CLIBRO


CLIMATE REPORT
NATIONAL WEATHER SERVICE BROWNSVILLE TX
127 AM CDT MON AUG 21 2017


...................................

...THE BROWNSVILLE CLIMATE SUMMARY FOR AUGUST 20 2017...

CLIMATE NORMAL PERIOD 1981 TO 2010
CLIMATE RECORD PERIOD 1878 TO 2017


WEATHER ITEM   OBSERVED TIME   RECORD YEAR NORMAL DEPARTURE LAST
                VALUE   (LST)  VALUE       VALUE  FROM      YEAR
                                                  NORMAL
..................................................................
TEMPERATURE (F)
 YESTERDAY
  MAXIMUM         96   1109 AM 101    1986  94      2       95
  MINIMUM         76    615 AM  70    1910  76      0       80
                                      1893
  AVERAGE         86                        85      1       88

PRECIPITATION (IN)
  YESTERDAY        0.00          1.48 1878   0.08  -0.08     0.00
  MONTH TO DATE    0.97                      1.30  -0.33     0.30
  SINCE JUN 1      6.77                      5.91   0.86     3.46
  SINCE JAN 1     12.63                     13.67  -1.04    13.45

SNOWFALL (IN)
  YESTERDAY        0.0           0.0  2002   0.0
                                      2001
  MONTH TO DATE    0.0                       0.0
  SINCE JUN 1      0.0                       0.0
  SINCE JUL 1      0.0                       0.0

DEGREE DAYS
 HEATING
  YESTERDAY        0                         0      0        0
  MONTH TO DATE    0                         0      0        0
  SINCE JUN 1      0                         0      0        0
  SINCE JUL 1      0                         0      0        0

 COOLING
  YESTERDAY       21                        20      1       23
  MONTH TO DATE  447                       416     31      451
  SINCE JUN 1   1658                      1601     57     1713
  SINCE JAN 1   3295                      2694    601     2873
..................................................................


WIND (MPH)
  HIGHEST WIND SPEED    18   HIGHEST WIND DIRECTION     E (100)
  HIGHEST GUST SPEED    27   HIGHEST GUST DIRECTION     E (100)
  AVERAGE WIND SPEED     7.5


SKY COVER
  POSSIBLE SUNSHINE  MM
  AVERAGE SKY COVER 0.2


WEATHER CONDITIONS
 THE FOLLOWING WEATHER WAS RECORDED YESTERDAY.
  NO SIGNIFICANT WEATHER WAS OBSERVED.


RELATIVE HUMIDITY (PERCENT)
 HIGHEST   100           300 AM
 LOWEST     49           200 PM
 AVERAGE    75

..........................................................


THE BROWNSVILLE CLIMATE NORMALS FOR TODAY
                         NORMAL    RECORD    YEAR
 MAXIMUM TEMPERATURE (F)   94        99      1991
                                             1918
                                             1896
 MINIMUM TEMPERATURE (F)   76        70      1961
                                             1901


SUNRISE AND SUNSET
AUGUST 21 2017........SUNRISE   705 AM CDT   SUNSET   800 PM CDT
AUGUST 22 2017........SUNRISE   706 AM CDT   SUNSET   759 PM CDT


-  INDICATES NEGATIVE NUMBERS.
R  INDICATES RECORD WAS SET OR TIED.
MM INDICATES DATA IS MISSING.
T  INDICATES TRACE AMOUNT.




$$
