000
CDUS44 KBRO 182126
CLIBRO


CLIMATE REPORT
NATIONAL WEATHER SERVICE BROWNSVILLE TX
426 PM CDT FRI APR 18 2014


...................................

...THE BROWNSVILLE CLIMATE SUMMARY FOR APRIL 18 2014...
VALID TODAY AS OF 0400 PM LOCAL TIME.

CLIMATE NORMAL PERIOD 1981 TO 2010
CLIMATE RECORD PERIOD 1878 TO 2014


WEATHER ITEM   OBSERVED TIME   RECORD YEAR NORMAL DEPARTURE LAST
                VALUE   (LST)  VALUE       VALUE  FROM      YEAR
                                                  NORMAL
..................................................................
TEMPERATURE (F)
 TODAY
  MAXIMUM         76    259 PM 100    1953  84     -8       99
                                      1920
  MINIMUM         68    610 AM  46    1921  66      2       64
                                      1901
  AVERAGE         72                        75     -3       82

PRECIPITATION (IN)
  TODAY            0.00          1.29 1992   0.06  -0.06     0.00
  MONTH TO DATE    0.28                      0.94  -0.66     0.01
  SINCE MAR 1      1.74                      2.17  -0.43     0.29
  SINCE JAN 1      2.50                      4.52  -2.02     1.77

SNOWFALL (IN)
  TODAY            0.0          90.0  2001   0.0
  MONTH TO DATE    0.0                       0.0
  SINCE MAR 1      0.0                       0.0
  SINCE JUL 1      0.0                       0.0

DEGREE DAYS
 HEATING
  TODAY            0                         0      0        0
  MONTH TO DATE   10                         6      4        2
  SINCE MAR 1    100                        49     51       26
  SINCE JUL 1    824                       552    272      319

 COOLING
  TODAY            7                        10     -3       17
  MONTH TO DATE  146                       163    -17      186
  SINCE MAR 1    269                       337    -68      352
  SINCE JAN 1    389                       478    -89      573
..................................................................


WIND (MPH)
  HIGHEST WIND SPEED    18   HIGHEST WIND DIRECTION    NE (50)
  HIGHEST GUST SPEED    23   HIGHEST GUST DIRECTION    NE (60)
  AVERAGE WIND SPEED     8.8


SKY COVER
  POSSIBLE SUNSHINE  MM
  AVERAGE SKY COVER 1.0


WEATHER CONDITIONS
 THE FOLLOWING WEATHER WAS RECORDED TODAY.
  NO SIGNIFICANT WEATHER WAS OBSERVED.


RELATIVE HUMIDITY (PERCENT)
 HIGHEST    93           500 AM
 LOWEST     64           200 PM
 AVERAGE    79

..........................................................


THE BROWNSVILLE CLIMATE NORMALS FOR TOMORROW
                         NORMAL    RECORD    YEAR
 MAXIMUM TEMPERATURE (F)   84        95      1884
 MINIMUM TEMPERATURE (F)   67        51      2008
                                             1940


SUNRISE AND SUNSET
APRIL 18 2014.........SUNRISE   704 AM CDT   SUNSET   755 PM CDT
APRIL 19 2014.........SUNRISE   703 AM CDT   SUNSET   755 PM CDT


-  INDICATES NEGATIVE NUMBERS.
R  INDICATES RECORD WAS SET OR TIED.
MM INDICATES DATA IS MISSING.
T  INDICATES TRACE AMOUNT.




$$
