000
CDUS44 KBRO 150733
CLIBRO


CLIMATE REPORT
NATIONAL WEATHER SERVICE BROWNSVILLE TX
132 AM CST FRI DEC 15 2017


...................................

...THE BROWNSVILLE CLIMATE SUMMARY FOR DECEMBER 14 2017...

CLIMATE NORMAL PERIOD 1981 TO 2010
CLIMATE RECORD PERIOD 1878 TO 2017


WEATHER ITEM   OBSERVED TIME   RECORD YEAR NORMAL DEPARTURE LAST
                VALUE   (LST)  VALUE       VALUE  FROM      YEAR
                                                  NORMAL
..................................................................
TEMPERATURE (F)
 YESTERDAY
  MAXIMUM         78    302 PM  84    1987  72      6       75
                                      1951
                                      1921
  MINIMUM         52    612 AM  30    1985  53     -1       67
  AVERAGE         65                        62      3       71

PRECIPITATION (IN)
  YESTERDAY        T             1.39 1937   0.04  -0.04     0.00
  MONTH TO DATE    0.83                      0.57   0.26     1.42
  SINCE DEC 1      0.83                      0.57   0.26     1.42
  SINCE JAN 1     22.55                     26.86  -4.31    22.56

SNOWFALL (IN)
  YESTERDAY        0.0           0.0  2001   0.0
  MONTH TO DATE    0.3                       0.0
  SINCE DEC 1      0.3                       0.0
  SINCE JUL 1      0.3                       0.0

DEGREE DAYS
 HEATING
  YESTERDAY        0                         5     -5        0
  MONTH TO DATE   94                        62     32       47
  SINCE DEC 1     94                        62     32       47
  SINCE JUL 1    110                       116     -6       55

 COOLING
  YESTERDAY        0                         3     -3        6
  MONTH TO DATE   51                        44      7       59
  SINCE DEC 1     51                        44      7       59
  SINCE JAN 1   4770                      3989    781     4526
..................................................................


WIND (MPH)
  HIGHEST WIND SPEED    15   HIGHEST WIND DIRECTION     S (170)
  HIGHEST GUST SPEED    19   HIGHEST GUST DIRECTION     S (170)
  AVERAGE WIND SPEED     4.4


SKY COVER
  POSSIBLE SUNSHINE  MM
  AVERAGE SKY COVER 0.1


WEATHER CONDITIONS
 THE FOLLOWING WEATHER WAS RECORDED YESTERDAY.
  LIGHT RAIN


RELATIVE HUMIDITY (PERCENT)
 HIGHEST   100           200 AM
 LOWEST     50           400 PM
 AVERAGE    75

..........................................................


THE BROWNSVILLE CLIMATE NORMALS FOR TODAY
                         NORMAL    RECORD    YEAR
 MAXIMUM TEMPERATURE (F)   72        85      2012
 MINIMUM TEMPERATURE (F)   53        32      1947


SUNRISE AND SUNSET
DECEMBER 15 2017......SUNRISE   709 AM CST   SUNSET   541 PM CST
DECEMBER 16 2017......SUNRISE   710 AM CST   SUNSET   541 PM CST


-  INDICATES NEGATIVE NUMBERS.
R  INDICATES RECORD WAS SET OR TIED.
MM INDICATES DATA IS MISSING.
T  INDICATES TRACE AMOUNT.




$$
