000
CDUS44 KBRO 280629
CLIBRO


CLIMATE REPORT
NATIONAL WEATHER SERVICE BROWNSVILLE TX
128 AM CDT SAT MAR 28 2015


...................................

...THE BROWNSVILLE CLIMATE SUMMARY FOR MARCH 27 2015...

CLIMATE NORMAL PERIOD 1981 TO 2010
CLIMATE RECORD PERIOD 1878 TO 2015


WEATHER ITEM   OBSERVED TIME   RECORD YEAR NORMAL DEPARTURE LAST
                VALUE   (LST)  VALUE       VALUE  FROM      YEAR
                                                  NORMAL
..................................................................
TEMPERATURE (F)
 YESTERDAY
  MAXIMUM         79    345 PM 106    1984  81     -2       81
  MINIMUM         53    653 AM  40    1913  62     -9       70
  AVERAGE         66                        71     -5       76

PRECIPITATION (IN)
  YESTERDAY        0.00          0.90 1911   0.04  -0.04      T
  MONTH TO DATE    4.72                      1.06   3.66     1.46
  SINCE MAR 1      4.72                      1.06   3.66     1.46
  SINCE JAN 1      9.04                      3.41   5.63     2.22

DEGREE DAYS
 HEATING
  YESTERDAY        0                         1     -1        0
  MONTH TO DATE   67                        40     27       90
  SINCE MAR 1     67                        40     27       90
  SINCE JUL 1    690                       543    147      814

 COOLING
  YESTERDAY        1                         7     -6       11
  MONTH TO DATE   96                       145    -49       88
  SINCE MAR 1     96                       145    -49       88
  SINCE JAN 1    153                       286   -133      208
..................................................................


WIND (MPH)
  HIGHEST WIND SPEED    12   HIGHEST WIND DIRECTION    NW (320)
  HIGHEST GUST SPEED    19   HIGHEST GUST DIRECTION    NW (320)
  AVERAGE WIND SPEED     6.1


SKY COVER
  POSSIBLE SUNSHINE  MM
  AVERAGE SKY COVER 0.0


WEATHER CONDITIONS
 THE FOLLOWING WEATHER WAS RECORDED YESTERDAY.
  NO SIGNIFICANT WEATHER WAS OBSERVED.


RELATIVE HUMIDITY (PERCENT)
 HIGHEST    89           600 AM
 LOWEST     25           200 PM
 AVERAGE    57

..........................................................


THE BROWNSVILLE CLIMATE NORMALS FOR TODAY
                         NORMAL    RECORD    YEAR
 MAXIMUM TEMPERATURE (F)   81        96      1899
 MINIMUM TEMPERATURE (F)   62        41      1913


SUNRISE AND SUNSET
MARCH 28 2015.........SUNRISE   725 AM CDT   SUNSET   745 PM CDT
MARCH 29 2015.........SUNRISE   724 AM CDT   SUNSET   745 PM CDT


-  INDICATES NEGATIVE NUMBERS.
R  INDICATES RECORD WAS SET OR TIED.
MM INDICATES DATA IS MISSING.
T  INDICATES TRACE AMOUNT.

$$
