000
CDUS44 KBRO 230728
CLIBRO


CLIMATE REPORT
NATIONAL WEATHER SERVICE BROWNSVILLE TX
128 AM CST SUN NOV 23 2014


...................................

...THE BROWNSVILLE CLIMATE SUMMARY FOR NOVEMBER 22 2014...

CLIMATE NORMAL PERIOD 1981 TO 2010
CLIMATE RECORD PERIOD 1878 TO 2014


WEATHER ITEM   OBSERVED TIME   RECORD YEAR NORMAL DEPARTURE LAST
                VALUE   (LST)  VALUE       VALUE  FROM      YEAR
                                                  NORMAL
..................................................................
TEMPERATURE (F)
 YESTERDAY
  MAXIMUM         82    217 PM  91    1900  77      5       88
  MINIMUM         66   1159 PM  38    1937  58      8       47
  AVERAGE         74                        68      6       68

PRECIPITATION (IN)
  YESTERDAY        0.03          1.26 2013   0.05  -0.02     1.26
  MONTH TO DATE    3.43                      1.44   1.99     1.59
  SINCE SEP 1     17.61                     11.10   6.51    15.10
  SINCE JAN 1     27.13                     25.91   1.22    25.15

SNOWFALL (IN)
  YESTERDAY        0.0           0.0  2001   0.0
  MONTH TO DATE    0.0                       0.0
  SINCE SEP 1      0.0                       0.0
  SINCE JUL 1      0.0                       0.0

DEGREE DAYS
 HEATING
  YESTERDAY        0                         2     -2        0
  MONTH TO DATE   93                        28     65       11
  SINCE SEP 1     93                        32     61       11
  SINCE JUL 1     93                        32     61       11

 COOLING
  YESTERDAY        9                         5      4        3
  MONTH TO DATE   94                       146    -52      173
  SINCE SEP 1   1063                      1004     59     1087
  SINCE JAN 1   3883                      3911    -28     4120
..................................................................


WIND (MPH)
  HIGHEST WIND SPEED    32   HIGHEST WIND DIRECTION    SE (140)
  HIGHEST GUST SPEED    41   HIGHEST GUST DIRECTION    SE (140)
  AVERAGE WIND SPEED    16.1


SKY COVER
  POSSIBLE SUNSHINE  MM
  AVERAGE SKY COVER 0.7


WEATHER CONDITIONS
 THE FOLLOWING WEATHER WAS RECORDED YESTERDAY.
  THUNDERSTORM
  RAIN
  LIGHT RAIN
  FOG


RELATIVE HUMIDITY (PERCENT)
 HIGHEST    93           100 AM
 LOWEST     67           200 PM
 AVERAGE    80

..........................................................


THE BROWNSVILLE CLIMATE NORMALS FOR TODAY
                         NORMAL    RECORD    YEAR
 MAXIMUM TEMPERATURE (F)   77        88      1917
 MINIMUM TEMPERATURE (F)   58        37      1938


SUNRISE AND SUNSET
NOVEMBER 23 2014......SUNRISE   654 AM CST   SUNSET   538 PM CST
NOVEMBER 24 2014......SUNRISE   654 AM CST   SUNSET   538 PM CST


-  INDICATES NEGATIVE NUMBERS.
R  INDICATES RECORD WAS SET OR TIED.
MM INDICATES DATA IS MISSING.
T  INDICATES TRACE AMOUNT.




$$
