000
CDUS44 KBRO 310627
CLIBRO


CLIMATE REPORT
NATIONAL WEATHER SERVICE BROWNSVILLE TX
126 AM CDT FRI JUL 31 2015


...................................

...THE BROWNSVILLE CLIMATE SUMMARY FOR JULY 30 2015...

CLIMATE NORMAL PERIOD 1981 TO 2010
CLIMATE RECORD PERIOD 1878 TO 2015


WEATHER ITEM   OBSERVED TIME   RECORD YEAR NORMAL DEPARTURE LAST
                VALUE   (LST)  VALUE       VALUE  FROM      YEAR
                                                  NORMAL
..................................................................
TEMPERATURE (F)
 YESTERDAY
  MAXIMUM         95    151 PM 102    1918  95      0       97
  MINIMUM         MM        MM  70    1913  76     MM       75
  AVERAGE         MM                        85     MM       86

PRECIPITATION (IN)
  YESTERDAY        0.00          3.30 1894   0.05  -0.05     0.00
  MONTH TO DATE    2.36                      1.98   0.38     1.64
  SINCE JUN 1      3.12                      4.55  -1.43     2.28
  SINCE JAN 1     23.61                     12.31  11.30     7.61

SNOWFALL (IN)
  YESTERDAY        0.0           0.0  2002   0.0
                                      2001
  MONTH TO DATE    0.0                       0.0
  SINCE JUN 1      0.0                       0.0
  SINCE JUL 1      0.0                       0.0

DEGREE DAYS
 HEATING
  YESTERDAY       MM                         0     MM        0
  MONTH TO DATE    0                         0      0        0
  SINCE JUN 1      0                         0      0        0
  SINCE JUL 1      0                         0      0        0

 COOLING
  YESTERDAY       MM                        20     MM       21
  MONTH TO DATE  187                       600   -413      601
  SINCE JUN 1    760                      1167   -407     1198
  SINCE JAN 1   1822                      2260   -438     2120
..................................................................


WIND (MPH)
  HIGHEST WIND SPEED    17   HIGHEST WIND DIRECTION    SE (120)
  HIGHEST GUST SPEED    26   HIGHEST GUST DIRECTION    SE (140)
  AVERAGE WIND SPEED     6.4


SKY COVER
  POSSIBLE SUNSHINE  MM
  AVERAGE SKY COVER 0.2


WEATHER CONDITIONS
 THE FOLLOWING WEATHER WAS RECORDED YESTERDAY.
  FOG
  HAZE


RELATIVE HUMIDITY (PERCENT)
 HIGHEST   100           500 AM
 LOWEST     49          1200 PM
 AVERAGE    75

..........................................................


THE BROWNSVILLE CLIMATE NORMALS FOR TODAY
                         NORMAL    RECORD    YEAR
 MAXIMUM TEMPERATURE (F)   95       100      1918
 MINIMUM TEMPERATURE (F)   76        67      1894


SUNRISE AND SUNSET
JULY 31 2015..........SUNRISE   655 AM CDT   SUNSET   817 PM CDT
AUGUST  1 2015........SUNRISE   656 AM CDT   SUNSET   816 PM CDT


-  INDICATES NEGATIVE NUMBERS.
R  INDICATES RECORD WAS SET OR TIED.
MM INDICATES DATA IS MISSING.
T  INDICATES TRACE AMOUNT.




$$
