000
CDAK49 PAFG 210956
CLIBRW

CLIMATE REPORT
NATIONAL WEATHER SERVICE FAIRBANKS AK
1256 AM AKST SAT JAN 21 2017


...................................

...THE BARROW AK CLIMATE SUMMARY FOR JANUARY 20 2017...

CLIMATE NORMAL PERIOD 1981 TO 2010
CLIMATE RECORD PERIOD 1920 TO 2017


WEATHER ITEM   OBSERVED TIME   RECORD YEAR NORMAL DEPARTURE LAST
                VALUE   (LST)  VALUE       VALUE  FROM      YEAR
                                                  NORMAL
..................................................................
TEMPERATURE (F)
 YESTERDAY
  MAXIMUM        -14   1011 PM  33    2008  -8     -6        2
  MINIMUM        -35    431 AM -52    1925 -20    -15      -10
  AVERAGE        -24                       -14    -10       -4

PRECIPITATION (IN)
  YESTERDAY        T             0.08 1961   0.01  -0.01      T
  MONTH TO DATE    0.46                      0.09   0.37     0.28
  SINCE DEC 1      0.76                      0.23   0.53     0.29
  SINCE JAN 1      0.46                      0.09   0.37     0.28

SNOWFALL (IN)
  YESTERDAY        0.1           0.8  1961   0.1    0.0       T
                                      1943
  MONTH TO DATE    4.3                       1.7    2.6      0.9
  SINCE DEC 1      8.5                       5.2    3.3      1.3
  SINCE JUL 1     21.6                      25.5   -3.9      4.8
  SNOW DEPTH       6

DEGREE DAYS
 HEATING
  YESTERDAY       89                        79     10       69
  MONTH TO DATE 1252                      1560   -308     1273
  SINCE DEC 1   3256                      3817   -561     3607
  SINCE JUL 1   8211                      9769  -1558     8668

 COOLING
  YESTERDAY        0                         0      0        0
  MONTH TO DATE    0                         0      0        0
  SINCE DEC 1      0                         0      0        0
  SINCE JAN 1      0                         0      0        0
..................................................................


WIND (MPH)
  HIGHEST GUST SPEED    17   HIGHEST GUST DIRECTION    SW (210)


SKY COVER
  AVERAGE SKY COVER 0.3


WEATHER CONDITIONS
 THE FOLLOWING WEATHER WAS RECORDED YESTERDAY.
  LIGHT SNOW
  HAZE


RELATIVE HUMIDITY (PERCENT)
 HIGHEST    77
 LOWEST     69
 AVERAGE    73

..........................................................


THE BARROW AK CLIMATE NORMALS FOR TODAY
                         NORMAL    RECORD    YEAR
 MAXIMUM TEMPERATURE (F)   -8        30      1930
 MINIMUM TEMPERATURE (F)  -20       -50      1925


SUNRISE AND SUNSET
JANUARY 21 2017.......SUN BELOW VISIBLE HORIZON.
JANUARY 22 2017.......SUNRISE   116 PM AKST  SUNSET   203 PM AKST

-  INDICATES NEGATIVE NUMBERS.
R  INDICATES RECORD WAS SET OR TIED.
MM INDICATES DATA IS MISSING.
T  INDICATES TRACE AMOUNT.

&&

SNOW DEPTH IS MEASURED AT 3AM AKST/4AM AKDT.

----------------------------
AVAILABLE DAYLIGHT

AMOUNT OF DAYLIGHT TODAY  (HOUR:MIN)........0:00
GAIN/LOSS SINCE YESTERDAY (HOUR:MIN:SEC)....+0:00:00

$$
BJB JAN 17
