000
CDAK49 PAFG 240047
CLIBRW

CLIMATE REPORT
NATIONAL WEATHER SERVICE FAIRBANKS AK
347 PM AKST FRI FEB 23 2018


...................................

...THE BARROW AK CLIMATE SUMMARY FOR FEBRUARY 23 2018...
VALID TODAY AS OF 0300 PM LOCAL TIME.

CLIMATE NORMAL PERIOD 1981 TO 2010
CLIMATE RECORD PERIOD 1920 TO 2018


WEATHER ITEM   OBSERVED TIME   RECORD YEAR NORMAL DEPARTURE LAST
                VALUE   (LST)  VALUE       VALUE  FROM      YEAR
                                                  NORMAL
..................................................................
TEMPERATURE (F)
 TODAY
  MAXIMUM          7    322 AM  26    2009  -8     15       -3
  MINIMUM          0    610 AM -49    1924 -21     21      -27
  AVERAGE          4                       -14     18      -15

PRECIPITATION (IN)
  TODAY            0.00          0.15 2011   0.01  -0.01     0.05
  MONTH TO DATE    0.35                      0.12   0.23     0.19
  SINCE DEC 1      0.80                      0.39   0.41     0.96
  SINCE JAN 1      0.42                      0.25   0.17     0.66

SNOWFALL (IN)
  TODAY            0.0           2.1  2011   0.0    0.0      0.5
  MONTH TO DATE    2.9                       2.1    0.8      2.8
  SINCE DEC 1     10.3                       8.2    2.1     11.7
  SINCE JUL 1     27.0                      28.5   -1.5     24.8
  SNOW DEPTH       9

DEGREE DAYS
 HEATING
  TODAY           61                        79    -18       80
  MONTH TO DATE 1332                      1817   -485     1616
  SINCE DEC 1   5307                      6504  -1197     5636
  SINCE JUL 1  10235                     12456  -2221    10591

 COOLING
  TODAY            0                         0      0        0
  MONTH TO DATE    0                         0      0        0
  SINCE DEC 1      0                         0      0        0
  SINCE JAN 1      0                         0      0        0
..................................................................


WIND (MPH)
  HIGHEST GUST SPEED    33   HIGHEST GUST DIRECTION     W (270)


SKY COVER
  AVERAGE SKY COVER 1.0


WEATHER CONDITIONS
 THE FOLLOWING WEATHER WAS RECORDED TODAY.
  FOG
  BLOWING SNOW


RELATIVE HUMIDITY (PERCENT)
 HIGHEST    95
 LOWEST     86
 AVERAGE    91

..........................................................


THE BARROW AK CLIMATE NORMALS FOR TOMORROW
                         NORMAL    RECORD    YEAR
 MAXIMUM TEMPERATURE (F)   -8        29      2011
 MINIMUM TEMPERATURE (F)  -21       -48      1954


SUNRISE AND SUNSET
FEBRUARY 23 2018......SUNRISE   929 AM AKST  SUNSET   554 PM AKST
FEBRUARY 24 2018......SUNRISE   924 AM AKST  SUNSET   559 PM AKST

-  INDICATES NEGATIVE NUMBERS.
R  INDICATES RECORD WAS SET OR TIED.
MM INDICATES DATA IS MISSING.
T  INDICATES TRACE AMOUNT.

&&

SNOW DEPTH IS MEASURED AT 3AM AKST/4AM AKDT.

----------------------------
AVAILABLE DAYLIGHT

AMOUNT OF DAYLIGHT TODAY  (HOUR:MIN)........8:25
GAIN/LOSS SINCE YESTERDAY (HOUR:MIN:SEC)....+0:10:02

$$
FEB 18
