000
CDAK49 PAFG 040941
CLIBRW

CLIMATE REPORT
NATIONAL WEATHER SERVICE FAIRBANKS AK
1241 AM AKST SUN DEC 4 2016


...................................

...THE BARROW AK CLIMATE SUMMARY FOR DECEMBER 3 2016...

CLIMATE NORMAL PERIOD 1981 TO 2010
CLIMATE RECORD PERIOD 1920 TO 2016


WEATHER ITEM   OBSERVED TIME   RECORD YEAR NORMAL DEPARTURE LAST
                VALUE   (LST)  VALUE       VALUE  FROM      YEAR
                                                  NORMAL
..................................................................
TEMPERATURE (F)
 YESTERDAY
  MAXIMUM          1   1159 PM  28    2013   1      0       -7
                                      1972
  MINIMUM        -16    645 AM -41    1948 -11     -5      -19
  AVERAGE         -7                        -5     -2      -13

PRECIPITATION (IN)
  YESTERDAY        T             0.10 1924   0.01  -0.01     0.00
  MONTH TO DATE    T                         0.02  -0.02     0.00
  SINCE DEC 1      T                         0.02  -0.02     0.00
  SINCE JAN 1      7.13                      4.41   2.72     5.26

SNOWFALL (IN)
  YESTERDAY        T             1.3  1972   0.1   -0.1      0.0
  MONTH TO DATE    T                         0.4   -0.4      0.0
  SINCE DEC 1      T                         0.4   -0.4      0.0
  SINCE JUL 1     13.0                      20.7   -7.7      3.5
  SNOW DEPTH       6

DEGREE DAYS
 HEATING
  YESTERDAY       72                        70      2       78
  MONTH TO DATE  208                       210     -2      231
  SINCE DEC 1    208                       210     -2      231
  SINCE JUL 1   5163                      6162   -999     5292

 COOLING
  YESTERDAY        0                         0      0        0
  MONTH TO DATE    0                         0      0        0
  SINCE DEC 1      0                         0      0        0
  SINCE JAN 1      0                         0      0        0
..................................................................


WIND (MPH)
  HIGHEST GUST SPEED    27   HIGHEST GUST DIRECTION     S (180)


SKY COVER
  AVERAGE SKY COVER 0.7


WEATHER CONDITIONS
 THE FOLLOWING WEATHER WAS RECORDED YESTERDAY.
  LIGHT SNOW
  HAZE


RELATIVE HUMIDITY (PERCENT)
 HIGHEST    86
 LOWEST     65
 AVERAGE    76

..........................................................


THE BARROW AK CLIMATE NORMALS FOR TODAY
                         NORMAL    RECORD    YEAR
 MAXIMUM TEMPERATURE (F)    1        30      1922
 MINIMUM TEMPERATURE (F)  -11       -42      1948


SUNRISE AND SUNSET
DECEMBER 04 2016......SUN BELOW VISIBLE HORIZON.
DECEMBER 05 2016......SUN BELOW VISIBLE HORIZON.

-  INDICATES NEGATIVE NUMBERS.
R  INDICATES RECORD WAS SET OR TIED.
MM INDICATES DATA IS MISSING.
T  INDICATES TRACE AMOUNT.

&&

SNOW DEPTH IS MEASURED AT 3AM AKST/4AM AKDT.

----------------------------
AVAILABLE DAYLIGHT

AMOUNT OF DAYLIGHT TODAY  (HOUR:MIN)........0:00
GAIN/LOSS SINCE YESTERDAY (HOUR:MIN:SEC)....+0:00:00

$$
DEC 16
