000
CDAK49 PAFG 200941
CLIBRW

CLIMATE REPORT
NATIONAL WEATHER SERVICE FAIRBANKS AK
1241 AM AKST MON FEB 20 2017


...................................

...THE BARROW AK CLIMATE SUMMARY FOR FEBRUARY 19 2017...

CLIMATE NORMAL PERIOD 1981 TO 2010
CLIMATE RECORD PERIOD 1920 TO 2017


WEATHER ITEM   OBSERVED TIME   RECORD YEAR NORMAL DEPARTURE LAST
                VALUE   (LST)  VALUE       VALUE  FROM      YEAR
                                                  NORMAL
..................................................................
TEMPERATURE (F)
 YESTERDAY
  MAXIMUM         -5   1117 PM  30    2006  -8      3       -2
  MINIMUM        -15    216 AM -54    1964 -20      5      -13
  AVERAGE        -10                       -14      4       -7

PRECIPITATION (IN)
  YESTERDAY        0.03          0.15 2010   0.01   0.02     0.00
  MONTH TO DATE    0.08                      0.10  -0.02     2.00
  SINCE DEC 1      0.85                      0.37   0.48     2.98
  SINCE JAN 1      0.55                      0.23   0.32     2.97

SNOWFALL (IN)
  YESTERDAY        0.3           3.0  2010   0.1    0.2      0.0
  MONTH TO DATE    1.4                       1.8   -0.4      2.1
  SINCE DEC 1     10.3                       7.9    2.4      4.4
  SINCE JUL 1     23.4                      28.2   -4.8      7.9
  SNOW DEPTH       6

DEGREE DAYS
 HEATING
  YESTERDAY       75                        79     -4       72
  MONTH TO DATE 1295                      1501   -206     1356
  SINCE DEC 1   5315                      6188   -873     5705
  SINCE JUL 1  10270                     12140  -1870    10766

 COOLING
  YESTERDAY        0                         0      0        0
  MONTH TO DATE    0                         0      0        0
  SINCE DEC 1      0                         0      0        0
  SINCE JAN 1      0                         0      0        0
..................................................................


WIND (MPH)
  HIGHEST GUST SPEED    17   HIGHEST GUST DIRECTION    NE (50)


SKY COVER
  AVERAGE SKY COVER 0.9


WEATHER CONDITIONS
 THE FOLLOWING WEATHER WAS RECORDED YESTERDAY.
  LIGHT SNOW
  FOG


RELATIVE HUMIDITY (PERCENT)
 HIGHEST    75
 LOWEST     68
 AVERAGE    72

..........................................................


THE BARROW AK CLIMATE NORMALS FOR TODAY
                         NORMAL    RECORD    YEAR
 MAXIMUM TEMPERATURE (F)   -8        24      1944
 MINIMUM TEMPERATURE (F)  -20       -53      1951


SUNRISE AND SUNSET
FEBRUARY 20 2017......SUNRISE   944 AM AKST  SUNSET   541 PM AKST
FEBRUARY 21 2017......SUNRISE   938 AM AKST  SUNSET   546 PM AKST

-  INDICATES NEGATIVE NUMBERS.
R  INDICATES RECORD WAS SET OR TIED.
MM INDICATES DATA IS MISSING.
T  INDICATES TRACE AMOUNT.

&&

SNOW DEPTH IS MEASURED AT 3AM AKST/4AM AKDT.

----------------------------
AVAILABLE DAYLIGHT

AMOUNT OF DAYLIGHT TODAY  (HOUR:MIN)........7:57
GAIN/LOSS SINCE YESTERDAY (HOUR:MIN:SEC)....+0:10:14

$$
FEB 17
