000
CDAK49 PABR 210901
CLIBRW

CLIMATE REPORT
NATIONAL WEATHER SERVICE BARROW, AK
101 AM AKDT TUE OCT 21 2014

...................................
...THE BARROW WSO AP CLIMATE SUMMARY FOR OCTOBER 20 2014...

CLIMATE NORMAL PERIOD  1981 TO  2010
CLIMATE RECORD PERIOD  1915 TO  2014

WEATHER ITEM   OBSERVED TIME    RECORD YEAR NORMAL DEPARTURE LAST
               VALUE    (LST)   VALUE       VALUE  FROM      YEAR
                                                   NORMAL
...................................................................
TEMPERATURE
YESTERDAY
 MAXIMUM            19  0631 AM    37  1925     20      -1     31
 MINIMUM            13  1159 PM   -17  1933     10       3     29
 AVERAGE            16                          15       1     30

PRECIPITATION
(INCHES)
 YESTERDAY        0.00           0.13  2003   0.01   -0.01   0.05
 MONTH TO DATE    0.69                        0.29    0.40   0.41
 SINCE SEP 1      1.75                        1.01    0.74   1.70
 SINCE JAN 1      6.30                        4.06    2.24   6.72

SNOWFALL
(INCHES)
 YESTERDAY         0.0            2.1  2011    0.3    -0.3    0.5
 MONTH TO DATE     9.7                         5.8     3.9    4.5
 SINCE SEP 1      19.2                        10.2     9.0   12.6
 SINCE JUL 1      20.6                        11.3     9.3   13.7
 SNOW DEPTH (IN)     2                                          2

DEGREE DAYS
 HEATING
  YESTERDAY         49                          50      -1     35
  MONTH TO DATE    812                         889     -77    769
  SINCE SEP 1     1752                        1875    -123   1773
  SINCE JUL 1     3418                        3429     -11   3182

 COOLING
  YESTERDAY          0                           0       0      0
  MONTH TO DATE      0                           0       0      0
  SINCE SEP 1        0                           0       0      0
  SINCE JAN 1        0                           0       0      0
...................................................................

WIND (MPH)
 HIGHEST WIND SPEED    41     HIGHEST WIND DIRECTION     60
 HIGHEST GUST SPEED    50     HIGHEST GUST DIRECTION     60
 AVERAGE WIND SPEED  33.9

WEATHER CONDITIONS
 THE FOLLOWING WEATHER WAS RECORDED YESTERDAY.
  BLOWING SNOW
SNOW


RELATIVE HUMIDITY
 HIGHEST RH     96 PERCENT       05:53 AM
 LOWEST  RH     84 PERCENT       10:01 AM
 AVERAGE RH     88 PERCENT       MM
...................................................................

THE BARROW CLIMATE NORMALS FOR TODAY
                           NORMAL    RECORD   YEAR
 MAXIMUM TEMPERATURE (F)     19        34     2005
 MINIMUM TEMPERATURE (F)      9       -21     1983

SUNRISE AND SUNSET
 OCT 21 2014..........SUNRISE 10:18 AM      SUNSET  6:05 PM
 OCT 22 2014..........SUNRISE 10:23 AM      SUNSET  6:00 PM

-  INDICATES NEGATIVE NUMBERS.
R  INDICATES RECORD HAS BEEN SET OR TIED.
MM INDICATES DATA IS MISSING.
T  INDICATES TRACE OF PRECIPITATION.

&&
-------------------------------------------------------------------

AMOUNT OF DAYLIGHT TODAY  (HOUR:MIN)........7 HOURS 47 MINUTES
GAIN/LOSS SINCE YESTERDAY (HOUR:MIN:SEC)....-0:10:06

$$
DZB OCT 14
