450
CDAK49 PAFG 180938
CLIBRW

CLIMATE REPORT
NATIONAL WEATHER SERVICE FAIRBANKS AK
138 AM AKDT FRI AUG 18 2017


...................................

...THE BARROW AK CLIMATE SUMMARY FOR AUGUST 17 2017...

CLIMATE NORMAL PERIOD 1981 TO 2010
CLIMATE RECORD PERIOD 1920 TO 2017


WEATHER ITEM   OBSERVED TIME   RECORD YEAR NORMAL DEPARTURE LAST
                VALUE   (LST)  VALUE       VALUE  FROM      YEAR
                                                  NORMAL
..................................................................
TEMPERATURE (F)
 YESTERDAY
  MAXIMUM         42    717 PM  73    1923  44     -2       54
  MINIMUM         39   1159 PM  24    1980  34      5       37
  AVERAGE         41                        39      2       46

PRECIPITATION (IN)
  YESTERDAY        0.44          0.54 1994   0.04   0.40     0.14
  MONTH TO DATE    1.30                      0.59   0.71     0.23
  SINCE JUN 1      3.16                      1.89   1.27     1.71
  SINCE JAN 1      5.27                      2.59   2.68     5.06

SNOWFALL (IN)
  YESTERDAY       MM             0.1  2006   0.0   MM       MM
                                      1963
  MONTH TO DATE    T                         0.3   -0.3       T
  SINCE JUN 1      0.5                       1.2   -0.7      1.9
  SINCE JUL 1      T                         0.5   -0.5       T
  SNOW DEPTH       0

DEGREE DAYS
 HEATING
  YESTERDAY       24                        26     -2       19
  MONTH TO DATE  386                       429    -43      429
  SINCE JUN 1   1869                      2059   -190     1891
  SINCE JUL 1    968                      1178   -210     1082

 COOLING
  YESTERDAY        0                         0      0        0
  MONTH TO DATE    0                         0      0        0
  SINCE JUN 1      0                         0      0        0
  SINCE JAN 1      0                         0      0        0
..................................................................


WIND (MPH)
  HIGHEST GUST SPEED    16   HIGHEST GUST DIRECTION     E (110)


SKY COVER
  AVERAGE SKY COVER 1.0


WEATHER CONDITIONS
 THE FOLLOWING WEATHER WAS RECORDED YESTERDAY.
  RAIN
  LIGHT RAIN
  FOG
  FOG W/VISIBILITY <= 1/4 MILE


RELATIVE HUMIDITY (PERCENT)
 HIGHEST   100
 LOWEST     92
 AVERAGE    96

..........................................................


THE BARROW AK CLIMATE NORMALS FOR TODAY
                         NORMAL    RECORD    YEAR
 MAXIMUM TEMPERATURE (F)   44        63      1923
 MINIMUM TEMPERATURE (F)   34        25      1991
                                             1947
                                             1944


SUNRISE AND SUNSET
AUGUST 18 2017........SUNRISE   526 AM AKDT  SUNSET  1132 PM AKDT
AUGUST 19 2017........SUNRISE   532 AM AKDT  SUNSET  1126 PM AKDT

-  INDICATES NEGATIVE NUMBERS.
R  INDICATES RECORD WAS SET OR TIED.
MM INDICATES DATA IS MISSING.
T  INDICATES TRACE AMOUNT.

&&

SNOW DEPTH IS MEASURED AT 3AM AKST/4AM AKDT.

----------------------------
AVAILABLE DAYLIGHT

AMOUNT OF DAYLIGHT TODAY  (HOUR:MIN)........18:06
GAIN/LOSS SINCE YESTERDAY (HOUR:MIN:SEC)....-0:11:45

$$
AUG 17
