000
CDAK49 PAFG 250114
CLIBRW

CLIMATE REPORT
NATIONAL WEATHER SERVICE FAIRBANKS AK
514 PM AKDT WED MAY 24 2017


...................................

...THE BARROW AK CLIMATE SUMMARY FOR MAY 24 2017...
VALID TODAY AS OF 0500 PM LOCAL TIME.

CLIMATE NORMAL PERIOD 1981 TO 2010
CLIMATE RECORD PERIOD 1920 TO 2017


WEATHER ITEM   OBSERVED TIME   RECORD YEAR NORMAL DEPARTURE LAST
                VALUE   (LST)  VALUE       VALUE  FROM      YEAR
                                                  NORMAL
..................................................................
TEMPERATURE (F)
 TODAY
  MAXIMUM         32    256 PM  43    2011  30      2       37
                                      2002
  MINIMUM         29    617 AM   3    2001  22      7       30
  AVERAGE         31                        26      5       34

PRECIPITATION (IN)
  TODAY            T             0.14 1991   0.01  -0.01     0.02
  MONTH TO DATE    0.19                      0.13   0.06     0.06
  SINCE MAR 1      0.49                      0.38   0.11     0.29
  SINCE JAN 1      1.36                      0.65   0.71     3.35

SNOWFALL (IN)
  TODAY            T             2.2  1991   0.1   -0.1      0.0
  MONTH TO DATE    3.2                       2.2    1.0      0.7
  SINCE MAR 1      6.2                       7.5   -1.3      1.5
  SINCE JUL 1     33.1                      36.5   -3.4     10.3
  SNOW DEPTH       3

DEGREE DAYS
 HEATING
  TODAY           34                        39     -5       31
  MONTH TO DATE 1008                      1099    -91      897
  SINCE MAR 1   4987                      5402   -415     4488
  SINCE JUL 1  15949                     18259  -2310    15884

 COOLING
  TODAY            0                         0      0        0
  MONTH TO DATE    0                         0      0        0
  SINCE MAR 1      0                         0      0        0
  SINCE JAN 1      0                         0      0        0
..................................................................


WIND (MPH)
  HIGHEST GUST SPEED    22   HIGHEST GUST DIRECTION    NE (60)


SKY COVER
  AVERAGE SKY COVER 1.0


WEATHER CONDITIONS
 THE FOLLOWING WEATHER WAS RECORDED TODAY.
  LIGHT SNOW
  FOG
  FOG W/VISIBILITY <= 1/4 MILE


RELATIVE HUMIDITY (PERCENT)
 HIGHEST   100
 LOWEST     92
 AVERAGE    96

..........................................................


THE BARROW AK CLIMATE NORMALS FOR TOMORROW
                         NORMAL    RECORD    YEAR
 MAXIMUM TEMPERATURE (F)   30        44      1938
 MINIMUM TEMPERATURE (F)   22         9      2001
                                             1997
                                             1921


SUNRISE AND SUNSET
MAY 24 2017...........SUN ABOVE VISIBLE HORIZON.
MAY 25 2017...........SUN ABOVE VISIBLE HORIZON.

-  INDICATES NEGATIVE NUMBERS.
R  INDICATES RECORD WAS SET OR TIED.
MM INDICATES DATA IS MISSING.
T  INDICATES TRACE AMOUNT.

&&

SNOW DEPTH IS MEASURED AT 3AM AKST/4AM AKDT.

----------------------------
AVAILABLE DAYLIGHT

AMOUNT OF DAYLIGHT TODAY  (HOUR:MIN)........24:00
GAIN/LOSS SINCE YESTERDAY (HOUR:MIN:SEC)....+0:00:00

$$
HFL MAY 17
