000
CDAK49 PABR 020035
CLIBRW

CLIMATE REPORT
NATIONAL WEATHER SERVICE BARROW, AK
435 PM AKDT FRI AUG 1 2014

...................................
...THE BARROW WSO AP CLIMATE SUMMARY FOR AUGUST 1 2014...
VALID TODAY AS OF 2:00 PM LOCAL TIME

CLIMATE NORMAL PERIOD  1981 TO  2010
CLIMATE RECORD PERIOD  1915 TO  2014

WEATHER ITEM   OBSERVED TIME    RECORD YEAR NORMAL DEPARTURE LAST
               VALUE    (LST)   VALUE       VALUE  FROM      YEAR
                                                   NORMAL
...................................................................
TEMPERATURE
TODAY
 MAXIMUM            44  0335 AM    69  1923     46      -2     61
 MINIMUM            36  0332 PM    28  1975     35       1     47
 AVERAGE            40                          41      -1     54

PRECIPITATION
(INCHES)
 TODAY            0.01           0.59  1973   0.04   -0.03   0.00
 MONTH TO DATE    0.01                        0.04   -0.03   0.00
 SINCE JUN 1      2.49                        1.34    1.15   2.45
 SINCE JAN 1      4.11                        2.04    2.07   3.67

SNOWFALL
(INCHES)
 TODAY             0.0            1.0  1964    0.0     0.0    0.0
 MONTH TO DATE     0.0                         0.0     0.0    0.0
 SINCE JUN 1       1.8                         0.9     0.9    0.3
 SINCE JUL 1       0.9                         0.2     0.7    0.0
 SNOW DEPTH (IN)     0                                          0

DEGREE DAYS
 HEATING
  TODAY             25                          25       0     11
  MONTH TO DATE     25                          25       0     11
  SINCE JUN 1     1786                        1652     134   1418
  SINCE JUL 1      853                         772      81    640

 COOLING
  TODAY              0                           0       0      0
  MONTH TO DATE      0                           0       0      0
  SINCE JUN 1        0                           0       0      0
  SINCE JAN 1        0                           0       0      0
...................................................................

WIND (MPH)
 HIGHEST WIND SPEED    25     HIGHEST WIND DIRECTION    270
 HIGHEST GUST SPEED    31     HIGHEST GUST DIRECTION    260

WEATHER CONDITIONS
 THE FOLLOWING WEATHER WAS RECORDED TODAY.
  FOG VIS=1/4
  DRIZZLE
  RAIN

RELATIVE HUMIDITY
 HIGHEST RH    100 PERCENT       253 PM
 LOWEST  RH     93 PERCENT       753 AM
 AVERAGE RH     98 PERCENT
...................................................................

THE BARROW CLIMATE NORMALS FOR TOMORROW
                        NORMAL    RECORD   YEAR
 MAXIMUM TEMPERATURE      46        68     1985
 MINIMUM TEMPERATURE      35        26     1945

SUNRISE AND SUNSET
 AUG 1 2014..........SUNRISE  **.**      SUNSET  **.**
 AUG 2 2014..........SUNRISE  **.**      SUNSET  2:04 AM

-  INDICATES NEGATIVE NUMBERS.
R  INDICATES RECORD HAS BEEN SET OR TIED.
MM INDICATES DATA IS MISSING.
T  INDICATES TRACE OF PRECIPITATION.

&&
-------------------------------------------------------------------

AMOUNT OF DAYLIGHT TODAY  (HOUR:MIN)........24 HOURS 00 MINUTES
GAIN/LOSS SINCE YESTERDAY (HOUR:MIN:SEC)....+0:00:00

$$
GMS AUG 14
