000
CDUS43 KGRR 170520
CLIBTL


CLIMATE REPORT
NATIONAL WEATHER SERVICE GRAND RAPIDS, MI
1220 AM EST WED JAN 17 2018


...................................

...THE BATTLE CREEK MI CLIMATE SUMMARY FOR JANUARY 16 2018...

CLIMATE NORMAL PERIOD 1981 TO 2010
CLIMATE RECORD PERIOD 1998 TO 2018


WEATHER ITEM   OBSERVED TIME   NORMAL DEPARTURE LAST
                VALUE   (LST)  VALUE  FROM      YEAR
                                      NORMAL
......................................................
TEMPERATURE (F)
 YESTERDAY
  MAXIMUM         16   1210 AM  31    -15       35
  MINIMUM          1   1126 PM  15    -14       21
  AVERAGE          9            23    -14       28

PRECIPITATION (IN)
  YESTERDAY        T             0.06  -0.06     0.44
  MONTH TO DATE    0.61          0.99  -0.38     1.94
  SINCE DEC 1      1.16          2.98  -1.82     2.98
  SINCE JAN 1      0.61          0.99  -0.38     1.94

DEGREE DAYS
 HEATING
  YESTERDAY       56            42     14       37
  MONTH TO DATE  753           662     91      642
  SINCE DEC 1   1976          1824    152     1810
  SINCE JUL 1   3171          3262    -91     2653

 COOLING
  YESTERDAY        0             0      0        0
  MONTH TO DATE    0             0      0        0
  SINCE DEC 1      0             0      0        0
  SINCE JAN 1      0             0      0        0
......................................................


WIND (MPH)
  RESULTANT WIND SPEED   7   RESULTANT WIND DIRECTION  SW (220)
  HIGHEST WIND SPEED    14   HIGHEST WIND DIRECTION     S (200)
  HIGHEST GUST SPEED    16   HIGHEST GUST DIRECTION     S (200)
  AVERAGE WIND SPEED     7.6


SKY COVER
  AVERAGE SKY COVER 0.8


WEATHER CONDITIONS
 THE FOLLOWING WEATHER WAS RECORDED YESTERDAY.
  SNOW
  LIGHT SNOW
  FOG
  HAZE


RELATIVE HUMIDITY (PERCENT)
 HIGHEST    91           900 PM
 LOWEST     73           500 PM
 AVERAGE    82

..........................................................


THE BATTLE CREEK MI CLIMATE NORMALS FOR TODAY
                         NORMAL
 MAXIMUM TEMPERATURE (F)   31
 MINIMUM TEMPERATURE (F)   15


SUNRISE AND SUNSET
JANUARY 17 2018.......SUNRISE   806 AM EST   SUNSET   536 PM EST
JANUARY 18 2018.......SUNRISE   806 AM EST   SUNSET   537 PM EST


-  INDICATES NEGATIVE NUMBERS.
R  INDICATES RECORD WAS SET OR TIED.
MM INDICATES DATA IS MISSING.
T  INDICATES TRACE AMOUNT.




$$
