000
CDUS43 KGRR 290527
CLIBTL


CLIMATE REPORT
NATIONAL WEATHER SERVICE GRAND RAPIDS, MI
121 AM EDT SUN MAR 29 2015


...................................

...THE BATTLE CREEK MI CLIMATE SUMMARY FOR MARCH 28 2015...

CLIMATE NORMAL PERIOD 1981 TO 2010
CLIMATE RECORD PERIOD 1998 TO 2015


WEATHER ITEM   OBSERVED TIME   NORMAL DEPARTURE LAST
                VALUE   (LST)  VALUE  FROM      YEAR
                                      NORMAL
......................................................
TEMPERATURE (F)
 YESTERDAY
  MAXIMUM         38    416 PM  52    -14       50
  MINIMUM         12    643 AM  29    -17       33
  AVERAGE         25            40    -15       42

PRECIPITATION (IN)
  YESTERDAY        0.00          0.08  -0.08     0.03
  MONTH TO DATE    0.23          1.68  -1.45     0.95
  SINCE MAR 1      0.23          1.68  -1.45     0.95
  SINCE JAN 1      1.24          4.68  -3.44     2.48

DEGREE DAYS
 HEATING
  YESTERDAY       40            24     16       23
  MONTH TO DATE  884           839     45     1091
  SINCE MAR 1    884           839     45     1091
  SINCE JUL 1   6089          5804    285     6545

 COOLING
  YESTERDAY        0             0      0        0
  MONTH TO DATE    0             0      0        0
  SINCE MAR 1      0             0      0        0
  SINCE JAN 1      0             0      0        0
......................................................


WIND (MPH)
  RESULTANT WIND SPEED   3   RESULTANT WIND DIRECTION   N (340)
  HIGHEST WIND SPEED    13   HIGHEST WIND DIRECTION    NW (300)
  HIGHEST GUST SPEED    16   HIGHEST GUST DIRECTION    NW (310)
  AVERAGE WIND SPEED     5.3


SKY COVER
  AVERAGE SKY COVER 0.0


WEATHER CONDITIONS
 THE FOLLOWING WEATHER WAS RECORDED YESTERDAY.
  NO SIGNIFICANT WEATHER WAS OBSERVED.


RELATIVE HUMIDITY (PERCENT)
 HIGHEST    70           700 AM
 LOWEST     21           500 PM
 AVERAGE    46

..........................................................


THE BATTLE CREEK MI CLIMATE NORMALS FOR TODAY
                         NORMAL
 MAXIMUM TEMPERATURE (F)   52
 MINIMUM TEMPERATURE (F)   30


SUNRISE AND SUNSET
MARCH 29 2015.........SUNRISE   729 AM EDT   SUNSET   803 PM EDT
MARCH 30 2015.........SUNRISE   727 AM EDT   SUNSET   804 PM EDT


-  INDICATES NEGATIVE NUMBERS.
R  INDICATES RECORD WAS SET OR TIED.
MM INDICATES DATA IS MISSING.
T  INDICATES TRACE AMOUNT.




$$
