801
CDUS43 KGRR 250520
CLIBTL


CLIMATE REPORT
NATIONAL WEATHER SERVICE GRAND RAPIDS, MI
118 AM EDT SUN JUN 25 2017


...................................

...THE BATTLE CREEK MI CLIMATE SUMMARY FOR JUNE 24 2017...

CLIMATE NORMAL PERIOD 1981 TO 2010
CLIMATE RECORD PERIOD 1998 TO 2017


WEATHER ITEM   OBSERVED TIME   NORMAL DEPARTURE LAST
                VALUE   (LST)  VALUE  FROM      YEAR
                                      NORMAL
......................................................
TEMPERATURE (F)
 YESTERDAY
  MAXIMUM         75   1214 PM  82     -7       82
  MINIMUM         55   1159 PM  58     -3       59
  AVERAGE         65            70     -5       71

PRECIPITATION (IN)
  YESTERDAY        0.00          0.10  -0.10     0.00
  MONTH TO DATE    0.93          2.61  -1.68     1.39
  SINCE JUN 1      0.93          2.61  -1.68     1.39
  SINCE JAN 1     16.41         14.09   2.32    11.23

DEGREE DAYS
 HEATING
  YESTERDAY        0             1     -1        0
  MONTH TO DATE   10            52    -42       26
  SINCE JUN 1     10            52    -42       26
  SINCE JUL 1   5423          6686  -1263     5441

 COOLING
  YESTERDAY        0             6     -6        6
  MONTH TO DATE  147            90     57      108
  SINCE JUN 1    147            90     57      108
  SINCE JAN 1    184           128     56      163
......................................................


WIND (MPH)
  RESULTANT WIND SPEED  11   RESULTANT WIND DIRECTION   W (280)
  HIGHEST WIND SPEED    24   HIGHEST WIND DIRECTION     W (270)
  HIGHEST GUST SPEED    30   HIGHEST GUST DIRECTION     W (270)
  AVERAGE WIND SPEED    11.2


SKY COVER
  AVERAGE SKY COVER 0.3


WEATHER CONDITIONS
 THE FOLLOWING WEATHER WAS RECORDED YESTERDAY.
  NO SIGNIFICANT WEATHER WAS OBSERVED.


RELATIVE HUMIDITY (PERCENT)
 HIGHEST    87           500 AM
 LOWEST     44           600 PM
 AVERAGE    66

..........................................................


THE BATTLE CREEK MI CLIMATE NORMALS FOR TODAY
                         NORMAL
 MAXIMUM TEMPERATURE (F)   82
 MINIMUM TEMPERATURE (F)   58


SUNRISE AND SUNSET
JUNE 25 2017..........SUNRISE   606 AM EDT   SUNSET   922 PM EDT
JUNE 26 2017..........SUNRISE   606 AM EDT   SUNSET   922 PM EDT


-  INDICATES NEGATIVE NUMBERS.
R  INDICATES RECORD WAS SET OR TIED.
MM INDICATES DATA IS MISSING.
T  INDICATES TRACE AMOUNT.




$$

63
