000
CDUS43 KGRR 270513
CLIBTL


CLIMATE REPORT
NATIONAL WEATHER SERVICE GRAND RAPIDS, MI
1213 AM EST TUE JAN 27 2015


...................................

...THE BATTLE CREEK MI CLIMATE SUMMARY FOR JANUARY 26 2015...

CLIMATE NORMAL PERIOD 1981 TO 2010
CLIMATE RECORD PERIOD 1998 TO 2015


WEATHER ITEM   OBSERVED TIME   NORMAL DEPARTURE LAST
                VALUE   (LST)  VALUE  FROM      YEAR
                                      NORMAL
......................................................
TEMPERATURE (F)
 YESTERDAY
  MAXIMUM         27    532 PM  32     -5       27
  MINIMUM          9    817 AM  15     -6        6
  AVERAGE         18            24     -6       17

PRECIPITATION (IN)
  YESTERDAY        0.00          0.05  -0.05      T
  MONTH TO DATE    0.78          1.46  -0.68     0.75
  SINCE DEC 1      1.63          3.45  -1.82     1.86
  SINCE JAN 1      0.78          1.46  -0.68     0.75

DEGREE DAYS
 HEATING
  YESTERDAY       47            41      6       48
  MONTH TO DATE 1093          1080     13     1240
  SINCE DEC 1   2072          2242   -170     2453
  SINCE JUL 1   3575          3680   -105     3854

 COOLING
  YESTERDAY        0             0      0        0
  MONTH TO DATE    0             0      0        0
  SINCE DEC 1      0             0      0        0
  SINCE JAN 1      0             0      0        0
......................................................


WIND (MPH)
  RESULTANT WIND SPEED   3   RESULTANT WIND DIRECTION  NE (50)
  HIGHEST WIND SPEED    13   HIGHEST WIND DIRECTION    NE (50)
  HIGHEST GUST SPEED    17   HIGHEST GUST DIRECTION    NE (60)
  AVERAGE WIND SPEED     3.9


SKY COVER
  AVERAGE SKY COVER 0.3


WEATHER CONDITIONS
 THE FOLLOWING WEATHER WAS RECORDED YESTERDAY.
  NO SIGNIFICANT WEATHER WAS OBSERVED.


RELATIVE HUMIDITY (PERCENT)
 HIGHEST    83           600 AM
 LOWEST     37           400 PM
 AVERAGE    60

..........................................................


THE BATTLE CREEK MI CLIMATE NORMALS FOR TODAY
                         NORMAL
 MAXIMUM TEMPERATURE (F)   32
 MINIMUM TEMPERATURE (F)   16


SUNRISE AND SUNSET
JANUARY 27 2015.......SUNRISE   759 AM EST   SUNSET   548 PM EST
JANUARY 28 2015.......SUNRISE   758 AM EST   SUNSET   550 PM EST


-  INDICATES NEGATIVE NUMBERS.
R  INDICATES RECORD WAS SET OR TIED.
MM INDICATES DATA IS MISSING.
T  INDICATES TRACE AMOUNT.




$$
