477
CDUS43 KGRR 170517
CLIBTL


CLIMATE REPORT
NATIONAL WEATHER SERVICE GRAND RAPIDS, MI
117 AM EDT THU AUG 17 2017


...................................

...THE BATTLE CREEK MI CLIMATE SUMMARY FOR AUGUST 16 2017...

CLIMATE NORMAL PERIOD 1981 TO 2010
CLIMATE RECORD PERIOD 1998 TO 2017


WEATHER ITEM   OBSERVED TIME   NORMAL DEPARTURE LAST
                VALUE   (LST)  VALUE  FROM      YEAR
                                      NORMAL
......................................................
TEMPERATURE (F)
 YESTERDAY
  MAXIMUM         87    459 PM  81      6       80
  MINIMUM         65    201 AM  58      7       65
  AVERAGE         76            70      6       73

PRECIPITATION (IN)
  YESTERDAY        0.00          0.12  -0.12     3.18
  MONTH TO DATE    1.27          1.81  -0.54     6.44
  SINCE JUN 1      5.33          8.40  -3.07    11.98
  SINCE JAN 1     20.81         19.88   0.93    21.82

DEGREE DAYS
 HEATING
  YESTERDAY        0             1     -1        0
  MONTH TO DATE    4            16    -12        0
  SINCE JUN 1     27            88    -61       39
  SINCE JUL 1      4            31    -27        5

 COOLING
  YESTERDAY       11             5      6        8
  MONTH TO DATE   88            92     -4      128
  SINCE JUN 1    497           415     82      483
  SINCE JAN 1    534           453     81      538
......................................................


WIND (MPH)
  RESULTANT WIND SPEED   6   RESULTANT WIND DIRECTION  SE (150)
  HIGHEST WIND SPEED    15   HIGHEST WIND DIRECTION    SE (140)
  HIGHEST GUST SPEED    22   HIGHEST GUST DIRECTION    SE (140)
  AVERAGE WIND SPEED     7.0


SKY COVER
  AVERAGE SKY COVER 0.2


WEATHER CONDITIONS
 THE FOLLOWING WEATHER WAS RECORDED YESTERDAY.
  NO SIGNIFICANT WEATHER WAS OBSERVED.


RELATIVE HUMIDITY (PERCENT)
 HIGHEST    93          1200 AM
 LOWEST     45           400 PM
 AVERAGE    69

..........................................................


THE BATTLE CREEK MI CLIMATE NORMALS FOR TODAY
                         NORMAL
 MAXIMUM TEMPERATURE (F)   81
 MINIMUM TEMPERATURE (F)   58


SUNRISE AND SUNSET
AUGUST 17 2017........SUNRISE   651 AM EDT   SUNSET   838 PM EDT
AUGUST 18 2017........SUNRISE   652 AM EDT   SUNSET   837 PM EDT


-  INDICATES NEGATIVE NUMBERS.
R  INDICATES RECORD WAS SET OR TIED.
MM INDICATES DATA IS MISSING.
T  INDICATES TRACE AMOUNT.




$$
