000
CDUS43 KGRR 272227
CLIBTL


CLIMATE REPORT
NATIONAL WEATHER SERVICE GRAND RAPIDS, MI
525 PM EST SAT DEC 27 2014


...................................

...THE BATTLE CREEK MI CLIMATE SUMMARY FOR DECEMBER 27 2014...
VALID TODAY AS OF 0500 PM LOCAL TIME.

CLIMATE NORMAL PERIOD 1981 TO 2010
CLIMATE RECORD PERIOD 1998 TO 2014


WEATHER ITEM   OBSERVED TIME   RECORD YEAR NORMAL DEPARTURE LAST
                VALUE   (LST)  VALUE       VALUE  FROM      YEAR
                                                  NORMAL
..................................................................
TEMPERATURE (F)
 TODAY
  MAXIMUM         49    432 PM  MM      MM  33     16       38
  MINIMUM         43    459 PM  MM      MM  17     26       30
  AVERAGE         46                        25     21       34

PRECIPITATION (IN)
  TODAY            0.01         MM      MM   0.07  -0.06      T
  MONTH TO DATE    0.84                      1.75  -0.91     1.11
  SINCE DEC 1      0.84                      1.75  -0.91     1.11
  SINCE JAN 1     29.16                     32.91  -3.75    34.91

DEGREE DAYS
 HEATING
  TODAY           19                        40    -21       31
  MONTH TO DATE  813                       999   -186     1053
  SINCE DEC 1    813                       999   -186     1053
  SINCE JUL 1   2316                      2437   -121     2454

 COOLING
  TODAY            0                         0      0        0
  MONTH TO DATE    0                         0      0        0
  SINCE DEC 1      0                         0      0        0
  SINCE JAN 1    593                       578     15      689
..................................................................


WIND (MPH)
  RESULTANT WIND SPEED  13   RESULTANT WIND DIRECTION   S (200)
  HIGHEST WIND SPEED    31   HIGHEST WIND DIRECTION     W (270)
  HIGHEST GUST SPEED    41   HIGHEST GUST DIRECTION     W (280)
  AVERAGE WIND SPEED    13.3



WEATHER CONDITIONS
 THE FOLLOWING WEATHER WAS RECORDED TODAY.
  LIGHT RAIN
  FOG


RELATIVE HUMIDITY (PERCENT)
 HIGHEST    93          1200 PM
 LOWEST     83          1200 AM
 AVERAGE    88

..........................................................




SUNRISE AND SUNSET
DECEMBER 27 2014......SUNRISE   809 AM EST   SUNSET   515 PM EST
DECEMBER 28 2014......SUNRISE   809 AM EST   SUNSET   516 PM EST


-  INDICATES NEGATIVE NUMBERS.
R  INDICATES RECORD WAS SET OR TIED.
MM INDICATES DATA IS MISSING.
T  INDICATES TRACE AMOUNT.




$$

63
