000
CDUS45 KMSO 280740
CLIBTM


CLIMATE REPORT
NATIONAL WEATHER SERVICE MISSOULA, MT
138 AM MDT SAT MAR 28 2015


...................................

...THE BUTTE MT CLIMATE SUMMARY FOR MARCH 27 2015...

CLIMATE NORMAL PERIOD 1981 TO 2010
CLIMATE RECORD PERIOD 1895 TO 2015


WEATHER ITEM   OBSERVED TIME   RECORD YEAR NORMAL DEPARTURE LAST
                VALUE   (LST)  VALUE       VALUE  FROM      YEAR
                                                  NORMAL
..................................................................
TEMPERATURE (F)
 YESTERDAY
  MAXIMUM         68R   419 PM  65    1986  47     21       40
  MINIMUM         27    709 AM -10    1955  23      4       23
  AVERAGE         48                        35     13       32

PRECIPITATION (IN)
  YESTERDAY        0.00          0.48 1916   0.03  -0.03     0.01
  MONTH TO DATE    0.41                      0.64  -0.23     0.80
  SINCE OCT 1      3.10                      3.43  -0.33     2.70
  SINCE JAN 1      0.71                      1.54  -0.83     1.66

SNOWFALL (IN)
  YESTERDAY       MM
  MONTH TO DATE   MM
  SINCE JAN 1     MM
  SINCE JUL 1     MM
  SNOW DEPTH      MM

DEGREE DAYS
 HEATING
  YESTERDAY       17                        30    -13       33
  MONTH TO DATE  766                       923   -157      943
  SINCE MAR 1    766                       923   -157      943
  SINCE JUL 1   6647                      7492   -845     7321

 COOLING
  YESTERDAY        0                         0      0        0
  MONTH TO DATE    0                         0      0        0
  SINCE MAR 1      0                         0      0        0
  SINCE JAN 1      0                         0      0        0
..................................................................


WIND (MPH)
  HIGHEST WIND SPEED    17   HIGHEST WIND DIRECTION    NW (300)
  HIGHEST GUST SPEED    26   HIGHEST GUST DIRECTION     W (290)
  AVERAGE WIND SPEED     4.9


SKY COVER
  POSSIBLE SUNSHINE  MM
  AVERAGE SKY COVER 0.0


WEATHER CONDITIONS
 THE FOLLOWING WEATHER WAS RECORDED YESTERDAY.
  NO SIGNIFICANT WEATHER WAS OBSERVED.


RELATIVE HUMIDITY (PERCENT)
 HIGHEST    92           200 AM
 LOWEST     22           300 PM
 AVERAGE    57

..........................................................


THE BUTTE MT CLIMATE NORMALS FOR TODAY
                         NORMAL    RECORD    YEAR
 MAXIMUM TEMPERATURE (F)   47        66      1986
 MINIMUM TEMPERATURE (F)   23       -17      1975


SUNRISE AND SUNSET
MARCH 28 2015.........SUNRISE   718 AM MDT   SUNSET   753 PM MDT
MARCH 29 2015.........SUNRISE   716 AM MDT   SUNSET   754 PM MDT


-  INDICATES NEGATIVE NUMBERS.
R  INDICATES RECORD WAS SET OR TIED.
MM INDICATES DATA IS MISSING.
T  INDICATES TRACE AMOUNT.




$$
