000
CDUS45 KMSO 262333
CLIBTM


CLIMATE REPORT
NATIONAL WEATHER SERVICE MISSOULA, MT
433 PM MST FRI DEC 26 2014


...................................

...THE BUTTE MT CLIMATE SUMMARY FOR DECEMBER 26 2014...
VALID TODAY AS OF 0400 PM LOCAL TIME.

CLIMATE NORMAL PERIOD 1981 TO 2010
CLIMATE RECORD PERIOD 1895 TO 2014


WEATHER ITEM   OBSERVED TIME   RECORD YEAR NORMAL DEPARTURE LAST
                VALUE   (LST)  VALUE       VALUE  FROM      YEAR
                                                  NORMAL
..................................................................
TEMPERATURE (F)
 TODAY
  MAXIMUM         24    141 PM  53    1980  29     -5       45
  MINIMUM          9   1213 AM -23    1996   5      4       15
  AVERAGE         17                        17      0       30

PRECIPITATION (IN)
  TODAY            T             0.80 1899   0.02  -0.02     0.00
  MONTH TO DATE    0.52                      0.43   0.09     0.22
  SINCE OCT 1      2.35                      1.81   0.54     1.04
  SINCE JAN 1     14.79                     12.69   2.10    11.32

SNOWFALL (IN)
  TODAY           MM
  MONTH TO DATE   MM
  SINCE JAN 1     MM
  SINCE JUL 1     MM
  SNOW DEPTH      MM

DEGREE DAYS
 HEATING
  TODAY           48                        48      0       35
  MONTH TO DATE  990                      1233   -243     1275
  SINCE DEC 1    990                      1233   -243     1275
  SINCE JUL 1   3320                      3723   -403     3535

 COOLING
  TODAY            0                         0      0        0
  MONTH TO DATE    0                         0      0        0
  SINCE DEC 1      0                         0      0        0
  SINCE JAN 1     78                        81     -3      104
..................................................................


WIND (MPH)
  HIGHEST WIND SPEED     7   HIGHEST WIND DIRECTION    SW (210)
  HIGHEST GUST SPEED     8   HIGHEST GUST DIRECTION     S (200)
  AVERAGE WIND SPEED     1.8


SKY COVER
  POSSIBLE SUNSHINE  MM
  AVERAGE SKY COVER 0.9


WEATHER CONDITIONS
 THE FOLLOWING WEATHER WAS RECORDED TODAY.
  LIGHT SNOW
  FOG


RELATIVE HUMIDITY (PERCENT)
 HIGHEST    92           200 AM
 LOWEST     73           300 PM
 AVERAGE    83

..........................................................


THE BUTTE MT CLIMATE NORMALS FOR TOMORROW
                         NORMAL    RECORD    YEAR
 MAXIMUM TEMPERATURE (F)   30        66      1917
 MINIMUM TEMPERATURE (F)    5       -25      1941


SUNRISE AND SUNSET
DECEMBER 26 2014......SUNRISE   811 AM MST   SUNSET   451 PM MST
DECEMBER 27 2014......SUNRISE   811 AM MST   SUNSET   451 PM MST


-  INDICATES NEGATIVE NUMBERS.
R  INDICATES RECORD WAS SET OR TIED.
MM INDICATES DATA IS MISSING.
T  INDICATES TRACE AMOUNT.




$$
