000
CDUS45 KMSO 082350
CLIBTM


CLIMATE REPORT
NATIONAL WEATHER SERVICE MISSOULA, MT
450 PM MST MON FEB 8 2016


...................................

...THE BUTTE MT CLIMATE SUMMARY FOR FEBRUARY 8 2016...
VALID TODAY AS OF 0400 PM LOCAL TIME.

CLIMATE NORMAL PERIOD 1981 TO 2010
CLIMATE RECORD PERIOD 1895 TO 2016


WEATHER ITEM   OBSERVED TIME   RECORD YEAR NORMAL DEPARTURE LAST
                VALUE   (LST)  VALUE       VALUE  FROM      YEAR
                                                  NORMAL
..................................................................
TEMPERATURE (F)
 TODAY
  MAXIMUM         42    259 PM  55    1907  34      8       51
  MINIMUM         21    736 AM -51    1936   8     13       33
  AVERAGE         32                        21     11       42

PRECIPITATION (IN)
  TODAY            0.00          0.30 1943   0.01  -0.01     0.00
  MONTH TO DATE    0.03                      0.11  -0.08     0.02
  SINCE OCT 1      3.11                      2.47   0.64     2.58
  SINCE JAN 1      0.37                      0.58  -0.21     0.19

SNOWFALL (IN)
  TODAY            0.0
  MONTH TO DATE    0.0
  SINCE JAN 1      0.0
  SINCE JUL 1      0.0
  SNOW DEPTH       0

DEGREE DAYS
 HEATING
  TODAY           33                        44    -11       23
  MONTH TO DATE  367                       357     10      235
  SINCE DEC 1   3279                      3238     41     2800
  SINCE JUL 1   5699                      5728    -29     5130

 COOLING
  TODAY            0                         0      0        0
  MONTH TO DATE    0                         0      0        0
  SINCE DEC 1      0                         0      0        0
  SINCE JAN 1      0                         0      0        0
..................................................................


WIND (MPH)
  HIGHEST WIND SPEED     7   HIGHEST WIND DIRECTION    SE (130)
  HIGHEST GUST SPEED    11   HIGHEST GUST DIRECTION     E (90)
  AVERAGE WIND SPEED     2.9


SKY COVER
  POSSIBLE SUNSHINE  MM
  AVERAGE SKY COVER 0.5


WEATHER CONDITIONS
 THE FOLLOWING WEATHER WAS RECORDED TODAY.
  NO SIGNIFICANT WEATHER WAS OBSERVED.


RELATIVE HUMIDITY (PERCENT)
 HIGHEST    84           700 AM
 LOWEST     59           200 PM
 AVERAGE    72

..........................................................


THE BUTTE MT CLIMATE NORMALS FOR TOMORROW
                         NORMAL    RECORD    YEAR
 MAXIMUM TEMPERATURE (F)   34        54      1907
 MINIMUM TEMPERATURE (F)    8       -52      1933


SUNRISE AND SUNSET
FEBRUARY  8 2016......SUNRISE   744 AM MST   SUNSET   545 PM MST
FEBRUARY  9 2016......SUNRISE   742 AM MST   SUNSET   547 PM MST


-  INDICATES NEGATIVE NUMBERS.
R  INDICATES RECORD WAS SET OR TIED.
MM INDICATES DATA IS MISSING.
T  INDICATES TRACE AMOUNT.




$$
