873
CDUS45 KMSO 260742
CLIBTM


CLIMATE REPORT
NATIONAL WEATHER SERVICE MISSOULA, MT
141 AM MDT THU MAY 26 2016


...................................

...THE BUTTE MT CLIMATE SUMMARY FOR MAY 25 2016...

CLIMATE NORMAL PERIOD 1981 TO 2010
CLIMATE RECORD PERIOD 1895 TO 2016


WEATHER ITEM   OBSERVED TIME   RECORD YEAR NORMAL DEPARTURE LAST
                VALUE   (LST)  VALUE       VALUE  FROM      YEAR
                                                  NORMAL
..................................................................
TEMPERATURE (F)
 YESTERDAY
  MAXIMUM         62    451 PM  85    1934  64     -2       69
  MINIMUM         30    559 AM  20    1950  37     -7       34
  AVERAGE         46                        50     -4       52

PRECIPITATION (IN)
  YESTERDAY        0.00          1.47 1987   0.08  -0.08     0.10
  MONTH TO DATE    1.12                      1.55  -0.43     1.23
  SINCE OCT 1      5.94                      6.27  -0.33     5.21
  SINCE JAN 1      3.20                      4.38  -1.18     2.82

SNOWFALL (IN)
  YESTERDAY       MM
  MONTH TO DATE   MM
  SINCE JAN 1     MM
  SINCE JUL 1     MM
  SNOW DEPTH      MM

DEGREE DAYS
 HEATING
  YESTERDAY       19                        15      4       13
  MONTH TO DATE  455                       457     -2      459
  SINCE MAR 1   2073                      2279   -206     2083
  SINCE JUL 1   8470                      8848   -378     7964

 COOLING
  YESTERDAY        0                         0      0        0
  MONTH TO DATE    0                         0      0        0
  SINCE MAR 1      0                         0      0        0
  SINCE JAN 1      0                         0      0        0
..................................................................


WIND (MPH)
  HIGHEST WIND SPEED    22   HIGHEST WIND DIRECTION    NW (310)
  HIGHEST GUST SPEED    27   HIGHEST GUST DIRECTION    NW (320)
  AVERAGE WIND SPEED     7.6


SKY COVER
  POSSIBLE SUNSHINE  MM
  AVERAGE SKY COVER 0.3


WEATHER CONDITIONS
 THE FOLLOWING WEATHER WAS RECORDED YESTERDAY.
  FOG
  FOG W/VISIBILITY <= 1/4 MILE


RELATIVE HUMIDITY (PERCENT)
 HIGHEST    96           700 AM
 LOWEST     27           500 PM
 AVERAGE    62

..........................................................


THE BUTTE MT CLIMATE NORMALS FOR TODAY
                         NORMAL    RECORD    YEAR
 MAXIMUM TEMPERATURE (F)   64        83      1936
 MINIMUM TEMPERATURE (F)   37        22      1975


SUNRISE AND SUNSET
MAY 26 2016...........SUNRISE   547 AM MDT   SUNSET   908 PM MDT
MAY 27 2016...........SUNRISE   546 AM MDT   SUNSET   909 PM MDT


-  INDICATES NEGATIVE NUMBERS.
R  INDICATES RECORD WAS SET OR TIED.
MM INDICATES DATA IS MISSING.
T  INDICATES TRACE AMOUNT.




$$
