000
CDUS45 KMSO 012231
CLIBTM


CLIMATE REPORT
NATIONAL WEATHER SERVICE MISSOULA, MT
430 PM MDT FRI AUG 1 2014


...................................

...THE BUTTE MT CLIMATE SUMMARY FOR AUGUST 1 2014...
VALID TODAY AS OF 0400 PM LOCAL TIME.

CLIMATE NORMAL PERIOD 1981 TO 2010
CLIMATE RECORD PERIOD 1895 TO 2014


WEATHER ITEM   OBSERVED TIME   RECORD YEAR NORMAL DEPARTURE LAST
                VALUE   (LST)  VALUE       VALUE  FROM      YEAR
                                                  NORMAL
..................................................................
TEMPERATURE (F)
 TODAY
  MAXIMUM         85    257 PM  95    2000  83      2       76
  MINIMUM         48    458 AM  34    2002  46      2       51
  AVERAGE         67                        64      3       64

PRECIPITATION (IN)
  TODAY            0.00          0.61 2013   0.04  -0.04     0.61
  MONTH TO DATE    0.00                      0.04  -0.04     0.61
  SINCE OCT 1      9.44                     10.45  -1.01     7.91
  SINCE JAN 1      8.40                      8.56  -0.16     6.28

SNOWFALL (IN)
  TODAY           MM
  MONTH TO DATE   MM
  SINCE JAN 1     MM
  SINCE JUL 1     MM
  SNOW DEPTH      MM

DEGREE DAYS
 HEATING
  TODAY            0                         2     -2        1
  MONTH TO DATE    0                         2     -2        1
  SINCE JUN 1    388                       389     -1      262
  SINCE JUL 1     35                       102    -67       19

 COOLING
  TODAY            2                         2      0        0
  MONTH TO DATE    2                         2      0        0
  SINCE JUN 1     63                        53     10       81
  SINCE JAN 1     63                        53     10       81
..................................................................


WIND (MPH)
  HIGHEST WIND SPEED    18   HIGHEST WIND DIRECTION    SE (140)
  HIGHEST GUST SPEED    22   HIGHEST GUST DIRECTION    SE (140)
  AVERAGE WIND SPEED     5.0


SKY COVER
  POSSIBLE SUNSHINE  MM
  AVERAGE SKY COVER 0.0


WEATHER CONDITIONS
 THE FOLLOWING WEATHER WAS RECORDED TODAY.
  HAZE


RELATIVE HUMIDITY (PERCENT)
 HIGHEST    63           300 AM
 LOWEST     15           200 PM
 AVERAGE    39

..........................................................


THE BUTTE MT CLIMATE NORMALS FOR TOMORROW
                         NORMAL    RECORD    YEAR
 MAXIMUM TEMPERATURE (F)   83        95      1934
 MINIMUM TEMPERATURE (F)   46        30      1919


SUNRISE AND SUNSET
AUGUST  1 2014........SUNRISE   613 AM MDT   SUNSET   859 PM MDT
AUGUST  2 2014........SUNRISE   614 AM MDT   SUNSET   858 PM MDT


-  INDICATES NEGATIVE NUMBERS.
R  INDICATES RECORD WAS SET OR TIED.
MM INDICATES DATA IS MISSING.
T  INDICATES TRACE AMOUNT.




$$
