000
CDUS44 KLIX 100701
CLIBTR


CLIMATE REPORT
NATIONAL WEATHER SERVICE NEW ORLEANS
201 AM CDT THU JUL 10 2014


...................................

...THE BATON ROUGE  ASOS CLIMATE SUMMARY FOR JULY 9 2014...

CLIMATE NORMAL PERIOD 1981 TO 2010
CLIMATE RECORD PERIOD 1894 TO 2014


WEATHER ITEM   OBSERVED TIME   RECORD YEAR NORMAL DEPARTURE LAST
                VALUE   (LST)  VALUE       VALUE  FROM      YEAR
                                                  NORMAL
..................................................................
TEMPERATURE (F)
 YESTERDAY
  MAXIMUM         88   1117 AM 100    1907  92     -4       92
  MINIMUM         70    308 AM  66    1947  74     -4       72
                                      1912
                                      1896
  AVERAGE         79                        83     -4       82

PRECIPITATION (IN)
  YESTERDAY        0.01          2.30 2000   0.17  -0.16     0.00
  MONTH TO DATE    0.39                      1.62  -1.23     0.53
  SINCE JUN 1     11.75                      8.03   3.72     7.00
  SINCE JAN 1     36.09                     32.55   3.54    45.18

SNOWFALL (IN)
  YESTERDAY        0.0
  MONTH TO DATE    0.0
  SINCE JUN 1      0.0
  SINCE JUL 1      0.0
  SNOW DEPTH       0

DEGREE DAYS
 HEATING
  YESTERDAY        0                         0      0        0
  MONTH TO DATE    0                         0      0        0
  SINCE JUN 1      0                         0      0        0
  SINCE JUL 1      0                         0      0        0

 COOLING
  YESTERDAY       14                        18     -4       17
  MONTH TO DATE  144                       162    -18      132
  SINCE JUN 1    613                       646    -33      634
  SINCE JAN 1   1119                      1211    -92     1057
..................................................................


WIND (MPH)
  HIGHEST WIND SPEED    13   HIGHEST WIND DIRECTION     S (180)
  HIGHEST GUST SPEED    16   HIGHEST GUST DIRECTION    NE (50)
  AVERAGE WIND SPEED     3.6


SKY COVER
  POSSIBLE SUNSHINE  MM
  AVERAGE SKY COVER 0.2


WEATHER CONDITIONS
 THE FOLLOWING WEATHER WAS RECORDED YESTERDAY.
  THUNDERSTORM
  LIGHT RAIN


RELATIVE HUMIDITY (PERCENT)
 HIGHEST   100           200 AM
 LOWEST     70          1100 AM
 AVERAGE    85

..........................................................


THE BATON ROUGE  ASOS CLIMATE NORMALS FOR TODAY
                         NORMAL    RECORD    YEAR
 MAXIMUM TEMPERATURE (F)   92       100      1931
 MINIMUM TEMPERATURE (F)   74        61      1920


SUNRISE AND SUNSET
JULY 10 2014..........SUNRISE   610 AM CDT   SUNSET   810 PM CDT
JULY 11 2014..........SUNRISE   610 AM CDT   SUNSET   810 PM CDT


-  INDICATES NEGATIVE NUMBERS.
R  INDICATES RECORD WAS SET OR TIED.
MM INDICATES DATA IS MISSING.
T  INDICATES TRACE AMOUNT.




$$
