000
CDUS44 KLIX 182231
CLIBTR


CLIMATE REPORT
NATIONAL WEATHER SERVICE NEW ORLEANS
NATIONAL WEATHER SERVICE NEW ORL
430 PM CST MON DEC 18 2017


...................................

...THE BATON ROUGE  ASOS CLIMATE SUMMARY FOR DECEMBER 18 2017...
VALID TODAY AS OF 0400 PM LOCAL TIME.

CLIMATE NORMAL PERIOD 1981 TO 2010
CLIMATE RECORD PERIOD 1894 TO 2017


WEATHER ITEM   OBSERVED TIME   RECORD YEAR NORMAL DEPARTURE LAST
                VALUE   (LST)  VALUE       VALUE  FROM      YEAR
                                                  NORMAL
..................................................................
TEMPERATURE (F)
 TODAY
  MAXIMUM         67    259 PM  82    1924  64      3       74
  MINIMUM         62    527 AM  20    1979  42     20       34
  AVERAGE         65

PRECIPITATION (IN)
  TODAY            0.14          6.39 1995   0.18  -0.04     0.33
  MONTH TO DATE    4.51                      3.16   1.35     6.41
  SINCE DEC 1      4.51                      3.16   1.35     6.41
  SINCE JAN 1     66.30                     58.21   8.09    87.24

SNOWFALL (IN)
  TODAY            0.0
  MONTH TO DATE    3.5
  SINCE DEC 1      3.5
  SINCE JUL 1      3.5
  SNOW DEPTH       0

DEGREE DAYS
 HEATING
  TODAY            0                        13    -13       11
  MONTH TO DATE  235                       206     29      179
  SINCE DEC 1    235                       206     29      179
  SINCE JUL 1    442                       441      1      292

 COOLING
  TODAY            0                         1     -1        0
  MONTH TO DATE    2                        18    -16       23
  SINCE DEC 1      2                        18    -16       23
  SINCE JAN 1   2976                      2819    157     3144
..................................................................


WIND (MPH)
  HIGHEST WIND SPEED     7   HIGHEST WIND DIRECTION     E (110)
  HIGHEST GUST SPEED    12   HIGHEST GUST DIRECTION    NW (300)
  AVERAGE WIND SPEED     3.2


SKY COVER
  POSSIBLE SUNSHINE  MM
  AVERAGE SKY COVER 1.0


WEATHER CONDITIONS
 THE FOLLOWING WEATHER WAS RECORDED TODAY.
  THUNDERSTORM
  RAIN
  LIGHT RAIN
  FOG
  FOG W/VISIBILITY <= 1/4 MILE


RELATIVE HUMIDITY (PERCENT)
 HIGHEST   100          1200 AM
 LOWEST     87          1100 AM
 AVERAGE    94

..........................................................


THE BATON ROUGE  ASOS CLIMATE NORMALS FOR TOMORROW
                         NORMAL    RECORD    YEAR
 MAXIMUM TEMPERATURE (F)   63        84      1908
 MINIMUM TEMPERATURE (F)   42        16      1901


SUNRISE AND SUNSET
DECEMBER 18 2017......SUNRISE   656 AM CST   SUNSET   507 PM CST
DECEMBER 19 2017......SUNRISE   657 AM CST   SUNSET   507 PM CST


-  INDICATES NEGATIVE NUMBERS.
R  INDICATES RECORD WAS SET OR TIED.
MM INDICATES DATA IS MISSING.
T  INDICATES TRACE AMOUNT.




$$
