000
CDUS44 KLIX 240716
CLIBTR


CLIMATE REPORT
NATIONAL WEATHER SERVICE NEW ORLEANS
215 AM CDT SUN SEP 24 2017


...................................

...THE BATON ROUGE  ASOS CLIMATE SUMMARY FOR SEPTEMBER 23 2017...

CLIMATE NORMAL PERIOD 1981 TO 2010
CLIMATE RECORD PERIOD 1894 TO 2017


WEATHER ITEM   OBSERVED TIME   RECORD YEAR NORMAL DEPARTURE LAST
                VALUE   (LST)  VALUE       VALUE  FROM      YEAR
                                                  NORMAL
..................................................................
TEMPERATURE (F)
 YESTERDAY
  MAXIMUM         92    234 PM 102    1921  87      5       93
  MINIMUM         71   1159 PM  48    1999  66      5       72
                                      1918
                                      1897
  AVERAGE         82                        77      5       83

PRECIPITATION (IN)
  YESTERDAY        0.00          4.21 2005   0.13  -0.13      T
  MONTH TO DATE    0.07                      3.53  -3.46     2.48
  SINCE SEP 1      0.07                      3.53  -3.46     2.48
  SINCE JAN 1     55.46                     45.24  10.22    77.63

SNOWFALL (IN)
  YESTERDAY        0.0
  MONTH TO DATE    0.0
  SINCE SEP 1      0.0
  SINCE JUL 1      0.0
  SNOW DEPTH       0

DEGREE DAYS
 HEATING
  YESTERDAY        0                         0      0        0
  MONTH TO DATE    0                         0      0        0
  SINCE SEP 1      0                         0      0        0
  SINCE JUL 1      0                         0      0        0

 COOLING
  YESTERDAY       17                        12      5       18
  MONTH TO DATE  296                       336    -40      415
  SINCE SEP 1    296                       336    -40      415
  SINCE JAN 1   2555                      2497     58     2691
..................................................................


WIND (MPH)
  HIGHEST WIND SPEED    21   HIGHEST WIND DIRECTION     E (100)
  HIGHEST GUST SPEED    24   HIGHEST GUST DIRECTION     E (80)
  AVERAGE WIND SPEED     4.8


SKY COVER
  POSSIBLE SUNSHINE  MM
  AVERAGE SKY COVER 0.1


WEATHER CONDITIONS
 THE FOLLOWING WEATHER WAS RECORDED YESTERDAY.
  FOG


RELATIVE HUMIDITY (PERCENT)
 HIGHEST   100           500 AM
 LOWEST     47          1200 PM
 AVERAGE    74

..........................................................


THE BATON ROUGE  ASOS CLIMATE NORMALS FOR TODAY
                         NORMAL    RECORD    YEAR
 MAXIMUM TEMPERATURE (F)   87       100      1921
 MINIMUM TEMPERATURE (F)   66        49      1938


SUNRISE AND SUNSET
SEPTEMBER 24 2017.....SUNRISE   654 AM CDT   SUNSET   658 PM CDT
SEPTEMBER 25 2017.....SUNRISE   655 AM CDT   SUNSET   657 PM CDT


-  INDICATES NEGATIVE NUMBERS.
R  INDICATES RECORD WAS SET OR TIED.
MM INDICATES DATA IS MISSING.
T  INDICATES TRACE AMOUNT.




$$
