000
CDUS44 KLIX 312118
CLIBTR


CLIMATE REPORT
NATIONAL WEATHER SERVICE NEW ORLEANS
418 PM CDT TUE MAY 31 2016


...................................

...THE BATON ROUGE  ASOS CLIMATE SUMMARY FOR MAY 31 2016...
VALID TODAY AS OF 0400 PM LOCAL TIME.

CLIMATE NORMAL PERIOD 1981 TO 2010
CLIMATE RECORD PERIOD 1894 TO 2016


WEATHER ITEM   OBSERVED TIME   RECORD YEAR NORMAL DEPARTURE LAST
                VALUE   (LST)  VALUE       VALUE  FROM      YEAR
                                                  NORMAL
..................................................................
TEMPERATURE (F)
 TODAY
  MAXIMUM         91    211 PM  97    1998  89      2       87
  MINIMUM         70    107 AM  49    1984  69      1       67
  AVERAGE         81

PRECIPITATION (IN)
  TODAY            0.00          2.35 1907   0.16  -0.16     1.49
  MONTH TO DATE    6.11                      4.89   1.22    11.17
  SINCE MAR 1     20.85                     13.76   7.09    22.63
  SINCE JAN 1     30.16                     24.52   5.64    32.38

SNOWFALL (IN)
  TODAY            0.0
  MONTH TO DATE    0.0
  SINCE MAR 1      0.0
  SINCE JUL 1      0.0
  SNOW DEPTH       0

DEGREE DAYS
 HEATING
  TODAY            0                         0      0        0
  MONTH TO DATE    0                         0      0        0
  SINCE MAR 1     88                       220   -132       99
  SINCE JUL 1   1079                      1555   -476     1641

 COOLING
  TODAY           16                        14      2       12
  MONTH TO DATE  303                       334    -31      360
  SINCE MAR 1    559                       534     25      667
  SINCE JAN 1    576                       565     11      671
..................................................................


WIND (MPH)
  HIGHEST WIND SPEED     9   HIGHEST WIND DIRECTION     S (170)
  HIGHEST GUST SPEED    12   HIGHEST GUST DIRECTION     S (190)
  AVERAGE WIND SPEED     1.9


SKY COVER
  POSSIBLE SUNSHINE  MM
  AVERAGE SKY COVER 0.2


WEATHER CONDITIONS
 THE FOLLOWING WEATHER WAS RECORDED TODAY.
  NO SIGNIFICANT WEATHER WAS OBSERVED.


RELATIVE HUMIDITY (PERCENT)
 HIGHEST    90          1200 AM
 LOWEST     46           200 PM
 AVERAGE    68

..........................................................


THE BATON ROUGE  ASOS CLIMATE NORMALS FOR TOMORROW
                         NORMAL    RECORD    YEAR
 MAXIMUM TEMPERATURE (F)   89       100      2011
 MINIMUM TEMPERATURE (F)   69        53      1984


SUNRISE AND SUNSET
MAY 31 2016...........SUNRISE   603 AM CDT   SUNSET   802 PM CDT
JUNE  1 2016..........SUNRISE   603 AM CDT   SUNSET   803 PM CDT


-  INDICATES NEGATIVE NUMBERS.
R  INDICATES RECORD WAS SET OR TIED.
MM INDICATES DATA IS MISSING.
T  INDICATES TRACE AMOUNT.




$$
