000
CDUS44 KLIX 250702
CLIBTR


CLIMATE REPORT
NATIONAL WEATHER SERVICE NEW ORLEANS
202 AM CDT MON JUL 25 2016


...................................

...THE BATON ROUGE  ASOS CLIMATE SUMMARY FOR JULY 24 2016...

CLIMATE NORMAL PERIOD 1981 TO 2010
CLIMATE RECORD PERIOD 1894 TO 2016


WEATHER ITEM   OBSERVED TIME   RECORD YEAR NORMAL DEPARTURE LAST
                VALUE   (LST)  VALUE       VALUE  FROM      YEAR
                                                  NORMAL
..................................................................
TEMPERATURE (F)
 YESTERDAY
  MAXIMUM         91    253 PM 101    1924  92     -1       96
  MINIMUM         76    537 AM  62    1947  74      2       78
                                      1915
  AVERAGE         84                        83      1       87

PRECIPITATION (IN)
  YESTERDAY        0.05          2.70 1897   0.15  -0.10     0.00
  MONTH TO DATE    3.54                      3.87  -0.33     3.41
  SINCE JUN 1     10.88                     10.28   0.60     9.39
  SINCE JAN 1     41.09                     34.80   6.29    41.77

SNOWFALL (IN)
  YESTERDAY        0.0
  MONTH TO DATE    0.0
  SINCE JUN 1      0.0
  SINCE JUL 1      0.0
  SNOW DEPTH       0

DEGREE DAYS
 HEATING
  YESTERDAY        0                         0      0        0
  MONTH TO DATE    0                         0      0        0
  SINCE JUN 1      0                         0      0        0
  SINCE JUL 1      0                         0      0        0

 COOLING
  YESTERDAY       19                        18      1       22
  MONTH TO DATE  479                       432     47      483
  SINCE JUN 1    996                       916     80      979
  SINCE JAN 1   1572                      1481     91     1650
..................................................................


WIND (MPH)
  HIGHEST WIND SPEED    16   HIGHEST WIND DIRECTION     N (360)
  HIGHEST GUST SPEED    21   HIGHEST GUST DIRECTION     N (350)
  AVERAGE WIND SPEED     3.9


SKY COVER
  POSSIBLE SUNSHINE  MM
  AVERAGE SKY COVER 0.3


WEATHER CONDITIONS
 THE FOLLOWING WEATHER WAS RECORDED YESTERDAY.
  LIGHT RAIN
  FOG


RELATIVE HUMIDITY (PERCENT)
 HIGHEST    88           100 AM
 LOWEST     56           300 PM
 AVERAGE    72

..........................................................


THE BATON ROUGE  ASOS CLIMATE NORMALS FOR TODAY
                         NORMAL    RECORD    YEAR
 MAXIMUM TEMPERATURE (F)   92       101      1924
 MINIMUM TEMPERATURE (F)   74        64      1894


SUNRISE AND SUNSET
JULY 25 2016..........SUNRISE   619 AM CDT   SUNSET   803 PM CDT
JULY 26 2016..........SUNRISE   619 AM CDT   SUNSET   803 PM CDT


-  INDICATES NEGATIVE NUMBERS.
R  INDICATES RECORD WAS SET OR TIED.
MM INDICATES DATA IS MISSING.
T  INDICATES TRACE AMOUNT.




$$
