409
CDUS44 KLIX 112216
CLIBTR


CLIMATE REPORT
NATIONAL WEATHER SERVICE NEW ORLEANS
415 PM CST THU FEB 11 2016


...................................

...THE BATON ROUGE  ASOS CLIMATE SUMMARY FOR FEBRUARY 11 2016...
VALID TODAY AS OF 0400 PM LOCAL TIME.

CLIMATE NORMAL PERIOD 1981 TO 2010
CLIMATE RECORD PERIOD 1894 TO 2016


WEATHER ITEM   OBSERVED TIME   RECORD YEAR NORMAL DEPARTURE LAST
                VALUE   (LST)  VALUE       VALUE  FROM      YEAR
                                                  NORMAL
..................................................................
TEMPERATURE (F)
 TODAY
  MAXIMUM         77    242 PM  81    1999  65     12       74
  MINIMUM         46    223 AM  24    2011  44      2       38
                                      1973
  AVERAGE         62

PRECIPITATION (IN)
  TODAY            0.00          2.96 1896   0.18  -0.18     0.00
  MONTH TO DATE    1.85                      2.06  -0.21     0.78
  SINCE DEC 1     13.91                     13.38   0.53    12.82
  SINCE JAN 1      7.58                      7.78  -0.20     7.15

SNOWFALL (IN)
  TODAY            0.0
  MONTH TO DATE    0.0
  SINCE DEC 1      0.0
  SINCE JUL 1      0.0
  SNOW DEPTH       0

DEGREE DAYS
 HEATING
  TODAY            3                        11     -8        9
  MONTH TO DATE  140                       134      6      144
  SINCE DEC 1    756                       939   -183      921
  SINCE JUL 1    867                      1174   -307     1262

 COOLING
  TODAY            0                         1     -1        0
  MONTH TO DATE    7                         9     -2        2
  SINCE DEC 1     98                        44     54       17
  SINCE JAN 1     11                        22    -11        3
..................................................................


WIND (MPH)
  HIGHEST WIND SPEED    24   HIGHEST WIND DIRECTION     W (250)
  HIGHEST GUST SPEED    30   HIGHEST GUST DIRECTION     W (260)
  AVERAGE WIND SPEED    12.9


SKY COVER
  POSSIBLE SUNSHINE  MM
  AVERAGE SKY COVER 0.0


WEATHER CONDITIONS
 THE FOLLOWING WEATHER WAS RECORDED TODAY.
  NO SIGNIFICANT WEATHER WAS OBSERVED.


RELATIVE HUMIDITY (PERCENT)
 HIGHEST    86           600 AM
 LOWEST     38           300 PM
 AVERAGE    62

..........................................................


THE BATON ROUGE  ASOS CLIMATE NORMALS FOR TOMORROW
                         NORMAL    RECORD    YEAR
 MAXIMUM TEMPERATURE (F)   65        86      1922
 MINIMUM TEMPERATURE (F)   44        12      1899


SUNRISE AND SUNSET
FEBRUARY 11 2016......SUNRISE   649 AM CST   SUNSET   549 PM CST
FEBRUARY 12 2016......SUNRISE   648 AM CST   SUNSET   550 PM CST


-  INDICATES NEGATIVE NUMBERS.
R  INDICATES RECORD WAS SET OR TIED.
MM INDICATES DATA IS MISSING.
T  INDICATES TRACE AMOUNT.




$$
