000
CDUS44 KLIX 300820
CLIBTR


CLIMATE REPORT
NATIONAL WEATHER SERVICE NEW ORLEANS
220 AM CST FRI JAN 30 2015


...................................

...THE BATON ROUGE  ASOS CLIMATE SUMMARY FOR JANUARY 29 2015...

CLIMATE NORMAL PERIOD 1981 TO 2010
CLIMATE RECORD PERIOD 1894 TO 2015


WEATHER ITEM   OBSERVED TIME   RECORD YEAR NORMAL DEPARTURE LAST
                VALUE   (LST)  VALUE       VALUE  FROM      YEAR
                                                  NORMAL
..................................................................
TEMPERATURE (F)
 YESTERDAY
  MAXIMUM         78    253 PM  81    2013  63     15       36
                                      1975
                                      1914
  MINIMUM         41    642 AM  20    1966  42     -1       21
  AVERAGE         60                        52      8       29

PRECIPITATION (IN)
  YESTERDAY        0.00          2.65 1930   0.20  -0.20     0.00
  MONTH TO DATE    6.37                      5.34   1.03     2.09
  SINCE DEC 1     12.04                     10.94   1.10     5.81
  SINCE JAN 1      6.37                      5.34   1.03     2.09

SNOWFALL (IN)
  YESTERDAY        0.0
  MONTH TO DATE    T
  SINCE DEC 1      T
  SINCE JUL 1      T
  SNOW DEPTH       0

DEGREE DAYS
 HEATING
  YESTERDAY        5                        13     -8       36
  MONTH TO DATE  463                       400     63      582
  SINCE DEC 1    747                       781    -34     1019
  SINCE JUL 1   1088                      1016     72     1306

 COOLING
  YESTERDAY        0                         0      0        0
  MONTH TO DATE    1                         3     -2        0
  SINCE DEC 1     15                        25    -10       44
  SINCE JAN 1      1                         3     -2        0
..................................................................


WIND (MPH)
  HIGHEST WIND SPEED    17   HIGHEST WIND DIRECTION    SW (240)
  HIGHEST GUST SPEED    21   HIGHEST GUST DIRECTION    SW (240)
  AVERAGE WIND SPEED     5.7


SKY COVER
  POSSIBLE SUNSHINE  MM
  AVERAGE SKY COVER 0.2


WEATHER CONDITIONS
 THE FOLLOWING WEATHER WAS RECORDED YESTERDAY.
  FOG
  HAZE


RELATIVE HUMIDITY (PERCENT)
 HIGHEST    96           600 AM
 LOWEST     36           400 PM
 AVERAGE    66

..........................................................


THE BATON ROUGE  ASOS CLIMATE NORMALS FOR TODAY
                         NORMAL    RECORD    YEAR
 MAXIMUM TEMPERATURE (F)   63        83      2002
 MINIMUM TEMPERATURE (F)   42        15      1966


SUNRISE AND SUNSET
JANUARY 30 2015.......SUNRISE   657 AM CST   SUNSET   539 PM CST
JANUARY 31 2015.......SUNRISE   656 AM CST   SUNSET   540 PM CST


-  INDICATES NEGATIVE NUMBERS.
R  INDICATES RECORD WAS SET OR TIED.
MM INDICATES DATA IS MISSING.
T  INDICATES TRACE AMOUNT.




$$
