000
CDUS41 KBTV 280527
CLIBTV


CLIMATE REPORT
NATIONAL WEATHER SERVICE BURLINGTON VT
125 AM EDT SUN AUG 28 2016


...................................

...THE BURLINGTON VT CLIMATE SUMMARY FOR AUGUST 27 2016...

CLIMATE NORMAL PERIOD 1981 TO 2010
CLIMATE RECORD PERIOD 1884 TO 2016


WEATHER ITEM   OBSERVED TIME   RECORD YEAR NORMAL DEPARTURE LAST
                VALUE   (LST)  VALUE       VALUE  FROM      YEAR
                                                  NORMAL
..................................................................
TEMPERATURE (F)
 YESTERDAY
  MAXIMUM         84    213 PM  95    1948  77      7       75
  MINIMUM         65    619 AM  40    1969  57      8       59
  AVERAGE         75                        67      8       67

PRECIPITATION (IN)
  YESTERDAY        0.00          0.95 1906   0.11  -0.11      T
  MONTH TO DATE    2.09                      3.47  -1.38     1.98
  SINCE JUN 1      8.19                     11.32  -3.13    15.32
  SINCE JAN 1     19.04                     23.63  -4.59    24.16

SNOWFALL (IN)
  YESTERDAY        0.0           0.0  2002   0.0    0.0      0.0
                                      2001
  MONTH TO DATE    0.0                       0.0    0.0      0.0
  SINCE JUN 1      0.0                       0.0    0.0      0.0
  SINCE JUL 1      0.0                       0.0    0.0      0.0
  SNOW DEPTH       0

DEGREE DAYS
 HEATING
  YESTERDAY        0                         2     -2        0
  MONTH TO DATE    2                        24    -22        1
  SINCE JUN 1     53                       110    -57       77
  SINCE JUL 1      5                        37    -32        6

 COOLING
  YESTERDAY       10                         4      6        2
  MONTH TO DATE  257                       132    125      213
  SINCE JUN 1    646                       416    230      507
  SINCE JAN 1    718                       435    283      600
..................................................................


WIND (MPH)
  HIGHEST WIND SPEED    15   HIGHEST WIND DIRECTION    NW (320)
  HIGHEST GUST SPEED    18   HIGHEST GUST DIRECTION    NW (320)
  AVERAGE WIND SPEED     4.4


SKY COVER
  POSSIBLE SUNSHINE  MM
  AVERAGE SKY COVER 0.5


WEATHER CONDITIONS
 THE FOLLOWING WEATHER WAS RECORDED YESTERDAY.
  NO SIGNIFICANT WEATHER WAS OBSERVED.


RELATIVE HUMIDITY (PERCENT)
 HIGHEST    81           200 AM
 LOWEST     43           200 PM
 AVERAGE    62

..........................................................


THE BURLINGTON VT CLIMATE NORMALS FOR TODAY
                         NORMAL    RECORD    YEAR
 MAXIMUM TEMPERATURE (F)   77        94      1952
 MINIMUM TEMPERATURE (F)   57        39      1957
                                             1925


SUNRISE AND SUNSET
AUGUST 28 2016........SUNRISE   611 AM EDT   SUNSET   735 PM EDT
AUGUST 29 2016........SUNRISE   612 AM EDT   SUNSET   734 PM EDT


-  INDICATES NEGATIVE NUMBERS.
R  INDICATES RECORD WAS SET OR TIED.
MM INDICATES DATA IS MISSING.
T  INDICATES TRACE AMOUNT.

&&

LAKE CHAMPLAIN DATA:
LEVEL...............94.30 FEET
TEMPERATURE.........73 DEGREES

MOUNT MANSFIELD DATA:
HIGH................67 DEGREES
LOW.................56 DEGREES
PRECIPITATION.......NONE

$$
