000
CDUS41 KBTV 280527
CLIBTV

CLIMATE REPORT
NATIONAL WEATHER SERVICE BURLINGTON VT
1226 AM EST SUN DEC 28 2014

...................................

...THE BURLINGTON VT CLIMATE SUMMARY FOR DECEMBER 27 2014...

CLIMATE NORMAL PERIOD 1981 TO 2010
CLIMATE RECORD PERIOD 1884 TO 2014


WEATHER ITEM   OBSERVED TIME   RECORD YEAR NORMAL DEPARTURE LAST
                VALUE   (LST)  VALUE       VALUE  FROM      YEAR
                                                  NORMAL
..................................................................
TEMPERATURE (F)
 YESTERDAY
  MAXIMUM         48   1159 PM  55    1949  30     18       31
                                      1895
  MINIMUM         37    405 AM -23    1968  14     23       17
  AVERAGE         43                        22     21       24

PRECIPITATION (IN)
  YESTERDAY        T             1.57 1969   0.07  -0.07     0.01
  MONTH TO DATE    2.83                      2.11   0.72     2.36
  SINCE DEC 1      2.83                      2.11   0.72     2.36
  SINCE JAN 1     36.31                     36.55  -0.24    44.81

SNOWFALL (IN)
  YESTERDAY        0.0          14.5  1969   0.7   -0.7      0.8
  MONTH TO DATE   21.0                      15.3    5.7     15.0
  SINCE DEC 1     21.0                      15.3    5.7     15.0
  SINCE JUL 1     31.6                      20.7   10.9     21.4
  SNOW DEPTH       T

DEGREE DAYS
 HEATING
  YESTERDAY       22                        43    -21       41
  MONTH TO DATE  920                      1037   -117     1115
  SINCE DEC 1    920                      1037   -117     1115
  SINCE JUL 1   2245                      2582   -337     2608

 COOLING
  YESTERDAY        0                         0      0        0
  MONTH TO DATE    0                         0      0        0
  SINCE DEC 1      0                         0      0        0
  SINCE JAN 1    582                       491     91      662
..................................................................


WIND (MPH)
  HIGHEST WIND SPEED    25   HIGHEST WIND DIRECTION     S (190)
  HIGHEST GUST SPEED    34   HIGHEST GUST DIRECTION     S (180)
  AVERAGE WIND SPEED     8.1


SKY COVER
  POSSIBLE SUNSHINE  MM
  AVERAGE SKY COVER 1.0


WEATHER CONDITIONS
 THE FOLLOWING WEATHER WAS RECORDED YESTERDAY.
  LIGHT RAIN


RELATIVE HUMIDITY (PERCENT)
 HIGHEST    65          1100 AM
 LOWEST     58           200 PM
 AVERAGE    62

..........................................................


THE BURLINGTON VT CLIMATE NORMALS FOR TODAY
                         NORMAL    RECORD    YEAR
 MAXIMUM TEMPERATURE (F)   29        57      1982
 MINIMUM TEMPERATURE (F)   13       -16      1960
                                             1933
                                             1917


SUNRISE AND SUNSET
DECEMBER 28 2014......SUNRISE   728 AM EST   SUNSET   420 PM EST
DECEMBER 29 2014......SUNRISE   729 AM EST   SUNSET   421 PM EST


-  INDICATES NEGATIVE NUMBERS.
R  INDICATES RECORD WAS SET OR TIED.
MM INDICATES DATA IS MISSING.
T  INDICATES TRACE AMOUNT.

&&

LAKE CHAMPLAIN DATA:
LEVEL...............96.00 FEET
TEMPERATURE.........41 DEGREES

MOUNT MANSFIELD DATA:
HIGH................28 DEGREES
LOW.................23 DEGREES
PRECIPITATION.......TRACE
NEW SNOW............TRACE
SNOW AT STAKE.......29 INCHES

$$
