000
CDUS41 KBTV 290531
CLIBTV


CLIMATE REPORT
NATIONAL WEATHER SERVICE BURLINGTON VT
129 AM EDT FRI MAY 29 2015


...................................

...THE BURLINGTON VT CLIMATE SUMMARY FOR MAY 28 2015...

CLIMATE NORMAL PERIOD 1981 TO 2010
CLIMATE RECORD PERIOD 1884 TO 2015


WEATHER ITEM   OBSERVED TIME   RECORD YEAR NORMAL DEPARTURE LAST
                VALUE   (LST)  VALUE       VALUE  FROM      YEAR
                                                  NORMAL
..................................................................
TEMPERATURE (F)
 YESTERDAY
  MAXIMUM         80   1102 AM  92    1978  71      9       61
  MINIMUM         61   1159 PM  30    1961  49     12       49
  AVERAGE         71                        60     11       55

PRECIPITATION (IN)
  YESTERDAY        0.17          1.07 1940   0.12   0.05     0.00
  MONTH TO DATE    1.59                      3.08  -1.49     3.90
  SINCE MAR 1      5.13                      8.12  -2.99     9.44
  SINCE JAN 1      7.51                     11.94  -4.43    13.72

SNOWFALL (IN)
  YESTERDAY        0.0           T    1907   0.0    0.0      0.0
  MONTH TO DATE    0.0                       0.0    0.0      0.0
  SINCE MAR 1      7.5                      20.4  -12.9     28.2
  SINCE JUL 1     83.4                      81.2    2.2     86.5
  SNOW DEPTH       0

DEGREE DAYS
 HEATING
  YESTERDAY        0                         6     -6       10
  MONTH TO DATE  124                       270   -146      181
  SINCE MAR 1   1913                      1934    -21     2108
  SINCE JUL 1   7430                      7344     86     7573

 COOLING
  YESTERDAY        6                         1      5        0
  MONTH TO DATE   77                        11     66       22
  SINCE MAR 1     77                        13     64       22
  SINCE JAN 1     77                        13     64       22
..................................................................


WIND (MPH)
  HIGHEST WIND SPEED    17   HIGHEST WIND DIRECTION     W (280)
  HIGHEST GUST SPEED    25   HIGHEST GUST DIRECTION     S (190)
  AVERAGE WIND SPEED     8.5


SKY COVER
  POSSIBLE SUNSHINE  MM
  AVERAGE SKY COVER 0.7


WEATHER CONDITIONS
 THE FOLLOWING WEATHER WAS RECORDED YESTERDAY.
  HEAVY RAIN
  LIGHT RAIN


RELATIVE HUMIDITY (PERCENT)
 HIGHEST    90           900 PM
 LOWEST     57           200 PM
 AVERAGE    74

..........................................................


THE BURLINGTON VT CLIMATE NORMALS FOR TODAY
                         NORMAL    RECORD    YEAR
 MAXIMUM TEMPERATURE (F)   71        89      1978
 MINIMUM TEMPERATURE (F)   50        34      1970
                                             1907


SUNRISE AND SUNSET
MAY 29 2015...........SUNRISE   513 AM EDT   SUNSET   827 PM EDT
MAY 30 2015...........SUNRISE   512 AM EDT   SUNSET   828 PM EDT


-  INDICATES NEGATIVE NUMBERS.
R  INDICATES RECORD WAS SET OR TIED.
MM INDICATES DATA IS MISSING.
T  INDICATES TRACE AMOUNT.

&&

LAKE CHAMPLAIN DATA:
LEVEL...............96.40 FEET
TEMPERATURE.........55 DEGREES

MOUNT MANSFIELD DATA:
HIGH................63 DEGREES
LOW.................50 DEGREES
PRECIPITATION.......0.78 INCHES

$$
