000
CDUS41 KBTV 232146
CLIBTV


CLIMATE REPORT
NATIONAL WEATHER SERVICE BURLINGTON VT
546 PM EDT WED AUG 23 2017


...................................

...THE BURLINGTON VT CLIMATE SUMMARY FOR AUGUST 23 2017...
VALID TODAY AS OF 0500 PM LOCAL TIME.

CLIMATE NORMAL PERIOD 1981 TO 2010
CLIMATE RECORD PERIOD 1884 TO 2017


WEATHER ITEM   OBSERVED TIME   RECORD YEAR NORMAL DEPARTURE LAST
                VALUE   (LST)  VALUE       VALUE  FROM      YEAR
                                                  NORMAL
..................................................................
TEMPERATURE (F)
 TODAY
  MAXIMUM         78    248 PM  93    1947  78      0       80
  MINIMUM         66    544 AM  43    1988  58      8       52
  AVERAGE         72                        68      4       66

PRECIPITATION (IN)
  TODAY            0.02          1.88 1890   0.12  -0.10     0.00
  MONTH TO DATE    2.40                      3.03  -0.63     2.01
  SINCE JUN 1     13.02                     10.88   2.14     8.11
  SINCE JAN 1     29.70                     23.19   6.51    18.96

SNOWFALL (IN)
  TODAY            0.0           0.0  2002   0.0    0.0      0.0
                                      2001
  MONTH TO DATE    0.0                       0.0    0.0      0.0
  SINCE JUN 1      0.0                       0.0    0.0      0.0
  SINCE JUL 1      0.0                       0.0    0.0      0.0
  SNOW DEPTH       0

DEGREE DAYS
 HEATING
  TODAY            0                         1     -1        0
  MONTH TO DATE    0                        19    -19        2
  SINCE JUN 1     56                       105    -49       53
  SINCE JUL 1      4                        32    -28        5

 COOLING
  TODAY            7                         4      3        1
  MONTH TO DATE  164                       116     48      211
  SINCE JUN 1    477                       400     77      600
  SINCE JAN 1    519                       419    100      672
..................................................................


WIND (MPH)
  HIGHEST WIND SPEED    22   HIGHEST WIND DIRECTION    NW (300)
  HIGHEST GUST SPEED    29   HIGHEST GUST DIRECTION     W (290)
  AVERAGE WIND SPEED    11.6


SKY COVER
  POSSIBLE SUNSHINE  MM
  AVERAGE SKY COVER 0.5


WEATHER CONDITIONS
 THE FOLLOWING WEATHER WAS RECORDED TODAY.
  FOG


RELATIVE HUMIDITY (PERCENT)
 HIGHEST    97           200 AM
 LOWEST     36           200 PM
 AVERAGE    67

..........................................................


THE BURLINGTON VT CLIMATE NORMALS FOR TOMORROW
                         NORMAL    RECORD    YEAR
 MAXIMUM TEMPERATURE (F)   78        97      1947
 MINIMUM TEMPERATURE (F)   58        40      1923


SUNRISE AND SUNSET
AUGUST 23 2017........SUNRISE   605 AM EDT   SUNSET   744 PM EDT
AUGUST 24 2017........SUNRISE   606 AM EDT   SUNSET   743 PM EDT


-  INDICATES NEGATIVE NUMBERS.
R  INDICATES RECORD WAS SET OR TIED.
MM INDICATES DATA IS MISSING.
T  INDICATES TRACE AMOUNT.




$$
