000
CDUS41 KBTV 020727
CLIBTV


CLIMATE REPORT
NATIONAL WEATHER SERVICE BURLINGTON VT
326 AM EDT THU OCT 2 2014


...................................

...THE BURLINGTON VT CLIMATE SUMMARY FOR OCTOBER 1 2014...

CLIMATE NORMAL PERIOD 1981 TO 2010
CLIMATE RECORD PERIOD 1884 TO 2014


WEATHER ITEM   OBSERVED TIME   RECORD YEAR NORMAL DEPARTURE LAST
                VALUE   (LST)  VALUE       VALUE  FROM      YEAR
                                                  NORMAL
..................................................................
TEMPERATURE (F)
 YESTERDAY
  MAXIMUM         60    454 PM  80    1950  63     -3       77
                                      1922
  MINIMUM         53   1015 PM  27    1963  44      9       47
  AVERAGE         57                        54      3       62

PRECIPITATION (IN)
  YESTERDAY        0.00          1.49 2010   0.12  -0.12     0.00
  MONTH TO DATE    0.00                      0.12  -0.12     0.00
  SINCE SEP 1      1.63                      3.76  -2.13     4.74
  SINCE JAN 1     27.33                     27.83  -0.50    37.43

SNOWFALL (IN)
  YESTERDAY        0.0           0.0  2002   0.0    0.0      0.0
                                      2001
  MONTH TO DATE    0.0                       0.0    0.0      0.0
  SINCE SEP 1      0.0                       T      0.0      0.0
  SINCE JUL 1      0.0                       T      0.0      0.0
  SNOW DEPTH       0

DEGREE DAYS
 HEATING
  YESTERDAY        8                        11     -3        3
  MONTH TO DATE    8                        11     -3        3
  SINCE SEP 1    159                       186    -27      198
  SINCE JUL 1    172                       228    -56      214

 COOLING
  YESTERDAY        0                         0      0        0
  MONTH TO DATE    0                         0      0        0
  SINCE SEP 1     71                        41     30       58
  SINCE JAN 1    564                       489     75      658
..................................................................


WIND (MPH)
  HIGHEST WIND SPEED    12   HIGHEST WIND DIRECTION    NW (330)
  HIGHEST GUST SPEED    13   HIGHEST GUST DIRECTION    NW (330)
  AVERAGE WIND SPEED     4.8


SKY COVER
  POSSIBLE SUNSHINE  MM
  AVERAGE SKY COVER 0.9


WEATHER CONDITIONS
 THE FOLLOWING WEATHER WAS RECORDED YESTERDAY.
  FOG
  HAZE


RELATIVE HUMIDITY (PERCENT)
 HIGHEST    93           100 AM
 LOWEST     78           500 PM
 AVERAGE    86

..........................................................


THE BURLINGTON VT CLIMATE NORMALS FOR TODAY
                         NORMAL    RECORD    YEAR
 MAXIMUM TEMPERATURE (F)   63        82      1950
 MINIMUM TEMPERATURE (F)   44        29      1960


SUNRISE AND SUNSET
OCTOBER  2 2014.......SUNRISE   652 AM EDT   SUNSET   632 PM EDT
OCTOBER  3 2014.......SUNRISE   653 AM EDT   SUNSET   630 PM EDT


-  INDICATES NEGATIVE NUMBERS.
R  INDICATES RECORD WAS SET OR TIED.
MM INDICATES DATA IS MISSING.
T  INDICATES TRACE AMOUNT.




$$
