000
CDUS41 KBTV 140604 CCA
CLIBTV


CLIMATE REPORT...CORRECTED
NATIONAL WEATHER SERVICE BURLINGTON VT
104 AM EST THU DEC 14 2017


...................................

...THE BURLINGTON VT CLIMATE SUMMARY FOR DECEMBER 13 2017...

CLIMATE NORMAL PERIOD 1981 TO 2010
CLIMATE RECORD PERIOD 1884 TO 2017


WEATHER ITEM   OBSERVED TIME   RECORD YEAR NORMAL DEPARTURE LAST
                VALUE   (LST)  VALUE       VALUE  FROM      YEAR
                                                  NORMAL
..................................................................
TEMPERATURE (F)
 YESTERDAY
  MAXIMUM         23   1201 AM  56    1946  34    -11       36
  MINIMUM         11   1151 PM  -9    1982  20     -9       25
  AVERAGE         17                        27    -10       31

PRECIPITATION (IN)
  YESTERDAY        0.04          1.45 1983   0.08  -0.04      T
  MONTH TO DATE    0.88                      1.11  -0.23     1.03
  SINCE DEC 1      0.88                      1.11  -0.23     1.03
  SINCE JAN 1     38.60                     35.55   3.05    26.41

SNOWFALL (IN)
  YESTERDAY        1.1           4.9  1941   0.6    0.5       T
  MONTH TO DATE    8.7                       6.5    2.2      7.2
  SINCE DEC 1      8.7                       6.5    2.2      7.2
  SINCE JUL 1     11.7                      11.9    0.2     11.5
  SNOW DEPTH       7

DEGREE DAYS
 HEATING
  YESTERDAY       48                        38     10       34
  MONTH TO DATE  411                       462    -51      417
  SINCE DEC 1    411                       462    -51      417
  SINCE JUL 1   1550                      2007   -457     1622

 COOLING
  YESTERDAY        0                         0      0        0
  MONTH TO DATE    0                         0      0        0
  SINCE DEC 1      0                         0      0        0
  SINCE JAN 1    652                       491    161      855
..................................................................


WIND (MPH)
  HIGHEST WIND SPEED    25   HIGHEST WIND DIRECTION    NW (300)
  HIGHEST GUST SPEED    35   HIGHEST GUST DIRECTION     W (270)
  AVERAGE WIND SPEED    13.1


SKY COVER
  POSSIBLE SUNSHINE  MM
  AVERAGE SKY COVER 0.7


WEATHER CONDITIONS
 THE FOLLOWING WEATHER WAS RECORDED YESTERDAY.
  SNOW
  LIGHT SNOW
  FOG
  HAZE
  BLOWING SNOW


RELATIVE HUMIDITY (PERCENT)
 HIGHEST    84           100 AM
 LOWEST     53           100 PM
 AVERAGE    69

..........................................................


THE BURLINGTON VT CLIMATE NORMALS FOR TODAY
                         NORMAL    RECORD    YEAR
 MAXIMUM TEMPERATURE (F)   34        63      1901
 MINIMUM TEMPERATURE (F)   19       -11      1933


SUNRISE AND SUNSET
DECEMBER 14 2017......SUNRISE   721 AM EST   SUNSET   413 PM EST
DECEMBER 15 2017......SUNRISE   722 AM EST   SUNSET   414 PM EST


-  INDICATES NEGATIVE NUMBERS.
R  INDICATES RECORD WAS SET OR TIED.
MM INDICATES DATA IS MISSING.
T  INDICATES TRACE AMOUNT.

&&

LAKE CHAMPLAIN DATA:
LEVEL...............94.68 FEET
TEMPERATURE.........42 DEGREES

MOUNT MANSFIELD DATA:
HIGH................24 DEGREES
LOW.................-4 DEGREES
PRECIPITATION.......0.40 INCHES
NEW SNOW............5.5 INCHES
SNOW AT STAKE.......32 INCHES

$$
