000
CDUS41 KBTV 210550
CLIBTV


CLIMATE REPORT
NATIONAL WEATHER SERVICE BURLINGTON VT
1249 AM EST SAT JAN 21 2017


...................................

...THE BURLINGTON VT CLIMATE SUMMARY FOR JANUARY 20 2017...

CLIMATE NORMAL PERIOD 1981 TO 2010
CLIMATE RECORD PERIOD 1884 TO 2017


WEATHER ITEM   OBSERVED TIME   RECORD YEAR NORMAL DEPARTURE LAST
                VALUE   (LST)  VALUE       VALUE  FROM      YEAR
                                                  NORMAL
..................................................................
TEMPERATURE (F)
 YESTERDAY
  MAXIMUM         38   1159 PM  52    1951  27     11       27
  MINIMUM         34    748 AM -22    1970  10     24       10
  AVERAGE         36                        18     18       19

PRECIPITATION (IN)
  YESTERDAY        0.00          0.95 1973   0.06  -0.06      T
  MONTH TO DATE    0.88                      1.32  -0.44     1.05
  SINCE DEC 1      3.23                      3.70  -0.47     5.49
  SINCE JAN 1      0.88                      1.32  -0.44     1.05

SNOWFALL (IN)
  YESTERDAY        0.0          10.6  1978   0.6   -0.6       T
  MONTH TO DATE    4.1                      13.5   -9.4     11.0
  SINCE DEC 1     20.8                      31.4  -10.6     18.1
  SINCE JUL 1     25.1                      36.8  -11.7     18.3
  SNOW DEPTH       1

DEGREE DAYS
 HEATING
  YESTERDAY       29                        47    -18       46
  MONTH TO DATE  728                       925   -197      806
  SINCE DEC 1   1836                      2139   -303     1600
  SINCE JUL 1   3041                      3684   -643     2839

 COOLING
  YESTERDAY        0                         0      0        0
  MONTH TO DATE    0                         0      0        0
  SINCE DEC 1      0                         0      0        0
  SINCE JAN 1      0                         0      0        0
..................................................................


WIND (MPH)
  HIGHEST WIND SPEED    16   HIGHEST WIND DIRECTION     S (190)
  HIGHEST GUST SPEED    20   HIGHEST GUST DIRECTION     S (180)
  AVERAGE WIND SPEED     7.1


SKY COVER
  POSSIBLE SUNSHINE  MM
  AVERAGE SKY COVER 1.0


WEATHER CONDITIONS
 THE FOLLOWING WEATHER WAS RECORDED YESTERDAY.
  NO SIGNIFICANT WEATHER WAS OBSERVED.


RELATIVE HUMIDITY (PERCENT)
 HIGHEST    89           200 AM
 LOWEST     70          1000 AM
 AVERAGE    80

..........................................................


THE BURLINGTON VT CLIMATE NORMALS FOR TODAY
                         NORMAL    RECORD    YEAR
 MAXIMUM TEMPERATURE (F)   27        54      2006
 MINIMUM TEMPERATURE (F)   10       -15      1971


SUNRISE AND SUNSET
JANUARY 21 2017.......SUNRISE   721 AM EST   SUNSET   447 PM EST
JANUARY 22 2017.......SUNRISE   721 AM EST   SUNSET   448 PM EST


-  INDICATES NEGATIVE NUMBERS.
R  INDICATES RECORD WAS SET OR TIED.
MM INDICATES DATA IS MISSING.
T  INDICATES TRACE AMOUNT.

&&

LAKE CHAMPLAIN DATA:
LAKE LEVEL..........95.12 FEET
WATER TEMPERATURE...38 DEGREES

MOUNT MANSFIELD DATA:
HIGH TEMPERATURE...31 DEGREES
LOW TEMPERATURE....20 DEGREES
PRECIPITATION......NONE
NEW SNOW...........NONE
SNOW AT STAKE......53 INCHES

$$
