000
CDUS41 KBTV 282211
CLIBTV


CLIMATE REPORT
NATIONAL WEATHER SERVICE BURLINGTON VT
511 PM EST FRI NOV 28 2014


...................................

...THE BURLINGTON VT CLIMATE SUMMARY FOR NOVEMBER 28 2014...
VALID TODAY AS OF 0500 PM LOCAL TIME.

CLIMATE NORMAL PERIOD 1981 TO 2010
CLIMATE RECORD PERIOD 1884 TO 2014


WEATHER ITEM   OBSERVED TIME   RECORD YEAR NORMAL DEPARTURE LAST
                VALUE   (LST)  VALUE       VALUE  FROM      YEAR
                                                  NORMAL
..................................................................
TEMPERATURE (F)
 TODAY
  MAXIMUM         30   1227 PM  68    1990  40    -10       28
  MINIMUM         25    749 AM   1    1936  27     -2       18
  AVERAGE         28                        34     -6       23

PRECIPITATION (IN)
  TODAY            0.06          1.65 1959   0.10  -0.04      T
  MONTH TO DATE    1.97                      2.95  -0.98     2.43
  SINCE SEP 1      7.77                     10.19  -2.42     9.76
  SINCE JAN 1     33.47                     34.26  -0.79    42.45

SNOWFALL (IN)
  TODAY            1.6           9.2  1958   0.3    1.3      0.3
  MONTH TO DATE   10.6                       4.5    6.1      6.4
  SINCE SEP 1     10.6                       4.8    5.8      6.4
  SINCE JUL 1     10.6                       4.8    5.8      6.4
  SNOW DEPTH       5

DEGREE DAYS
 HEATING
  TODAY           37                        32      5       42
  MONTH TO DATE  721                       739    -18      779
  SINCE SEP 1   1238                      1438   -200     1382
  SINCE JUL 1   1251                      1480   -229     1398

 COOLING
  TODAY            0                         0      0        0
  MONTH TO DATE    0                         0      0        0
  SINCE SEP 1     89                        43     46       62
  SINCE JAN 1    582                       491     91      662
..................................................................


WIND (MPH)
  HIGHEST WIND SPEED    16   HIGHEST WIND DIRECTION     W (280)
  HIGHEST GUST SPEED    22   HIGHEST GUST DIRECTION     W (280)
  AVERAGE WIND SPEED     3.5


SKY COVER
  POSSIBLE SUNSHINE  MM
  AVERAGE SKY COVER 0.9


WEATHER CONDITIONS
 THE FOLLOWING WEATHER WAS RECORDED TODAY.
  LIGHT SNOW
  FOG
  HAZE


RELATIVE HUMIDITY (PERCENT)
 HIGHEST    88           200 AM
 LOWEST     53           100 PM
 AVERAGE    71

..........................................................


THE BURLINGTON VT CLIMATE NORMALS FOR TOMORROW
                         NORMAL    RECORD    YEAR
 MAXIMUM TEMPERATURE (F)   40        68      2005
 MINIMUM TEMPERATURE (F)   26         2      1940


SUNRISE AND SUNSET
NOVEMBER 28 2014......SUNRISE   705 AM EST   SUNSET   416 PM EST
NOVEMBER 29 2014......SUNRISE   706 AM EST   SUNSET   415 PM EST


-  INDICATES NEGATIVE NUMBERS.
R  INDICATES RECORD WAS SET OR TIED.
MM INDICATES DATA IS MISSING.
T  INDICATES TRACE AMOUNT.

$$
