778
CDUS41 KBUF 091026
CLIBUF


CLIMATE REPORT
NATIONAL WEATHER SERVICE BUFFALO NY
519 AM EST FRI DEC 9 2016


...................................

...THE BUFFALO NY CLIMATE SUMMARY FOR DECEMBER 8 2016...

CLIMATE NORMAL PERIOD 1981 TO 2010
CLIMATE RECORD PERIOD 1871 TO 2016


WEATHER ITEM   OBSERVED TIME   RECORD YEAR NORMAL DEPARTURE LAST
                VALUE   (LST)  VALUE       VALUE  FROM      YEAR
                                                  NORMAL
..................................................................
TEMPERATURE (F)
 YESTERDAY
  MAXIMUM         37   1202 AM  66    1966  38     -1       44
                                      1916
  MINIMUM         28   1159 PM   2    1906  26      2       28
  AVERAGE         33                        32      1       36

PRECIPITATION (IN)
  YESTERDAY        T             1.07 1937   0.12  -0.12     0.00
  MONTH TO DATE    0.89                      0.99  -0.10     0.13
  SINCE DEC 1      0.89                      0.99  -0.10     0.13
  SINCE JAN 1     30.70                     37.58  -6.88    34.02

SNOWFALL (IN)
  YESTERDAY        T            11.8  1937   0.7   -0.7      0.0
  MONTH TO DATE    0.3                       5.2   -4.9      0.0
  SINCE DEC 1      0.3                       5.2   -4.9      0.0
  SINCE JUL 1      1.2                      14.0  -12.8       T
  SNOW DEPTH       0

DEGREE DAYS
 HEATING
  YESTERDAY       32                        33     -1       29
  MONTH TO DATE  218                       251    -33      205
  SINCE DEC 1    218                       251    -33      205
  SINCE JUL 1   1188                      1584   -396     1249

 COOLING
  YESTERDAY        0                         0      0        0
  MONTH TO DATE    0                         0      0        0
  SINCE DEC 1      0                         0      0        0
  SINCE JAN 1    939                       544    395      657
..................................................................


WIND (MPH)
  HIGHEST WIND SPEED    26   HIGHEST WIND DIRECTION     W (260)
  HIGHEST GUST SPEED    35   HIGHEST GUST DIRECTION     W (250)
  AVERAGE WIND SPEED    16.9


SKY COVER
  AVERAGE SKY COVER 0.8


WEATHER CONDITIONS
 THE FOLLOWING WEATHER WAS RECORDED YESTERDAY.
  LIGHT SNOW


RELATIVE HUMIDITY (PERCENT)
 HIGHEST    70           100 AM
 LOWEST     47          1200 PM
 AVERAGE    59

..........................................................


THE BUFFALO NY CLIMATE NORMALS FOR TODAY
                         NORMAL    RECORD    YEAR
 MAXIMUM TEMPERATURE (F)   38        62      1952
                                             1885
 MINIMUM TEMPERATURE (F)   26         5      1876


SUNRISE AND SUNSET
DECEMBER  9 2016......SUNRISE   735 AM EST   SUNSET   440 PM EST
DECEMBER 10 2016......SUNRISE   735 AM EST   SUNSET   440 PM EST


-  INDICATES NEGATIVE NUMBERS.
R  INDICATES RECORD WAS SET OR TIED.
MM INDICATES DATA IS MISSING.
T  INDICATES TRACE AMOUNT.




$$
