000
CDUS41 KBUF 240705
CLIBUF


CLIMATE REPORT
NATIONAL WEATHER SERVICE BUFFALO NY
205 AM EST TUE JAN 24 2017


...................................

...THE BUFFALO NY CLIMATE SUMMARY FOR JANUARY 23 2017...

CLIMATE NORMAL PERIOD 1981 TO 2010
CLIMATE RECORD PERIOD 1871 TO 2017


WEATHER ITEM   OBSERVED TIME   RECORD YEAR NORMAL DEPARTURE LAST
                VALUE   (LST)  VALUE       VALUE  FROM      YEAR
                                                  NORMAL
..................................................................
TEMPERATURE (F)
 YESTERDAY
  MAXIMUM         46    110 PM  65    1906  31     15       23
  MINIMUM         34   1159 PM -11    1976  18     16       10
  AVERAGE         40                        24     16       17

PRECIPITATION (IN)
  YESTERDAY        0.00          1.06 1966   0.10  -0.10     0.01
  MONTH TO DATE    2.33                      2.45  -0.12     1.58
  SINCE DEC 1      6.39                      6.34   0.05     4.48
  SINCE JAN 1      2.33                      2.45  -0.12     1.58

SNOWFALL (IN)
  YESTERDAY        0.0          15.0  1966   0.8   -0.8      0.3
  MONTH TO DATE    2.9                      19.4  -16.5     24.9
  SINCE DEC 1     33.0                      46.8  -13.8     25.9
  SINCE JUL 1     33.9                      55.6  -21.7     25.9
  SNOW DEPTH       0

DEGREE DAYS
 HEATING
  YESTERDAY       25                        41    -16       48
  MONTH TO DATE  771                       921   -150      924
  SINCE DEC 1   1811                      2003   -192     1627
  SINCE JUL 1   2781                      3336   -555     2671

 COOLING
  YESTERDAY        0                         0      0        0
  MONTH TO DATE    0                         0      0        0
  SINCE DEC 1      0                         0      0        0
  SINCE JAN 1      0                         0      0        0
..................................................................


WIND (MPH)
  HIGHEST WIND SPEED    24   HIGHEST WIND DIRECTION    NE (60)
  HIGHEST GUST SPEED    28   HIGHEST GUST DIRECTION     E (70)
  AVERAGE WIND SPEED    13.8


SKY COVER
  AVERAGE SKY COVER 0.9


WEATHER CONDITIONS
 THE FOLLOWING WEATHER WAS RECORDED YESTERDAY.
  FOG


RELATIVE HUMIDITY (PERCENT)
 HIGHEST   100           800 AM
 LOWEST     70           600 PM
 AVERAGE    85

..........................................................


THE BUFFALO NY CLIMATE NORMALS FOR TODAY
                         NORMAL    RECORD    YEAR
 MAXIMUM TEMPERATURE (F)   31        60      1950
 MINIMUM TEMPERATURE (F)   18       -11      1963


SUNRISE AND SUNSET
JANUARY 24 2017.......SUNRISE   737 AM EST   SUNSET   518 PM EST
JANUARY 25 2017.......SUNRISE   736 AM EST   SUNSET   519 PM EST


-  INDICATES NEGATIVE NUMBERS.
R  INDICATES RECORD WAS SET OR TIED.
MM INDICATES DATA IS MISSING.
T  INDICATES TRACE AMOUNT.




$$
