000
CDUS41 KBUF 010705
CLIBUF


CLIMATE REPORT
NATIONAL WEATHER SERVICE BUFFALO NY
205 AM EST SUN FEB 1 2015


...................................

...THE BUFFALO NY CLIMATE SUMMARY FOR JANUARY 31 2015...

CLIMATE NORMAL PERIOD 1981 TO 2010
CLIMATE RECORD PERIOD 1871 TO 2015


WEATHER ITEM   OBSERVED TIME   RECORD YEAR NORMAL DEPARTURE LAST
                VALUE   (LST)  VALUE       VALUE  FROM      YEAR
                                                  NORMAL
..................................................................
TEMPERATURE (F)
 YESTERDAY
  MAXIMUM         27   1159 PM  62    1988  31     -4       32
  MINIMUM          4    405 AM -11    1920  18    -14       28
  AVERAGE         16                        24     -8       30

PRECIPITATION (IN)
  YESTERDAY        T             1.60 2002   0.09  -0.09      T
  MONTH TO DATE    2.59                      3.18  -0.59     3.16
  SINCE DEC 1      4.74                      7.07  -2.33     8.09
  SINCE JAN 1      2.59                      3.18  -0.59     3.16

SNOWFALL (IN)
  YESTERDAY       MM             5.5  1982   0.7   MM         T
  MONTH TO DATE   25.0                      25.3   -0.3     42.4
  SINCE DEC 1     36.3                      52.7  -16.4     70.9
  SINCE JUL 1     56.8                      61.5   -4.7     80.9
  SNOW DEPTH       6

DEGREE DAYS
 HEATING
  YESTERDAY       49                        40      9       35
  MONTH TO DATE 1373                      1248    125     1389
  SINCE DEC 1   2341                      2326     15     2529
  SINCE JUL 1   3639                      3659    -20     3847

 COOLING
  YESTERDAY        0                         0      0        0
  MONTH TO DATE    0                         0      0        0
  SINCE DEC 1      0                         0      0        0
  SINCE JAN 1      0                         0      0        0
..................................................................


WIND (MPH)
  HIGHEST WIND SPEED    21   HIGHEST WIND DIRECTION    SW (230)
  HIGHEST GUST SPEED    24   HIGHEST GUST DIRECTION    SW (240)
  AVERAGE WIND SPEED     9.2


SKY COVER
  AVERAGE SKY COVER 0.9


WEATHER CONDITIONS
 THE FOLLOWING WEATHER WAS RECORDED YESTERDAY.
  LIGHT SNOW
  FOG


RELATIVE HUMIDITY (PERCENT)
 HIGHEST    88           600 AM
 LOWEST     67           200 PM
 AVERAGE    78

..........................................................


THE BUFFALO NY CLIMATE NORMALS FOR TODAY
                         NORMAL    RECORD    YEAR
 MAXIMUM TEMPERATURE (F)   31        56      1989
 MINIMUM TEMPERATURE (F)   18        -5      1962
                                             1961
                                             1948


SUNRISE AND SUNSET
FEBRUARY  1 2015......SUNRISE   730 AM EST   SUNSET   527 PM EST
FEBRUARY  2 2015......SUNRISE   729 AM EST   SUNSET   529 PM EST


-  INDICATES NEGATIVE NUMBERS.
R  INDICATES RECORD WAS SET OR TIED.
MM INDICATES DATA IS MISSING.
T  INDICATES TRACE AMOUNT.




$$
