000
CDUS46 KLOX 220918
CLIBUR


CLIMATE REPORT
NATIONAL WEATHER SERVICE LOS ANGELES/OXNARD CA
218 AM PDT THU JUN 22 2017


...................................

...THE BOB HOPE AIRPORT (BURBANK) CA CLIMATE SUMMARY FOR JUNE 21 2017...

CLIMATE NORMAL PERIOD 1981 TO 2010
CLIMATE RECORD PERIOD 1939 TO 2017


WEATHER ITEM   OBSERVED TIME   RECORD YEAR NORMAL DEPARTURE LAST
                VALUE   (LST)  VALUE       VALUE  FROM      YEAR
                                                  NORMAL
..................................................................
TEMPERATURE (F)
 YESTERDAY
  MAXIMUM         92    354 PM 108    1973  82     10       92
  MINIMUM         67    513 AM  50    1943  59      8       71
  AVERAGE         80                        71      9       82

PRECIPITATION (IN)
  YESTERDAY        0.00          0.06 1945   0.00   0.00     0.00
  MONTH TO DATE    T                         0.10  -0.10      T
  SINCE OCT 1     13.83                     16.98  -3.15     7.66
  SINCE JAN 1      9.57                     12.54  -2.97     6.56

SNOWFALL (IN)
  YESTERDAY        0.0
  MONTH TO DATE    0.0
  SINCE JUN 1      0.0
  SINCE JUL 1      0.0

DEGREE DAYS
 HEATING
  YESTERDAY        0                         0      0        0
  MONTH TO DATE    4                        11     -7        2
  SINCE JUN 1      4                        11     -7        2
  SINCE JUL 1   1183                      1567   -384     1131

 COOLING
  YESTERDAY       15                         6      9       17
  MONTH TO DATE  141                        87     54      163
  SINCE JUN 1    141                        87     54      163
  SINCE JAN 1    386                       211    175      340
..................................................................


WIND (MPH)
  HIGHEST WIND SPEED    14   HIGHEST WIND DIRECTION     E (110)
  HIGHEST GUST SPEED    23   HIGHEST GUST DIRECTION     E (100)
  AVERAGE WIND SPEED     6.1


SKY COVER
  POSSIBLE SUNSHINE  MM
  AVERAGE SKY COVER 0.0


WEATHER CONDITIONS
 THE FOLLOWING WEATHER WAS RECORDED YESTERDAY.
  NO SIGNIFICANT WEATHER WAS OBSERVED.


RELATIVE HUMIDITY (PERCENT)
 HIGHEST    78           400 AM
 LOWEST     32           300 PM
 AVERAGE    55

..........................................................


THE BOB HOPE AIRPORT (BURBANK) CA CLIMATE NORMALS FOR TODAY
                         NORMAL    RECORD    YEAR
 MAXIMUM TEMPERATURE (F)   82       104      1973
 MINIMUM TEMPERATURE (F)   60        48      1944


SUNRISE AND SUNSET
JUNE 22 2017..........SUNRISE   542 AM PDT   SUNSET   809 PM PDT
JUNE 23 2017..........SUNRISE   543 AM PDT   SUNSET   809 PM PDT


-  INDICATES NEGATIVE NUMBERS.
R  INDICATES RECORD WAS SET OR TIED.
MM INDICATES DATA IS MISSING.
T  INDICATES TRACE AMOUNT.




$$
