000
CDUS46 KLOX 270859
CLIBUR


CLIMATE REPORT
NATIONAL WEATHER SERVICE LOS ANGELES/OXNARD CA
159 AM PDT WED AUG 27 2014


...................................

...THE BOB HOPE AIRPORT (BURBANK) CA CLIMATE SUMMARY FOR AUGUST 26 2014...

CLIMATE NORMAL PERIOD 1981 TO 2010
CLIMATE RECORD PERIOD 1939 TO 2014


WEATHER ITEM   OBSERVED TIME   RECORD YEAR NORMAL DEPARTURE LAST
                VALUE   (LST)  VALUE       VALUE  FROM      YEAR
                                                  NORMAL
..................................................................
TEMPERATURE (F)
 YESTERDAY
  MAXIMUM         86    248 PM 111    1944  89     -3       94
  MINIMUM         63    537 AM  47    1943  62      1       71
  AVERAGE         75                        75      0       83

PRECIPITATION (IN)
  YESTERDAY        0.00          T    2007   0.00   0.00     0.00
  MONTH TO DATE    0.04                      0.06  -0.02     0.00
  SINCE JUL 1      0.04                      0.08  -0.04     0.01
  SINCE JAN 1      4.95                     12.63  -7.68     2.61

SNOWFALL (IN)
  YESTERDAY        0.0
  MONTH TO DATE    0.0
  SINCE JUN 1      0.0
  SINCE JUL 1      0.0

DEGREE DAYS
 HEATING
  YESTERDAY        0                         0      0        0
  MONTH TO DATE    0                         0      0        0
  SINCE JUN 1      0                        13    -13        0
  SINCE JUL 1      0                         0      0        0

 COOLING
  YESTERDAY       10                        10      0       18
  MONTH TO DATE  293                       260     33      313
  SINCE JUN 1    862                       700    162      988
  SINCE JAN 1   1224                       824    400     1317
..................................................................


WIND (MPH)
  HIGHEST WIND SPEED    15   HIGHEST WIND DIRECTION     S (160)
  HIGHEST GUST SPEED    18   HIGHEST GUST DIRECTION    SE (150)
  AVERAGE WIND SPEED     4.2


SKY COVER
  POSSIBLE SUNSHINE  MM
  AVERAGE SKY COVER 0.0


WEATHER CONDITIONS
 THE FOLLOWING WEATHER WAS RECORDED YESTERDAY.
  NO SIGNIFICANT WEATHER WAS OBSERVED.


RELATIVE HUMIDITY (PERCENT)
 HIGHEST    78           300 AM
 LOWEST     32           200 PM
 AVERAGE    55

..........................................................


THE BOB HOPE AIRPORT (BURBANK) CA CLIMATE NORMALS FOR TODAY
                         NORMAL    RECORD    YEAR
 MAXIMUM TEMPERATURE (F)   89       110      1981
 MINIMUM TEMPERATURE (F)   62        49      1942


SUNRISE AND SUNSET
AUGUST 27 2014........SUNRISE   623 AM PDT   SUNSET   726 PM PDT
AUGUST 28 2014........SUNRISE   624 AM PDT   SUNSET   725 PM PDT


-  INDICATES NEGATIVE NUMBERS.
R  INDICATES RECORD WAS SET OR TIED.
MM INDICATES DATA IS MISSING.
T  INDICATES TRACE AMOUNT.




$$
