000
CDUS46 KLOX 240125
CLIBUR


CLIMATE REPORT
NATIONAL WEATHER SERVICE LOS ANGELES/OXNARD CA
625 PM PDT WED AUG 23 2017


...................................

...THE BOB HOPE AIRPORT (BURBANK) CA CLIMATE SUMMARY FOR AUGUST 23 2017...
VALID TODAY AS OF 0600 PM LOCAL TIME.

CLIMATE NORMAL PERIOD 1981 TO 2010
CLIMATE RECORD PERIOD 1939 TO 2017


WEATHER ITEM   OBSERVED TIME   RECORD YEAR NORMAL DEPARTURE LAST
                VALUE   (LST)  VALUE       VALUE  FROM      YEAR
                                                  NORMAL
..................................................................
TEMPERATURE (F)
 TODAY
  MAXIMUM         80    220 PM 106    1956  88     -8       86
  MINIMUM         63    343 AM  52    1975  62      1       64
                                      1948
                                      1947
  AVERAGE         72                        75     -3       75

PRECIPITATION (IN)
  TODAY            0.00          T    1963   0.00   0.00     0.00
                                      1959
  MONTH TO DATE    T                         0.05  -0.05     0.00
  SINCE OCT 1     13.83                     17.06  -3.23     7.66
  SINCE JAN 1      9.57                     12.62  -3.05     6.56

SNOWFALL (IN)
  TODAY            0.0
  MONTH TO DATE    0.0
  SINCE JUN 1      0.0
  SINCE JUL 1      0.0

DEGREE DAYS
 HEATING
  TODAY            0                         0      0        0
  MONTH TO DATE    0                         0      0        0
  SINCE JUN 1      4                        13     -9        2
  SINCE JUL 1      0                         0      0        0

 COOLING
  TODAY            7                        10     -3       10
  MONTH TO DATE  271                       230     41      278
  SINCE JUN 1    940                       670    270      946
  SINCE JAN 1   1185                       794    391     1123
..................................................................


WIND (MPH)
  HIGHEST WIND SPEED    14   HIGHEST WIND DIRECTION     S (180)
  HIGHEST GUST SPEED    20   HIGHEST GUST DIRECTION     S (190)
  AVERAGE WIND SPEED     6.2


SKY COVER
  POSSIBLE SUNSHINE  MM
  AVERAGE SKY COVER 0.3


WEATHER CONDITIONS
 THE FOLLOWING WEATHER WAS RECORDED TODAY.
  FOG
  HAZE


RELATIVE HUMIDITY (PERCENT)
 HIGHEST    87           100 AM
 LOWEST     51           100 PM
 AVERAGE    69

..........................................................


THE BOB HOPE AIRPORT (BURBANK) CA CLIMATE NORMALS FOR TOMORROW
                         NORMAL    RECORD    YEAR
 MAXIMUM TEMPERATURE (F)   88       103      1985
 MINIMUM TEMPERATURE (F)   62        49      1978


SUNRISE AND SUNSET
AUGUST 23 2017........SUNRISE   621 AM PDT   SUNSET   731 PM PDT
AUGUST 24 2017........SUNRISE   621 AM PDT   SUNSET   729 PM PDT


-  INDICATES NEGATIVE NUMBERS.
R  INDICATES RECORD WAS SET OR TIED.
MM INDICATES DATA IS MISSING.
T  INDICATES TRACE AMOUNT.




$$
