000
CDUS46 KLOX 290122
CLIBUR


CLIMATE REPORT
NATIONAL WEATHER SERVICE LOS ANGELES/OXNARD CA
622 PM PDT SUN AUG 28 2016


...................................

...THE BOB HOPE AIRPORT (BURBANK) CA CLIMATE SUMMARY FOR AUGUST 28 2016...
VALID TODAY AS OF 0600 PM LOCAL TIME.

CLIMATE NORMAL PERIOD 1981 TO 2010
CLIMATE RECORD PERIOD 1939 TO 2016


WEATHER ITEM   OBSERVED TIME   RECORD YEAR NORMAL DEPARTURE LAST
                VALUE   (LST)  VALUE       VALUE  FROM      YEAR
                                                  NORMAL
..................................................................
TEMPERATURE (F)
 TODAY
  MAXIMUM         90    203 PM 109    1981  89      1      102
  MINIMUM         62    530 AM  46    1975  62      0       75
  AVERAGE         76                        75      1       89

PRECIPITATION (IN)
  TODAY            0.00          0.09 1951   0.00   0.00     0.00
  MONTH TO DATE    0.00                      0.06  -0.06     0.00
  SINCE OCT 1      7.66                     17.07  -9.41     7.91
  SINCE JAN 1      6.56                     12.63  -6.07     3.41

SNOWFALL (IN)
  TODAY            0.0
  MONTH TO DATE    0.0
  SINCE JUN 1      0.0
  SINCE JUL 1      0.0

DEGREE DAYS
 HEATING
  TODAY            0                         0      0        0
  MONTH TO DATE    0                         0      0        0
  SINCE JUN 1      2                        13    -11        0
  SINCE JUL 1      0                         0      0        0

 COOLING
  TODAY           11                        10      1       24
  MONTH TO DATE  321                       280     41      411
  SINCE JUN 1    989                       720    269     1033
  SINCE JAN 1   1166                       844    322     1300
..................................................................


WIND (MPH)
  HIGHEST WIND SPEED    12   HIGHEST WIND DIRECTION     S (170)
  HIGHEST GUST SPEED    15   HIGHEST GUST DIRECTION     S (180)
  AVERAGE WIND SPEED     3.2


SKY COVER
  POSSIBLE SUNSHINE  MM
  AVERAGE SKY COVER 0.0


WEATHER CONDITIONS
 THE FOLLOWING WEATHER WAS RECORDED TODAY.
  NO SIGNIFICANT WEATHER WAS OBSERVED.


RELATIVE HUMIDITY (PERCENT)
 HIGHEST    84          1200 AM
 LOWEST     37           200 PM
 AVERAGE    61

..........................................................


THE BOB HOPE AIRPORT (BURBANK) CA CLIMATE NORMALS FOR TOMORROW
                         NORMAL    RECORD    YEAR
 MAXIMUM TEMPERATURE (F)   88       110      1976
 MINIMUM TEMPERATURE (F)   62        50      1975


SUNRISE AND SUNSET
AUGUST 28 2016........SUNRISE   624 AM PDT   SUNSET   724 PM PDT
AUGUST 29 2016........SUNRISE   625 AM PDT   SUNSET   723 PM PDT


-  INDICATES NEGATIVE NUMBERS.
R  INDICATES RECORD WAS SET OR TIED.
MM INDICATES DATA IS MISSING.
T  INDICATES TRACE AMOUNT.




$$
