000
CDUS46 KLOX 260111
CLIBUR


CLIMATE REPORT
NATIONAL WEATHER SERVICE LOS ANGELES/OXNARD CA
611 PM PDT MON MAY 25 2015


...................................

...THE BOB HOPE AIRPORT (BURBANK) CA CLIMATE SUMMARY FOR MAY 25 2015...
VALID TODAY AS OF 0600 PM LOCAL TIME.

CLIMATE NORMAL PERIOD 1981 TO 2010
CLIMATE RECORD PERIOD 1939 TO 2015


WEATHER ITEM   OBSERVED TIME   RECORD YEAR NORMAL DEPARTURE LAST
                VALUE   (LST)  VALUE       VALUE  FROM      YEAR
                                                  NORMAL
..................................................................
TEMPERATURE (F)
 TODAY
  MAXIMUM         72    353 PM 103    1974  77     -5       79
  MINIMUM         55    522 AM  43    1980  56     -1       62
  AVERAGE         64                        66     -2       71

PRECIPITATION (IN)
  TODAY            0.00          0.02 1995   0.01  -0.01     0.00
  MONTH TO DATE    0.30                      0.31  -0.01      T
  SINCE OCT 1      7.58                     16.84  -9.26     5.54
  SINCE JAN 1      3.08                     12.40  -9.32     4.91

SNOWFALL (IN)
  TODAY            0.0
  MONTH TO DATE    0.0
  SINCE MAR 1      0.0
  SINCE JUL 1      0.0

DEGREE DAYS
 HEATING
  TODAY            1                         1      0        0
  MONTH TO DATE   64                        51     13       22
  SINCE MAR 1    176                       407   -231      182
  SINCE JUL 1    733                      1548   -815      659

 COOLING
  TODAY            0                         3     -3        6
  MONTH TO DATE   26                        52    -26      156
  SINCE MAR 1    221                        97    124      257
  SINCE JAN 1    247                       103    144      317
..................................................................


WIND (MPH)
  HIGHEST WIND SPEED    12   HIGHEST WIND DIRECTION     S (180)
  HIGHEST GUST SPEED    16   HIGHEST GUST DIRECTION     S (170)
  AVERAGE WIND SPEED     5.2


SKY COVER
  POSSIBLE SUNSHINE  MM
  AVERAGE SKY COVER 0.5


WEATHER CONDITIONS
 THE FOLLOWING WEATHER WAS RECORDED TODAY.
  NO SIGNIFICANT WEATHER WAS OBSERVED.


RELATIVE HUMIDITY (PERCENT)
 HIGHEST    86           600 AM
 LOWEST     53           300 PM
 AVERAGE    70

..........................................................


THE BOB HOPE AIRPORT (BURBANK) CA CLIMATE NORMALS FOR TOMORROW
                         NORMAL    RECORD    YEAR
 MAXIMUM TEMPERATURE (F)   77       100      1974
 MINIMUM TEMPERATURE (F)   56        42      1977


SUNRISE AND SUNSET
MAY 25 2015...........SUNRISE   546 AM PDT   SUNSET   756 PM PDT
MAY 26 2015...........SUNRISE   545 AM PDT   SUNSET   756 PM PDT


-  INDICATES NEGATIVE NUMBERS.
R  INDICATES RECORD WAS SET OR TIED.
MM INDICATES DATA IS MISSING.
T  INDICATES TRACE AMOUNT.




$$
