000
CDUS46 KLOX 230116
CLIBUR


CLIMATE REPORT
NATIONAL WEATHER SERVICE LOS ANGELES/OXNARD CA
616 PM PDT SUN OCT 22 2017


...................................

...THE BOB HOPE AIRPORT (BURBANK) CA CLIMATE SUMMARY FOR OCTOBER 22 2017...
VALID TODAY AS OF 0600 PM LOCAL TIME.

CLIMATE NORMAL PERIOD 1981 TO 2010
CLIMATE RECORD PERIOD 1939 TO 2017


WEATHER ITEM   OBSERVED TIME   RECORD YEAR NORMAL DEPARTURE LAST
                VALUE   (LST)  VALUE       VALUE  FROM      YEAR
                                                  NORMAL
..................................................................
TEMPERATURE (F)
 TODAY
  MAXIMUM         94    334 PM  99    2003  79     15       85
                                      1965
  MINIMUM         56    556 AM  42    1996  53      3       56
  AVERAGE         75                        66      9       71

PRECIPITATION (IN)
  TODAY            0.00          1.01 1987   0.03  -0.03     0.00
  MONTH TO DATE    0.00                      0.63  -0.63     0.08
  SINCE OCT 1      0.00                      0.63  -0.63     0.08
  SINCE JAN 1      9.62                     13.50  -3.88     6.64

SNOWFALL (IN)
  TODAY            0.0
  MONTH TO DATE    0.0
  SINCE SEP 1      0.0
  SINCE JUL 1      0.0

DEGREE DAYS
 HEATING
  TODAY            0                         2     -2        0
  MONTH TO DATE    0                        25    -25        1
  SINCE SEP 1      3                        31    -28        2
  SINCE JUL 1      3                        31    -28        2

 COOLING
  TODAY           10                         2      8        6
  MONTH TO DATE  153                        84     69      116
  SINCE SEP 1    452                       333    119      397
  SINCE JAN 1   1780                      1215    565     1610
..................................................................


WIND (MPH)
  HIGHEST WIND SPEED    10   HIGHEST WIND DIRECTION    SE (150)
  HIGHEST GUST SPEED    20   HIGHEST GUST DIRECTION     E (100)
  AVERAGE WIND SPEED     2.0


SKY COVER
  POSSIBLE SUNSHINE  MM
  AVERAGE SKY COVER 0.0


WEATHER CONDITIONS
 THE FOLLOWING WEATHER WAS RECORDED TODAY.
  NO SIGNIFICANT WEATHER WAS OBSERVED.


RELATIVE HUMIDITY (PERCENT)
 HIGHEST    41           600 AM
 LOWEST      8           100 PM
 AVERAGE    25

..........................................................


THE BOB HOPE AIRPORT (BURBANK) CA CLIMATE NORMALS FOR TOMORROW
                         NORMAL    RECORD    YEAR
 MAXIMUM TEMPERATURE (F)   79        98      1965
 MINIMUM TEMPERATURE (F)   52        42      1943


SUNRISE AND SUNSET
OCTOBER 22 2017.......SUNRISE   705 AM PDT   SUNSET   610 PM PDT
OCTOBER 23 2017.......SUNRISE   706 AM PDT   SUNSET   609 PM PDT


-  INDICATES NEGATIVE NUMBERS.
R  INDICATES RECORD WAS SET OR TIED.
MM INDICATES DATA IS MISSING.
T  INDICATES TRACE AMOUNT.




$$
