000
CDUS43 KLMK 192030
CLIBWG


CLIMATE REPORT
NATIONAL WEATHER SERVICE LOUISVILLE KY
430 PM EDT TUE SEP 19 2017


...................................

...THE BOWLING GREEN CLIMATE SUMMARY FOR SEPTEMBER 19 2017...
VALID TODAY AS OF 0400 PM LOCAL TIME.

CLIMATE NORMAL PERIOD 1981 TO 2010
CLIMATE RECORD PERIOD 1870 TO 2017


WEATHER ITEM   OBSERVED TIME   RECORD YEAR NORMAL DEPARTURE LAST
                VALUE   (LST)  VALUE       VALUE  FROM      YEAR
                                                  NORMAL
..................................................................
TEMPERATURE (F)
 TODAY
  MAXIMUM         84    219 PM 100    1931  81      3       87
                                      1925
  MINIMUM         65    345 AM  36    1903  57      8       65
  AVERAGE         75                        69      6       76

PRECIPITATION (IN)
  TODAY            0.14          2.09 1977   0.12   0.02     0.00
  MONTH TO DATE    6.47                      2.48   3.99     1.02
  SINCE SEP 1      6.47                      2.48   3.99     1.02
  SINCE JAN 1     43.55                     36.04   7.51    38.94

SNOWFALL (IN)
  TODAY            0.0           0.0    MM   0.0    0.0      0.0
  MONTH TO DATE    0.0                       0.0    0.0      0.0
  SINCE SEP 1      0.0                       0.0    0.0      0.0
  SINCE JUL 1      0.0                       0.0    0.0      0.0
  SNOW DEPTH       0

DEGREE DAYS
 HEATING
  TODAY            0                         1     -1        0
  MONTH TO DATE   18                         6     12        0
  SINCE SEP 1     18                         6     12        0
  SINCE JUL 1     18                         7     11        0

 COOLING
  TODAY           10                         5      5       11
  MONTH TO DATE   70                       145    -75      234
  SINCE SEP 1     70                       145    -75      234
  SINCE JAN 1   1422                      1414      8     1793
..................................................................


WIND (MPH)
  HIGHEST WIND SPEED    16   HIGHEST WIND DIRECTION     W (280)
  HIGHEST GUST SPEED    23   HIGHEST GUST DIRECTION     W (270)
  AVERAGE WIND SPEED     2.4


SKY COVER
  POSSIBLE SUNSHINE  MM
  AVERAGE SKY COVER 0.5


WEATHER CONDITIONS
 THE FOLLOWING WEATHER WAS RECORDED TODAY.
  THUNDERSTORM
  HEAVY RAIN
  RAIN
  LIGHT RAIN
  FOG
  FOG W/VISIBILITY <= 1/4 MILE


RELATIVE HUMIDITY (PERCENT)
 HIGHEST   100          1200 AM
 LOWEST     69           200 PM
 AVERAGE    85

..........................................................


THE BOWLING GREEN CLIMATE NORMALS FOR TOMORROW
                         NORMAL    RECORD    YEAR
 MAXIMUM TEMPERATURE (F)   81        98      1931
                                             1925
 MINIMUM TEMPERATURE (F)   56        40      1916
                                             1903


SUNRISE AND SUNSET
SEPTEMBER 19 2017.....SUNRISE   631 AM CDT   SUNSET   647 PM CDT
SEPTEMBER 20 2017.....SUNRISE   632 AM CDT   SUNSET   645 PM CDT


-  INDICATES NEGATIVE NUMBERS.
R  INDICATES RECORD WAS SET OR TIED.
MM INDICATES DATA IS MISSING.
T  INDICATES TRACE AMOUNT.




$$
