000
CDUS43 KLMK 180629
CLIBWG


CLIMATE REPORT
NATIONAL WEATHER SERVICE LOUISVILLE KY
228 AM EDT FRI APR 18 2014


...................................

...THE BOWLING GREEN KY CLIMATE SUMMARY FOR APRIL 17 2014...

CLIMATE NORMAL PERIOD 1981 TO 2010
CLIMATE RECORD PERIOD 1870 TO 2014


WEATHER ITEM   OBSERVED TIME   RECORD YEAR NORMAL DEPARTURE LAST
                VALUE   (LST)  VALUE       VALUE  FROM      YEAR
                                                  NORMAL
..................................................................
TEMPERATURE (F)
 YESTERDAY
  MAXIMUM         68    345 PM  90    1955  70     -2       87
                                      1914
                                      1909
  MINIMUM         39   1242 AM  18    1875  46     -7       64
  AVERAGE         54                        58     -4       76

PRECIPITATION (IN)
  YESTERDAY        0.00          1.20 1982   0.14  -0.14      T
  MONTH TO DATE    3.05                      2.30   0.75     2.23
  SINCE MAR 1      6.78                      6.71   0.07     7.44
  SINCE JAN 1     13.95                     14.28  -0.33    15.13

SNOWFALL (IN)
  YESTERDAY        0.0           0.0    MM   0.0    0.0      0.0
  MONTH TO DATE    T                         0.2   -0.2      0.0
  SINCE MAR 1      5.1                       1.3    3.8      2.5
  SINCE JUL 1     10.4                       9.1    1.3      3.8
  SNOW DEPTH       0

DEGREE DAYS
 HEATING
  YESTERDAY       11                         8      3        0
  MONTH TO DATE  144                       171    -27      139
  SINCE MAR 1    797                       691    106      816
  SINCE JUL 1   4406                      3889    517     3711

 COOLING
  YESTERDAY        0                         1     -1       11
  MONTH TO DATE   12                        16     -4       42
  SINCE MAR 1     12                        21     -9       42
  SINCE JAN 1     12                        21     -9       42
..................................................................


WIND (MPH)
  HIGHEST WIND SPEED    17   HIGHEST WIND DIRECTION     S (190)
  HIGHEST GUST SPEED    23   HIGHEST GUST DIRECTION     S (170)
  AVERAGE WIND SPEED     4.9


SKY COVER
  POSSIBLE SUNSHINE  MM
  AVERAGE SKY COVER 0.0


WEATHER CONDITIONS
 THE FOLLOWING WEATHER WAS RECORDED YESTERDAY.
  NO SIGNIFICANT WEATHER WAS OBSERVED.


RELATIVE HUMIDITY (PERCENT)
 HIGHEST    79          1200 AM
 LOWEST     24           500 PM
 AVERAGE    52

..........................................................


THE BOWLING GREEN KY CLIMATE NORMALS FOR TODAY
                         NORMAL    RECORD    YEAR
 MAXIMUM TEMPERATURE (F)   71        90      1909
                                             1917
 MINIMUM TEMPERATURE (F)   46        20      1875


SUNRISE AND SUNSET
APRIL 18 2014.........SUNRISE   608 AM CDT   SUNSET   723 PM CDT
APRIL 19 2014.........SUNRISE   606 AM CDT   SUNSET   724 PM CDT


-  INDICATES NEGATIVE NUMBERS.
R  INDICATES RECORD WAS SET OR TIED.
MM INDICATES DATA IS MISSING.
T  INDICATES TRACE AMOUNT.




$$
