000
CDUS41 KLWX 052143
CLIBWI


CLIMATE REPORT
NATIONAL WEATHER SERVICE BALTIMORE MD/WASHINGTON DC
443 PM EST THU MAR 5 2015


...................................

...THE BALTIMORE MD CLIMATE SUMMARY FOR MARCH 5 2015...
VALID TODAY AS OF 0400 PM LOCAL TIME.

CLIMATE NORMAL PERIOD 1981 TO 2010
CLIMATE RECORD PERIOD 1870 TO 2015


WEATHER ITEM   OBSERVED TIME   RECORD YEAR NORMAL DEPARTURE LAST
                VALUE   (LST)  VALUE       VALUE  FROM      YEAR
                                                  NORMAL
..................................................................
TEMPERATURE (F)
 TODAY
  MAXIMUM         MM        MM  83    1976  50     MM       44
  MINIMUM         MM        MM  10    1873  30     MM       15
  AVERAGE         MM                        40     MM       30

PRECIPITATION (IN)
  TODAY            0.76          1.62 1965   0.11   0.65     0.00
  MONTH TO DATE    1.90                      0.55   1.35     0.92
  SINCE MAR 1      1.90                      0.55   1.35     0.92
  SINCE JAN 1      8.03                      6.50   1.53     8.21

SNOWFALL (IN)
  TODAY            2.8           4.0  1902   0.1    2.7
  MONTH TO DATE    3.1                       0.6    2.5
  SINCE JUL 1     24.1                      18.8    5.3
  SNOW DEPTH       0

DEGREE DAYS
 HEATING
  TODAY           MM                        25     MM       35
  MONTH TO DATE  132                       127      5      191
  SINCE MAR 1    132                       127      5      191
  SINCE JUL 1   3947                      3722    225     3948

 COOLING
  TODAY           MM                         0     MM        0
  MONTH TO DATE    0                         0      0        0
  SINCE MAR 1      0                         0      0        0
  SINCE JAN 1      0                         0      0        0
..................................................................


WIND (MPH)
  HIGHEST WIND SPEED    12   HIGHEST WIND DIRECTION    NW (330)
  HIGHEST GUST SPEED    MM   HIGHEST GUST DIRECTION    MM
  AVERAGE WIND SPEED     5.8


SKY COVER
  POSSIBLE SUNSHINE  MM
  AVERAGE SKY COVER 1.0


WEATHER CONDITIONS
 THE FOLLOWING WEATHER WAS RECORDED TODAY.
  RAIN
  LIGHT RAIN
  HEAVY SNOW
  SNOW
  LIGHT SNOW
  SLEET
  FOG
  FOG W/VISIBILITY <= 1/4 MILE


RELATIVE HUMIDITY (PERCENT)
 HIGHEST   100           100 AM
 LOWEST     85           400 AM
 AVERAGE    93

..........................................................


THE BALTIMORE MD CLIMATE NORMALS FOR TOMORROW
                         NORMAL    RECORD    YEAR
 MAXIMUM TEMPERATURE (F)   50        76      1935
 MINIMUM TEMPERATURE (F)   31        13      1901
                                             1873


SUNRISE AND SUNSET
MARCH  5 2015.........SUNRISE   634 AM EST   SUNSET   603 PM EST
MARCH  6 2015.........SUNRISE   632 AM EST   SUNSET   604 PM EST


-  INDICATES NEGATIVE NUMBERS.
R  INDICATES RECORD WAS SET OR TIED.
MM INDICATES DATA IS MISSING.
T  INDICATES TRACE AMOUNT.




$$
