000
CDUS41 KLWX 222123
CLIBWI


CLIMATE REPORT
NATIONAL WEATHER SERVICE BALTIMORE MD/WASHINGTON DC
522 PM EDT TUE AUG 22 2017


...................................

...THE BALTIMORE MD CLIMATE SUMMARY FOR AUGUST 22 2017...
VALID TODAY AS OF 0500 PM LOCAL TIME.

CLIMATE NORMAL PERIOD 1981 TO 2010
CLIMATE RECORD PERIOD 1871 TO 2017


WEATHER ITEM   OBSERVED TIME   RECORD YEAR NORMAL DEPARTURE LAST
                VALUE   (LST)  VALUE       VALUE  FROM      YEAR
                                                  NORMAL
..................................................................
TEMPERATURE (F)
 TODAY
  MAXIMUM         92    307 PM  99    1983  85      7       82
  MINIMUM         70    553 AM  52    1956  65      5       63
  AVERAGE         81                        75      6       73

PRECIPITATION (IN)
  TODAY            0.00          2.08 1931   0.10  -0.10     0.00
  MONTH TO DATE    3.80                      2.38   1.42     3.96
  SINCE JUN 1     12.31                      9.91   2.40    13.25
  SINCE JAN 1     29.44                     26.94   2.50    31.10

SNOWFALL (IN)
  TODAY            0.0          MM      MM   0.0    0.0
  MONTH TO DATE    0.0                       0.0    0.0
  SINCE JUL 1      0.0                       0.0    0.0
  SNOW DEPTH       0

DEGREE DAYS
 HEATING
  TODAY            0                         0      0        0
  MONTH TO DATE    0                         0      0        0
  SINCE JUN 1     11                        15     -4        4
  SINCE JUL 1      0                         0      0        0

 COOLING
  TODAY           16                        10      6        8
  MONTH TO DATE  230                       236     -6      332
  SINCE JUN 1    942                       846     96     1049
  SINCE JAN 1   1050                       930    120     1151
..................................................................


WIND (MPH)
  HIGHEST WIND SPEED    16   HIGHEST WIND DIRECTION    SW (220)
  HIGHEST GUST SPEED    25   HIGHEST GUST DIRECTION    SW (240)
  AVERAGE WIND SPEED     5.0


SKY COVER
  POSSIBLE SUNSHINE  MM
  AVERAGE SKY COVER 0.3


WEATHER CONDITIONS
 THE FOLLOWING WEATHER WAS RECORDED TODAY.
  FOG


RELATIVE HUMIDITY (PERCENT)
 HIGHEST   100          1200 AM
 LOWEST     52           100 PM
 AVERAGE    76

..........................................................


THE BALTIMORE MD CLIMATE NORMALS FOR TOMORROW
                         NORMAL    RECORD    YEAR
 MAXIMUM TEMPERATURE (F)   85        98      1968
 MINIMUM TEMPERATURE (F)   65        50      1952


SUNRISE AND SUNSET
AUGUST 22 2017........SUNRISE   626 AM EDT   SUNSET   752 PM EDT
AUGUST 23 2017........SUNRISE   627 AM EDT   SUNSET   750 PM EDT


-  INDICATES NEGATIVE NUMBERS.
R  INDICATES RECORD WAS SET OR TIED.
MM INDICATES DATA IS MISSING.
T  INDICATES TRACE AMOUNT.




$$
