000
CDUS41 KLWX 290529
CLIBWI


CLIMATE REPORT
NATIONAL WEATHER SERVICE BALTIMORE MD/WASHINGTON DC
127 AM EDT FRI MAY 29 2015


...................................

...THE BALTIMORE MD CLIMATE SUMMARY FOR MAY 28 2015...

CLIMATE NORMAL PERIOD 1981 TO 2010
CLIMATE RECORD PERIOD 1870 TO 2015


WEATHER ITEM   OBSERVED TIME   RECORD YEAR NORMAL DEPARTURE LAST
                VALUE   (LST)  VALUE       VALUE  FROM      YEAR
                                                  NORMAL
..................................................................
TEMPERATURE (F)
 YESTERDAY
  MAXIMUM         91    321 PM  97    1941  77     14       83
  MINIMUM         65    431 AM  38    1961  56      9       57
  AVERAGE         78                        67     11       70

PRECIPITATION (IN)
  YESTERDAY        0.00          2.46 1968   0.13  -0.13     0.07
  MONTH TO DATE    2.08                      3.59  -1.51     3.05
  SINCE MAR 1     11.05                     10.68   0.37    16.03
  SINCE JAN 1     17.18                     16.63   0.55    23.32

SNOWFALL (IN)
  YESTERDAY        0.0          MM      MM   0.0    0.0
  MONTH TO DATE    0.0                       0.0    0.0
  SINCE JUL 1     28.7                      20.1    8.6
  SNOW DEPTH       0

DEGREE DAYS
 HEATING
  YESTERDAY        0                         2     -2        0
  MONTH TO DATE   48                       128    -80       65
  SINCE MAR 1   1135                      1148    -13     1238
  SINCE JUL 1   4950                      4743    207     4995

 COOLING
  YESTERDAY       13                         4      9        5
  MONTH TO DATE  143                        58     85       75
  SINCE MAR 1    148                        72     76       82
  SINCE JAN 1    148                        72     76       82
..................................................................


WIND (MPH)
  HIGHEST WIND SPEED    14   HIGHEST WIND DIRECTION     E (100)
  HIGHEST GUST SPEED    18   HIGHEST GUST DIRECTION     E (100)
  AVERAGE WIND SPEED     3.1


SKY COVER
  POSSIBLE SUNSHINE  MM
  AVERAGE SKY COVER 0.7


WEATHER CONDITIONS
 THE FOLLOWING WEATHER WAS RECORDED YESTERDAY.
  FOG


RELATIVE HUMIDITY (PERCENT)
 HIGHEST    97           200 AM
 LOWEST     43           100 PM
 AVERAGE    70

..........................................................


THE BALTIMORE MD CLIMATE NORMALS FOR TODAY
                         NORMAL    RECORD    YEAR
 MAXIMUM TEMPERATURE (F)   78        97      1969
 MINIMUM TEMPERATURE (F)   56        41      1997


SUNRISE AND SUNSET
MAY 29 2015...........SUNRISE   544 AM EDT   SUNSET   825 PM EDT
MAY 30 2015...........SUNRISE   543 AM EDT   SUNSET   825 PM EDT


-  INDICATES NEGATIVE NUMBERS.
R  INDICATES RECORD WAS SET OR TIED.
MM INDICATES DATA IS MISSING.
T  INDICATES TRACE AMOUNT.




$$
