000
CDUS41 KLWX 310531
CLIBWI


CLIMATE REPORT
NATIONAL WEATHER SERVICE BALTIMORE MD/WASHINGTON DC
130 AM EDT SUN JUL 31 2016


...................................

...THE BALTIMORE MD CLIMATE SUMMARY FOR JULY 30 2016...

CLIMATE NORMAL PERIOD 1981 TO 2010
CLIMATE RECORD PERIOD 1870 TO 2016


WEATHER ITEM   OBSERVED TIME   RECORD YEAR NORMAL DEPARTURE LAST
                VALUE   (LST)  VALUE       VALUE  FROM      YEAR
                                                  NORMAL
..................................................................
TEMPERATURE (F)
 YESTERDAY
  MAXIMUM         88   1149 AM  98    1940  87      1       90
  MINIMUM         71    408 AM  55    2014  67      4       73
  AVERAGE         80                        77      3       82

PRECIPITATION (IN)
  YESTERDAY        1.80          3.14 1876   0.14   1.66     1.28
  MONTH TO DATE    6.08                      3.94   2.14     3.49
  SINCE JUN 1      9.28                      7.40   1.88    16.58
  SINCE JAN 1     27.13                     24.43   2.70    33.78

SNOWFALL (IN)
  YESTERDAY        0.0          MM      MM   0.0    0.0
  MONTH TO DATE    0.0                       0.0    0.0
  SINCE JUL 1      0.0                       0.0    0.0
  SNOW DEPTH       0

DEGREE DAYS
 HEATING
  YESTERDAY        0                         0      0        0
  MONTH TO DATE    0                         0      0        0
  SINCE JUN 1      4                        15    -11       14
  SINCE JUL 1      0                         0      0        0

 COOLING
  YESTERDAY       15                        12      3       17
  MONTH TO DATE  450                       358     92      370
  SINCE JUN 1    700                       596    104      666
  SINCE JAN 1    802                       680    122      855
..................................................................


WIND (MPH)
  HIGHEST WIND SPEED    21   HIGHEST WIND DIRECTION    NW (330)
  HIGHEST GUST SPEED    29   HIGHEST GUST DIRECTION     S (160)
  AVERAGE WIND SPEED     4.0


SKY COVER
  POSSIBLE SUNSHINE  MM
  AVERAGE SKY COVER 0.7


WEATHER CONDITIONS
 THE FOLLOWING WEATHER WAS RECORDED YESTERDAY.
  THUNDERSTORM
  HEAVY RAIN
  RAIN
  LIGHT RAIN
  FOG
  HAZE


RELATIVE HUMIDITY (PERCENT)
 HIGHEST   100          1100 PM
 LOWEST     61          1100 AM
 AVERAGE    81

..........................................................


THE BALTIMORE MD CLIMATE NORMALS FOR TODAY
                         NORMAL    RECORD    YEAR
 MAXIMUM TEMPERATURE (F)   87       102      1954
 MINIMUM TEMPERATURE (F)   67        54      1997
                                             1956


SUNRISE AND SUNSET
JULY 31 2016..........SUNRISE   607 AM EDT   SUNSET   819 PM EDT
AUGUST  1 2016........SUNRISE   607 AM EDT   SUNSET   818 PM EDT


-  INDICATES NEGATIVE NUMBERS.
R  INDICATES RECORD WAS SET OR TIED.
MM INDICATES DATA IS MISSING.
T  INDICATES TRACE AMOUNT.




$$
