000
CDUS41 KLWX 312129
CLIBWI


CLIMATE REPORT
NATIONAL WEATHER SERVICE BALTIMORE MD/WASHINGTON DC
528 PM EDT TUE MAY 31 2016


...................................

...THE BALTIMORE MD CLIMATE SUMMARY FOR MAY 31 2016...
VALID TODAY AS OF 0500 PM LOCAL TIME.

CLIMATE NORMAL PERIOD 1981 TO 2010
CLIMATE RECORD PERIOD 1870 TO 2016


WEATHER ITEM   OBSERVED TIME   RECORD YEAR NORMAL DEPARTURE LAST
                VALUE   (LST)  VALUE       VALUE  FROM      YEAR
                                                  NORMAL
..................................................................
TEMPERATURE (F)
 TODAY
  MAXIMUM         85    229 PM  97    2011  78      7       90
  MINIMUM         57   1105 AM  40    1996  57      0       69
  AVERAGE         71                        68      3       80

PRECIPITATION (IN)
  TODAY            0.00          2.05 1911   0.13  -0.13     0.02
  MONTH TO DATE    5.24                      3.99   1.25     2.10
  SINCE MAR 1      8.65                     11.08  -2.43    11.07
  SINCE JAN 1     17.85                     17.03   0.82    17.20

SNOWFALL (IN)
  TODAY            0.0          MM      MM   0.0    0.0
  MONTH TO DATE    0.0                       0.0    0.0
  SINCE JUL 1     35.1                      20.1   15.0
  SNOW DEPTH       0

DEGREE DAYS
 HEATING
  TODAY            0                         2     -2        0
  MONTH TO DATE  175                       134     41       48
  SINCE MAR 1    979                      1154   -175     1135
  SINCE JUL 1   4000                      4749   -749     4950

 COOLING
  TODAY            6                         4      2       15
  MONTH TO DATE   70                        70      0      184
  SINCE MAR 1     97                        84     13      189
  SINCE JAN 1     97                        84     13      189
..................................................................


WIND (MPH)
  HIGHEST WIND SPEED     9   HIGHEST WIND DIRECTION    SE (120)
  HIGHEST GUST SPEED    13   HIGHEST GUST DIRECTION     N (350)
  AVERAGE WIND SPEED     3.2


SKY COVER
  POSSIBLE SUNSHINE  MM
  AVERAGE SKY COVER 0.6


WEATHER CONDITIONS
 THE FOLLOWING WEATHER WAS RECORDED TODAY.
  NO SIGNIFICANT WEATHER WAS OBSERVED.


RELATIVE HUMIDITY (PERCENT)
 HIGHEST    97          1200 AM
 LOWEST     48           400 PM
 AVERAGE    73

..........................................................


THE BALTIMORE MD CLIMATE NORMALS FOR TOMORROW
                         NORMAL    RECORD    YEAR
 MAXIMUM TEMPERATURE (F)   79        98      2011
 MINIMUM TEMPERATURE (F)   57        42      1966


SUNRISE AND SUNSET
MAY 31 2016...........SUNRISE   543 AM EDT   SUNSET   827 PM EDT
JUNE  1 2016..........SUNRISE   542 AM EDT   SUNSET   827 PM EDT


-  INDICATES NEGATIVE NUMBERS.
R  INDICATES RECORD WAS SET OR TIED.
MM INDICATES DATA IS MISSING.
T  INDICATES TRACE AMOUNT.




$$
