000
CDUS41 KLWX 240527
CLIBWI


CLIMATE REPORT
NATIONAL WEATHER SERVICE BALTIMORE MD/WASHINGTON DC
126 AM EDT SAT JUN 24 2017


...................................

...THE BALTIMORE MD CLIMATE SUMMARY FOR JUNE 23 2017...

CLIMATE NORMAL PERIOD 1981 TO 2010
CLIMATE RECORD PERIOD 1871 TO 2017


WEATHER ITEM   OBSERVED TIME   RECORD YEAR NORMAL DEPARTURE LAST
                VALUE   (LST)  VALUE       VALUE  FROM      YEAR
                                                  NORMAL
..................................................................
TEMPERATURE (F)
 YESTERDAY
  MAXIMUM         90    222 PM  97    2010  85      5       82
                                      1894
  MINIMUM         71    704 AM  48    1992  64      7       66
  AVERAGE         81                        75      6       74

PRECIPITATION (IN)
  YESTERDAY        0.16          3.65 1941   0.11   0.05     0.40
  MONTH TO DATE    1.25                      2.69  -1.44     2.63
  SINCE JUN 1      1.25                      2.69  -1.44     2.63
  SINCE JAN 1     18.38                     19.72  -1.34    20.48

SNOWFALL (IN)
  YESTERDAY        0.0          MM      MM   0.0    0.0
  MONTH TO DATE    0.0                       0.0    0.0
  SINCE JUL 1      3.0                      20.1  -17.1
  SNOW DEPTH       0

DEGREE DAYS
 HEATING
  YESTERDAY        0                         0      0        0
  MONTH TO DATE   11                        13     -2        4
  SINCE JUN 1     11                        13     -2        4
  SINCE JUL 1   3862                      4762   -900     4004

 COOLING
  YESTERDAY       16                        10      6        9
  MONTH TO DATE  218                       165     53      187
  SINCE JUN 1    218                       165     53      187
  SINCE JAN 1    326                       249     77      289
..................................................................


WIND (MPH)
  HIGHEST WIND SPEED    18   HIGHEST WIND DIRECTION    SW (230)
  HIGHEST GUST SPEED    27   HIGHEST GUST DIRECTION     S (200)
  AVERAGE WIND SPEED    10.1


SKY COVER
  POSSIBLE SUNSHINE  MM
  AVERAGE SKY COVER 0.8


WEATHER CONDITIONS
 THE FOLLOWING WEATHER WAS RECORDED YESTERDAY.
  HEAVY RAIN
  RAIN
  LIGHT RAIN
  FOG


RELATIVE HUMIDITY (PERCENT)
 HIGHEST   100           700 AM
 LOWEST     63           200 PM
 AVERAGE    82

..........................................................


THE BALTIMORE MD CLIMATE NORMALS FOR TODAY
                         NORMAL    RECORD    YEAR
 MAXIMUM TEMPERATURE (F)   86       100      2010
 MINIMUM TEMPERATURE (F)   64        50      1972


SUNRISE AND SUNSET
JUNE 24 2017..........SUNRISE   541 AM EDT   SUNSET   837 PM EDT
JUNE 25 2017..........SUNRISE   542 AM EDT   SUNSET   837 PM EDT


-  INDICATES NEGATIVE NUMBERS.
R  INDICATES RECORD WAS SET OR TIED.
MM INDICATES DATA IS MISSING.
T  INDICATES TRACE AMOUNT.




$$
