000
CDUS45 KRIW 200743
CLIBYG


CLIMATE REPORT
NATIONAL WEATHER SERVICE RIVERTON WY
1242 AM MST FRI JAN 20 2017


...................................

...THE BUFFALO WY CLIMATE SUMMARY FOR JANUARY 19 2017...

CLIMATE NORMAL PERIOD 1981 TO 2010
CLIMATE RECORD PERIOD 1998 TO 2017


WEATHER ITEM   OBSERVED TIME   RECORD YEAR NORMAL DEPARTURE LAST
                VALUE   (LST)  VALUE       VALUE  FROM      YEAR
                                                  NORMAL
..................................................................
TEMPERATURE (F)
 YESTERDAY
  MAXIMUM         49    209 PM  59    2014  39     10       39
                                      2005
  MINIMUM         30   1144 PM  -3    2012  17     13       23
  AVERAGE         40                        28     12       31

PRECIPITATION (IN)
  YESTERDAY        0.00          0.16 2011   0.01  -0.01     0.00
  MONTH TO DATE    T                         0.23  -0.23     0.11
  SINCE DEC 1      0.25                      0.63  -0.38     0.21
  SINCE JAN 1      T                         0.23  -0.23     0.11

DEGREE DAYS
 HEATING
  YESTERDAY       25                        37    -12       34
  MONTH TO DATE  876                       709    167      684
  SINCE DEC 1   2297                      1922    375     1794
  SINCE JUL 1   3479                      3756   -277     3223

 COOLING
  YESTERDAY        0                         0      0        0
  MONTH TO DATE    0                         0      0        0
  SINCE DEC 1      0                         0      0        0
  SINCE JAN 1      0                         0      0        0
..................................................................


WIND (MPH)
  HIGHEST WIND SPEED    15   HIGHEST WIND DIRECTION    NW (300)
  HIGHEST GUST SPEED    17   HIGHEST GUST DIRECTION    NW (310)
  AVERAGE WIND SPEED     7.0


SKY COVER
  POSSIBLE SUNSHINE  MM
  AVERAGE SKY COVER 0.0


WEATHER CONDITIONS
 THE FOLLOWING WEATHER WAS RECORDED YESTERDAY.
  NO SIGNIFICANT WEATHER WAS OBSERVED.


RELATIVE HUMIDITY (PERCENT)
 HIGHEST    56           800 PM
 LOWEST     29           200 PM
 AVERAGE    43

..........................................................


THE BUFFALO WY CLIMATE NORMALS FOR TODAY
                         NORMAL    RECORD    YEAR
 MAXIMUM TEMPERATURE (F)   38        63      2005
 MINIMUM TEMPERATURE (F)   17        -8      2008


SUNRISE AND SUNSET
JANUARY 20 2017.......SUNRISE   736 AM MST   SUNSET   500 PM MST
JANUARY 21 2017.......SUNRISE   735 AM MST   SUNSET   502 PM MST


-  INDICATES NEGATIVE NUMBERS.
R  INDICATES RECORD WAS SET OR TIED.
MM INDICATES DATA IS MISSING.
T  INDICATES TRACE AMOUNT.




$$
