000
CDUS45 KRIW 170729
CLIBYG


CLIMATE REPORT
NATIONAL WEATHER SERVICE RIVERTON WY
128 AM MDT THU APR 17 2014


...................................

...THE BUFFALO WY CLIMATE SUMMARY FOR APRIL 16 2014...

CLIMATE NORMAL PERIOD 1981 TO 2010
CLIMATE RECORD PERIOD 1998 TO 2014


WEATHER ITEM   OBSERVED TIME   RECORD YEAR NORMAL DEPARTURE LAST
                VALUE   (LST)  VALUE       VALUE  FROM      YEAR
                                                  NORMAL
..................................................................
TEMPERATURE (F)
 YESTERDAY
  MAXIMUM         40    321 PM  74    2006  54    -14       26
  MINIMUM         29   1159 PM  20    2013  33     -4       20
  AVERAGE         35                        43     -8       23

PRECIPITATION (IN)
  YESTERDAY        0.04          0.08 2013   0.04   0.00     0.08
  MONTH TO DATE    0.59                      0.50   0.09     0.34
  SINCE MAR 1      1.20                      1.42  -0.22     0.42
  SINCE JAN 1      1.56                      2.19  -0.63     1.03

DEGREE DAYS
 HEATING
  YESTERDAY       30                        22      8       42
  MONTH TO DATE  414                       385     29      450
  SINCE MAR 1   1410                      1335     75     1385
  SINCE JUL 1   6654                      6575     79     6334

 COOLING
  YESTERDAY        0                         0      0        0
  MONTH TO DATE    0                         0      0        0
  SINCE MAR 1      0                         0      0        0
  SINCE JAN 1      0                         0      0        0
..................................................................


WIND (MPH)
  HIGHEST WIND SPEED    30   HIGHEST WIND DIRECTION     N (350)
  HIGHEST GUST SPEED    39   HIGHEST GUST DIRECTION     N (340)
  AVERAGE WIND SPEED    14.3


SKY COVER
  POSSIBLE SUNSHINE  MM
  AVERAGE SKY COVER 0.7


WEATHER CONDITIONS
 THE FOLLOWING WEATHER WAS RECORDED YESTERDAY.
  LIGHT SNOW
  FOG
  HAZE


RELATIVE HUMIDITY (PERCENT)
 HIGHEST    92           600 AM
 LOWEST     70          1100 AM
 AVERAGE    81

..........................................................


THE BUFFALO WY CLIMATE NORMALS FOR TODAY
                         NORMAL    RECORD    YEAR
 MAXIMUM TEMPERATURE (F)   54        78      2005
 MINIMUM TEMPERATURE (F)   33        16      2013


SUNRISE AND SUNSET
APRIL 17 2014.........SUNRISE   620 AM MDT   SUNSET   754 PM MDT
APRIL 18 2014.........SUNRISE   618 AM MDT   SUNSET   755 PM MDT


-  INDICATES NEGATIVE NUMBERS.
R  INDICATES RECORD WAS SET OR TIED.
MM INDICATES DATA IS MISSING.
T  INDICATES TRACE AMOUNT.




$$
