000
CDUS45 KRIW 230027
CLIBYG


CLIMATE REPORT
NATIONAL WEATHER SERVICE RIVERTON WY
626 PM MDT TUE AUG 22 2017


...................................

...THE BUFFALO WY CLIMATE SUMMARY FOR AUGUST 22 2017...
VALID TODAY AS OF 0500 PM LOCAL TIME.

CLIMATE NORMAL PERIOD 1981 TO 2010
CLIMATE RECORD PERIOD 1998 TO 2017


WEATHER ITEM   OBSERVED TIME   RECORD YEAR NORMAL DEPARTURE LAST
                VALUE   (LST)  VALUE       VALUE  FROM      YEAR
                                                  NORMAL
..................................................................
TEMPERATURE (F)
 TODAY
  MAXIMUM         87        MM  96    2011  83      4       94
                                      2006
  MINIMUM         54        MM  40    2015  54      0       67
  AVERAGE         71

PRECIPITATION (IN)
  TODAY            0.00          0.46 2014   0.03  -0.03     0.00
  MONTH TO DATE    0.43                      0.65  -0.22     0.52
  SINCE JUN 1      3.54                      4.59  -1.05     1.40
  SINCE JAN 1     11.82                     10.11   1.71     6.32

DEGREE DAYS
 HEATING
  TODAY            0                         1     -1        0
  MONTH TO DATE   22                        22      0       18
  SINCE JUN 1    120                       210    -90       34
  SINCE JUL 1     22                        47    -25       19

 COOLING
  TODAY            6                         5      1       16
  MONTH TO DATE   66                       146    -80      150
  SINCE JUN 1    431                       400     31      546
  SINCE JAN 1    442                       407     35      551
..................................................................


WIND (MPH)
  HIGHEST WIND SPEED    10   HIGHEST WIND DIRECTION    NE (30)
  HIGHEST GUST SPEED    MM   HIGHEST GUST DIRECTION    MM
  AVERAGE WIND SPEED     5.1


SKY COVER
  POSSIBLE SUNSHINE  MM
  AVERAGE SKY COVER 0.0


WEATHER CONDITIONS
 THE FOLLOWING WEATHER WAS RECORDED TODAY.
  NO SIGNIFICANT WEATHER WAS OBSERVED.


RELATIVE HUMIDITY (PERCENT)
 HIGHEST    41           300 AM
 LOWEST     13           300 PM
 AVERAGE    27

..........................................................


THE BUFFALO WY CLIMATE NORMALS FOR TOMORROW
                         NORMAL    RECORD    YEAR
 MAXIMUM TEMPERATURE (F)   83        94      2011
                                             2006
                                             2000
 MINIMUM TEMPERATURE (F)   54        36      2015


SUNRISE AND SUNSET
AUGUST 22 2017........SUNRISE   618 AM MDT   SUNSET   800 PM MDT
AUGUST 23 2017........SUNRISE   620 AM MDT   SUNSET   758 PM MDT


-  INDICATES NEGATIVE NUMBERS.
R  INDICATES RECORD WAS SET OR TIED.
MM INDICATES DATA IS MISSING.
T  INDICATES TRACE AMOUNT.




$$
