000
CDUS45 KRIW 210741
CLIBYG


CLIMATE REPORT
NATIONAL WEATHER SERVICE RIVERTON WY
128 AM MDT THU AUG 21 2014


...................................

...THE BUFFALO WY CLIMATE SUMMARY FOR AUGUST 20 2014...

CLIMATE NORMAL PERIOD 1981 TO 2010
CLIMATE RECORD PERIOD 1998 TO 2014


WEATHER ITEM   OBSERVED TIME   RECORD YEAR NORMAL DEPARTURE LAST
                VALUE   (LST)  VALUE       VALUE  FROM      YEAR
                                                  NORMAL
..................................................................
TEMPERATURE (F)
 YESTERDAY
  MAXIMUM         78    316 PM  90    2013  84     -6       90
                                      2008
  MINIMUM         59   1151 PM  48    2009  55      4       66
  AVERAGE         69                        69      0       78

PRECIPITATION (IN)
  YESTERDAY        T             0.05 1998   0.03  -0.03     0.00
  MONTH TO DATE    0.80                      0.60   0.20     0.21
  SINCE JUN 1      4.65                      4.54   0.11     1.27
  SINCE JAN 1      8.41                     10.06  -1.65     4.40

DEGREE DAYS
 HEATING
  YESTERDAY        0                         1     -1        0
  MONTH TO DATE    0                        20    -20        0
  SINCE JUN 1    217                       208      9      101
  SINCE JUL 1     11                        45    -34        1

 COOLING
  YESTERDAY        4                         5     -1       13
  MONTH TO DATE  122                       136    -14      147
  SINCE JUN 1    316                       390    -74      482
  SINCE JAN 1    327                       397    -70      492
..................................................................


WIND (MPH)
  HIGHEST WIND SPEED    26   HIGHEST WIND DIRECTION     N (350)
  HIGHEST GUST SPEED    37   HIGHEST GUST DIRECTION     N (350)
  AVERAGE WIND SPEED    11.0


SKY COVER
  POSSIBLE SUNSHINE  MM
  AVERAGE SKY COVER 0.6


WEATHER CONDITIONS
 THE FOLLOWING WEATHER WAS RECORDED YESTERDAY.
  LIGHT RAIN


RELATIVE HUMIDITY (PERCENT)
 HIGHEST    56           900 PM
 LOWEST     29           200 PM
 AVERAGE    43

..........................................................


THE BUFFALO WY CLIMATE NORMALS FOR TODAY
                         NORMAL    RECORD    YEAR
 MAXIMUM TEMPERATURE (F)   83        96      2010
 MINIMUM TEMPERATURE (F)   55        48      2009


SUNRISE AND SUNSET
AUGUST 21 2014........SUNRISE   617 AM MDT   SUNSET   802 PM MDT
AUGUST 22 2014........SUNRISE   618 AM MDT   SUNSET   800 PM MDT


-  INDICATES NEGATIVE NUMBERS.
R  INDICATES RECORD WAS SET OR TIED.
MM INDICATES DATA IS MISSING.
T  INDICATES TRACE AMOUNT.




$$
