000
CDUS45 KRIW 210737
CLIBYG


CLIMATE REPORT
NATIONAL WEATHER SERVICE RIVERTON WY
1227 AM MST SUN DEC 21 2014


...................................

...THE BUFFALO WY CLIMATE SUMMARY FOR DECEMBER 20 2014...

CLIMATE NORMAL PERIOD 1981 TO 2010
CLIMATE RECORD PERIOD 1998 TO 2014


WEATHER ITEM   OBSERVED TIME   RECORD YEAR NORMAL DEPARTURE LAST
                VALUE   (LST)  VALUE       VALUE  FROM      YEAR
                                                  NORMAL
..................................................................
TEMPERATURE (F)
 YESTERDAY
  MAXIMUM         44   1126 AM  56    2003  36      8       MM
  MINIMUM         25   1031 PM -22    1998  15     10       MM
  AVERAGE         35                        25     10       MM

PRECIPITATION (IN)
  YESTERDAY        0.00          0.24 1999   0.01  -0.01     0.00
  MONTH TO DATE    T                         0.28  -0.28     0.18
  SINCE DEC 1      T                         0.28  -0.28     0.18
  SINCE JAN 1     11.86                     13.33  -1.47    10.31

DEGREE DAYS
 HEATING
  YESTERDAY       30                        40    -10       MM
  MONTH TO DATE  415                       788   -373      697
  SINCE DEC 1    415                       788   -373      697
  SINCE JUL 1   2171                      2622   -451     2405

 COOLING
  YESTERDAY        0                         0      0       MM
  MONTH TO DATE    0                         0      0        0
  SINCE DEC 1      0                         0      0        0
  SINCE JAN 1    387                       492   -105      709
..................................................................


WIND (MPH)
  HIGHEST WIND SPEED    13   HIGHEST WIND DIRECTION    SE (140)
  HIGHEST GUST SPEED    15   HIGHEST GUST DIRECTION    SE (140)
  AVERAGE WIND SPEED     5.4


SKY COVER
  POSSIBLE SUNSHINE  MM
  AVERAGE SKY COVER 0.2


WEATHER CONDITIONS
 THE FOLLOWING WEATHER WAS RECORDED YESTERDAY.
  NO SIGNIFICANT WEATHER WAS OBSERVED.


RELATIVE HUMIDITY (PERCENT)
 HIGHEST    75           800 PM
 LOWEST     43          1000 AM
 AVERAGE    59

..........................................................


THE BUFFALO WY CLIMATE NORMALS FOR TODAY
                         NORMAL    RECORD    YEAR
 MAXIMUM TEMPERATURE (F)   36        56      2005
 MINIMUM TEMPERATURE (F)   15       -24      1998


SUNRISE AND SUNSET
DECEMBER 21 2014......SUNRISE   740 AM MST   SUNSET   430 PM MST
DECEMBER 22 2014......SUNRISE   740 AM MST   SUNSET   431 PM MST


-  INDICATES NEGATIVE NUMBERS.
R  INDICATES RECORD WAS SET OR TIED.
MM INDICATES DATA IS MISSING.
T  INDICATES TRACE AMOUNT.




$$
