000
CDUS45 KRIW 120747
CLIBYG


CLIMATE REPORT
NATIONAL WEATHER SERVICE RIVERTON WY
1246 AM MST TUE DEC 12 2017


...................................

...THE BUFFALO WY CLIMATE SUMMARY FOR DECEMBER 11 2017...

CLIMATE NORMAL PERIOD 1981 TO 2010
CLIMATE RECORD PERIOD 1998 TO 2017


WEATHER ITEM   OBSERVED TIME   RECORD YEAR NORMAL DEPARTURE LAST
                VALUE   (LST)  VALUE       VALUE  FROM      YEAR
                                                  NORMAL
..................................................................
TEMPERATURE (F)
 YESTERDAY
  MAXIMUM         48    155 PM  62    2005  36     12       36
  MINIMUM         30    945 PM -13    2000  15     15       15
  AVERAGE         39                        25     14       26

PRECIPITATION (IN)
  YESTERDAY        0.00          0.15 2010   0.01  -0.01     0.00
  MONTH TO DATE    0.01                      0.18  -0.17     0.07
  SINCE DEC 1      0.01                      0.18  -0.17     0.07
  SINCE JAN 1     14.58                     13.23   1.35    12.11

DEGREE DAYS
 HEATING
  YESTERDAY       26                        40    -14       39
  MONTH TO DATE  308                       428   -120      513
  SINCE DEC 1    308                       428   -120      513
  SINCE JUL 1   1970                      2262   -292     1695

 COOLING
  YESTERDAY        0                         0      0        0
  MONTH TO DATE    0                         0      0        0
  SINCE DEC 1      0                         0      0        0
  SINCE JAN 1    622                       492    130      632
..................................................................


WIND (MPH)
  HIGHEST WIND SPEED    31   HIGHEST WIND DIRECTION     N (360)
  HIGHEST GUST SPEED    37   HIGHEST GUST DIRECTION     N (360)
  AVERAGE WIND SPEED    12.1


SKY COVER
  POSSIBLE SUNSHINE  MM
  AVERAGE SKY COVER 0.0


WEATHER CONDITIONS
 THE FOLLOWING WEATHER WAS RECORDED YESTERDAY.
  NO SIGNIFICANT WEATHER WAS OBSERVED.


RELATIVE HUMIDITY (PERCENT)
 HIGHEST    43           700 PM
 LOWEST     17          1200 AM
 AVERAGE    30

..........................................................


THE BUFFALO WY CLIMATE NORMALS FOR TODAY
                         NORMAL    RECORD    YEAR
 MAXIMUM TEMPERATURE (F)   36        70      2005
 MINIMUM TEMPERATURE (F)   15        -3      2000


SUNRISE AND SUNSET
DECEMBER 12 2017......SUNRISE   734 AM MST   SUNSET   428 PM MST
DECEMBER 13 2017......SUNRISE   735 AM MST   SUNSET   428 PM MST


-  INDICATES NEGATIVE NUMBERS.
R  INDICATES RECORD WAS SET OR TIED.
MM INDICATES DATA IS MISSING.
T  INDICATES TRACE AMOUNT.




$$
