000
CDUS45 KRIW 230737
CLIBYG


CLIMATE REPORT
NATIONAL WEATHER SERVICE RIVERTON WY
129 AM MDT TUE SEP 23 2014


...................................

...THE BUFFALO WY CLIMATE SUMMARY FOR SEPTEMBER 22 2014...

CLIMATE NORMAL PERIOD 1981 TO 2010
CLIMATE RECORD PERIOD 1998 TO 2014


WEATHER ITEM   OBSERVED TIME   RECORD YEAR NORMAL DEPARTURE LAST
                VALUE   (LST)  VALUE       VALUE  FROM      YEAR
                                                  NORMAL
..................................................................
TEMPERATURE (F)
 YESTERDAY
  MAXIMUM         76   1256 PM  88    2007  68      8       73
  MINIMUM         53    623 AM  25    2000  42     11       56
  AVERAGE         65                        55     10       65

PRECIPITATION (IN)
  YESTERDAY        T             0.28 2006   0.05  -0.05      T
  MONTH TO DATE    0.84                      0.87  -0.03     2.02
  SINCE SEP 1      0.84                      0.87  -0.03     2.02
  SINCE JAN 1     11.05                     11.14  -0.09     6.44

DEGREE DAYS
 HEATING
  YESTERDAY        0                        11    -11        0
  MONTH TO DATE  197                       148     49       35
  SINCE SEP 1    197                       148     49       35
  SINCE JUL 1    256                       213     43       36

 COOLING
  YESTERDAY        0                         1     -1        0
  MONTH TO DATE   26                        43    -17       95
  SINCE SEP 1     26                        43    -17       95
  SINCE JAN 1    360                       489   -129      709
..................................................................


WIND (MPH)
  HIGHEST WIND SPEED    20   HIGHEST WIND DIRECTION    NW (320)
  HIGHEST GUST SPEED    25   HIGHEST GUST DIRECTION     S (180)
  AVERAGE WIND SPEED     8.6


SKY COVER
  POSSIBLE SUNSHINE  MM
  AVERAGE SKY COVER 0.3


WEATHER CONDITIONS
 THE FOLLOWING WEATHER WAS RECORDED YESTERDAY.
  THUNDERSTORM


RELATIVE HUMIDITY (PERCENT)
 HIGHEST    66           600 AM
 LOWEST     33           100 PM
 AVERAGE    50

..........................................................


THE BUFFALO WY CLIMATE NORMALS FOR TODAY
                         NORMAL    RECORD    YEAR
 MAXIMUM TEMPERATURE (F)   67        86      2011
 MINIMUM TEMPERATURE (F)   42        25      2000


SUNRISE AND SUNSET
SEPTEMBER 23 2014.....SUNRISE   655 AM MDT   SUNSET   702 PM MDT
SEPTEMBER 24 2014.....SUNRISE   656 AM MDT   SUNSET   700 PM MDT


-  INDICATES NEGATIVE NUMBERS.
R  INDICATES RECORD WAS SET OR TIED.
MM INDICATES DATA IS MISSING.
T  INDICATES TRACE AMOUNT.




$$
