000
CDUS45 KRIW 300738
CLIBYG


CLIMATE REPORT
NATIONAL WEATHER SERVICE RIVERTON WY
1236 AM MST FRI JAN 30 2015


...................................

...THE BUFFALO WY CLIMATE SUMMARY FOR JANUARY 29 2015...

CLIMATE NORMAL PERIOD 1981 TO 2010
CLIMATE RECORD PERIOD 1998 TO 2015


WEATHER ITEM   OBSERVED TIME   RECORD YEAR NORMAL DEPARTURE LAST
                VALUE   (LST)  VALUE       VALUE  FROM      YEAR
                                                  NORMAL
..................................................................
TEMPERATURE (F)
 YESTERDAY
  MAXIMUM         46    329 PM  54    2012  37      9       41
  MINIMUM         25    408 AM  -9    2008  17      8       24
  AVERAGE         36                        27      9       33

PRECIPITATION (IN)
  YESTERDAY        0.00          0.01 2003   0.02  -0.02      T
                                      2002
  MONTH TO DATE    0.16                      0.39  -0.23     0.21
  SINCE DEC 1      0.24                      0.79  -0.55     0.45
  SINCE JAN 1      0.16                      0.39  -0.23     0.21

DEGREE DAYS
 HEATING
  YESTERDAY       29                        38     -9       32
  MONTH TO DATE 1004                      1082    -78     1053
  SINCE DEC 1   1918                      2295   -377     2143
  SINCE JUL 1   3674                      4129   -455     3851

 COOLING
  YESTERDAY        0                         0      0        0
  MONTH TO DATE    0                         0      0        0
  SINCE DEC 1      0                         0      0        0
  SINCE JAN 1      0                         0      0        0
..................................................................


WIND (MPH)
  HIGHEST WIND SPEED    16   HIGHEST WIND DIRECTION     S (170)
  HIGHEST GUST SPEED    21   HIGHEST GUST DIRECTION     S (170)
  AVERAGE WIND SPEED     7.3


SKY COVER
  POSSIBLE SUNSHINE  MM
  AVERAGE SKY COVER 0.0


WEATHER CONDITIONS
 THE FOLLOWING WEATHER WAS RECORDED YESTERDAY.
  NO SIGNIFICANT WEATHER WAS OBSERVED.


RELATIVE HUMIDITY (PERCENT)
 HIGHEST    92          1200 AM
 LOWEST     37           100 PM
 AVERAGE    65

..........................................................


THE BUFFALO WY CLIMATE NORMALS FOR TODAY
                         NORMAL    RECORD    YEAR
 MAXIMUM TEMPERATURE (F)   37        53      2012
                                             2006
 MINIMUM TEMPERATURE (F)   17        -4      2013


SUNRISE AND SUNSET
JANUARY 30 2015.......SUNRISE   727 AM MST   SUNSET   513 PM MST
JANUARY 31 2015.......SUNRISE   726 AM MST   SUNSET   515 PM MST


-  INDICATES NEGATIVE NUMBERS.
R  INDICATES RECORD WAS SET OR TIED.
MM INDICATES DATA IS MISSING.
T  INDICATES TRACE AMOUNT.




$$
