000
CDUS45 KRIW 230741
CLIBYG


CLIMATE REPORT
NATIONAL WEATHER SERVICE RIVERTON WY
138 AM MDT THU OCT 23 2014


...................................

...THE BUFFALO WY CLIMATE SUMMARY FOR OCTOBER 22 2014...

CLIMATE NORMAL PERIOD 1981 TO 2010
CLIMATE RECORD PERIOD 1998 TO 2014


WEATHER ITEM   OBSERVED TIME   RECORD YEAR NORMAL DEPARTURE LAST
                VALUE   (LST)  VALUE       VALUE  FROM      YEAR
                                                  NORMAL
..................................................................
TEMPERATURE (F)
 YESTERDAY
  MAXIMUM         60    327 PM  78    2003  56      4       60
  MINIMUM         33    536 AM  16    2002  33      0       38
  AVERAGE         47                        44      3       49

PRECIPITATION (IN)
  YESTERDAY        0.00          0.09 2002   0.03  -0.03     0.00
  MONTH TO DATE    0.20                      0.80  -0.60     1.95
  SINCE SEP 1      1.30                      2.11  -0.81     5.29
  SINCE JAN 1     11.51                     12.38  -0.87     9.71

DEGREE DAYS
 HEATING
  YESTERDAY       18                        21     -3       16
  MONTH TO DATE  259                       390   -131      478
  SINCE SEP 1    497                       639   -142      629
  SINCE JUL 1    556                       704   -148      630

 COOLING
  YESTERDAY        0                         0      0        0
  MONTH TO DATE    2                         0      2        0
  SINCE SEP 1     53                        45      8       95
  SINCE JAN 1    387                       491   -104      709
..................................................................


WIND (MPH)
  HIGHEST WIND SPEED    20   HIGHEST WIND DIRECTION    NW (320)
  HIGHEST GUST SPEED    28   HIGHEST GUST DIRECTION     N (340)
  AVERAGE WIND SPEED     7.1


SKY COVER
  POSSIBLE SUNSHINE  MM
  AVERAGE SKY COVER 0.0


WEATHER CONDITIONS
 THE FOLLOWING WEATHER WAS RECORDED YESTERDAY.
  NO SIGNIFICANT WEATHER WAS OBSERVED.


RELATIVE HUMIDITY (PERCENT)
 HIGHEST    64           600 AM
 LOWEST     24           300 PM
 AVERAGE    44

..........................................................


THE BUFFALO WY CLIMATE NORMALS FOR TODAY
                         NORMAL    RECORD    YEAR
 MAXIMUM TEMPERATURE (F)   56        76      2003
 MINIMUM TEMPERATURE (F)   32        17      2002


SUNRISE AND SUNSET
OCTOBER 23 2014.......SUNRISE   732 AM MDT   SUNSET   609 PM MDT
OCTOBER 24 2014.......SUNRISE   734 AM MDT   SUNSET   608 PM MDT


-  INDICATES NEGATIVE NUMBERS.
R  INDICATES RECORD WAS SET OR TIED.
MM INDICATES DATA IS MISSING.
T  INDICATES TRACE AMOUNT.




$$
