000
CDUS45 KRIW 200031
CLIBYG


CLIMATE REPORT
NATIONAL WEATHER SERVICE RIVERTON WY
630 PM MDT THU OCT 19 2017


...................................

...THE BUFFALO WY CLIMATE SUMMARY FOR OCTOBER 19 2017...
VALID TODAY AS OF 0500 PM LOCAL TIME.

CLIMATE NORMAL PERIOD 1981 TO 2010
CLIMATE RECORD PERIOD 1998 TO 2017


WEATHER ITEM   OBSERVED TIME   RECORD YEAR NORMAL DEPARTURE LAST
                VALUE   (LST)  VALUE       VALUE  FROM      YEAR
                                                  NORMAL
..................................................................
TEMPERATURE (F)
 TODAY
  MAXIMUM         82R       MM  82    2003  57     25       48
  MINIMUM         45        MM  27    1999  33     12       33
  AVERAGE         64

PRECIPITATION (IN)
  TODAY            0.00          0.01 2001   0.03  -0.03     0.00
                                      2001
                                      2013
  MONTH TO DATE    0.24                      0.73  -0.49     1.56
  SINCE SEP 1      2.03                      2.04  -0.01     4.80
  SINCE JAN 1     13.93                     12.31   1.62    11.12

DEGREE DAYS
 HEATING
  TODAY            1                        20    -19       24
  MONTH TO DATE  283                       328    -45      295
  SINCE SEP 1    560                       577    -17      467
  SINCE JUL 1    582                       642    -60      506

 COOLING
  TODAY            0                         0      0        0
  MONTH TO DATE    0                         0      0        2
  SINCE SEP 1     90                        45     45       38
  SINCE JAN 1    622                       491    131      632
..................................................................


WIND (MPH)
  HIGHEST WIND SPEED    12   HIGHEST WIND DIRECTION    SE (130)
  HIGHEST GUST SPEED    MM   HIGHEST GUST DIRECTION    MM
  AVERAGE WIND SPEED     7.2


SKY COVER
  POSSIBLE SUNSHINE  MM
  AVERAGE SKY COVER 0.0


WEATHER CONDITIONS
 THE FOLLOWING WEATHER WAS RECORDED TODAY.
  NO SIGNIFICANT WEATHER WAS OBSERVED.


RELATIVE HUMIDITY (PERCENT)
 HIGHEST    40           600 AM
 LOWEST      9           200 PM
 AVERAGE    25

..........................................................


THE BUFFALO WY CLIMATE NORMALS FOR TOMORROW
                         NORMAL    RECORD    YEAR
 MAXIMUM TEMPERATURE (F)   56        79      2014
 MINIMUM TEMPERATURE (F)   33        28      2016


SUNRISE AND SUNSET
OCTOBER 19 2017.......SUNRISE   727 AM MDT   SUNSET   615 PM MDT
OCTOBER 20 2017.......SUNRISE   729 AM MDT   SUNSET   614 PM MDT


-  INDICATES NEGATIVE NUMBERS.
R  INDICATES RECORD WAS SET OR TIED.
MM INDICATES DATA IS MISSING.
T  INDICATES TRACE AMOUNT.




$$
