000
CDUS45 KRIW 230730
CLIBYG


CLIMATE REPORT
NATIONAL WEATHER SERVICE RIVERTON WY
129 AM MDT TUE MAY 23 2017


...................................

...THE BUFFALO WY CLIMATE SUMMARY FOR MAY 22 2017...

CLIMATE NORMAL PERIOD 1981 TO 2010
CLIMATE RECORD PERIOD 1998 TO 2017


WEATHER ITEM   OBSERVED TIME   RECORD YEAR NORMAL DEPARTURE LAST
                VALUE   (LST)  VALUE       VALUE  FROM      YEAR
                                                  NORMAL
..................................................................
TEMPERATURE (F)
 YESTERDAY
  MAXIMUM         57    312 PM  87    2006  65     -8       67
  MINIMUM         42   1106 AM  31    2002  42      0       47
  AVERAGE         50                        53     -3       57

PRECIPITATION (IN)
  YESTERDAY        0.15          3.32 2008   0.09   0.06     0.03
  MONTH TO DATE    2.57                      1.81   0.76     1.12
  SINCE MAR 1      7.77                      4.03   3.74     3.94
  SINCE JAN 1      8.20                      4.80   3.40     4.53

DEGREE DAYS
 HEATING
  YESTERDAY       15                        12      3        8
  MONTH TO DATE  260                       314    -54      250
  SINCE MAR 1   1515                      1918   -403     1404
  SINCE JUL 1   6357                      7158   -801     5795

 COOLING
  YESTERDAY        0                         0      0        0
  MONTH TO DATE   11                         0     11        4
  SINCE MAR 1     11                         0     11        5
  SINCE JAN 1     11                         0     11        5
..................................................................


WIND (MPH)
  HIGHEST WIND SPEED    44   HIGHEST WIND DIRECTION     N (350)
  HIGHEST GUST SPEED    52   HIGHEST GUST DIRECTION     N (350)
  AVERAGE WIND SPEED    13.6


SKY COVER
  POSSIBLE SUNSHINE  MM
  AVERAGE SKY COVER 0.6


WEATHER CONDITIONS
 THE FOLLOWING WEATHER WAS RECORDED YESTERDAY.
  LIGHT RAIN
  FOG


RELATIVE HUMIDITY (PERCENT)
 HIGHEST    82          1200 PM
 LOWEST     43           300 PM
 AVERAGE    63

..........................................................


THE BUFFALO WY CLIMATE NORMALS FOR TODAY
                         NORMAL    RECORD    YEAR
 MAXIMUM TEMPERATURE (F)   65        77      2014
 MINIMUM TEMPERATURE (F)   42        27      2002


SUNRISE AND SUNSET
MAY 23 2017...........SUNRISE   532 AM MDT   SUNSET   836 PM MDT
MAY 24 2017...........SUNRISE   531 AM MDT   SUNSET   837 PM MDT


-  INDICATES NEGATIVE NUMBERS.
R  INDICATES RECORD WAS SET OR TIED.
MM INDICATES DATA IS MISSING.
T  INDICATES TRACE AMOUNT.




$$
