699
CDUS45 KPIH 260736
CLIBYI


CLIMATE REPORT
NATIONAL WEATHER SERVICE POCATELLO ID
135 AM MDT FRI MAY 26 2017


...................................

...THE BURLEY ID CLIMATE SUMMARY FOR MAY 25 2017...

CLIMATE NORMAL PERIOD 1981 TO 2010
CLIMATE RECORD PERIOD 1948 TO 2017


WEATHER ITEM   OBSERVED TIME   RECORD YEAR NORMAL DEPARTURE LAST
                VALUE   (LST)  VALUE       VALUE  FROM      YEAR
                                                  NORMAL
..................................................................
TEMPERATURE (F)
 YESTERDAY
  MAXIMUM         63    542 PM  89    1958  70     -7       64
  MINIMUM         44    555 AM  28    1975  43      1       47
  AVERAGE         54                        57     -3       56

PRECIPITATION (IN)
  YESTERDAY        T             0.42 1987   0.05  -0.05     0.00
  MONTH TO DATE    0.80                      1.15  -0.35     1.27
  SINCE OCT 1     11.92                      7.78   4.14     7.90
  SINCE JAN 1      7.13                      4.95   2.18     5.10

SNOWFALL (IN)
  YESTERDAY       MM
  MONTH TO DATE   MM
  SINCE MAR 1     MM
  SINCE JUL 1     MM
  SNOW DEPTH      MM

DEGREE DAYS
 HEATING
  YESTERDAY       11                         9      2        9
  MONTH TO DATE  256                       295    -39      248
  SINCE MAR 1   1400                      1661   -261     1351
  SINCE JUL 1   6206                      6683   -477     5858

 COOLING
  YESTERDAY        0                         0      0        0
  MONTH TO DATE    0                         0      0        4
  SINCE MAR 1      0                         0      0        4
  SINCE JAN 1      0                         0      0        4
..................................................................


WIND (MPH)
  HIGHEST WIND SPEED    23   HIGHEST WIND DIRECTION     W (250)
  HIGHEST GUST SPEED    34   HIGHEST GUST DIRECTION     W (280)
  AVERAGE WIND SPEED     9.7


SKY COVER
  POSSIBLE SUNSHINE  MM
  AVERAGE SKY COVER 0.1


WEATHER CONDITIONS
 THE FOLLOWING WEATHER WAS RECORDED YESTERDAY.
  HAZE


RELATIVE HUMIDITY (PERCENT)
 HIGHEST    59          1100 PM
 LOWEST     27           400 PM
 AVERAGE    43

..........................................................


THE BURLEY ID CLIMATE NORMALS FOR TODAY
                         NORMAL    RECORD    YEAR
 MAXIMUM TEMPERATURE (F)   70        91      1958
 MINIMUM TEMPERATURE (F)   44        27      1978


SUNRISE AND SUNSET
MAY 26 2017...........SUNRISE   604 AM MDT   SUNSET   901 PM MDT
MAY 27 2017...........SUNRISE   603 AM MDT   SUNSET   902 PM MDT


-  INDICATES NEGATIVE NUMBERS.
R  INDICATES RECORD WAS SET OR TIED.
MM INDICATES DATA IS MISSING.
T  INDICATES TRACE AMOUNT.




$$
