000
CDUS45 KPIH 250742
CLIBYI


CLIMATE REPORT
NATIONAL WEATHER SERVICE POCATELLO ID
131 AM MDT MON SEP 25 2017


...................................

...THE BURLEY ID CLIMATE SUMMARY FOR SEPTEMBER 24 2017...

CLIMATE NORMAL PERIOD 1981 TO 2010
CLIMATE RECORD PERIOD 1948 TO 2017


WEATHER ITEM   OBSERVED TIME   RECORD YEAR NORMAL DEPARTURE LAST
                VALUE   (LST)  VALUE       VALUE  FROM      YEAR
                                                  NORMAL
..................................................................
TEMPERATURE (F)
 YESTERDAY
  MAXIMUM         56    430 PM  93    2001  71    -15       60
  MINIMUM         37   1041 PM  24    2000  40     -3       44
  AVERAGE         47                        55     -8       52

PRECIPITATION (IN)
  YESTERDAY        0.00          0.28 1948   0.02  -0.02     0.00
  MONTH TO DATE    1.60                      0.42   1.18     3.31
  SINCE OCT 1     14.98                     10.01   4.97    11.50
  SINCE JAN 1     10.19                      7.18   3.01     8.70

SNOWFALL (IN)
  YESTERDAY       MM
  MONTH TO DATE   MM
  SINCE SEP 1     MM
  SINCE JUL 1     MM
  SNOW DEPTH      MM

DEGREE DAYS
 HEATING
  YESTERDAY       18                        10      8       13
  MONTH TO DATE  159                       146     13      184
  SINCE SEP 1    159                       146     13      184
  SINCE JUL 1    165                       203    -38      240

 COOLING
  YESTERDAY        0                         0      0        0
  MONTH TO DATE   68                        19     49        9
  SINCE SEP 1     68                        19     49        9
  SINCE JAN 1    601                       363    238      352
..................................................................


WIND (MPH)
  HIGHEST WIND SPEED    15   HIGHEST WIND DIRECTION     W (260)
  HIGHEST GUST SPEED    21   HIGHEST GUST DIRECTION     W (250)
  AVERAGE WIND SPEED     7.7


SKY COVER
  POSSIBLE SUNSHINE  MM
  AVERAGE SKY COVER 0.2


WEATHER CONDITIONS
 THE FOLLOWING WEATHER WAS RECORDED YESTERDAY.
  NO SIGNIFICANT WEATHER WAS OBSERVED.


RELATIVE HUMIDITY (PERCENT)
 HIGHEST    85           200 AM
 LOWEST     32           500 PM
 AVERAGE    59

..........................................................


THE BURLEY ID CLIMATE NORMALS FOR TODAY
                         NORMAL    RECORD    YEAR
 MAXIMUM TEMPERATURE (F)   70        93      2015
 MINIMUM TEMPERATURE (F)   40        23      1970


SUNRISE AND SUNSET
SEPTEMBER 25 2017.....SUNRISE   726 AM MDT   SUNSET   726 PM MDT
SEPTEMBER 26 2017.....SUNRISE   727 AM MDT   SUNSET   725 PM MDT


-  INDICATES NEGATIVE NUMBERS.
R  INDICATES RECORD WAS SET OR TIED.
MM INDICATES DATA IS MISSING.
T  INDICATES TRACE AMOUNT.




$$
