000
CDUS45 KPIH 260738
CLIBYI


CLIMATE REPORT
NATIONAL WEATHER SERVICE POCATELLO ID
1235 AM MST MON JAN 26 2015


...................................

...THE BURLEY ID CLIMATE SUMMARY FOR JANUARY 25 2015...

CLIMATE NORMAL PERIOD 1981 TO 2010
CLIMATE RECORD PERIOD 1948 TO 2015


WEATHER ITEM   OBSERVED TIME   RECORD YEAR NORMAL DEPARTURE LAST
                VALUE   (LST)  VALUE       VALUE  FROM      YEAR
                                                  NORMAL
..................................................................
TEMPERATURE (F)
 YESTERDAY
  MAXIMUM         50    343 PM  58    1953  35     15       27
  MINIMUM         25    722 AM -27    1949  19      6       19
  AVERAGE         38                        27     11       23

PRECIPITATION (IN)
  YESTERDAY        0.00          0.64 1997   0.02  -0.02      T
  MONTH TO DATE    0.56                      0.76  -0.20     0.32
  SINCE OCT 1      2.61                      3.59  -0.98     0.93
  SINCE JAN 1      0.56                      0.76  -0.20     0.32

SNOWFALL (IN)
  YESTERDAY       MM
  MONTH TO DATE   MM
  SINCE DEC 1     MM
  SINCE JUL 1     MM
  SNOW DEPTH      MM

DEGREE DAYS
 HEATING
  YESTERDAY       27                        38    -11       42
  MONTH TO DATE  882                       962    -80      845
  SINCE DEC 1   1759                      2154   -395     2116
  SINCE JUL 1   3140                      3842   -702     3684

 COOLING
  YESTERDAY        0                         0      0        0
  MONTH TO DATE    0                         0      0        0
  SINCE DEC 1      0                         0      0        0
  SINCE JAN 1      0                         0      0        0
..................................................................


WIND (MPH)
  HIGHEST WIND SPEED    18   HIGHEST WIND DIRECTION    NE (50)
  HIGHEST GUST SPEED    28   HIGHEST GUST DIRECTION    NE (30)
  AVERAGE WIND SPEED     6.6


SKY COVER
  POSSIBLE SUNSHINE  MM
  AVERAGE SKY COVER 0.4


WEATHER CONDITIONS
 THE FOLLOWING WEATHER WAS RECORDED YESTERDAY.
  FOG


RELATIVE HUMIDITY (PERCENT)
 HIGHEST    92          1200 AM
 LOWEST     52           300 PM
 AVERAGE    72

..........................................................


THE BURLEY ID CLIMATE NORMALS FOR TODAY
                         NORMAL    RECORD    YEAR
 MAXIMUM TEMPERATURE (F)   36        55      1998
 MINIMUM TEMPERATURE (F)   19       -19      1949


SUNRISE AND SUNSET
JANUARY 26 2015.......SUNRISE   755 AM MST   SUNSET   541 PM MST
JANUARY 27 2015.......SUNRISE   754 AM MST   SUNSET   542 PM MST


-  INDICATES NEGATIVE NUMBERS.
R  INDICATES RECORD WAS SET OR TIED.
MM INDICATES DATA IS MISSING.
T  INDICATES TRACE AMOUNT.




$$
