890
CDUS45 KPIH 260735
CLIBYI


CLIMATE REPORT
NATIONAL WEATHER SERVICE POCATELLO ID
134 AM MDT TUE JUL 26 2016


...................................

...THE BURLEY ID CLIMATE SUMMARY FOR JULY 25 2016...

CLIMATE NORMAL PERIOD 1981 TO 2010
CLIMATE RECORD PERIOD 1948 TO 2016


WEATHER ITEM   OBSERVED TIME   RECORD YEAR NORMAL DEPARTURE LAST
                VALUE   (LST)  VALUE       VALUE  FROM      YEAR
                                                  NORMAL
..................................................................
TEMPERATURE (F)
 YESTERDAY
  MAXIMUM         93    400 PM 103    1994  87      6       86
  MINIMUM         47    508 AM  45    2014  55     -8       49
                                      1964
  AVERAGE         70                        71     -1       68

PRECIPITATION (IN)
  YESTERDAY        0.00          0.07 2003   0.01  -0.01     0.00
  MONTH TO DATE    0.24                      0.24   0.00     1.03
  SINCE OCT 1      8.17                      9.13  -0.96     8.25
  SINCE JAN 1      5.37                      6.30  -0.93     6.20

SNOWFALL (IN)
  YESTERDAY       MM
  MONTH TO DATE   MM
  SINCE JUN 1     MM
  SINCE JUL 1     MM
  SNOW DEPTH      MM

DEGREE DAYS
 HEATING
  YESTERDAY        0                         0      0        0
  MONTH TO DATE   26                        20      6        2
  SINCE JUN 1     76                       154    -78       28
  SINCE JUL 1     26                        20      6        2

 COOLING
  YESTERDAY        5                         6     -1        3
  MONTH TO DATE   84                       124    -40      138
  SINCE JUN 1    184                       171     13      286
  SINCE JAN 1    188                       177     11      291
..................................................................


WIND (MPH)
  HIGHEST WIND SPEED    10   HIGHEST WIND DIRECTION     W (260)
  HIGHEST GUST SPEED    16   HIGHEST GUST DIRECTION    NW (300)
  AVERAGE WIND SPEED     3.7


SKY COVER
  POSSIBLE SUNSHINE  MM
  AVERAGE SKY COVER 0.0


WEATHER CONDITIONS
 THE FOLLOWING WEATHER WAS RECORDED YESTERDAY.
  NO SIGNIFICANT WEATHER WAS OBSERVED.


RELATIVE HUMIDITY (PERCENT)
 HIGHEST    77           400 AM
 LOWEST     12           500 PM
 AVERAGE    45

..........................................................


THE BURLEY ID CLIMATE NORMALS FOR TODAY
                         NORMAL    RECORD    YEAR
 MAXIMUM TEMPERATURE (F)   87       103      1994
 MINIMUM TEMPERATURE (F)   55        45      1953


SUNRISE AND SUNSET
JULY 26 2016..........SUNRISE   622 AM MDT   SUNSET   901 PM MDT
JULY 27 2016..........SUNRISE   623 AM MDT   SUNSET   900 PM MDT


-  INDICATES NEGATIVE NUMBERS.
R  INDICATES RECORD WAS SET OR TIED.
MM INDICATES DATA IS MISSING.
T  INDICATES TRACE AMOUNT.




$$
