000
CDUS45 KPIH 312320
CLIBYI


CLIMATE REPORT
NATIONAL WEATHER SERVICE POCATELLO ID
520 PM MDT THU JUL 31 2014


...................................

...THE BURLEY ID CLIMATE SUMMARY FOR JULY 31 2014...
VALID TODAY AS OF 0500 PM LOCAL TIME.

CLIMATE NORMAL PERIOD 1981 TO 2010
CLIMATE RECORD PERIOD 1948 TO 2014


WEATHER ITEM   OBSERVED TIME   RECORD YEAR NORMAL DEPARTURE LAST
                VALUE   (LST)  VALUE       VALUE  FROM      YEAR
                                                  NORMAL
..................................................................
TEMPERATURE (F)
 TODAY
  MAXIMUM         89    240 PM 103    2000  87      2       95
  MINIMUM         54    557 AM  44    1995  54      0       58
  AVERAGE         72                        71      1       77

PRECIPITATION (IN)
  TODAY            0.00          0.24 1976   0.01  -0.01      T
  MONTH TO DATE    0.01                      0.30  -0.29     0.04
  SINCE OCT 1      7.38                      9.19  -1.81     5.93
  SINCE JAN 1      6.77                      6.36   0.41     2.33

SNOWFALL (IN)
  TODAY           MM
  MONTH TO DATE   MM
  SINCE JUN 1     MM
  SINCE JUL 1     MM
  SNOW DEPTH      MM

DEGREE DAYS
 HEATING
  TODAY            0                         0      0        0
  MONTH TO DATE    3                        20    -17        0
  SINCE JUN 1    107                       156    -49      101
  SINCE JUL 1      3                        22    -19        0

 COOLING
  TODAY            7                         6      1       12
  MONTH TO DATE  252                       160     92      278
  SINCE JUN 1    271                       207     64      364
  SINCE JAN 1    272                       213     59      374
..................................................................


WIND (MPH)
  HIGHEST WIND SPEED    15   HIGHEST WIND DIRECTION    NE (60)
  HIGHEST GUST SPEED    19   HIGHEST GUST DIRECTION    NE (50)
  AVERAGE WIND SPEED     6.3


SKY COVER
  POSSIBLE SUNSHINE  MM
  AVERAGE SKY COVER 0.0


WEATHER CONDITIONS
 THE FOLLOWING WEATHER WAS RECORDED TODAY.
  NO SIGNIFICANT WEATHER WAS OBSERVED.


RELATIVE HUMIDITY (PERCENT)
 HIGHEST    93           600 AM
 LOWEST     18           300 PM
 AVERAGE    56

..........................................................


THE BURLEY ID CLIMATE NORMALS FOR TOMORROW
                         NORMAL    RECORD    YEAR
 MAXIMUM TEMPERATURE (F)   87        98      1992
 MINIMUM TEMPERATURE (F)   54        40      1975


SUNRISE AND SUNSET
JULY 31 2014..........SUNRISE   626 AM MDT   SUNSET   856 PM MDT
AUGUST  1 2014........SUNRISE   627 AM MDT   SUNSET   855 PM MDT


-  INDICATES NEGATIVE NUMBERS.
R  INDICATES RECORD WAS SET OR TIED.
MM INDICATES DATA IS MISSING.
T  INDICATES TRACE AMOUNT.




$$
