000
CDUS45 KPIH 280729
CLIBYI


CLIMATE REPORT
NATIONAL WEATHER SERVICE POCATELLO ID
128 AM MDT SAT MAY 28 2016


...................................

...THE BURLEY ID CLIMATE SUMMARY FOR MAY 27 2016...

CLIMATE NORMAL PERIOD 1981 TO 2010
CLIMATE RECORD PERIOD 1948 TO 2016


WEATHER ITEM   OBSERVED TIME   RECORD YEAR NORMAL DEPARTURE LAST
                VALUE   (LST)  VALUE       VALUE  FROM      YEAR
                                                  NORMAL
..................................................................
TEMPERATURE (F)
 YESTERDAY
  MAXIMUM         65    530 PM  91    1958  70     -5       70
  MINIMUM         46   1149 PM  33    1965  44      2       49
  AVERAGE         56                        57     -1       60

PRECIPITATION (IN)
  YESTERDAY        0.00          0.86 2006   0.04  -0.04     0.06
  MONTH TO DATE    1.27                      1.23   0.04     3.65
  SINCE OCT 1      7.90                      7.86   0.04     7.22
  SINCE JAN 1      5.10                      5.03   0.07     5.17

SNOWFALL (IN)
  YESTERDAY       MM
  MONTH TO DATE   MM
  SINCE MAR 1     MM
  SINCE JUL 1     MM
  SNOW DEPTH      MM

DEGREE DAYS
 HEATING
  YESTERDAY        9                         8      1        5
  MONTH TO DATE  267                       311    -44      255
  SINCE MAR 1   1370                      1677   -307     1378
  SINCE JUL 1   5877                      6699   -822     5355

 COOLING
  YESTERDAY        0                         0      0        0
  MONTH TO DATE    4                         0      4        0
  SINCE MAR 1      4                         0      4        0
  SINCE JAN 1      4                         0      4        0
..................................................................


WIND (MPH)
  HIGHEST WIND SPEED    22   HIGHEST WIND DIRECTION     W (260)
  HIGHEST GUST SPEED    29   HIGHEST GUST DIRECTION     W (290)
  AVERAGE WIND SPEED    11.9


SKY COVER
  POSSIBLE SUNSHINE  MM
  AVERAGE SKY COVER 0.1


WEATHER CONDITIONS
 THE FOLLOWING WEATHER WAS RECORDED YESTERDAY.
  NO SIGNIFICANT WEATHER WAS OBSERVED.


RELATIVE HUMIDITY (PERCENT)
 HIGHEST    76           600 AM
 LOWEST     35           700 PM
 AVERAGE    56

..........................................................


THE BURLEY ID CLIMATE NORMALS FOR TODAY
                         NORMAL    RECORD    YEAR
 MAXIMUM TEMPERATURE (F)   71        97      2003
 MINIMUM TEMPERATURE (F)   44        28      1954


SUNRISE AND SUNSET
MAY 28 2016...........SUNRISE   602 AM MDT   SUNSET   903 PM MDT
MAY 29 2016...........SUNRISE   602 AM MDT   SUNSET   904 PM MDT


-  INDICATES NEGATIVE NUMBERS.
R  INDICATES RECORD WAS SET OR TIED.
MM INDICATES DATA IS MISSING.
T  INDICATES TRACE AMOUNT.




$$
