000
CDUS45 KPIH 030736
CLIBYI


CLIMATE REPORT
NATIONAL WEATHER SERVICE POCATELLO ID
1235 AM MST TUE MAR 3 2015


...................................

...THE BURLEY ID CLIMATE SUMMARY FOR MARCH 2 2015...

CLIMATE NORMAL PERIOD 1981 TO 2010
CLIMATE RECORD PERIOD 1948 TO 2015


WEATHER ITEM   OBSERVED TIME   RECORD YEAR NORMAL DEPARTURE LAST
                VALUE   (LST)  VALUE       VALUE  FROM      YEAR
                                                  NORMAL
..................................................................
TEMPERATURE (F)
 YESTERDAY
  MAXIMUM         49    425 PM  68    1994  46      3       54
  MINIMUM         16    553 AM   3    1976  25     -9       31
  AVERAGE         33                        35     -2       43

PRECIPITATION (IN)
  YESTERDAY        0.00          1.13 1989   0.04  -0.04     0.06
  MONTH TO DATE    0.00                      0.07  -0.07     0.40
  SINCE OCT 1      3.10                      4.58  -1.48     2.85
  SINCE JAN 1      1.05                      1.75  -0.70     2.24

SNOWFALL (IN)
  YESTERDAY       MM
  MONTH TO DATE   MM
  SINCE MAR 1     MM
  SINCE JUL 1     MM
  SNOW DEPTH      MM

DEGREE DAYS
 HEATING
  YESTERDAY       32                        30      2       22
  MONTH TO DATE   64                        60      4       46
  SINCE MAR 1     64                        60      4       46
  SINCE JUL 1   4041                      5082  -1041     4741

 COOLING
  YESTERDAY        0                         0      0        0
  MONTH TO DATE    0                         0      0        0
  SINCE MAR 1      0                         0      0        0
  SINCE JAN 1      0                         0      0        0
..................................................................


WIND (MPH)
  HIGHEST WIND SPEED    20   HIGHEST WIND DIRECTION    SW (240)
  HIGHEST GUST SPEED    27   HIGHEST GUST DIRECTION     W (250)
  AVERAGE WIND SPEED     6.9


SKY COVER
  POSSIBLE SUNSHINE  MM
  AVERAGE SKY COVER 0.1


WEATHER CONDITIONS
 THE FOLLOWING WEATHER WAS RECORDED YESTERDAY.
  NO SIGNIFICANT WEATHER WAS OBSERVED.


RELATIVE HUMIDITY (PERCENT)
 HIGHEST    80           600 AM
 LOWEST     28           400 PM
 AVERAGE    54

..........................................................


THE BURLEY ID CLIMATE NORMALS FOR TODAY
                         NORMAL    RECORD    YEAR
 MAXIMUM TEMPERATURE (F)   46        67      1994
 MINIMUM TEMPERATURE (F)   25         6      2002


SUNRISE AND SUNSET
MARCH  3 2015.........SUNRISE   708 AM MST   SUNSET   627 PM MST
MARCH  4 2015.........SUNRISE   706 AM MST   SUNSET   628 PM MST


-  INDICATES NEGATIVE NUMBERS.
R  INDICATES RECORD WAS SET OR TIED.
MM INDICATES DATA IS MISSING.
T  INDICATES TRACE AMOUNT.




$$
