207
CDUS45 KPIH 210733
CLIBYI


CLIMATE REPORT
NATIONAL WEATHER SERVICE POCATELLO ID
133 AM MDT FRI JUL 21 2017


...................................

...THE BURLEY ID CLIMATE SUMMARY FOR JULY 20 2017...

CLIMATE NORMAL PERIOD 1981 TO 2010
CLIMATE RECORD PERIOD 1948 TO 2017


WEATHER ITEM   OBSERVED TIME   RECORD YEAR NORMAL DEPARTURE LAST
                VALUE   (LST)  VALUE       VALUE  FROM      YEAR
                                                  NORMAL
..................................................................
TEMPERATURE (F)
 YESTERDAY
  MAXIMUM         87    425 PM 104    1960  87      0       89
  MINIMUM         57    354 AM  45    1983  54      3       52
  AVERAGE         72                        70      2       71

PRECIPITATION (IN)
  YESTERDAY        0.00          0.23 1965   0.01  -0.01     0.00
  MONTH TO DATE    T                         0.20  -0.20     0.24
  SINCE OCT 1     13.17                      9.09   4.08     8.17
  SINCE JAN 1      8.38                      6.26   2.12     5.37

SNOWFALL (IN)
  YESTERDAY       MM
  MONTH TO DATE   MM
  SINCE JUN 1     MM
  SINCE JUL 1     MM
  SNOW DEPTH      MM

DEGREE DAYS
 HEATING
  YESTERDAY        0                         0      0        0
  MONTH TO DATE    0                        20    -20       26
  SINCE JUN 1     77                       154    -77       76
  SINCE JUL 1      0                        20    -20       26

 COOLING
  YESTERDAY        7                         6      1        6
  MONTH TO DATE  185                        94     91       60
  SINCE JUN 1    256                       141    115      160
  SINCE JAN 1    261                       147    114      164
..................................................................


WIND (MPH)
  HIGHEST WIND SPEED    15   HIGHEST WIND DIRECTION     W (290)
  HIGHEST GUST SPEED    22   HIGHEST GUST DIRECTION     W (290)
  AVERAGE WIND SPEED     7.4


SKY COVER
  POSSIBLE SUNSHINE  MM
  AVERAGE SKY COVER 0.1


WEATHER CONDITIONS
 THE FOLLOWING WEATHER WAS RECORDED YESTERDAY.
  NO SIGNIFICANT WEATHER WAS OBSERVED.


RELATIVE HUMIDITY (PERCENT)
 HIGHEST    80           400 AM
 LOWEST     18           500 PM
 AVERAGE    49

..........................................................


THE BURLEY ID CLIMATE NORMALS FOR TODAY
                         NORMAL    RECORD    YEAR
 MAXIMUM TEMPERATURE (F)   87        99      2000
 MINIMUM TEMPERATURE (F)   55        38      1983


SUNRISE AND SUNSET
JULY 21 2017..........SUNRISE   617 AM MDT   SUNSET   906 PM MDT
JULY 22 2017..........SUNRISE   618 AM MDT   SUNSET   905 PM MDT


-  INDICATES NEGATIVE NUMBERS.
R  INDICATES RECORD WAS SET OR TIED.
MM INDICATES DATA IS MISSING.
T  INDICATES TRACE AMOUNT.




$$
