000
CDUS45 KPIH 200749
CLIBYI


CLIMATE REPORT
NATIONAL WEATHER SERVICE POCATELLO ID
1248 AM MST MON FEB 20 2017


...................................

...THE BURLEY ID CLIMATE SUMMARY FOR FEBRUARY 19 2017...

CLIMATE NORMAL PERIOD 1981 TO 2010
CLIMATE RECORD PERIOD 1948 TO 2017


WEATHER ITEM   OBSERVED TIME   RECORD YEAR NORMAL DEPARTURE LAST
                VALUE   (LST)  VALUE       VALUE  FROM      YEAR
                                                  NORMAL
..................................................................
TEMPERATURE (F)
 YESTERDAY
  MAXIMUM         52    338 PM  64    1995  41     11       55
  MINIMUM         34   1159 PM  -3    1984  22     12       35
  AVERAGE         43                        32     11       45

PRECIPITATION (IN)
  YESTERDAY        0.22          0.70 1986   0.03   0.19      T
  MONTH TO DATE    1.57                      0.50   1.07     0.25
  SINCE OCT 1      8.41                      4.24   4.17     4.13
  SINCE JAN 1      3.62                      1.41   2.21     1.33

SNOWFALL (IN)
  YESTERDAY       MM
  MONTH TO DATE   MM
  SINCE DEC 1     MM
  SINCE JUL 1     MM
  SNOW DEPTH      MM

DEGREE DAYS
 HEATING
  YESTERDAY       22                        33    -11       20
  MONTH TO DATE  519                       671   -152      562
  SINCE DEC 1   3118                      3049     69     2823
  SINCE JUL 1   4516                      4737   -221     4244

 COOLING
  YESTERDAY        0                         0      0        0
  MONTH TO DATE    0                         0      0        0
  SINCE DEC 1      0                         0      0        0
  SINCE JAN 1      0                         0      0        0
..................................................................


WIND (MPH)
  HIGHEST WIND SPEED    23   HIGHEST WIND DIRECTION     W (290)
  HIGHEST GUST SPEED    31   HIGHEST GUST DIRECTION     W (290)
  AVERAGE WIND SPEED     7.5


SKY COVER
  POSSIBLE SUNSHINE  MM
  AVERAGE SKY COVER 0.8


WEATHER CONDITIONS
 THE FOLLOWING WEATHER WAS RECORDED YESTERDAY.
  RAIN
  LIGHT RAIN
  FOG


RELATIVE HUMIDITY (PERCENT)
 HIGHEST    86           100 AM
 LOWEST     42           400 PM
 AVERAGE    64

..........................................................


THE BURLEY ID CLIMATE NORMALS FOR TODAY
                         NORMAL    RECORD    YEAR
 MAXIMUM TEMPERATURE (F)   42        69      1995
 MINIMUM TEMPERATURE (F)   23       -12      1984


SUNRISE AND SUNSET
FEBRUARY 20 2017......SUNRISE   724 AM MST   SUNSET   614 PM MST
FEBRUARY 21 2017......SUNRISE   723 AM MST   SUNSET   615 PM MST


-  INDICATES NEGATIVE NUMBERS.
R  INDICATES RECORD WAS SET OR TIED.
MM INDICATES DATA IS MISSING.
T  INDICATES TRACE AMOUNT.




$$
