000
CDUS45 KPIH 280742
CLIBYI


CLIMATE REPORT
NATIONAL WEATHER SERVICE POCATELLO ID
1239 AM MST SUN DEC 28 2014


...................................

...THE BURLEY ID CLIMATE SUMMARY FOR DECEMBER 27 2014...

CLIMATE NORMAL PERIOD 1981 TO 2010
CLIMATE RECORD PERIOD 1948 TO 2014


WEATHER ITEM   OBSERVED TIME   RECORD YEAR NORMAL DEPARTURE LAST
                VALUE   (LST)  VALUE       VALUE  FROM      YEAR
                                                  NORMAL
..................................................................
TEMPERATURE (F)
 YESTERDAY
  MAXIMUM         30    811 PM  61    1980  34     -4       43
  MINIMUM         15    447 AM  -5    1988  18     -3       18
  AVERAGE         23                        26     -3       31

PRECIPITATION (IN)
  YESTERDAY        T             0.50 1996   0.03  -0.03     0.00
  MONTH TO DATE    0.68                      0.99  -0.31     0.17
  SINCE OCT 1      2.02                      2.69  -0.67     0.61
  SINCE JAN 1     11.94                     10.00   1.94     4.69

SNOWFALL (IN)
  YESTERDAY       MM
  MONTH TO DATE   MM
  SINCE DEC 1     MM
  SINCE JUL 1     MM
  SNOW DEPTH      MM

DEGREE DAYS
 HEATING
  YESTERDAY       42                        39      3       34
  MONTH TO DATE  670                      1031   -361     1125
  SINCE DEC 1    670                      1031   -361     1125
  SINCE JUL 1   2051                      2719   -668     2693

 COOLING
  YESTERDAY        0                         0      0        0
  MONTH TO DATE    0                         0      0        0
  SINCE DEC 1      0                         0      0        0
  SINCE JAN 1    428                       365     63      642
..................................................................


WIND (MPH)
  HIGHEST WIND SPEED    21   HIGHEST WIND DIRECTION     W (250)
  HIGHEST GUST SPEED    25   HIGHEST GUST DIRECTION    SW (210)
  AVERAGE WIND SPEED    11.8


SKY COVER
  POSSIBLE SUNSHINE  MM
  AVERAGE SKY COVER 0.6


WEATHER CONDITIONS
 THE FOLLOWING WEATHER WAS RECORDED YESTERDAY.
  LIGHT SNOW
  FOG
  HAZE


RELATIVE HUMIDITY (PERCENT)
 HIGHEST    81          1200 AM
 LOWEST     58           300 PM
 AVERAGE    70

..........................................................


THE BURLEY ID CLIMATE NORMALS FOR TODAY
                         NORMAL    RECORD    YEAR
 MAXIMUM TEMPERATURE (F)   34        53      1949
 MINIMUM TEMPERATURE (F)   18        -6      1954


SUNRISE AND SUNSET
DECEMBER 28 2014......SUNRISE   804 AM MST   SUNSET   509 PM MST
DECEMBER 29 2014......SUNRISE   804 AM MST   SUNSET   510 PM MST


-  INDICATES NEGATIVE NUMBERS.
R  INDICATES RECORD WAS SET OR TIED.
MM INDICATES DATA IS MISSING.
T  INDICATES TRACE AMOUNT.




$$
