000
CDUS45 KTFX 251101
CLIBZN


CLIMATE REPORT
NATIONAL WEATHER SERVICE GREAT FALLS MT
459 AM MDT SUN SEP 25 2016


...................................

...THE BOZEMAN/GALLATIN FIELD MT CLIMATE SUMMARY FOR SEPTEMBER 24 2016...

CLIMATE NORMAL PERIOD 1981 TO 2010
CLIMATE RECORD PERIOD 1935 TO 2016


WEATHER ITEM   OBSERVED TIME   RECORD YEAR NORMAL DEPARTURE LAST
                VALUE   (LST)  VALUE       VALUE  FROM      YEAR
                                                  NORMAL
..................................................................
TEMPERATURE (F)
 YESTERDAY
  MAXIMUM         62    218 PM  91    2009  71     -9       80
  MINIMUM         37   1150 PM  16    2000  38     -1       41
  AVERAGE         50                        54     -4       61

PRECIPITATION (IN)
  YESTERDAY        0.00          0.41 1948   0.05  -0.05     0.00
  MONTH TO DATE    1.10                      0.88   0.22     1.05
  SINCE OCT 1     12.74                     13.76  -1.02    12.05
  SINCE JAN 1      9.89                     11.38  -1.49    10.12

SNOWFALL (IN)
  YESTERDAY        0.0           1.0  1958   0.0    0.0      0.0
  MONTH TO DATE    0.0                       0.2   -0.2      0.0
  SINCE SEP 1      0.0                       0.2   -0.2      0.0
  SINCE JUL 1      0.0                       0.2   -0.2      0.0
  SNOW DEPTH       0

DEGREE DAYS
 HEATING
  YESTERDAY       15                        11      4        4
  MONTH TO DATE  258                       166     92      182
  SINCE SEP 1    258                       166     92      182
  SINCE JUL 1    367                       233    134      281

 COOLING
  YESTERDAY        0                         0      0        0
  MONTH TO DATE   10                        20    -10        4
  SINCE SEP 1     10                        20    -10        4
  SINCE JAN 1    232                       366   -134      238
..................................................................


WIND (MPH)
  HIGHEST WIND SPEED    23   HIGHEST WIND DIRECTION     W (290)
  HIGHEST GUST SPEED    32   HIGHEST GUST DIRECTION    NW (320)
  AVERAGE WIND SPEED     7.8


SKY COVER
  AVERAGE SKY COVER 0.7


WEATHER CONDITIONS
 THE FOLLOWING WEATHER WAS RECORDED YESTERDAY.
  HAZE


RELATIVE HUMIDITY (PERCENT)
 HIGHEST    89
 LOWEST     36
 AVERAGE    63

..........................................................


THE BOZEMAN/GALLATIN FIELD MT CLIMATE NORMALS FOR TODAY
                         NORMAL    RECORD    YEAR
 MAXIMUM TEMPERATURE (F)   71        90      2015
                                             2014
                                             2011
 MINIMUM TEMPERATURE (F)   37        22      2000


SUNRISE AND SUNSET
SEPTEMBER 25 2016.....SUNRISE   716 AM MDT   SUNSET   715 PM MDT
SEPTEMBER 26 2016.....SUNRISE   717 AM MDT   SUNSET   713 PM MDT


-  INDICATES NEGATIVE NUMBERS.
R  INDICATES RECORD WAS SET OR TIED.
MM INDICATES DATA IS MISSING.
T  INDICATES TRACE AMOUNT.




$$
