023
CDUS45 KTFX 240914
CLIBZN


CLIMATE REPORT
NATIONAL WEATHER SERVICE GREAT FALLS MT
312 AM MDT FRI MAR 24 2017


...................................

...THE BOZEMAN/GALLATIN FIELD MT CLIMATE SUMMARY FOR MARCH 23 2017...

CLIMATE NORMAL PERIOD 1981 TO 2010
CLIMATE RECORD PERIOD 1935 TO 2017


WEATHER ITEM   OBSERVED TIME   RECORD YEAR NORMAL DEPARTURE LAST
                VALUE   (LST)  VALUE       VALUE  FROM      YEAR
                                                  NORMAL
..................................................................
TEMPERATURE (F)
 YESTERDAY
  MAXIMUM         55    357 PM  72    2004  52      3       47
  MINIMUM         30   1146 PM -13    1965  26      4       27
  AVERAGE         43                        39      4       37

PRECIPITATION (IN)
  YESTERDAY        0.00          0.35 1972   0.04  -0.04     0.02
  MONTH TO DATE    0.83                      0.63   0.20     0.46
  SINCE OCT 1      4.73                      3.92   0.81     3.90
  SINCE JAN 1      1.40                      1.54  -0.14     1.05

SNOWFALL (IN)
  YESTERDAY        0.0           3.8  1955   0.2   -0.2       T
  MONTH TO DATE    1.8                       5.5   -3.7       T
  SINCE MAR 1      1.8                       5.5   -3.7       T
  SINCE JUL 1     41.0                      27.8   13.2     23.6
  SNOW DEPTH       0

DEGREE DAYS
 HEATING
  YESTERDAY       22                        26     -4       28
  MONTH TO DATE  543                       686   -143      619
  SINCE MAR 1    543                       686   -143      619
  SINCE JUL 1   6736                      6266    470     6304

 COOLING
  YESTERDAY        0                         0      0        0
  MONTH TO DATE    0                         0      0        0
  SINCE MAR 1      0                         0      0        0
  SINCE JAN 1      0                         0      0        0
..................................................................


WIND (MPH)
  HIGHEST WIND SPEED    15   HIGHEST WIND DIRECTION    NW (310)
  HIGHEST GUST SPEED    18   HIGHEST GUST DIRECTION    NW (300)
  AVERAGE WIND SPEED     5.4


SKY COVER
  AVERAGE SKY COVER 0.5


WEATHER CONDITIONS
 THE FOLLOWING WEATHER WAS RECORDED YESTERDAY.
  NO SIGNIFICANT WEATHER WAS OBSERVED.


RELATIVE HUMIDITY (PERCENT)
 HIGHEST    92
 LOWEST     32
 AVERAGE    62

..........................................................


THE BOZEMAN/GALLATIN FIELD MT CLIMATE NORMALS FOR TODAY
                         NORMAL    RECORD    YEAR
 MAXIMUM TEMPERATURE (F)   53        74      2007
 MINIMUM TEMPERATURE (F)   26       -24      1965


SUNRISE AND SUNSET
MARCH 24 2017.........SUNRISE   719 AM MDT   SUNSET   743 PM MDT
MARCH 25 2017.........SUNRISE   717 AM MDT   SUNSET   744 PM MDT


-  INDICATES NEGATIVE NUMBERS.
R  INDICATES RECORD WAS SET OR TIED.
MM INDICATES DATA IS MISSING.
T  INDICATES TRACE AMOUNT.




$$
