000
CDUS45 KTFX 182230
CLIBZN


CLIMATE REPORT
NATIONAL WEATHER SERVICE GREAT FALLS MT
430 PM MDT FRI AUG 18 2017


...................................

...THE BOZEMAN/GALLATIN FIELD MT CLIMATE SUMMARY FOR AUGUST 18 2017...
VALID TODAY AS OF 0400 PM LOCAL TIME.

CLIMATE NORMAL PERIOD 1981 TO 2010
CLIMATE RECORD PERIOD 1935 TO 2017


WEATHER ITEM   OBSERVED TIME   RECORD YEAR NORMAL DEPARTURE LAST
                VALUE   (LST)  VALUE       VALUE  FROM      YEAR
                                                  NORMAL
..................................................................
TEMPERATURE (F)
 TODAY
  MAXIMUM         87    259 PM  98    1964  87      0       78
  MINIMUM         45    308 AM  35    1987  49     -4       50
  AVERAGE         66                        68     -2       64

PRECIPITATION (IN)
  TODAY            0.00          0.62 2016   0.03  -0.03     0.62
  MONTH TO DATE    0.12                      0.61  -0.49     0.74
  SINCE OCT 1     11.70                     12.41  -0.71    11.27
  SINCE JAN 1      8.37                     10.03  -1.66     8.42

SNOWFALL (IN)
  TODAY            0.0           0.0  1999   0.0    0.0      0.0
                                      1994
  MONTH TO DATE    0.0                       0.0    0.0      0.0
  SINCE JUN 1      0.0                       0.0    0.0      0.0
  SINCE JUL 1      0.0                       0.0    0.0      0.0

DEGREE DAYS
 HEATING
  TODAY            0                         1     -1        1
  MONTH TO DATE    6                        12     -6       14
  SINCE JUN 1    170                       181    -11      155
  SINCE JUL 1      6                        40    -34       56

 COOLING
  TODAY            1                         4     -3        0
  MONTH TO DATE   31                        98    -67       36
  SINCE JUN 1    252                       302    -50      206
  SINCE JAN 1    252                       306    -54      206
..................................................................


WIND (MPH)
  HIGHEST WIND SPEED    12   HIGHEST WIND DIRECTION    NE (30)
  HIGHEST GUST SPEED    18   HIGHEST GUST DIRECTION     N (10)
  AVERAGE WIND SPEED     4.3


SKY COVER
  AVERAGE SKY COVER 0.0


WEATHER CONDITIONS
 THE FOLLOWING WEATHER WAS RECORDED TODAY.
  HAZE


RELATIVE HUMIDITY (PERCENT)
 HIGHEST    76           300 AM
 LOWEST     14           300 PM
 AVERAGE    45

..........................................................


THE BOZEMAN/GALLATIN FIELD MT CLIMATE NORMALS FOR TOMORROW
                         NORMAL    RECORD    YEAR
 MAXIMUM TEMPERATURE (F)   87        99      2008
 MINIMUM TEMPERATURE (F)   49        33      1996


SUNRISE AND SUNSET
AUGUST 18 2017........SUNRISE   629 AM MDT   SUNSET   827 PM MDT
AUGUST 19 2017........SUNRISE   630 AM MDT   SUNSET   825 PM MDT


-  INDICATES NEGATIVE NUMBERS.
R  INDICATES RECORD WAS SET OR TIED.
MM INDICATES DATA IS MISSING.
T  INDICATES TRACE AMOUNT.




$$
