000
CDUS45 KTFX 302216
CLIBZN


CLIMATE REPORT
NATIONAL WEATHER SERVICE GREAT FALLS MT
415 PM MDT SAT AUG 30 2014


...................................

...THE BOZEMAN/GALLATIN FIELD MT CLIMATE SUMMARY FOR AUGUST 30 2014...
VALID TODAY AS OF 0400 PM LOCAL TIME.

CLIMATE NORMAL PERIOD 1981 TO 2010
CLIMATE RECORD PERIOD 1935 TO 2014


WEATHER ITEM   OBSERVED TIME   RECORD YEAR NORMAL DEPARTURE LAST
                VALUE   (LST)  VALUE       VALUE  FROM      YEAR
                                                  NORMAL
..................................................................
TEMPERATURE (F)
 TODAY
  MAXIMUM         69   1200 AM  95    2007  83    -14       91
                                      1954
  MINIMUM         54        MM  30    1993  46      8       52
  AVERAGE         62                        64     -2       72

PRECIPITATION (IN)
  TODAY            0.33          0.43 1977   0.03   0.30     0.00
  MONTH TO DATE    2.77                      1.04   1.73     1.00
  SINCE OCT 1     13.20                     12.84   0.36    10.61
  SINCE JAN 1     12.15                     10.46   1.69     8.30

SNOWFALL (IN)
  TODAY            0.0           0.0  1998   0.0    0.0      0.0
                                      1994
  MONTH TO DATE    0.0                       0.0    0.0      0.0
  SINCE JUN 1      0.0                       0.0    0.0      0.0
  SINCE JUL 1      0.0                       0.0    0.0      0.0
  SNOW DEPTH       0

DEGREE DAYS
 HEATING
  TODAY            3                         3      0        0
  MONTH TO DATE   65                        36     29        1
  SINCE JUN 1    314                       205    109      170
  SINCE JUL 1     78                        64     14        3

 COOLING
  TODAY            0                         2     -2        7
  MONTH TO DATE   59                       136    -77       97
  SINCE JUN 1    182                       340   -158      259
  SINCE JAN 1    182                       344   -162      261
..................................................................


WIND (MPH)
  HIGHEST WIND SPEED    14   HIGHEST WIND DIRECTION     W (290)
  HIGHEST GUST SPEED    17   HIGHEST GUST DIRECTION     S (200)
  AVERAGE WIND SPEED     6.2


SKY COVER
  AVERAGE SKY COVER 0.6


WEATHER CONDITIONS
 THE FOLLOWING WEATHER WAS RECORDED TODAY.
  THUNDERSTORM
  HEAVY RAIN
  RAIN
  LIGHT RAIN
  FOG


RELATIVE HUMIDITY (PERCENT)
 HIGHEST    86           700 AM
 LOWEST     37          1200 AM
 AVERAGE    62

..........................................................


THE BOZEMAN/GALLATIN FIELD MT CLIMATE NORMALS FOR TOMORROW
                         NORMAL    RECORD    YEAR
 MAXIMUM TEMPERATURE (F)   82        97      1991
 MINIMUM TEMPERATURE (F)   46        32      1993


SUNRISE AND SUNSET
AUGUST 30 2014........SUNRISE   643 AM MDT   SUNSET   806 PM MDT
AUGUST 31 2014........SUNRISE   644 AM MDT   SUNSET   804 PM MDT


-  INDICATES NEGATIVE NUMBERS.
R  INDICATES RECORD WAS SET OR TIED.
MM INDICATES DATA IS MISSING.
T  INDICATES TRACE AMOUNT.




$$
