000
CDUS45 KTFX 022230
CLIBZN


CLIMATE REPORT
NATIONAL WEATHER SERVICE GREAT FALLS MT
430 PM MDT MON MAY 2 2016


...................................

...THE BOZEMAN/GALLATIN FIELD MT CLIMATE SUMMARY FOR MAY 2 2016...
VALID TODAY AS OF 0400 PM LOCAL TIME.

CLIMATE NORMAL PERIOD 1981 TO 2010
CLIMATE RECORD PERIOD 1935 TO 2016


WEATHER ITEM   OBSERVED TIME   RECORD YEAR NORMAL DEPARTURE LAST
                VALUE   (LST)  VALUE       VALUE  FROM      YEAR
                                                  NORMAL
..................................................................
TEMPERATURE (F)
 TODAY
  MAXIMUM         69    255 PM  85    1947  64      5       70
                                      1944
  MINIMUM         26    502 AM  18    2013  35     -9       40
                                      1954
  AVERAGE         48                        50     -2       55

PRECIPITATION (IN)
  TODAY            0.00          0.44 1948   0.07  -0.07     0.00
  MONTH TO DATE    0.00                      0.13  -0.13     0.00
  SINCE OCT 1      5.24                      5.96  -0.72     4.56
  SINCE JAN 1      2.39                      3.58  -1.19     2.63

SNOWFALL (IN)
  TODAY            0.0           4.0  1948   0.2   -0.2      0.0
  MONTH TO DATE    0.0                       0.3   -0.3      0.0
  SINCE MAR 1      2.1                      15.5  -13.4      7.0
  SINCE JUL 1     25.7                      37.8  -12.1     37.4

DEGREE DAYS
 HEATING
  TODAY           17                        15      2       10
  MONTH TO DATE   35                        31      4       24
  SINCE MAR 1   1409                      1512   -103     1466
  SINCE JUL 1   7094                      7092      2     7048

 COOLING
  TODAY            0                         0      0        0
  MONTH TO DATE    0                         0      0        0
  SINCE MAR 1      0                         0      0        0
  SINCE JAN 1      0                         0      0        0
..................................................................


WIND (MPH)
  HIGHEST WIND SPEED    10   HIGHEST WIND DIRECTION     S (190)
  HIGHEST GUST SPEED    11   HIGHEST GUST DIRECTION     W (260)
  AVERAGE WIND SPEED     3.3


SKY COVER
  AVERAGE SKY COVER 0.0


WEATHER CONDITIONS
 THE FOLLOWING WEATHER WAS RECORDED TODAY.
  NO SIGNIFICANT WEATHER WAS OBSERVED.


RELATIVE HUMIDITY (PERCENT)
 HIGHEST    82           600 AM
 LOWEST     22           300 PM
 AVERAGE    52

..........................................................


THE BOZEMAN/GALLATIN FIELD MT CLIMATE NORMALS FOR TOMORROW
                         NORMAL    RECORD    YEAR
 MAXIMUM TEMPERATURE (F)   65        80      1985
 MINIMUM TEMPERATURE (F)   35        19      2001


SUNRISE AND SUNSET
MAY  2 2016...........SUNRISE   610 AM MDT   SUNSET   834 PM MDT
MAY  3 2016...........SUNRISE   608 AM MDT   SUNSET   835 PM MDT


-  INDICATES NEGATIVE NUMBERS.
R  INDICATES RECORD WAS SET OR TIED.
MM INDICATES DATA IS MISSING.
T  INDICATES TRACE AMOUNT.




$$
