000
CDUS45 KTFX 131144
CLIBZN


CLIMATE REPORT
NATIONAL WEATHER SERVICE GREAT FALLS MT
443 AM MST SAT FEB 13 2016


...................................

...THE BOZEMAN/GALLATIN FIELD MT CLIMATE SUMMARY FOR FEBRUARY 12 2016...

CLIMATE NORMAL PERIOD 1981 TO 2010
CLIMATE RECORD PERIOD 1935 TO 2016


WEATHER ITEM   OBSERVED TIME   RECORD YEAR NORMAL DEPARTURE LAST
                VALUE   (LST)  VALUE       VALUE  FROM      YEAR
                                                  NORMAL
..................................................................
TEMPERATURE (F)
 YESTERDAY
  MAXIMUM         44    513 PM  58    1983  39      5       57
  MINIMUM         30   1040 PM -36    1949  14     16       28
  AVERAGE         37                        26     11       43

PRECIPITATION (IN)
  YESTERDAY        T             0.25 1936   0.01  -0.01     0.00
  MONTH TO DATE    T                         0.16  -0.16     0.04
  SINCE OCT 1      3.21                      3.02   0.19     2.19
  SINCE JAN 1      0.36                      0.64  -0.28     0.26

SNOWFALL (IN)
  YESTERDAY        0.0           2.4  1990   0.1   -0.1      0.0
  MONTH TO DATE    T                         1.9   -1.9      0.4
  SINCE DEC 1     17.0                      11.9    5.1     13.3
  SINCE JUL 1     23.6                      19.3    4.3     28.9
  SNOW DEPTH       7

DEGREE DAYS
 HEATING
  YESTERDAY       28                        39    -11       22
  MONTH TO DATE  490                       474     16      313
  SINCE DEC 1   3241                      3115    126     2857
  SINCE JUL 1   5205                      4996    209     4984

 COOLING
  YESTERDAY        0                         0      0        0
  MONTH TO DATE    0                         0      0        0
  SINCE DEC 1      0                         0      0        0
  SINCE JAN 1      0                         0      0        0
..................................................................


WIND (MPH)
  HIGHEST WIND SPEED    10   HIGHEST WIND DIRECTION    NW (320)
  HIGHEST GUST SPEED    12   HIGHEST GUST DIRECTION    NW (320)
  AVERAGE WIND SPEED     3.4


SKY COVER
  AVERAGE SKY COVER 0.7


WEATHER CONDITIONS
 THE FOLLOWING WEATHER WAS RECORDED YESTERDAY.
  LIGHT RAIN
  FOG


RELATIVE HUMIDITY (PERCENT)
 HIGHEST    96
 LOWEST     70
 AVERAGE    83

..........................................................


THE BOZEMAN/GALLATIN FIELD MT CLIMATE NORMALS FOR TODAY
                         NORMAL    RECORD    YEAR
 MAXIMUM TEMPERATURE (F)   39        61      2015
 MINIMUM TEMPERATURE (F)   14       -38      1949


SUNRISE AND SUNSET
FEBRUARY 13 2016......SUNRISE   730 AM MST   SUNSET   548 PM MST
FEBRUARY 14 2016......SUNRISE   729 AM MST   SUNSET   549 PM MST


-  INDICATES NEGATIVE NUMBERS.
R  INDICATES RECORD WAS SET OR TIED.
MM INDICATES DATA IS MISSING.
T  INDICATES TRACE AMOUNT.




$$
