000
CDUS45 KTFX 241003
CLIBZN


CLIMATE REPORT
NATIONAL WEATHER SERVICE GREAT FALLS MT
402 AM MDT SUN MAY 24 2015


...................................

...THE BOZEMAN/GALLATIN FIELD MT CLIMATE SUMMARY FOR MAY 23 2015...

CLIMATE NORMAL PERIOD 1981 TO 2010
CLIMATE RECORD PERIOD 1935 TO 2015


WEATHER ITEM   OBSERVED TIME   RECORD YEAR NORMAL DEPARTURE LAST
                VALUE   (LST)  VALUE       VALUE  FROM      YEAR
                                                  NORMAL
..................................................................
TEMPERATURE (F)
 YESTERDAY
  MAXIMUM         58    333 PM  85    1985  70    -12       82
  MINIMUM         47   1159 PM  26    1986  41      6       42
  AVERAGE         53                        56     -3       62

PRECIPITATION (IN)
  YESTERDAY        0.18          0.63 1965   0.09   0.09     0.00
  MONTH TO DATE    2.00                      1.70   0.30     1.52
  SINCE OCT 1      6.56                      7.53  -0.97     5.95
  SINCE JAN 1      4.63                      5.15  -0.52     4.90

SNOWFALL (IN)
  YESTERDAY        0.0           0.3  1964   0.0    0.0      0.0
  MONTH TO DATE    0.0                       2.1   -2.1       T
  SINCE MAR 1      7.0                      17.3  -10.3      7.3
  SINCE JUL 1     37.4                      39.6   -2.2     32.3
  SNOW DEPTH       0

DEGREE DAYS
 HEATING
  YESTERDAY       12                        10      2        3
  MONTH TO DATE  373                       288     85      362
  SINCE MAR 1   1815                      1769     46     2005
  SINCE JUL 1   7397                      7349     48     8020

 COOLING
  YESTERDAY        0                         0      0        0
  MONTH TO DATE    0                         0      0        0
  SINCE MAR 1      0                         0      0        0
  SINCE JAN 1      0                         0      0        0
..................................................................


WIND (MPH)
  HIGHEST WIND SPEED    13   HIGHEST WIND DIRECTION     N (340)
  HIGHEST GUST SPEED    17   HIGHEST GUST DIRECTION    NE (30)
  AVERAGE WIND SPEED     4.0


SKY COVER
  AVERAGE SKY COVER 1.0


WEATHER CONDITIONS
 THE FOLLOWING WEATHER WAS RECORDED YESTERDAY.
  LIGHT RAIN
  FOG


RELATIVE HUMIDITY (PERCENT)
 HIGHEST    93
 LOWEST     77
 AVERAGE    85

..........................................................


THE BOZEMAN/GALLATIN FIELD MT CLIMATE NORMALS FOR TODAY
                         NORMAL    RECORD    YEAR
 MAXIMUM TEMPERATURE (F)   71        87      1988
 MINIMUM TEMPERATURE (F)   41        28      1989


SUNRISE AND SUNSET
MAY 24 2015...........SUNRISE   544 AM MDT   SUNSET   859 PM MDT
MAY 25 2015...........SUNRISE   543 AM MDT   SUNSET   900 PM MDT


-  INDICATES NEGATIVE NUMBERS.
R  INDICATES RECORD WAS SET OR TIED.
MM INDICATES DATA IS MISSING.
T  INDICATES TRACE AMOUNT.




$$
