000
CDUS45 KTFX 272323
CLIBZN


CLIMATE REPORT
NATIONAL WEATHER SERVICE GREAT FALLS MT
422 PM MST FRI FEB 27 2015


...................................

...THE BOZEMAN/GALLATIN FIELD MT CLIMATE SUMMARY FOR FEBRUARY 27 2015...
VALID TODAY AS OF 0400 PM LOCAL TIME.

CLIMATE NORMAL PERIOD 1981 TO 2010
CLIMATE RECORD PERIOD 1935 TO 2015


WEATHER ITEM   OBSERVED TIME   RECORD YEAR NORMAL DEPARTURE LAST
                VALUE   (LST)  VALUE       VALUE  FROM      YEAR
                                                  NORMAL
..................................................................
TEMPERATURE (F)
 TODAY
  MAXIMUM         28    239 PM  59    1992  43    -15       27
  MINIMUM          4    659 AM -29    1962  18    -14        3
  AVERAGE         16                        30    -14       15

PRECIPITATION (IN)
  TODAY            0.00          0.14 1989   0.02  -0.02     0.13
  MONTH TO DATE    0.15                      0.41  -0.26     0.64
  SINCE OCT 1      2.30                      3.27  -0.97     1.98
  SINCE JAN 1      0.37                      0.89  -0.52     0.93

SNOWFALL (IN)
  TODAY            0.0           3.2  1955   0.2   -0.2      1.0
  MONTH TO DATE    1.9                       4.7   -2.8     11.7
  SINCE DEC 1     14.8                      14.7    0.1     23.5
  SINCE JUL 1     30.4                      22.1    8.3     24.0
  SNOW DEPTH       0

DEGREE DAYS
 HEATING
  TODAY           49                        35     14       50
  MONTH TO DATE  866                      1025   -159     1338
  SINCE DEC 1   3410                      3666   -256     3992
  SINCE JUL 1   5537                      5547    -10     5964

 COOLING
  TODAY            0                         0      0        0
  MONTH TO DATE    0                         0      0        0
  SINCE DEC 1      0                         0      0        0
  SINCE JAN 1      0                         0      0        0
..................................................................


WIND (MPH)
  HIGHEST WIND SPEED     8   HIGHEST WIND DIRECTION     W (280)
  HIGHEST GUST SPEED    13   HIGHEST GUST DIRECTION     W (270)
  AVERAGE WIND SPEED     3.1


SKY COVER
  AVERAGE SKY COVER 0.1


WEATHER CONDITIONS
 THE FOLLOWING WEATHER WAS RECORDED TODAY.
  NO SIGNIFICANT WEATHER WAS OBSERVED.


RELATIVE HUMIDITY (PERCENT)
 HIGHEST    86           700 AM
 LOWEST     50           200 PM
 AVERAGE    68

..........................................................


THE BOZEMAN/GALLATIN FIELD MT CLIMATE NORMALS FOR TOMORROW
                         NORMAL    RECORD    YEAR
 MAXIMUM TEMPERATURE (F)   43        64      1992
 MINIMUM TEMPERATURE (F)   18       -28      1996


SUNRISE AND SUNSET
FEBRUARY 27 2015......SUNRISE   707 AM MST   SUNSET   608 PM MST
FEBRUARY 28 2015......SUNRISE   705 AM MST   SUNSET   610 PM MST


-  INDICATES NEGATIVE NUMBERS.
R  INDICATES RECORD WAS SET OR TIED.
MM INDICATES DATA IS MISSING.
T  INDICATES TRACE AMOUNT.




$$
