027
CDUS45 KTFX 250949
CLIBZN


CLIMATE REPORT
NATIONAL WEATHER SERVICE GREAT FALLS MT
348 AM MDT MON JUL 25 2016


...................................

...THE BOZEMAN/GALLATIN FIELD MT CLIMATE SUMMARY FOR JULY 24 2016...

CLIMATE NORMAL PERIOD 1981 TO 2010
CLIMATE RECORD PERIOD 1935 TO 2016


WEATHER ITEM   OBSERVED TIME   RECORD YEAR NORMAL DEPARTURE LAST
                VALUE   (LST)  VALUE       VALUE  FROM      YEAR
                                                  NORMAL
..................................................................
TEMPERATURE (F)
 YESTERDAY
  MAXIMUM         86    642 PM  99    1963  90     -4       85
  MINIMUM         45    520 AM  40    1964  52     -7       48
  AVERAGE         66                        71     -5       67

PRECIPITATION (IN)
  YESTERDAY        0.00          0.52 1959   0.03  -0.03     0.00
  MONTH TO DATE    1.25                      0.92   0.33     1.21
  SINCE OCT 1     10.17                     11.60  -1.43     9.70
  SINCE JAN 1      7.32                      9.22  -1.90     7.77

SNOWFALL (IN)
  YESTERDAY        0.0           0.0  1998   0.0    0.0      0.0
                                      1994
  MONTH TO DATE    0.0                       0.0    0.0      0.0
  SINCE JUN 1      0.0                       0.0    0.0      0.0
  SINCE JUL 1      0.0                       0.0    0.0      0.0
  SNOW DEPTH       0

DEGREE DAYS
 HEATING
  YESTERDAY        0                         0      0        0
  MONTH TO DATE   42                        27     15        9
  SINCE JUN 1    141                       168    -27       81
  SINCE JUL 1     42                        27     15        9

 COOLING
  YESTERDAY        1                         6     -5        2
  MONTH TO DATE   69                       120    -51       65
  SINCE JUN 1    124                       158    -34      135
  SINCE JAN 1    124                       162    -38      135
..................................................................


WIND (MPH)
  HIGHEST WIND SPEED    12   HIGHEST WIND DIRECTION    SE (130)
  HIGHEST GUST SPEED    16   HIGHEST GUST DIRECTION    NW (300)
  AVERAGE WIND SPEED     5.0


SKY COVER
  AVERAGE SKY COVER 0.0


WEATHER CONDITIONS
 THE FOLLOWING WEATHER WAS RECORDED YESTERDAY.
  NO SIGNIFICANT WEATHER WAS OBSERVED.


RELATIVE HUMIDITY (PERCENT)
 HIGHEST    80
 LOWEST     19
 AVERAGE    50

..........................................................


THE BOZEMAN/GALLATIN FIELD MT CLIMATE NORMALS FOR TODAY
                         NORMAL    RECORD    YEAR
 MAXIMUM TEMPERATURE (F)   90       100      1945
 MINIMUM TEMPERATURE (F)   52        38      1948


SUNRISE AND SUNSET
JULY 25 2016..........SUNRISE   600 AM MDT   SUNSET   901 PM MDT
JULY 26 2016..........SUNRISE   601 AM MDT   SUNSET   900 PM MDT


-  INDICATES NEGATIVE NUMBERS.
R  INDICATES RECORD WAS SET OR TIED.
MM INDICATES DATA IS MISSING.
T  INDICATES TRACE AMOUNT.




$$
