000
CDUS45 KTFX 290939
CLIBZN


CLIMATE REPORT
NATIONAL WEATHER SERVICE GREAT FALLS MT
235 AM MST MON DEC 29 2014


...................................

...THE BOZEMAN/GALLATIN FIELD MT CLIMATE SUMMARY FOR DECEMBER 28 2014...

CLIMATE NORMAL PERIOD 1981 TO 2010
CLIMATE RECORD PERIOD 1935 TO 2014


WEATHER ITEM   OBSERVED TIME   RECORD YEAR NORMAL DEPARTURE
                VALUE   (LST)  VALUE       VALUE  FROM
                                                  NORMAL
...............................................................
TEMPERATURE (F)
 YESTERDAY
  MAXIMUM         28   1213 PM  51    1945  33     -5
  MINIMUM          9   1152 PM -32    1983   9      0
  AVERAGE         19                        21     -2

PRECIPITATION (IN)
  YESTERDAY        0.06          0.35 2001   0.01   0.05
  MONTH TO DATE    0.59                      0.47   0.12
  SINCE OCT 1      1.93                      2.33  -0.40
  SINCE JAN 1     15.54                     13.94   1.60

SNOWFALL (IN)
  YESTERDAY       MM             5.6  1947   0.2   MM
  MONTH TO DATE    7.1                       5.6    1.5
  SINCE DEC 1      7.1                       5.6    1.5
  SINCE JUL 1     22.7                      13.0    9.7
  SNOW DEPTH       6

DEGREE DAYS
 HEATING
  YESTERDAY       46                                2
  MONTH TO DATE 1078                             -147
  SINCE DEC 1   1078                             -147
  SINCE JUL 1   3205                               99

 COOLING
  YESTERDAY        0                                0
  MONTH TO DATE    0                                0
  SINCE DEC 1      0                                0
  SINCE JAN 1    187                             -181
...............................................................


WIND (MPH)
  HIGHEST WIND SPEED    17   HIGHEST WIND DIRECTION     W (260)
  HIGHEST GUST SPEED    22   HIGHEST GUST DIRECTION    NW (320)
  AVERAGE WIND SPEED     6.1



WEATHER CONDITIONS
 THE FOLLOWING WEATHER WAS RECORDED YESTERDAY.
  SNOW
  LIGHT SNOW
  FOG


RELATIVE HUMIDITY (PERCENT)
 HIGHEST   100
 LOWEST     73
 AVERAGE    87

..........................................................


THE BOZEMAN/GALLATIN FIELD MT CLIMATE NORMALS FOR TODAY
                         NORMAL    RECORD    YEAR
 MAXIMUM TEMPERATURE (F)   34        55      1949
 MINIMUM TEMPERATURE (F)    9       -38      1990


SUNRISE AND SUNSET
DECEMBER 29 2014......SUNRISE   805 AM MST   SUNSET   448 PM MST
DECEMBER 30 2014......SUNRISE   806 AM MST   SUNSET   449 PM MST


-  INDICATES NEGATIVE NUMBERS.
R  INDICATES RECORD WAS SET OR TIED.
MM INDICATES DATA IS MISSING.
T  INDICATES TRACE AMOUNT.




$$
