000
CDUS42 KCAE 012134
CLICAE


CLIMATE REPORT
NATIONAL WEATHER SERVICE COLUMBIA SC
532 PM EDT MON JUN 1 2015


...................................

...THE COLUMBIA METRO AIRPORT SC CLIMATE SUMMARY FOR JUNE 1 2015...
VALID TODAY AS OF 0500 PM LOCAL TIME.

CLIMATE NORMAL PERIOD 1981 TO 2010
CLIMATE RECORD PERIOD 1887 TO 2015


WEATHER ITEM   OBSERVED TIME   RECORD YEAR NORMAL DEPARTURE LAST
                VALUE   (LST)  VALUE       VALUE  FROM      YEAR
                                                  NORMAL
..................................................................
TEMPERATURE (F)
 TODAY
  MAXIMUM         89   1107 AM 101    1953  87      2       83
  MINIMUM         70    551 AM  44    1984  65      5       66
  AVERAGE         80                        76      4       75

PRECIPITATION (IN)
  TODAY            1.08          1.79 1962   0.13   0.95     0.00
  MONTH TO DATE    1.08                      0.13   0.95     0.00
  SINCE JUN 1      1.08                      0.13   0.95     0.00
  SINCE JAN 1     16.96                     16.64   0.32    18.96

SNOWFALL (IN)
  TODAY            0.0          MM      MM   0.0             0.0
  MONTH TO DATE    0.0                       0.0             0.0
  SINCE JUN 1      0.0                       0.0             0.0
  SINCE JUL 1      T                         1.5             4.2

DEGREE DAYS
 HEATING
  TODAY            0                         0      0        0
  MONTH TO DATE    0                         0      0        0
  SINCE JUN 1      0                         0      0        0
  SINCE JUL 1   2463                      2551    -88     2560

 COOLING
  TODAY           15                        11      4       10
  MONTH TO DATE   15                        11      4       10
  SINCE JUN 1     15                        11      4       10
  SINCE JAN 1    436                       332    104      424
..................................................................


WIND (MPH)
  HIGHEST WIND SPEED    21   HIGHEST WIND DIRECTION     W (270)
  HIGHEST GUST SPEED    24   HIGHEST GUST DIRECTION     W (270)
  AVERAGE WIND SPEED     3.9


SKY COVER
  AVERAGE SKY COVER 0.6


WEATHER CONDITIONS
 THE FOLLOWING WEATHER WAS RECORDED TODAY.
  THUNDERSTORM
  HEAVY RAIN
  RAIN
  LIGHT RAIN
  FOG


RELATIVE HUMIDITY (PERCENT)
 HIGHEST    84           300 PM
 LOWEST     46          1100 AM
 AVERAGE    65

..........................................................


THE COLUMBIA METRO AIRPORT SC CLIMATE NORMALS FOR TOMORROW
                         NORMAL    RECORD    YEAR
 MAXIMUM TEMPERATURE (F)   88       101      2000
                                             1951
                                             1918
 MINIMUM TEMPERATURE (F)   65        47      1983


SUNRISE AND SUNSET
JUNE  1 2015..........SUNRISE   614 AM EDT   SUNSET   830 PM EDT
JUNE  2 2015..........SUNRISE   614 AM EDT   SUNSET   831 PM EDT


-  INDICATES NEGATIVE NUMBERS.
R  INDICATES RECORD WAS SET OR TIED.
MM INDICATES DATA IS MISSING.
T  INDICATES TRACE AMOUNT.




$$
