628
CDUS42 KCAE 240539
CLICAE


CLIMATE REPORT
NATIONAL WEATHER SERVICE COLUMBIA SC
139 AM EDT TUE MAY 24 2016


...................................

...THE COLUMBIA METRO AIRPORT SC CLIMATE SUMMARY FOR MAY 23 2016...

CLIMATE NORMAL PERIOD 1981 TO 2010
CLIMATE RECORD PERIOD 1887 TO 2016


WEATHER ITEM   OBSERVED TIME   RECORD YEAR NORMAL DEPARTURE LAST
                VALUE   (LST)  VALUE       VALUE  FROM      YEAR
                                                  NORMAL
..................................................................
TEMPERATURE (F)
 YESTERDAY
  MAXIMUM         80    239 PM 100    1941  85     -5       84
                                      1891
  MINIMUM         54    523 AM  42    2002  62     -8       51
  AVERAGE         67                        74     -7       68

PRECIPITATION (IN)
  YESTERDAY        0.00          1.62 1939   0.10  -0.10     0.00
  MONTH TO DATE    2.10                      2.11  -0.01     1.71
  SINCE MAR 1      6.78                      8.46  -1.68     8.52
  SINCE JAN 1     13.41                     15.65  -2.24    15.88

SNOWFALL (IN)
  YESTERDAY        0.0          MM      MM   0.0             0.0
  MONTH TO DATE    0.0                       0.0             0.0
  SINCE MAR 1      0.0                       0.1             0.0
  SINCE JUL 1      T                         1.5              T

DEGREE DAYS
 HEATING
  YESTERDAY        0                         0      0        0
  MONTH TO DATE    6                        18    -12        6
  SINCE MAR 1    228                       450   -222      274
  SINCE JUL 1   1791                      2549   -758     2463

 COOLING
  YESTERDAY        2                         9     -7        3
  MONTH TO DATE  159                       145     14      189
  SINCE MAR 1    342                       236    106      332
  SINCE JAN 1    346                       240    106      332
..................................................................


WIND (MPH)
  HIGHEST WIND SPEED    14   HIGHEST WIND DIRECTION     N (20)
  HIGHEST GUST SPEED    22   HIGHEST GUST DIRECTION    NE (60)
  AVERAGE WIND SPEED     4.6


SKY COVER
  AVERAGE SKY COVER 0.3


WEATHER CONDITIONS
 THE FOLLOWING WEATHER WAS RECORDED YESTERDAY.
  NO SIGNIFICANT WEATHER WAS OBSERVED.


RELATIVE HUMIDITY (PERCENT)
 HIGHEST    86           400 AM
 LOWEST     35           100 PM
 AVERAGE    61

..........................................................


THE COLUMBIA METRO AIRPORT SC CLIMATE NORMALS FOR TODAY
                         NORMAL    RECORD    YEAR
 MAXIMUM TEMPERATURE (F)   86        98      1953
 MINIMUM TEMPERATURE (F)   62        46      1931


SUNRISE AND SUNSET
MAY 24 2016...........SUNRISE   617 AM EDT   SUNSET   826 PM EDT
MAY 25 2016...........SUNRISE   617 AM EDT   SUNSET   826 PM EDT


-  INDICATES NEGATIVE NUMBERS.
R  INDICATES RECORD WAS SET OR TIED.
MM INDICATES DATA IS MISSING.
T  INDICATES TRACE AMOUNT.




$$
