000
CDUS42 KCAE 270636
CLICAE


CLIMATE REPORT
NATIONAL WEATHER SERVICE COLUMBIA SC
236 AM EDT THU AUG 27 2015


...................................

...THE COLUMBIA METRO AIRPORT SC CLIMATE SUMMARY FOR AUGUST 26 2015...

CLIMATE NORMAL PERIOD 1981 TO 2010
CLIMATE RECORD PERIOD 1887 TO 2015


WEATHER ITEM   OBSERVED TIME   RECORD YEAR NORMAL DEPARTURE LAST
                VALUE   (LST)  VALUE       VALUE  FROM      YEAR
                                                  NORMAL
..................................................................
TEMPERATURE (F)
 YESTERDAY
  MAXIMUM         93    442 PM 100    1954  90      3       90
                                      1943
  MINIMUM         73    242 AM  54    1952  70      3       73
  AVERAGE         83                        80      3       82

PRECIPITATION (IN)
  YESTERDAY        0.00          4.72 1995   0.16  -0.16     0.00
  MONTH TO DATE    2.63                      4.55  -1.92     4.79
  SINCE JUN 1     12.95                     14.70  -1.75     9.03
  SINCE JAN 1     28.83                     31.21  -2.38    27.99

SNOWFALL (IN)
  YESTERDAY        0.0          MM      MM   0.0             0.0
  MONTH TO DATE    0.0                       0.0             0.0
  SINCE JUN 1      0.0                       0.0             0.0
  SINCE JUL 1      0.0                       0.0             0.0

DEGREE DAYS
 HEATING
  YESTERDAY        0                         0      0        0
  MONTH TO DATE    0                         0      0        0
  SINCE JUN 1      0                         1     -1        0
  SINCE JUL 1      0                         0      0        0

 COOLING
  YESTERDAY       18                        15      3       17
  MONTH TO DATE  483                       421     62      446
  SINCE JUN 1   1659                      1377    282     1533
  SINCE JAN 1   2080                      1698    382     1947
..................................................................


WIND (MPH)
  HIGHEST WIND SPEED    14   HIGHEST WIND DIRECTION    NE (60)
  HIGHEST GUST SPEED    18   HIGHEST GUST DIRECTION     E (70)
  AVERAGE WIND SPEED     6.0


SKY COVER
  AVERAGE SKY COVER 0.5


WEATHER CONDITIONS
 THE FOLLOWING WEATHER WAS RECORDED YESTERDAY.
  NO SIGNIFICANT WEATHER WAS OBSERVED.


RELATIVE HUMIDITY (PERCENT)
 HIGHEST    82           300 AM
 LOWEST     26           400 PM
 AVERAGE    54

..........................................................


THE COLUMBIA METRO AIRPORT SC CLIMATE NORMALS FOR TODAY
                         NORMAL    RECORD    YEAR
 MAXIMUM TEMPERATURE (F)   90       102      1954
 MINIMUM TEMPERATURE (F)   70        56      1904


SUNRISE AND SUNSET
AUGUST 27 2015........SUNRISE   654 AM EDT   SUNSET   757 PM EDT
AUGUST 28 2015........SUNRISE   655 AM EDT   SUNSET   756 PM EDT


-  INDICATES NEGATIVE NUMBERS.
R  INDICATES RECORD WAS SET OR TIED.
MM INDICATES DATA IS MISSING.
T  INDICATES TRACE AMOUNT.




$$
