000
CDUS42 KCAE 120725
CLICAE


CLIMATE REPORT
NATIONAL WEATHER SERVICE COLUMBIA SC
324 AM EDT SAT JUL 12 2014


...................................

...THE COLUMBIA METRO AIRPORT SC CLIMATE SUMMARY FOR JULY 11 2014...

CLIMATE NORMAL PERIOD 1981 TO 2010
CLIMATE RECORD PERIOD 1887 TO 2014


WEATHER ITEM   OBSERVED TIME   RECORD YEAR NORMAL DEPARTURE LAST
                VALUE   (LST)  VALUE       VALUE  FROM      YEAR
                                                  NORMAL
..................................................................
TEMPERATURE (F)
 YESTERDAY
  MAXIMUM         87    510 PM 102    1993  93     -6       90
                                      1990
                                      1986
  MINIMUM         74    622 AM  58    1963  72      2       73
                                      1961
  AVERAGE         81                        82     -1       82

PRECIPITATION (IN)
  YESTERDAY        0.00          2.33 1926   0.18  -0.18     0.86
  MONTH TO DATE    1.51                      1.79  -0.28     3.68
  SINCE JUN 1      2.92                      6.48  -3.56     9.85
  SINCE JAN 1     21.88                     22.99  -1.11    28.47

SNOWFALL (IN)
  YESTERDAY        0.0          MM      MM   0.0             0.0
  MONTH TO DATE    0.0                       0.0             0.0
  SINCE JUN 1      0.0                       0.0             0.0
  SINCE JUL 1      0.0                       0.0             0.0

DEGREE DAYS
 HEATING
  YESTERDAY        0                         0      0        0
  MONTH TO DATE    0                         0      0        0
  SINCE JUN 1      0                         1     -1        0
  SINCE JUL 1      0                         0      0        0

 COOLING
  YESTERDAY       16                        17     -1       17
  MONTH TO DATE  204                       187     17      165
  SINCE JUN 1    724                       611    113      599
  SINCE JAN 1   1138                       932    206      919
..................................................................


WIND (MPH)
  HIGHEST WIND SPEED    12   HIGHEST WIND DIRECTION     E (100)
  HIGHEST GUST SPEED    14   HIGHEST GUST DIRECTION     E (110)
  AVERAGE WIND SPEED     4.8


SKY COVER
  AVERAGE SKY COVER 0.7


WEATHER CONDITIONS
 THE FOLLOWING WEATHER WAS RECORDED YESTERDAY.
  FOG
  HAZE


RELATIVE HUMIDITY (PERCENT)
 HIGHEST    93           400 AM
 LOWEST     57           400 PM
 AVERAGE    75

..........................................................


THE COLUMBIA METRO AIRPORT SC CLIMATE NORMALS FOR TODAY
                         NORMAL    RECORD    YEAR
 MAXIMUM TEMPERATURE (F)   93       104      1930
 MINIMUM TEMPERATURE (F)   72        58      1898


SUNRISE AND SUNSET
JULY 12 2014..........SUNRISE   623 AM EDT   SUNSET   837 PM EDT
JULY 13 2014..........SUNRISE   623 AM EDT   SUNSET   837 PM EDT


-  INDICATES NEGATIVE NUMBERS.
R  INDICATES RECORD WAS SET OR TIED.
MM INDICATES DATA IS MISSING.
T  INDICATES TRACE AMOUNT.




$$
