000
CDUS42 KCAE 210616
CLICAE


CLIMATE REPORT
NATIONAL WEATHER SERVICE COLUMBIA SC
216 AM EDT TUE OCT 21 2014


...................................

...THE COLUMBIA METRO AIRPORT SC CLIMATE SUMMARY FOR OCTOBER 20 2014...

CLIMATE NORMAL PERIOD 1981 TO 2010
CLIMATE RECORD PERIOD 1887 TO 2014


WEATHER ITEM   OBSERVED TIME   RECORD YEAR NORMAL DEPARTURE LAST
                VALUE   (LST)  VALUE       VALUE  FROM      YEAR
                                                  NORMAL
..................................................................
TEMPERATURE (F)
 YESTERDAY
  MAXIMUM         76    306 PM  89    1984  75      1       72
  MINIMUM         43    641 AM  31    1992  50     -7       52
                                      1981
  AVERAGE         60                        63     -3       62

PRECIPITATION (IN)
  YESTERDAY        0.00          2.17 1970   0.10  -0.10     0.00
  MONTH TO DATE    3.04                      2.16   0.88     1.98
  SINCE SEP 1      5.85                      5.70   0.15     4.02
  SINCE JAN 1     33.93                     37.62  -3.69    47.53

SNOWFALL (IN)
  YESTERDAY        0.0          MM      MM   0.0             0.0
  MONTH TO DATE    0.0                       0.0             0.0
  SINCE SEP 1      0.0                       0.0             0.0
  SINCE JUL 1      0.0                       0.0             0.0

DEGREE DAYS
 HEATING
  YESTERDAY        5                         4      1        3
  MONTH TO DATE   25                        51    -26        4
  SINCE SEP 1     29                        59    -30        4
  SINCE JUL 1     29                        59    -30        4

 COOLING
  YESTERDAY        0                         2     -2        0
  MONTH TO DATE  115                        70     45      117
  SINCE SEP 1    477                       369    108      462
  SINCE JAN 1   2511                      2137    374     2155
..................................................................


WIND (MPH)
  HIGHEST WIND SPEED    15   HIGHEST WIND DIRECTION     S (190)
  HIGHEST GUST SPEED    18   HIGHEST GUST DIRECTION    SW (230)
  AVERAGE WIND SPEED     2.9


SKY COVER
  AVERAGE SKY COVER 0.2


WEATHER CONDITIONS
 THE FOLLOWING WEATHER WAS RECORDED YESTERDAY.
  NO SIGNIFICANT WEATHER WAS OBSERVED.


RELATIVE HUMIDITY (PERCENT)
 HIGHEST    93           200 AM
 LOWEST     38          1200 PM
 AVERAGE    66

..........................................................


THE COLUMBIA METRO AIRPORT SC CLIMATE NORMALS FOR TODAY
                         NORMAL    RECORD    YEAR
 MAXIMUM TEMPERATURE (F)   75        89      1943
 MINIMUM TEMPERATURE (F)   50        29      1974


SUNRISE AND SUNSET
OCTOBER 21 2014.......SUNRISE   734 AM EDT   SUNSET   643 PM EDT
OCTOBER 22 2014.......SUNRISE   735 AM EDT   SUNSET   642 PM EDT


-  INDICATES NEGATIVE NUMBERS.
R  INDICATES RECORD WAS SET OR TIED.
MM INDICATES DATA IS MISSING.
T  INDICATES TRACE AMOUNT.




$$
