000
CDUS42 KCAE 240541
CLICAE


CLIMATE REPORT
NATIONAL WEATHER SERVICE COLUMBIA SC
140 AM EDT MON APR 24 2017


...................................

...THE COLUMBIA METRO AIRPORT SC CLIMATE SUMMARY FOR APRIL 23 2017...

CLIMATE NORMAL PERIOD 1981 TO 2010
CLIMATE RECORD PERIOD 1887 TO 2017


WEATHER ITEM   OBSERVED TIME   RECORD YEAR NORMAL DEPARTURE LAST
                VALUE   (LST)  VALUE       VALUE  FROM      YEAR
                                                  NORMAL
..................................................................
TEMPERATURE (F)
 YESTERDAY
  MAXIMUM         74   1212 AM  94    1970  78     -4       80
  MINIMUM         61   1159 PM  32    1993  52      9       59
  AVERAGE         68                        65      3       70

PRECIPITATION (IN)
  YESTERDAY        1.68          2.27 1971   0.09   1.59     0.00
  MONTH TO DATE    5.29                      2.02   3.27     2.80
  SINCE MAR 1      7.67                      5.75   1.92     4.68
  SINCE JAN 1     16.31                     12.94   3.37    11.31

SNOWFALL (IN)
  YESTERDAY        0.0          MM      MM   0.0             0.0
  MONTH TO DATE    0.0                       0.0             0.0
  SINCE MAR 1      T                         0.1             0.0
  SINCE JUL 1      0.1                       1.5              T

DEGREE DAYS
 HEATING
  YESTERDAY        0                         3     -3        0
  MONTH TO DATE   34                       106    -72       75
  SINCE MAR 1    308                       416   -108      222
  SINCE JUL 1   1649                      2515   -866     1785

 COOLING
  YESTERDAY        3                         3      0        5
  MONTH TO DATE  113                        48     65       41
  SINCE MAR 1    162                        66     96      114
  SINCE JAN 1    180                        70    110      118
..................................................................


WIND (MPH)
  HIGHEST WIND SPEED    20   HIGHEST WIND DIRECTION     W (250)
  HIGHEST GUST SPEED    25   HIGHEST GUST DIRECTION    SW (230)
  AVERAGE WIND SPEED     8.6


SKY COVER
  AVERAGE SKY COVER 0.9


WEATHER CONDITIONS
 THE FOLLOWING WEATHER WAS RECORDED YESTERDAY.
  THUNDERSTORM
  HEAVY RAIN
  RAIN
  LIGHT RAIN
  FOG


RELATIVE HUMIDITY (PERCENT)
 HIGHEST    97          1100 PM
 LOWEST     66           300 PM
 AVERAGE    82

..........................................................


THE COLUMBIA METRO AIRPORT SC CLIMATE NORMALS FOR TODAY
                         NORMAL    RECORD    YEAR
 MAXIMUM TEMPERATURE (F)   78        94      1925
 MINIMUM TEMPERATURE (F)   53        30      1986


SUNRISE AND SUNSET
APRIL 24 2017.........SUNRISE   643 AM EDT   SUNSET   803 PM EDT
APRIL 25 2017.........SUNRISE   642 AM EDT   SUNSET   804 PM EDT


-  INDICATES NEGATIVE NUMBERS.
R  INDICATES RECORD WAS SET OR TIED.
MM INDICATES DATA IS MISSING.
T  INDICATES TRACE AMOUNT.




$$
