000
CDUS42 KCAE 240626
CLICAE


CLIMATE REPORT
NATIONAL WEATHER SERVICE COLUMBIA SC
126 AM EST FRI FEB 24 2017


...................................

...THE COLUMBIA METRO AIRPORT SC CLIMATE SUMMARY FOR FEBRUARY 23 2017...

CLIMATE NORMAL PERIOD 1981 TO 2010
CLIMATE RECORD PERIOD 1887 TO 2017


WEATHER ITEM   OBSERVED TIME   RECORD YEAR NORMAL DEPARTURE LAST
                VALUE   (LST)  VALUE       VALUE  FROM      YEAR
                                                  NORMAL
..................................................................
TEMPERATURE (F)
 YESTERDAY
  MAXIMUM         78    444 PM  82    1962  62     16       61
  MINIMUM         54    746 AM  19    1978  38     16       54
  AVERAGE         66                        50     16       58

PRECIPITATION (IN)
  YESTERDAY        0.00          1.97 1994   0.14  -0.14     0.04
  MONTH TO DATE    1.60                      2.95  -1.35     4.32
  SINCE DEC 1     11.99                      9.75   2.24    12.71
  SINCE JAN 1      8.64                      6.53   2.11     6.26

SNOWFALL (IN)
  YESTERDAY        0.0           3.7  1989   0.0             0.0
  MONTH TO DATE    0.0                       0.4              T
  SINCE DEC 1      0.1                       1.3              T
  SINCE JUL 1      0.1                       1.3              T

DEGREE DAYS
 HEATING
  YESTERDAY        0                        15    -15        7
  MONTH TO DATE  198                       393   -195      385
  SINCE DEC 1   1012                      1588   -576     1217
  SINCE JUL 1   1314                      2029   -715     1487

 COOLING
  YESTERDAY        1                         0      1        0
  MONTH TO DATE    8                         0      8        4
  SINCE DEC 1     15                         4     11       63
  SINCE JAN 1     12                         1     11        4
..................................................................


WIND (MPH)
  HIGHEST WIND SPEED    14   HIGHEST WIND DIRECTION     E (110)
  HIGHEST GUST SPEED    17   HIGHEST GUST DIRECTION     E (80)
  AVERAGE WIND SPEED     4.0


SKY COVER
  AVERAGE SKY COVER 0.4


WEATHER CONDITIONS
 THE FOLLOWING WEATHER WAS RECORDED YESTERDAY.
  NO SIGNIFICANT WEATHER WAS OBSERVED.


RELATIVE HUMIDITY (PERCENT)
 HIGHEST    86           700 AM
 LOWEST     36           500 PM
 AVERAGE    61

..........................................................


THE COLUMBIA METRO AIRPORT SC CLIMATE NORMALS FOR TODAY
                         NORMAL    RECORD    YEAR
 MAXIMUM TEMPERATURE (F)   63        81      1985
                                             1982
 MINIMUM TEMPERATURE (F)   38        19      1901


SUNRISE AND SUNSET
FEBRUARY 24 2017......SUNRISE   659 AM EST   SUNSET   617 PM EST
FEBRUARY 25 2017......SUNRISE   658 AM EST   SUNSET   618 PM EST


-  INDICATES NEGATIVE NUMBERS.
R  INDICATES RECORD WAS SET OR TIED.
MM INDICATES DATA IS MISSING.
T  INDICATES TRACE AMOUNT.




$$
