000
CDUS42 KCAE 250703
CLICAE


CLIMATE REPORT
NATIONAL WEATHER SERVICE COLUMBIA SC
203 AM EST SAT NOV 25 2017


...................................

...THE COLUMBIA METRO AIRPORT SC CLIMATE SUMMARY FOR NOVEMBER 24 2017...

CLIMATE NORMAL PERIOD 1981 TO 2010
CLIMATE RECORD PERIOD 1887 TO 2017


WEATHER ITEM   OBSERVED TIME   RECORD YEAR NORMAL DEPARTURE LAST
                VALUE   (LST)  VALUE       VALUE  FROM      YEAR
                                                  NORMAL
..................................................................
TEMPERATURE (F)
 YESTERDAY
  MAXIMUM         65    414 PM  83    1973  65      0       78
  MINIMUM         31    731 AM  16    1970  40     -9       49
  AVERAGE         48                        52     -4       64

PRECIPITATION (IN)
  YESTERDAY        0.00          2.11 1967   0.09  -0.09     0.00
  MONTH TO DATE    1.26                      2.15  -0.89     0.85
  SINCE SEP 1      7.38                      8.86  -1.48    12.11
  SINCE JAN 1     44.13                     40.78   3.35    35.04

SNOWFALL (IN)
  YESTERDAY        0.0          MM      MM   0.0             0.0
  MONTH TO DATE    0.0                       0.0             0.0
  SINCE SEP 1      0.0                       0.0             0.0
  SINCE JUL 1      0.0                       0.0             0.0

DEGREE DAYS
 HEATING
  YESTERDAY       17                        13      4        1
  MONTH TO DATE  227                       236     -9      220
  SINCE SEP 1    305                       356    -51      255
  SINCE JUL 1    305                       356    -51      255

 COOLING
  YESTERDAY        0                         0      0        0
  MONTH TO DATE   25                        14     11        4
  SINCE SEP 1    576                       398    178      589
  SINCE JAN 1   2684                      2166    518     2876
..................................................................


WIND (MPH)
  HIGHEST WIND SPEED    10   HIGHEST WIND DIRECTION    NE (60)
  HIGHEST GUST SPEED    13   HIGHEST GUST DIRECTION    NE (60)
  AVERAGE WIND SPEED     2.0


SKY COVER
  AVERAGE SKY COVER 0.1


WEATHER CONDITIONS
 THE FOLLOWING WEATHER WAS RECORDED YESTERDAY.
  FOG


RELATIVE HUMIDITY (PERCENT)
 HIGHEST   100           600 AM
 LOWEST     34           100 PM
 AVERAGE    67

..........................................................


THE COLUMBIA METRO AIRPORT SC CLIMATE NORMALS FOR TODAY
                         NORMAL    RECORD    YEAR
 MAXIMUM TEMPERATURE (F)   64        83      1973
 MINIMUM TEMPERATURE (F)   40        12      1970


SUNRISE AND SUNSET
NOVEMBER 25 2017......SUNRISE   706 AM EST   SUNSET   516 PM EST
NOVEMBER 26 2017......SUNRISE   707 AM EST   SUNSET   516 PM EST


-  INDICATES NEGATIVE NUMBERS.
R  INDICATES RECORD WAS SET OR TIED.
MM INDICATES DATA IS MISSING.
T  INDICATES TRACE AMOUNT.




$$
