000
CDUS42 KCAE 282132
CLICAE


CLIMATE REPORT
NATIONAL WEATHER SERVICE COLUMBIA SC
532 PM EDT SUN AUG 28 2016


...................................

...THE COLUMBIA METRO AIRPORT SC CLIMATE SUMMARY FOR AUGUST 28 2016...
VALID TODAY AS OF 0500 PM LOCAL TIME.

CLIMATE NORMAL PERIOD 1981 TO 2010
CLIMATE RECORD PERIOD 1887 TO 2016


WEATHER ITEM   OBSERVED TIME   RECORD YEAR NORMAL DEPARTURE LAST
                VALUE   (LST)  VALUE       VALUE  FROM      YEAR
                                                  NORMAL
..................................................................
TEMPERATURE (F)
 TODAY
  MAXIMUM         96    326 PM 100    1948  89      7       91
  MINIMUM         75    438 AM  56    1969  70      5       67
  AVERAGE         86                        80      6       79

PRECIPITATION (IN)
  TODAY            0.00          4.30 1893   0.15  -0.15     0.00
  MONTH TO DATE    4.48                      4.85  -0.37     2.63
  SINCE JUN 1      8.66                     15.00  -6.34    12.95
  SINCE JAN 1     22.58                     31.51  -8.93    28.83

SNOWFALL (IN)
  TODAY            0.0          MM      MM   0.0             0.0
  MONTH TO DATE    0.0                       0.0             0.0
  SINCE JUN 1      0.0                       0.0             0.0
  SINCE JUL 1      0.0                       0.0             0.0

DEGREE DAYS
 HEATING
  TODAY            0                         0      0        0
  MONTH TO DATE    0                         0      0        0
  SINCE JUN 1      0                         1     -1        0
  SINCE JUL 1      0                         0      0        0

 COOLING
  TODAY           21                        15      6       14
  MONTH TO DATE  556                       451    105      514
  SINCE JUN 1   1798                      1407    391     1690
  SINCE JAN 1   2237                      1728    509     2111
..................................................................


WIND (MPH)
  HIGHEST WIND SPEED    16   HIGHEST WIND DIRECTION     E (70)
  HIGHEST GUST SPEED    22   HIGHEST GUST DIRECTION     E (70)
  AVERAGE WIND SPEED     5.8


SKY COVER
  AVERAGE SKY COVER 0.4


WEATHER CONDITIONS
 THE FOLLOWING WEATHER WAS RECORDED TODAY.
  NO SIGNIFICANT WEATHER WAS OBSERVED.


RELATIVE HUMIDITY (PERCENT)
 HIGHEST    82           600 AM
 LOWEST     35           200 PM
 AVERAGE    59

..........................................................


THE COLUMBIA METRO AIRPORT SC CLIMATE NORMALS FOR TOMORROW
                         NORMAL    RECORD    YEAR
 MAXIMUM TEMPERATURE (F)   89       102      1948
 MINIMUM TEMPERATURE (F)   70        56      1969


SUNRISE AND SUNSET
AUGUST 28 2016........SUNRISE   656 AM EDT   SUNSET   755 PM EDT
AUGUST 29 2016........SUNRISE   656 AM EDT   SUNSET   753 PM EDT


-  INDICATES NEGATIVE NUMBERS.
R  INDICATES RECORD WAS SET OR TIED.
MM INDICATES DATA IS MISSING.
T  INDICATES TRACE AMOUNT.




$$
