000
CDUS45 KGJT 270733
CLICAG


CLIMATE REPORT
NATIONAL WEATHER SERVICE GRAND JUNCTION CO
130 AM MDT WED JUL 27 2016


...................................

...THE CRAIG CO CLIMATE SUMMARY FOR JULY 26 2016...

CLIMATE NORMAL PERIOD 1981 TO 2010
CLIMATE RECORD PERIOD 9999 TO 9999


WEATHER ITEM   OBSERVED TIME   RECORD YEAR NORMAL DEPARTURE LAST
                VALUE   (LST)  VALUE       VALUE  FROM      YEAR
                                                  NORMAL
..................................................................
TEMPERATURE (F)
 YESTERDAY
  MAXIMUM         96    113 PM  MM      MM  89      7       92
  MINIMUM         48    535 AM  MM      MM  47      1       42
  AVERAGE         72                        68      4       67

PRECIPITATION (IN)
  YESTERDAY        0.06         MM      MM   0.05   0.01     0.00
  MONTH TO DATE    0.33                      0.91  -0.58     1.93
  SINCE JUN 1      0.95                      2.23  -1.28     2.15
  SINCE JAN 1      7.33                      8.42  -1.09     9.37

SNOWFALL (IN)
  YESTERDAY       MM            MM      MM  MM     MM       MM
  MONTH TO DATE   MM                        MM     MM       MM
  SINCE JUN 1     MM                        MM     MM       MM
  SINCE JUL 1     MM                        MM     MM       MM
  SNOW DEPTH      MM

DEGREE DAYS
 HEATING
  YESTERDAY        0                         0      0        0
  MONTH TO DATE   14                        20     -6       15
  SINCE JUN 1     73                       195   -122       88
  SINCE JUL 1     14                        20     -6       15

 COOLING
  YESTERDAY        7                         3      4        2
  MONTH TO DATE   88                        61     27       53
  SINCE JUN 1    129                        71     58      110
  SINCE JAN 1    129                        71     58      110
..................................................................


WIND (MPH)
  HIGHEST WIND SPEED    28   HIGHEST WIND DIRECTION     S (170)
  HIGHEST GUST SPEED    42   HIGHEST GUST DIRECTION     S (160)
  AVERAGE WIND SPEED     3.6


SKY COVER
  POSSIBLE SUNSHINE  MM
  AVERAGE SKY COVER 0.1


WEATHER CONDITIONS
 THE FOLLOWING WEATHER WAS RECORDED YESTERDAY.
  THUNDERSTORM
  RAIN
  LIGHT RAIN


RELATIVE HUMIDITY (PERCENT)
 HIGHEST    74           500 AM
 LOWEST      8           100 PM
 AVERAGE    41

..........................................................


THE CRAIG CO CLIMATE NORMALS FOR TODAY
                         NORMAL    RECORD    YEAR
 MAXIMUM TEMPERATURE (F)   88        MM        MM
 MINIMUM TEMPERATURE (F)   48        MM        MM


SUNRISE AND SUNSET
JULY 27 2016..........SUNRISE   603 AM MDT   SUNSET   829 PM MDT
JULY 28 2016..........SUNRISE   604 AM MDT   SUNSET   829 PM MDT


-  INDICATES NEGATIVE NUMBERS.
R  INDICATES RECORD WAS SET OR TIED.
MM INDICATES DATA IS MISSING.
T  INDICATES TRACE AMOUNT.




$$
