000
CDUS45 KGJT 232333
CLICAG


CLIMATE REPORT
NATIONAL WEATHER SERVICE GRAND JUNCTION CO
527 PM MDT SUN JUL 23 2017


...................................

...THE CRAIG CO CLIMATE SUMMARY FOR JULY 23 2017...
VALID TODAY AS OF 0500 PM LOCAL TIME.

CLIMATE NORMAL PERIOD 1981 TO 2010
CLIMATE RECORD PERIOD 9999 TO 9999


WEATHER ITEM   OBSERVED TIME   RECORD YEAR NORMAL DEPARTURE LAST
                VALUE   (LST)  VALUE       VALUE  FROM      YEAR
                                                  NORMAL
..................................................................
TEMPERATURE (F)
 TODAY
  MAXIMUM         93    334 PM  MM      MM  89      4       94
  MINIMUM         44    517 AM  MM      MM  47     -3       47
  AVERAGE         69                        68      1       71

PRECIPITATION (IN)
  TODAY            0.00         MM      MM   0.04  -0.04     0.00
  MONTH TO DATE    0.68                      0.78  -0.10     0.27
  SINCE JUN 1      1.07                      2.10  -1.03     0.89
  SINCE JAN 1      8.86                      8.29   0.57     7.27

SNOWFALL (IN)
  TODAY           MM            MM      MM  MM     MM       MM
  MONTH TO DATE   MM                        MM     MM       MM
  SINCE JUN 1     MM                        MM     MM       MM
  SINCE JUL 1     MM                        MM     MM       MM
  SNOW DEPTH      MM

DEGREE DAYS
 HEATING
  TODAY            0                         0      0        0
  MONTH TO DATE    3                        20    -17       14
  SINCE JUN 1     94                       195   -101       73
  SINCE JUL 1      3                        20    -17       14

 COOLING
  TODAY            4                         3      1        6
  MONTH TO DATE  146                        52     94       70
  SINCE JUN 1    175                        62    113      111
  SINCE JAN 1    175                        62    113      111
..................................................................


WIND (MPH)
  HIGHEST WIND SPEED     9   HIGHEST WIND DIRECTION    SE (120)
  HIGHEST GUST SPEED    13   HIGHEST GUST DIRECTION     N (10)
  AVERAGE WIND SPEED     2.2


SKY COVER
  POSSIBLE SUNSHINE  MM
  AVERAGE SKY COVER 0.0


WEATHER CONDITIONS
 THE FOLLOWING WEATHER WAS RECORDED TODAY.
  NO SIGNIFICANT WEATHER WAS OBSERVED.


RELATIVE HUMIDITY (PERCENT)
 HIGHEST    86           600 AM
 LOWEST      8           200 PM
 AVERAGE    47

..........................................................


THE CRAIG CO CLIMATE NORMALS FOR TOMORROW
                         NORMAL    RECORD    YEAR
 MAXIMUM TEMPERATURE (F)   89        MM        MM
 MINIMUM TEMPERATURE (F)   47        MM        MM


SUNRISE AND SUNSET
JULY 23 2017..........SUNRISE   559 AM MDT   SUNSET   833 PM MDT
JULY 24 2017..........SUNRISE   600 AM MDT   SUNSET   832 PM MDT


-  INDICATES NEGATIVE NUMBERS.
R  INDICATES RECORD WAS SET OR TIED.
MM INDICATES DATA IS MISSING.
T  INDICATES TRACE AMOUNT.




$$
