000
CDUS45 KABQ 140832
CLICAO


CLIMATE REPORT
NATIONAL WEATHER SERVICE ALBUQUERQUE NM
128 AM MST THU DEC 14 2017


...................................

...THE CLAYTON  NM CLIMATE SUMMARY FOR DECEMBER 13 2017...

CLIMATE NORMAL PERIOD 1981 TO 2010
CLIMATE RECORD PERIOD 1896 TO 2017


WEATHER ITEM   OBSERVED TIME   RECORD YEAR NORMAL DEPARTURE
                VALUE   (LST)  VALUE       VALUE  FROM
                                                  NORMAL
...............................................................
TEMPERATURE (F)
 YESTERDAY
  MAXIMUM         57    121 PM  81    1921  47     10
  MINIMUM         37    922 PM   1    1919  22     15
  AVERAGE         47                        34     13

PRECIPITATION (IN)
  YESTERDAY        0.00          0.59 2011   0.01  -0.01
  MONTH TO DATE    0.00                      0.14  -0.14
  SINCE DEC 1      0.00                      0.14  -0.14
  SINCE JAN 1     20.41                     15.57   4.84

SNOWFALL (IN)
  YESTERDAY        0.0
  MONTH TO DATE    0.0
  SINCE DEC 1      0.0
  SINCE JUL 1      0.5

DEGREE DAYS
 HEATING
  YESTERDAY       18                        31    -13
  MONTH TO DATE  303                       383    -80
  SINCE DEC 1    303                       383    -80
  SINCE JUL 1   1188                      1435   -247

 COOLING
  YESTERDAY        0                         0      0
  MONTH TO DATE    0                         0      0
  SINCE DEC 1      0                         0      0
  SINCE JAN 1    827                       909    -82
...............................................................


WIND (MPH)
  HIGHEST WIND SPEED    31   HIGHEST WIND DIRECTION     N (10)
  HIGHEST GUST SPEED    38   HIGHEST GUST DIRECTION     N (360)
  AVERAGE WIND SPEED    12.7


SKY COVER
  AVERAGE SKY COVER 0.1


WEATHER CONDITIONS
 THE FOLLOWING WEATHER WAS RECORDED YESTERDAY.
  NO SIGNIFICANT WEATHER WAS OBSERVED.


RELATIVE HUMIDITY (PERCENT)
 HIGHEST    33           900 PM
 LOWEST     14           200 PM
 AVERAGE    24

..........................................................


THE CLAYTON  NM CLIMATE NORMALS FOR TODAY
                         NORMAL    RECORD    YEAR
 MAXIMUM TEMPERATURE (F)   47        73      2010
 MINIMUM TEMPERATURE (F)   22        -3      1987


SUNRISE AND SUNSET
DECEMBER 14 2017......SUNRISE   657 AM MST   SUNSET   438 PM MST
DECEMBER 15 2017......SUNRISE   657 AM MST   SUNSET   439 PM MST


-  INDICATES NEGATIVE NUMBERS.
R  INDICATES RECORD WAS SET OR TIED.
MM INDICATES DATA IS MISSING.
T  INDICATES TRACE AMOUNT.


$$
