000
CDUS45 KABQ 280827
CLICAO


CLIMATE REPORT
NATIONAL WEATHER SERVICE ALBUQUERQUE NM
226 AM MDT FRI APR 28 2017


...................................

...THE CLAYTON  NM CLIMATE SUMMARY FOR APRIL 27 2017...

CLIMATE NORMAL PERIOD 1981 TO 2010
CLIMATE RECORD PERIOD 1896 TO 2017


WEATHER ITEM   OBSERVED TIME   RECORD YEAR NORMAL DEPARTURE
                VALUE   (LST)  VALUE       VALUE  FROM
                                                  NORMAL
...............................................................
TEMPERATURE (F)
 YESTERDAY
  MAXIMUM         69   1247 PM  87    1981  70     -1
  MINIMUM         37    215 AM  21    1932  41     -4
                                      1920
  AVERAGE         53                        56     -3

PRECIPITATION (IN)
  YESTERDAY        T             0.95 1941   0.03  -0.03
  MONTH TO DATE    1.72                      0.83   0.89
  SINCE MAR 1      2.52                      1.78   0.74
  SINCE JAN 1      3.90                      2.40   1.50

SNOWFALL (IN)
  YESTERDAY        0.0
  MONTH TO DATE    6.1
  SINCE MAR 1      6.2
  SINCE JUL 1     17.6

DEGREE DAYS
 HEATING
  YESTERDAY       12                        10      2
  MONTH TO DATE  282                       358    -76
  SINCE MAR 1    704                      1002   -298
  SINCE JUL 1   3724                      4679   -955

 COOLING
  YESTERDAY        0                         0      0
  MONTH TO DATE   12                         0     12
  SINCE MAR 1     18                         1     17
  SINCE JAN 1     20                         1     19
...............................................................


WIND (MPH)
  HIGHEST WIND SPEED    37   HIGHEST WIND DIRECTION     W (260)
  HIGHEST GUST SPEED    47   HIGHEST GUST DIRECTION     W (250)
  AVERAGE WIND SPEED    13.5


SKY COVER
  AVERAGE SKY COVER 0.1


WEATHER CONDITIONS
 THE FOLLOWING WEATHER WAS RECORDED YESTERDAY.
  LIGHT RAIN


RELATIVE HUMIDITY (PERCENT)
 HIGHEST    82           400 AM
 LOWEST     23           600 PM
 AVERAGE    53

..........................................................


THE CLAYTON  NM CLIMATE NORMALS FOR TODAY
                         NORMAL    RECORD    YEAR
 MAXIMUM TEMPERATURE (F)   71        89      1910
 MINIMUM TEMPERATURE (F)   42        27      1917


SUNRISE AND SUNSET
APRIL 28 2017.........SUNRISE   602 AM MDT   SUNSET   738 PM MDT
APRIL 29 2017.........SUNRISE   601 AM MDT   SUNSET   739 PM MDT


-  INDICATES NEGATIVE NUMBERS.
R  INDICATES RECORD WAS SET OR TIED.
MM INDICATES DATA IS MISSING.
T  INDICATES TRACE AMOUNT.

$$
