000
CDUS45 KABQ 180832
CLICAO


CLIMATE REPORT
NATIONAL WEATHER SERVICE ALBUQUERQUE NM
131 AM MST THU DEC 18 2014


...................................

...THE CLAYTON  NM CLIMATE SUMMARY FOR DECEMBER 17 2014...

CLIMATE NORMAL PERIOD 1981 TO 2010
CLIMATE RECORD PERIOD 1896 TO 2014


WEATHER ITEM   OBSERVED TIME   RECORD YEAR NORMAL DEPARTURE
                VALUE   (LST)  VALUE       VALUE  FROM
                                                  NORMAL
...............................................................
TEMPERATURE (F)
 YESTERDAY
  MAXIMUM         46    341 PM  80    1980  47     -1
  MINIMUM         25   1150 PM   2    1983  21      4
  AVERAGE         36                        34      2

PRECIPITATION (IN)
  YESTERDAY        0.04          0.40 1898   0.01   0.03
  MONTH TO DATE    0.24                      0.19   0.05
  SINCE DEC 1      0.24                      0.19   0.05
  SINCE JAN 1     13.13                     15.62  -2.49

SNOWFALL (IN)
  YESTERDAY        0.0
  MONTH TO DATE    T
  SINCE DEC 1      T
  SINCE JUL 1      2.6

DEGREE DAYS
 HEATING
  YESTERDAY       29                        31     -2
  MONTH TO DATE  392                       507   -115
  SINCE DEC 1    392                       507   -115
  SINCE JUL 1   1344                      1559   -215

 COOLING
  YESTERDAY        0                         0      0
  MONTH TO DATE    0                         0      0
  SINCE DEC 1      0                         0      0
  SINCE JAN 1   1130                       909    221
...............................................................


WIND (MPH)
  HIGHEST WIND SPEED    21   HIGHEST WIND DIRECTION    SW (210)
  HIGHEST GUST SPEED    26   HIGHEST GUST DIRECTION    SW (220)
  AVERAGE WIND SPEED     9.7


SKY COVER
  AVERAGE SKY COVER 0.3


WEATHER CONDITIONS
 THE FOLLOWING WEATHER WAS RECORDED YESTERDAY.
  LIGHT RAIN
  FREEZING RAIN
  LT FREEZING RAIN
  FOG


RELATIVE HUMIDITY (PERCENT)
 HIGHEST    89           700 PM
 LOWEST     53          1100 AM
 AVERAGE    71

..........................................................


THE CLAYTON  NM CLIMATE NORMALS FOR TODAY
                         NORMAL    RECORD    YEAR
 MAXIMUM TEMPERATURE (F)   47        72      2013
                                             1988
                                             1980
 MINIMUM TEMPERATURE (F)   21        -4      1996


SUNRISE AND SUNSET
DECEMBER 18 2014......SUNRISE   659 AM MST   SUNSET   440 PM MST
DECEMBER 19 2014......SUNRISE   700 AM MST   SUNSET   440 PM MST


-  INDICATES NEGATIVE NUMBERS.
R  INDICATES RECORD WAS SET OR TIED.
MM INDICATES DATA IS MISSING.
T  INDICATES TRACE AMOUNT.




$$
