000
CDUS45 KABQ 300827
CLICAO


CLIMATE REPORT
NATIONAL WEATHER SERVICE ALBUQUERQUE NM
227 AM MDT THU JUL 30 2015


...................................

...THE CLAYTON  NM CLIMATE SUMMARY FOR JULY 29 2015...

CLIMATE NORMAL PERIOD 1981 TO 2010
CLIMATE RECORD PERIOD 1896 TO 2015


WEATHER ITEM   OBSERVED TIME   RECORD YEAR NORMAL DEPARTURE
                VALUE   (LST)  VALUE       VALUE  FROM
                                                  NORMAL
...............................................................
TEMPERATURE (F)
 YESTERDAY
  MAXIMUM         82    453 PM 100    1934  88     -6
  MINIMUM         60    515 AM  53    1971  61     -1
                                      1943
                                      1929
  AVERAGE         71                        74     -3

PRECIPITATION (IN)
  YESTERDAY        T             2.02 1982   0.10  -0.10
  MONTH TO DATE    5.97                      2.46   3.51
  SINCE JUN 1      7.53                      4.59   2.94
  SINCE JAN 1     19.06                      9.06   RRRR

SNOWFALL (IN)
  YESTERDAY        0.0
  MONTH TO DATE    0.0
  SINCE JUN 1      0.0
  SINCE JUL 1      0.0

DEGREE DAYS
 HEATING
  YESTERDAY        0                         0      0
  MONTH TO DATE    0                         0      0
  SINCE JUN 1      2                        23    -21
  SINCE JUL 1      0                         0      0

 COOLING
  YESTERDAY        6                        10     -4
  MONTH TO DATE  326                       286     40
  SINCE JUN 1    571                       469    102
  SINCE JAN 1    576                       520     56
...............................................................


WIND (MPH)
  HIGHEST WIND SPEED    17   HIGHEST WIND DIRECTION     E (80)
  HIGHEST GUST SPEED    22   HIGHEST GUST DIRECTION     E (80)
  AVERAGE WIND SPEED     8.1


SKY COVER
  AVERAGE SKY COVER 0.1


WEATHER CONDITIONS
 THE FOLLOWING WEATHER WAS RECORDED YESTERDAY.
  NO SIGNIFICANT WEATHER WAS OBSERVED.


RELATIVE HUMIDITY (PERCENT)
 HIGHEST    93           300 AM
 LOWEST     42           200 PM
 AVERAGE    68

..........................................................


THE CLAYTON  NM CLIMATE NORMALS FOR TODAY
                         NORMAL    RECORD    YEAR
 MAXIMUM TEMPERATURE (F)   88       105      1934
 MINIMUM TEMPERATURE (F)   61        52      1971
                                             1925


SUNRISE AND SUNSET
JULY 30 2015..........SUNRISE   557 AM MDT   SUNSET   800 PM MDT
JULY 31 2015..........SUNRISE   558 AM MDT   SUNSET   759 PM MDT


-  INDICATES NEGATIVE NUMBERS.
R  INDICATES RECORD WAS SET OR TIED.
MM INDICATES DATA IS MISSING.
T  INDICATES TRACE AMOUNT.




$$
