000
CDUS45 KABQ 050829
CLICAO


CLIMATE REPORT
NATIONAL WEATHER SERVICE ALBUQUERQUE NM
227 AM MDT SAT SEP 5 2015


...................................

...THE CLAYTON  NM CLIMATE SUMMARY FOR SEPTEMBER 4 2015...

CLIMATE NORMAL PERIOD 1981 TO 2010
CLIMATE RECORD PERIOD 1896 TO 2015


WEATHER ITEM   OBSERVED TIME   RECORD YEAR NORMAL DEPARTURE
                VALUE   (LST)  VALUE       VALUE  FROM
                                                  NORMAL
...............................................................
TEMPERATURE (F)
 YESTERDAY
  MAXIMUM         92    146 PM  97    2000  83      9
                                      1983
  MINIMUM         57    521 AM  33    1961  57      0
  AVERAGE         75                        70      5

PRECIPITATION (IN)
  YESTERDAY        0.00          1.79 1938   0.07  -0.07
  MONTH TO DATE    0.04                      0.27  -0.23
  SINCE SEP 1      0.04                      0.27  -0.23
  SINCE JAN 1     24.32                     12.47  11.85

SNOWFALL (IN)
  YESTERDAY        0.0
  MONTH TO DATE    0.0
  SINCE SEP 1      0.0
  SINCE JUL 1      0.0

DEGREE DAYS
 HEATING
  YESTERDAY        0                         1     -1
  MONTH TO DATE    0                         2     -2
  SINCE SEP 1      0                         2     -2
  SINCE JUL 1      5                         8     -3

 COOLING
  YESTERDAY       10                         6      4
  MONTH TO DATE   45                        24     21
  SINCE SEP 1     45                        24     21
  SINCE JAN 1    927                       821    106
...............................................................


WIND (MPH)
  HIGHEST WIND SPEED    25   HIGHEST WIND DIRECTION    SW (210)
  HIGHEST GUST SPEED    31   HIGHEST GUST DIRECTION    SW (220)
  AVERAGE WIND SPEED    10.6


SKY COVER
  AVERAGE SKY COVER 0.1


WEATHER CONDITIONS
 THE FOLLOWING WEATHER WAS RECORDED YESTERDAY.
  NO SIGNIFICANT WEATHER WAS OBSERVED.


RELATIVE HUMIDITY (PERCENT)
 HIGHEST    72           500 AM
 LOWEST     23           100 PM
 AVERAGE    48

..........................................................


THE CLAYTON  NM CLIMATE NORMALS FOR TODAY
                         NORMAL    RECORD    YEAR
 MAXIMUM TEMPERATURE (F)   83        99      2010
                                             1948
 MINIMUM TEMPERATURE (F)   57        41      1961


SUNRISE AND SUNSET
SEPTEMBER  5 2015.....SUNRISE   627 AM MDT   SUNSET   715 PM MDT
SEPTEMBER  6 2015.....SUNRISE   628 AM MDT   SUNSET   714 PM MDT


-  INDICATES NEGATIVE NUMBERS.
R  INDICATES RECORD WAS SET OR TIED.
MM INDICATES DATA IS MISSING.
T  INDICATES TRACE AMOUNT.

$$
