000
CDUS45 KABQ 220827
CLICAO


CLIMATE REPORT
NATIONAL WEATHER SERVICE ALBUQUERQUE NM
226 AM MDT WED OCT 22 2014


...................................

...THE CLAYTON  NM CLIMATE SUMMARY FOR OCTOBER 21 2014...

CLIMATE NORMAL PERIOD 1981 TO 2010
CLIMATE RECORD PERIOD 1896 TO 2014


WEATHER ITEM   OBSERVED TIME   RECORD YEAR NORMAL DEPARTURE
                VALUE   (LST)  VALUE       VALUE  FROM
                                                  NORMAL
...............................................................
TEMPERATURE (F)
 YESTERDAY
  MAXIMUM         73    121 PM  89    1921  67      6
  MINIMUM         49    634 AM  24    1996  40      9
  AVERAGE         61                        53      8

PRECIPITATION (IN)
  YESTERDAY        0.00          1.74 1918   0.04  -0.04
  MONTH TO DATE    0.66                      0.81  -0.15
  SINCE SEP 1      3.79                      2.48   1.31
  SINCE JAN 1     12.32                     14.68  -2.36

SNOWFALL (IN)
  YESTERDAY        0.0
  MONTH TO DATE    0.0
  SINCE SEP 1      0.0
  SINCE JUL 1      0.0

DEGREE DAYS
 HEATING
  YESTERDAY        4                        12     -8
  MONTH TO DATE  134                       192    -58
  SINCE SEP 1    181                       270    -89
  SINCE JUL 1    181                       276    -95

 COOLING
  YESTERDAY        0                         0      0
  MONTH TO DATE    5                         6     -1
  SINCE SEP 1    116                       108      8
  SINCE JAN 1   1120                       905    215
...............................................................


WIND (MPH)
  HIGHEST WIND SPEED    28   HIGHEST WIND DIRECTION     S (180)
  HIGHEST GUST SPEED    32   HIGHEST GUST DIRECTION     S (190)
  AVERAGE WIND SPEED    13.0


SKY COVER
  AVERAGE SKY COVER 0.1


WEATHER CONDITIONS
 THE FOLLOWING WEATHER WAS RECORDED YESTERDAY.
  NO SIGNIFICANT WEATHER WAS OBSERVED.


RELATIVE HUMIDITY (PERCENT)
 HIGHEST    83          1100 PM
 LOWEST     35           100 PM
 AVERAGE    59

..........................................................


THE CLAYTON  NM CLIMATE NORMALS FOR TODAY
                         NORMAL    RECORD    YEAR
 MAXIMUM TEMPERATURE (F)   67        85      1988
                                             1933
 MINIMUM TEMPERATURE (F)   39        22      1996


SUNRISE AND SUNSET
OCTOBER 22 2014.......SUNRISE   706 AM MDT   SUNSET   607 PM MDT
OCTOBER 23 2014.......SUNRISE   707 AM MDT   SUNSET   606 PM MDT


-  INDICATES NEGATIVE NUMBERS.
R  INDICATES RECORD WAS SET OR TIED.
MM INDICATES DATA IS MISSING.
T  INDICATES TRACE AMOUNT.




$$
