000
CDUS45 KABQ 240831
CLICAO


CLIMATE REPORT
NATIONAL WEATHER SERVICE ALBUQUERQUE NM
130 AM MST FRI FEB 24 2017


...................................

...THE CLAYTON  NM CLIMATE SUMMARY FOR FEBRUARY 23 2017...

CLIMATE NORMAL PERIOD 1981 TO 2010
CLIMATE RECORD PERIOD 1896 TO 2017


WEATHER ITEM   OBSERVED TIME   RECORD YEAR NORMAL DEPARTURE
                VALUE   (LST)  VALUE       VALUE  FROM
                                                  NORMAL
...............................................................
TEMPERATURE (F)
 YESTERDAY
  MAXIMUM         66    136 PM  76    2009  53     13
                                      1956
                                      1930
  MINIMUM         29   1052 PM   1    1928  25      4
  AVERAGE         48                        39      9

PRECIPITATION (IN)
  YESTERDAY        0.00          0.20 1935   0.01  -0.01
  MONTH TO DATE    0.25                      0.26  -0.01
  SINCE DEC 1      1.59                      0.90   0.69
  SINCE JAN 1      1.38                      0.54   0.84

SNOWFALL (IN)
  YESTERDAY        0.0
  MONTH TO DATE    1.0
  SINCE DEC 1     11.4
  SINCE JUL 1     11.4

DEGREE DAYS
 HEATING
  YESTERDAY       17                        26     -9
  MONTH TO DATE  405                       644   -239
  SINCE DEC 1   2219                      2498   -279
  SINCE JUL 1   2887                      3550   -663

 COOLING
  YESTERDAY        0                         0      0
  MONTH TO DATE    2                         0      2
  SINCE DEC 1      2                         0      2
  SINCE JAN 1      2                         0      2
...............................................................


WIND (MPH)
  HIGHEST WIND SPEED    41   HIGHEST WIND DIRECTION    SW (240)
  HIGHEST GUST SPEED    54   HIGHEST GUST DIRECTION    SW (230)
  AVERAGE WIND SPEED    19.4


SKY COVER
  AVERAGE SKY COVER 0.0


WEATHER CONDITIONS
 THE FOLLOWING WEATHER WAS RECORDED YESTERDAY.
  NO SIGNIFICANT WEATHER WAS OBSERVED.


RELATIVE HUMIDITY (PERCENT)
 HIGHEST    85          1100 PM
 LOWEST     13          1100 AM
 AVERAGE    49

..........................................................


THE CLAYTON  NM CLIMATE NORMALS FOR TODAY
                         NORMAL    RECORD    YEAR
 MAXIMUM TEMPERATURE (F)   53        74      1986
 MINIMUM TEMPERATURE (F)   25         1      2003


SUNRISE AND SUNSET
FEBRUARY 24 2017......SUNRISE   629 AM MST   SUNSET   543 PM MST
FEBRUARY 25 2017......SUNRISE   628 AM MST   SUNSET   544 PM MST


-  INDICATES NEGATIVE NUMBERS.
R  INDICATES RECORD WAS SET OR TIED.
MM INDICATES DATA IS MISSING.
T  INDICATES TRACE AMOUNT.




$$
