000
CDUS45 KABQ 280838
CLICAO


CLIMATE REPORT
NATIONAL WEATHER SERVICE ALBUQUERQUE NM
237 AM MDT THU JUL 28 2016


...................................

...THE CLAYTON  NM CLIMATE SUMMARY FOR JULY 27 2016...

CLIMATE NORMAL PERIOD 1981 TO 2010
CLIMATE RECORD PERIOD 1896 TO 2016


WEATHER ITEM   OBSERVED TIME   RECORD YEAR NORMAL DEPARTURE
                VALUE   (LST)  VALUE       VALUE  FROM
                                                  NORMAL
...............................................................
TEMPERATURE (F)
 YESTERDAY
  MAXIMUM         90    457 PM  99    2011  88      2
                                      1946
                                      1910
  MINIMUM         63   1159 PM  49    2005  61      2
  AVERAGE         77                        75      2

PRECIPITATION (IN)
  YESTERDAY        T             0.68 1982   0.10  -0.10
  MONTH TO DATE    1.14                      2.27  -1.13
  SINCE JUN 1      5.15                      4.40   0.75
  SINCE JAN 1      8.79                      8.87  -0.08

SNOWFALL (IN)
  YESTERDAY        0.0
  MONTH TO DATE    0.0
  SINCE JUN 1      0.0
  SINCE JUL 1      0.0

DEGREE DAYS
 HEATING
  YESTERDAY        0                         0      0
  MONTH TO DATE    0                         0      0
  SINCE JUN 1      7                        23    -16
  SINCE JUL 1      0                         0      0

 COOLING
  YESTERDAY       12                        10      2
  MONTH TO DATE  397                       266    131
  SINCE JUN 1    658                       449    209
  SINCE JAN 1    677                       500    177
...............................................................


WIND (MPH)
  HIGHEST WIND SPEED    21   HIGHEST WIND DIRECTION     S (170)
  HIGHEST GUST SPEED    27   HIGHEST GUST DIRECTION     S (160)
  AVERAGE WIND SPEED     7.0


SKY COVER
  AVERAGE SKY COVER 0.1


WEATHER CONDITIONS
 THE FOLLOWING WEATHER WAS RECORDED YESTERDAY.
  THUNDERSTORM
  LIGHT RAIN


RELATIVE HUMIDITY (PERCENT)
 HIGHEST    93           300 AM
 LOWEST     24           500 PM
 AVERAGE    59

..........................................................


THE CLAYTON  NM CLIMATE NORMALS FOR TODAY
                         NORMAL    RECORD    YEAR
 MAXIMUM TEMPERATURE (F)   88       100      1898
 MINIMUM TEMPERATURE (F)   61        54      1959


SUNRISE AND SUNSET
JULY 28 2016..........SUNRISE   556 AM MDT   SUNSET   801 PM MDT
JULY 29 2016..........SUNRISE   557 AM MDT   SUNSET   801 PM MDT


-  INDICATES NEGATIVE NUMBERS.
R  INDICATES RECORD WAS SET OR TIED.
MM INDICATES DATA IS MISSING.
T  INDICATES TRACE AMOUNT.




$$
