944
CDUS45 KABQ 060839
CLICAO


CLIMATE REPORT
NATIONAL WEATHER SERVICE ALBUQUERQUE NM
138 AM MST SAT FEB 6 2016


...................................

...THE CLAYTON  NM CLIMATE SUMMARY FOR FEBRUARY 5 2016...

CLIMATE NORMAL PERIOD 1981 TO 2010
CLIMATE RECORD PERIOD 1896 TO 2016


WEATHER ITEM   OBSERVED TIME   RECORD YEAR NORMAL DEPARTURE
                VALUE   (LST)  VALUE       VALUE  FROM
                                                  NORMAL
...............................................................
TEMPERATURE (F)
 YESTERDAY
  MAXIMUM         40    233 PM  74    1898  50    -10
  MINIMUM         19    153 AM -12    1982  22     -3
  AVERAGE         30                        36     -6

PRECIPITATION (IN)
  YESTERDAY        0.00          0.25 1948   0.01  -0.01
  MONTH TO DATE    0.11                      0.05   0.06
  SINCE DEC 1      1.00                      0.69   0.31
  SINCE JAN 1      0.39                      0.33   0.06

SNOWFALL (IN)
  YESTERDAY        0.0
  MONTH TO DATE    0.9
  SINCE DEC 1     15.1
  SINCE JUL 1     22.2

DEGREE DAYS
 HEATING
  YESTERDAY       35                        29      6
  MONTH TO DATE  191                       145     46
  SINCE DEC 1   1915                      1999    -84
  SINCE JUL 1   2804                      3051   -247

 COOLING
  YESTERDAY        0                         0      0
  MONTH TO DATE    0                         0      0
  SINCE DEC 1      0                         0      0
  SINCE JAN 1      0                         0      0
...............................................................


WIND (MPH)
  HIGHEST WIND SPEED    35   HIGHEST WIND DIRECTION     N (360)
  HIGHEST GUST SPEED    43   HIGHEST GUST DIRECTION    NW (330)
  AVERAGE WIND SPEED    20.0


SKY COVER
  AVERAGE SKY COVER 0.4


WEATHER CONDITIONS
 THE FOLLOWING WEATHER WAS RECORDED YESTERDAY.
  NO SIGNIFICANT WEATHER WAS OBSERVED.


RELATIVE HUMIDITY (PERCENT)
 HIGHEST    71           800 PM
 LOWEST     40           300 PM
 AVERAGE    56

..........................................................


THE CLAYTON  NM CLIMATE NORMALS FOR TODAY
                         NORMAL    RECORD    YEAR
 MAXIMUM TEMPERATURE (F)   50        81      2015
 MINIMUM TEMPERATURE (F)   22       -14      1933


SUNRISE AND SUNSET
FEBRUARY  6 2016......SUNRISE   650 AM MST   SUNSET   524 PM MST
FEBRUARY  7 2016......SUNRISE   649 AM MST   SUNSET   525 PM MST


-  INDICATES NEGATIVE NUMBERS.
R  INDICATES RECORD WAS SET OR TIED.
MM INDICATES DATA IS MISSING.
T  INDICATES TRACE AMOUNT.

$$
