000
CDUS45 KABQ 050848
CLICAO


CLIMATE REPORT
NATIONAL WEATHER SERVICE ALBUQUERQUE NM
147 AM MST MON DEC 5 2016


...................................

...THE CLAYTON  NM CLIMATE SUMMARY FOR DECEMBER 4 2016...

CLIMATE NORMAL PERIOD 1981 TO 2010
CLIMATE RECORD PERIOD 1896 TO 2016


WEATHER ITEM   OBSERVED TIME   RECORD YEAR NORMAL DEPARTURE
                VALUE   (LST)  VALUE       VALUE  FROM
                                                  NORMAL
...............................................................
TEMPERATURE (F)
 YESTERDAY
  MAXIMUM         49    202 PM  76    2007  49      0
  MINIMUM         22    657 AM   4    1964  23     -1
  AVERAGE         36                        36      0

PRECIPITATION (IN)
  YESTERDAY        0.00          1.15 1913   0.01  -0.01
  MONTH TO DATE    0.01                      0.04  -0.03
  SINCE DEC 1      0.01                      0.04  -0.03
  SINCE JAN 1     19.93                     15.47   4.46

SNOWFALL (IN)
  YESTERDAY        0.0
  MONTH TO DATE    0.1
  SINCE DEC 1      0.1
  SINCE JUL 1      0.1

DEGREE DAYS
 HEATING
  YESTERDAY       29                        29      0
  MONTH TO DATE  127                       114     13
  SINCE DEC 1    127                       114     13
  SINCE JUL 1    795                      1166   -371

 COOLING
  YESTERDAY        0                         0      0
  MONTH TO DATE    0                         0      0
  SINCE DEC 1      0                         0      0
  SINCE JAN 1   1115                       909    206
...............................................................


WIND (MPH)
  HIGHEST WIND SPEED    23   HIGHEST WIND DIRECTION     S (200)
  HIGHEST GUST SPEED    26   HIGHEST GUST DIRECTION     S (200)
  AVERAGE WIND SPEED    11.2


SKY COVER
  AVERAGE SKY COVER 0.0


WEATHER CONDITIONS
 THE FOLLOWING WEATHER WAS RECORDED YESTERDAY.
  NO SIGNIFICANT WEATHER WAS OBSERVED.


RELATIVE HUMIDITY (PERCENT)
 HIGHEST    85          1200 AM
 LOWEST     33          1100 AM
 AVERAGE    59

..........................................................


THE CLAYTON  NM CLIMATE NORMALS FOR TODAY
                         NORMAL    RECORD    YEAR
 MAXIMUM TEMPERATURE (F)   49        72      1939
 MINIMUM TEMPERATURE (F)   23        -2      1972


SUNRISE AND SUNSET
DECEMBER  5 2016......SUNRISE   650 AM MST   SUNSET   437 PM MST
DECEMBER  6 2016......SUNRISE   651 AM MST   SUNSET   437 PM MST


-  INDICATES NEGATIVE NUMBERS.
R  INDICATES RECORD WAS SET OR TIED.
MM INDICATES DATA IS MISSING.
T  INDICATES TRACE AMOUNT.




$$
