000
CDUS41 KCAR 300530
CLICAR

CLIMATE REPORT
NATIONAL WEATHER SERVICE CARIBOU, ME
128 AM EDT TUE MAY 30 2017


...................................

...THE CARIBOU ME CLIMATE SUMMARY FOR MAY 29 2017...

CLIMATE NORMAL PERIOD 1981 TO 2010
CLIMATE RECORD PERIOD 1939 TO 2017


WEATHER ITEM   OBSERVED TIME   RECORD YEAR NORMAL DEPARTURE LAST
                VALUE   (LST)  VALUE       VALUE  FROM      YEAR
                                                  NORMAL
..................................................................
TEMPERATURE (F)
 YESTERDAY
  MAXIMUM         59    154 PM  91    1960  67     -8       55
  MINIMUM         48   1159 PM  33    1970  45      3       50
  AVERAGE         54                        56     -2       53

PRECIPITATION (IN)
  YESTERDAY        0.04          1.48 1993   0.11  -0.07     0.22
  MONTH TO DATE    4.10                      3.10   1.00     2.85
  SINCE MAR 1     10.68                      8.27   2.41    10.35
  SINCE JAN 1     16.30                     13.19   3.11    15.82

SNOWFALL (IN)
  YESTERDAY        0.0           0.0  2002   0.0    0.0      0.0
                                      2001
  MONTH TO DATE    T                         0.5   -0.5      4.8
  SINCE MAR 1     33.0                      26.2    6.8     34.8
  SINCE JUL 1    129.6                     108.7   20.9     94.8
  SNOW DEPTH       0

DEGREE DAYS
 HEATING
  YESTERDAY       11                        10      1       12
  MONTH TO DATE  366                       405    -39      342
  SINCE MAR 1   2453                      2450      3     2472
  SINCE JUL 1   8434                      9171   -737     8214

 COOLING
  YESTERDAY        0                         0      0        0
  MONTH TO DATE    6                         0      6        7
  SINCE MAR 1      6                         0      6        7
  SINCE JAN 1      6                         0      6        7
..................................................................


WIND (MPH)
  HIGHEST WIND SPEED    15   HIGHEST WIND DIRECTION    SE (140)
  HIGHEST GUST SPEED    20   HIGHEST GUST DIRECTION    SE (140)
  AVERAGE WIND SPEED     8.5


SKY COVER
  POSSIBLE SUNSHINE  MM
  AVERAGE SKY COVER 0.8


WEATHER CONDITIONS
 THE FOLLOWING WEATHER WAS RECORDED YESTERDAY.
  LIGHT RAIN
  FOG


RELATIVE HUMIDITY (PERCENT)
 HIGHEST    86           500 AM
 LOWEST     67           200 PM
 AVERAGE    77

..........................................................


THE CARIBOU ME CLIMATE NORMALS FOR TODAY
                         NORMAL    RECORD    YEAR
 MAXIMUM TEMPERATURE (F)   67        85      1999
 MINIMUM TEMPERATURE (F)   45        32      1967


SUNRISE AND SUNSET
MAY 30 2017...........SUNRISE   443 AM EDT   SUNSET   817 PM EDT
MAY 31 2017...........SUNRISE   442 AM EDT   SUNSET   818 PM EDT


-  INDICATES NEGATIVE NUMBERS.
R  INDICATES RECORD WAS SET OR TIED.
MM INDICATES DATA IS MISSING.
T  INDICATES TRACE AMOUNT.

----------------------------------------------------------------
THE CARIBOU ME 4 INCH UNDER SOD SOIL TEMPERATURES FOR MAY 29 2017

MAXIMUM 63F
MINIMUM 58F


$$
