000
CDUS41 KCAR 290537
CLICAR

CLIMATE REPORT
NATIONAL WEATHER SERVICE CARIBOU, ME
135 AM EDT SUN MAY 29 2016


...................................

...THE CARIBOU ME CLIMATE SUMMARY FOR MAY 28 2016...

CLIMATE NORMAL PERIOD 1981 TO 2010
CLIMATE RECORD PERIOD 1939 TO 2016


WEATHER ITEM   OBSERVED TIME   RECORD YEAR NORMAL DEPARTURE LAST
                VALUE   (LST)  VALUE       VALUE  FROM      YEAR
                                                  NORMAL
..................................................................
TEMPERATURE (F)
 YESTERDAY
  MAXIMUM         68    307 PM  89    1978  67      1       76
  MINIMUM         52   1208 AM  32    1994  44      8       59
  AVERAGE         60                        55      5       68

PRECIPITATION (IN)
  YESTERDAY        0.00          1.20 1973   0.11  -0.11     0.31
  MONTH TO DATE    2.63                      2.99  -0.36     2.31
  SINCE MAR 1     10.13                      8.16   1.97     6.31
  SINCE JAN 1     15.60                     13.08   2.52    10.41

SNOWFALL (IN)
  YESTERDAY        0.0           0.0  2002   0.0    0.0      0.0
                                      2001
  MONTH TO DATE    4.8                       0.5    4.3      0.3
  SINCE MAR 1     34.8                      26.2    8.6     33.8
  SINCE JUL 1     94.8                     108.7  -13.9    142.1
  SNOW DEPTH       0

DEGREE DAYS
 HEATING
  YESTERDAY        5                        10     -5        0
  MONTH TO DATE  330                       395    -65      292
  SINCE MAR 1   2460                      2440     20     2539
  SINCE JUL 1   8202                      9161   -959     9280

 COOLING
  YESTERDAY        0                         0      0        3
  MONTH TO DATE    7                         0      7       16
  SINCE MAR 1      7                         0      7       16
  SINCE JAN 1      7                         0      7       16
..................................................................


WIND (MPH)
  HIGHEST WIND SPEED    16   HIGHEST WIND DIRECTION    NW (330)
  HIGHEST GUST SPEED    23   HIGHEST GUST DIRECTION    NW (330)
  AVERAGE WIND SPEED     7.2


SKY COVER
  POSSIBLE SUNSHINE  MM
  AVERAGE SKY COVER 0.7


WEATHER CONDITIONS
 THE FOLLOWING WEATHER WAS RECORDED YESTERDAY.
  FOG
  FOG W/VISIBILITY <= 1/4 MILE


RELATIVE HUMIDITY (PERCENT)
 HIGHEST   100          1200 AM
 LOWEST     48           400 PM
 AVERAGE    74

..........................................................


THE CARIBOU ME CLIMATE NORMALS FOR TODAY
                         NORMAL    RECORD    YEAR
 MAXIMUM TEMPERATURE (F)   67        91      1960
 MINIMUM TEMPERATURE (F)   45        33      1970


SUNRISE AND SUNSET
MAY 29 2016...........SUNRISE   443 AM EDT   SUNSET   816 PM EDT
MAY 30 2016...........SUNRISE   442 AM EDT   SUNSET   817 PM EDT


-  INDICATES NEGATIVE NUMBERS.
R  INDICATES RECORD WAS SET OR TIED.
MM INDICATES DATA IS MISSING.
T  INDICATES TRACE AMOUNT.

THE CARIBOU ME 4-INCH UNDER SOD SOIL TEMP FMOR MAY 28 2016:
MAXIMUM SOIL TEMPERATURE: 59F
MINIMUM SOIL TEMPERATURE: 57F


$$
