000
CDUS41 KCAR 300528
CLICAR


CLIMATE REPORT
NATIONAL WEATHER SERVICE CARIBOU, ME
1228 AM EST FRI JAN 30 2015


...................................

...THE CARIBOU ME CLIMATE SUMMARY FOR JANUARY 29 2015...

CLIMATE NORMAL PERIOD 1981 TO 2010
CLIMATE RECORD PERIOD 1939 TO 2015


WEATHER ITEM   OBSERVED TIME   RECORD YEAR NORMAL DEPARTURE LAST
                VALUE   (LST)  VALUE       VALUE  FROM      YEAR
                                                  NORMAL
..................................................................
TEMPERATURE (F)
 YESTERDAY
  MAXIMUM         21    251 PM  43    1994  20      1       15
  MINIMUM         -6    708 AM -24    1971   1     -7       -9
  AVERAGE          8                        10     -2        3

PRECIPITATION (IN)
  YESTERDAY        0.00          1.02 1977   0.08  -0.08     0.00
  MONTH TO DATE    2.24                      2.54  -0.30     3.99
  SINCE DEC 1      8.12                      5.81   2.31     7.57
  SINCE JAN 1      2.24                      2.54  -0.30     3.99

SNOWFALL (IN)
  YESTERDAY        0.0          13.9  1977   0.8   -0.8      0.0
  MONTH TO DATE   23.3                      23.6   -0.3     17.2
  SINCE DEC 1     50.4                      46.5    3.9     62.0
  SINCE JUL 1     79.2                      58.7   20.5     72.1
  SNOW DEPTH      15

DEGREE DAYS
 HEATING
  YESTERDAY       57                        55      2       62
  MONTH TO DATE 1640                      1591     49     1532
  SINCE DEC 1   2955                      3040    -85     3141
  SINCE JUL 1   4907                      5185   -278     5097

 COOLING
  YESTERDAY        0                         0      0        0
  MONTH TO DATE    0                         0      0        0
  SINCE DEC 1      0                         0      0        0
  SINCE JAN 1      0                         0      0        0
..................................................................


WIND (MPH)
  HIGHEST WIND SPEED     9   HIGHEST WIND DIRECTION    NW (330)
  HIGHEST GUST SPEED    10   HIGHEST GUST DIRECTION    NW (330)
  AVERAGE WIND SPEED     2.9


SKY COVER
  POSSIBLE SUNSHINE  MM
  AVERAGE SKY COVER 0.0


WEATHER CONDITIONS
 THE FOLLOWING WEATHER WAS RECORDED YESTERDAY.
  HAZE


RELATIVE HUMIDITY (PERCENT)
 HIGHEST    88           900 PM
 LOWEST     49           300 PM
 AVERAGE    69

..........................................................


THE CARIBOU ME CLIMATE NORMALS FOR TODAY
                         NORMAL    RECORD    YEAR
 MAXIMUM TEMPERATURE (F)   20        46      2013
 MINIMUM TEMPERATURE (F)    1       -27      1951


SUNRISE AND SUNSET
JANUARY 30 2015.......SUNRISE   659 AM EST   SUNSET   432 PM EST
JANUARY 31 2015.......SUNRISE   658 AM EST   SUNSET   433 PM EST


-  INDICATES NEGATIVE NUMBERS.
R  INDICATES RECORD WAS SET OR TIED.
MM INDICATES DATA IS MISSING.
T  INDICATES TRACE AMOUNT.




$$
