000
CDUS41 KCAR 130527
CLICAR


CLIMATE REPORT
NATIONAL WEATHER SERVICE CARIBOU, ME
1226 AM EST SAT FEB 13 2016


...................................

...THE CARIBOU ME CLIMATE SUMMARY FOR FEBRUARY 12 2016...

CLIMATE NORMAL PERIOD 1981 TO 2010
CLIMATE RECORD PERIOD 1939 TO 2016


WEATHER ITEM   OBSERVED TIME   RECORD YEAR NORMAL DEPARTURE LAST
                VALUE   (LST)  VALUE       VALUE  FROM      YEAR
                                                  NORMAL
..................................................................
TEMPERATURE (F)
 YESTERDAY
  MAXIMUM          9    340 PM  50    1981  23    -14        7
  MINIMUM        -11   1136 PM -27    1975   3    -14       -5
  AVERAGE         -1                        13    -14        1

PRECIPITATION (IN)
  YESTERDAY        0.00          0.85 1952   0.08  -0.08     0.02
  MONTH TO DATE    0.87                      0.94  -0.07     0.31
  SINCE DEC 1      7.17                      6.92   0.25     9.09
  SINCE JAN 1      2.29                      3.65  -1.36     3.21

SNOWFALL (IN)
  YESTERDAY        0.0          16.9  1952   0.8   -0.8      0.3
  MONTH TO DATE    8.2                       9.7   -1.5      4.9
  SINCE DEC 1     47.2                      57.8  -10.6     65.7
  SINCE JUL 1     51.3                      70.0  -18.7     94.5
  SNOW DEPTH      10

DEGREE DAYS
 HEATING
  YESTERDAY       66                        52     14       64
  MONTH TO DATE  573                       639    -66      787
  SINCE DEC 1   3152                      3788   -636     3843
  SINCE JUL 1   4970                      5933   -963     5795

 COOLING
  YESTERDAY        0                         0      0        0
  MONTH TO DATE    0                         0      0        0
  SINCE DEC 1      0                         0      0        0
  SINCE JAN 1      0                         0      0        0
..................................................................


WIND (MPH)
  HIGHEST WIND SPEED    15   HIGHEST WIND DIRECTION     W (250)
  HIGHEST GUST SPEED    19   HIGHEST GUST DIRECTION     W (250)
  AVERAGE WIND SPEED     4.7


SKY COVER
  POSSIBLE SUNSHINE  MM
  AVERAGE SKY COVER 0.3


WEATHER CONDITIONS
 THE FOLLOWING WEATHER WAS RECORDED YESTERDAY.
  FOG
  HAZE


RELATIVE HUMIDITY (PERCENT)
 HIGHEST    83          1000 PM
 LOWEST     50           300 PM
 AVERAGE    67

..........................................................


THE CARIBOU ME CLIMATE NORMALS FOR TODAY
                         NORMAL    RECORD    YEAR
 MAXIMUM TEMPERATURE (F)   23        42      1984
 MINIMUM TEMPERATURE (F)    4       -22      1975


SUNRISE AND SUNSET
FEBRUARY 13 2016......SUNRISE   640 AM EST   SUNSET   453 PM EST
FEBRUARY 14 2016......SUNRISE   639 AM EST   SUNSET   454 PM EST


-  INDICATES NEGATIVE NUMBERS.
R  INDICATES RECORD WAS SET OR TIED.
MM INDICATES DATA IS MISSING.
T  INDICATES TRACE AMOUNT.




$$
