000
CDAK48 PACD 301259
CLICDB


CLIMATE REPORT
NATIONAL WEATHER SERVICE ANCHORAGE, AK
458 AM AKDT THU MAR 30 2017


...................................

...THE COLD BAY CLIMATE SUMMARY FOR MARCH 29 2017...

CLIMATE NORMAL PERIOD 1981 TO 2010
CLIMATE RECORD PERIOD 1942 TO 2017


WEATHER ITEM   OBSERVED TIME   RECORD YEAR NORMAL DEPARTURE LAST
                VALUE   (LST)  VALUE       VALUE  FROM      YEAR
                                                  NORMAL
..................................................................
TEMPERATURE (F)
 YESTERDAY
  MAXIMUM         38    449 PM  54    1948  36      2       39
  MINIMUM         12    741 AM  -2    1976  26    -14       29
  AVERAGE         25                        31     -6       34

PRECIPITATION (IN)
  YESTERDAY        0.00          0.84 2012   0.08  -0.08     0.03
  MONTH TO DATE    0.01                      2.55  -2.54     1.02
  SINCE MAR 1      0.01                      2.55  -2.54     1.02
  SINCE JAN 1      6.99                      8.69  -1.70     7.50

SNOWFALL (IN)
  YESTERDAY        0.0           7.9  2012   0.4   -0.4     MM
  MONTH TO DATE    T                        12.3  -12.3      0.0
  SINCE MAR 1      T                        12.3  -12.3      0.0
  SINCE JUL 1     36.6                      64.5  -27.9     38.3
  SNOW DEPTH       0

DEGREE DAYS
 HEATING
  YESTERDAY       40                        34      6       31
  MONTH TO DATE 1125                      1011    114      870
  SINCE MAR 1   1125                      1011    114      870
  SINCE JUL 1   6685                      7229   -544     6086

 COOLING
  YESTERDAY        0                         0      0        0
  MONTH TO DATE    0                         0      0        0
  SINCE MAR 1      0                         0      0        0
  SINCE JAN 1      0                         0      0        0
..................................................................


WIND (MPH)
  RESULTANT WIND SPEED   8   RESULTANT WIND DIRECTION   E (80)
  HIGHEST WIND SPEED    26   HIGHEST WIND DIRECTION     E (90)
  HIGHEST GUST SPEED    33   HIGHEST GUST DIRECTION     E (70)
  AVERAGE WIND SPEED     9.9



WEATHER CONDITIONS
 THE FOLLOWING WEATHER WAS RECORDED YESTERDAY.
  NO SIGNIFICANT WEATHER WAS OBSERVED.


RELATIVE HUMIDITY (PERCENT)
 HIGHEST    96
 LOWEST     44
 AVERAGE    70

..........................................................


THE COLD BAY CLIMATE NORMALS FOR TODAY
                         NORMAL    RECORD    YEAR
 MAXIMUM TEMPERATURE (F)   36        47      1996
                                             1970
                                             1954
 MINIMUM TEMPERATURE (F)   26         4      1944


SUNRISE AND SUNSET
MARCH 30 2017.........SUNRISE   826 AM AKDT  SUNSET   925 PM AKDT
MARCH 31 2017.........SUNRISE   824 AM AKDT  SUNSET   927 PM AKDT


-  INDICATES NEGATIVE NUMBERS.
R  INDICATES RECORD WAS SET OR TIED.
MM INDICATES DATA IS MISSING.
T  INDICATES TRACE AMOUNT.




$$
