000
CDAK48 PAFC 211326
CLICDB

CLIMATE REPORT
NATIONAL WEATHER SERVICE ANCHORAGE, AK
425 AM AKST SAT JAN 21 2017


...................................

...THE COLD BAY CLIMATE SUMMARY FOR JANUARY 20 2017...

CLIMATE NORMAL PERIOD 1981 TO 2010
CLIMATE RECORD PERIOD 1942 TO 2017


WEATHER ITEM   OBSERVED TIME   RECORD YEAR NORMAL DEPARTURE LAST
                VALUE   (LST)  VALUE       VALUE  FROM      YEAR
                                                  NORMAL
..................................................................
TEMPERATURE (F)
 YESTERDAY
  MAXIMUM         26    147 AM  46    2003  33     -7       37
  MINIMUM         15   1120 PM  -2    1947  23     -8       28
  AVERAGE         21                        28     -7       33

PRECIPITATION (IN)
  YESTERDAY        0.03          0.48 2004   0.10  -0.07     0.03
                                      1979
  MONTH TO DATE    2.34                      2.06   0.28     3.26
  SINCE DEC 1      8.01                      6.52   1.49    10.52
  SINCE JAN 1      2.34                      2.06   0.28     3.26

SNOWFALL (IN)
  YESTERDAY        0.5           4.0  1986   0.5    0.0       T
  MONTH TO DATE    4.7                       9.1   -4.4      7.2
  SINCE DEC 1     19.7                      21.7   -2.0     31.2
  SINCE JUL 1     21.5                      34.3  -12.8     36.5
  SNOW DEPTH       3

DEGREE DAYS
 HEATING
  YESTERDAY       44                        37      7       32
  MONTH TO DATE  786                       732     54      643
  SINCE DEC 1   1766                      1783    -17     1549
  SINCE JUL 1   4116                      4803   -687     4042

 COOLING
  YESTERDAY        0                         0      0        0
  MONTH TO DATE    0                         0      0        0
  SINCE DEC 1      0                         0      0        0
  SINCE JAN 1      0                         0      0        0
..................................................................


WIND (MPH)
  RESULTANT WIND SPEED  20   RESULTANT WIND DIRECTION  NW (330)
  HIGHEST WIND SPEED    32   HIGHEST WIND DIRECTION     N (350)
  HIGHEST GUST SPEED    38   HIGHEST GUST DIRECTION    NW (320)
  AVERAGE WIND SPEED    20.0



WEATHER CONDITIONS
 THE FOLLOWING WEATHER WAS RECORDED YESTERDAY.
  LIGHT SNOW
  FOG
  BLOWING SNOW


RELATIVE HUMIDITY (PERCENT)
 HIGHEST    92
 LOWEST     61
 AVERAGE    77

..........................................................


THE COLD BAY CLIMATE NORMALS FOR TODAY
                         NORMAL    RECORD    YEAR
 MAXIMUM TEMPERATURE (F)   33        45      2003
 MINIMUM TEMPERATURE (F)   23        -2      1973


SUNRISE AND SUNSET
JANUARY 21 2017.......SUNRISE  1000 AM AKST  SUNSET   606 PM AKST
JANUARY 22 2017.......SUNRISE   958 AM AKST  SUNSET   608 PM AKST

CIVIL TWILIGHT
JANUARY 21 2017         START    918 AM GMT     END    648 PM GMT
JANUARY 22 2017         START    917 AM GMT     END    650 PM GMT



-  INDICATES NEGATIVE NUMBERS.
R  INDICATES RECORD WAS SET OR TIED.
MM INDICATES DATA IS MISSING.
T  INDICATES TRACE AMOUNT.




$$
&&
------------------------------------------------------
AMOUNT OF DAYLIGHT TODAY  (HOUR:MIN)........ 8:06
GAIN/LOSS SINCE YESTERDAY (HOUR:MIN:SEC)....+0:03:20

$$
