000
CDAK48 PACD 280004
CLICDB

CLIMATE REPORT
NATIONAL WEATHER SERVICE COLD BAY, AK
404 PM AKDT WED JUL 27 2016

...................................
...THE COLD BAY AP CLIMATE SUMMARY FOR JULY 27 2016...
VALID TODAY AS OF 2:00 PM LOCAL TIME

CLIMATE NORMAL PERIOD  1981 TO  2010
CLIMATE RECORD PERIOD  1942 TO  2016

WEATHER ITEM   OBSERVED TIME    RECORD YEAR NORMAL DEPARTURE LAST
               VALUE    (LST)   VALUE       VALUE  FROM      YEAR
                                                   NORMAL
...................................................................
TEMPERATURE
TODAY
 MAXIMUM            61  0304 PM    69  1969     56       5     52
 MINIMUM            52  0207 AM    39  1972     47       5     48
 AVERAGE            57                          52       5     50

PRECIPITATION
(INCHES)
 TODAY            0.02           0.65  2001   0.08   -0.06   0.21
 MONTH TO DATE    1.58                        2.11   -0.53   2.42
 SINCE JUN 1      3.31                        4.83   -1.52   3.53
 SINCE JAN 1     15.73                       18.69   -2.96  16.38

SNOWFALL
(INCHES)
 TODAY             0.0            0.0  2016    0.0     0.0    0.0
 MONTH TO DATE     0.0                         0.0     0.0    0.0
 SINCE JUN 1       0.0                         0.0     0.0    0.0
 SINCE JUL 1       0.0                         0.0     0.0    0.0
 SNOW DEPTH (IN)     0                                          0

DEGREE DAYS
 HEATING
  TODAY              8                          13      -5     15
  MONTH TO DATE    268                         386    -118    356
  SINCE JUN 1      735                         948    -213    816
  SINCE JUL 1      268                         386    -118    356

 COOLING
  TODAY              0                           0       0      0
  MONTH TO DATE      0                           0       0      0
  SINCE JUN 1        0                           0       0      0
  SINCE JAN 1        0                           0       0      0
...................................................................

WIND (MPH)
 HIGHEST WIND SPEED    17     HIGHEST WIND DIRECTION    260
 HIGHEST GUST SPEED    21     HIGHEST GUST DIRECTION    270
 AVERAGE WIND SPEED    MM

WEATHER CONDITIONS
 THE FOLLOWING WEATHER WAS RECORDED TODAY.
  FOG
  RAIN
...................................................................

THE COLD BAY CLIMATE NORMALS FOR TOMORROW
                        NORMAL    RECORD   YEAR
 MAXIMUM TEMPERATURE      56        68     1977
 MINIMUM TEMPERATURE      48        38     1972

SUNRISE AND SUNSET
 JUL 27 2016..........SUNRISE  6:52 AM      SUNSET 11:03 PM
 JUL 28 2016..........SUNRISE  6:53 AM      SUNSET 11:01 PM

-  INDICATES NEGATIVE NUMBERS.
R  INDICATES RECORD HAS BEEN SET OR TIED.
MM INDICATES DATA IS MISSING.
T  INDICATES TRACE OF PRECIPITATION.

&&
-------------------------------------------------------------------

AMOUNT OF DAYLIGHT TODAY  (HOUR:MIN)........16 HOURS 11 MINUTES
LOSS SINCE YESTERDAY  (HOUR:MIN:SEC)........-0:03:30

$$
DAB JUL 16
