000
CDAK48 PACD 211207
CLICDB

CLIMATE REPORT
NATIONAL WEATHER SERVICE COLD BAY, AK
407 AM AKDT SUN SEP 21 2014

...................................
...THE COLD BAY AP CLIMATE SUMMARY FOR SEPTEMBER 20 2014...

CLIMATE NORMAL PERIOD  1981 TO  2010
CLIMATE RECORD PERIOD  1942 TO  2014

WEATHER ITEM   OBSERVED TIME    RECORD YEAR NORMAL DEPARTURE LAST
               VALUE    (LST)   VALUE       VALUE  FROM      YEAR
                                                   NORMAL
...................................................................
TEMPERATURE
YESTERDAY
 MAXIMUM            54  0135 PM    60  2013     52       2     60
 MINIMUM            44  1124 PM    30  1992     42       2     47
 AVERAGE            49                          47       2     54

PRECIPITATION
(INCHES)
 YESTERDAY        0.07           1.34  1965   0.17   -0.10   0.60
 MONTH TO DATE    4.96                        3.10    1.86   3.32
 SINCE SEP 1      4.96                        3.10    1.86   3.32
 SINCE JAN 1     23.37                       25.84   -2.47  30.24

SNOWFALL
(INCHES)
 YESTERDAY         0.0              T  1978    0.0     0.0    0.0
 MONTH TO DATE     0.0                         0.0     0.0    0.0
 SINCE SEP 1       0.0                         0.0     0.0    0.0
 SINCE JUL 1       0.0                         0.0     0.0    0.0
 SNOW DEPTH (IN)     0                                          0

DEGREE DAYS
 HEATING
  YESTERDAY         16                          18      -2     11
  MONTH TO DATE    242                         315     -73    282
  SINCE SEP 1      242                         315     -73    282
  SINCE JUL 1      784                        1159    -375    953

 COOLING
  YESTERDAY          0                           0       0      0
  MONTH TO DATE      0                           0       0      0
  SINCE SEP 1        0                           0       0      0
  SINCE JAN 1        0                           0       0      0
...................................................................

WIND (MPH)
 HIGHEST WIND SPEED    23     HIGHEST WIND DIRECTION    320
 HIGHEST GUST SPEED    30     HIGHEST GUST DIRECTION    330
 AVERAGE WIND SPEED  13.7


WEATHER CONDITIONS
 THE FOLLOWING WEATHER WAS RECORDED YESTERDAY.
  FOG
  RAIN

...................................................................

THE COLD BAY CLIMATE NORMALS FOR TODAY
                           NORMAL    RECORD   YEAR
 MAXIMUM TEMPERATURE (F)     52        63     2005
 MINIMUM TEMPERATURE (F)     42        26     1992

SUNRISE AND SUNSET
 SEP 21 2014..........SUNRISE  8:35 AM      SUNSET  8:52 PM
 SEP 22 2014..........SUNRISE  8:37 AM      SUNSET  8:50 PM

-  INDICATES NEGATIVE NUMBERS.
R  INDICATES RECORD HAS BEEN SET OR TIED.
MM INDICATES DATA IS MISSING.
T  INDICATES TRACE OF PRECIPITATION.

&&
-------------------------------------------------------------------

AMOUNT OF DAYLIGHT TODAY  (HOUR:MIN)........12 HOURS 17 MINUTES
LOSS SINCE YESTERDAY (HOUR:MIN:SEC).........-0:04:28

$$

RCS SEP 14
