000
CDAK48 PACD 291215
CLICDB

CLIMATE REPORT
NATIONAL WEATHER SERVICE COLD BAY, AK
415 AM AKDT FRI MAY 29 2015

...................................
...THE COLD BAY AP CLIMATE SUMMARY FOR MAY 28 2015...

CLIMATE NORMAL PERIOD  1981 TO  2010
CLIMATE RECORD PERIOD  1942 TO  2015

WEATHER ITEM   OBSERVED TIME    RECORD YEAR NORMAL DEPARTURE LAST
               VALUE    (LST)   VALUE       VALUE  FROM      YEAR
                                                   NORMAL
...................................................................
TEMPERATURE
YESTERDAY
 MAXIMUM            51  0453 PM    68  2006     48       3     56
 MINIMUM            44  0153 AM    30  1976     37       7     45
 AVERAGE            48                          43       5     51

PRECIPITATION
(INCHES)
 YESTERDAY        0.46           1.33  1996   0.09    0.37      T
 MONTH TO DATE    4.22                        2.32    1.90   0.19
 SINCE MAR 1      9.33                        7.44    1.89   3.45
 SINCE JAN 1     11.84                       13.58   -1.74  11.90

SNOWFALL
(INCHES)
 YESTERDAY         0.0              T  1991    0.0     0.0    0.0
 MONTH TO DATE       T                         1.3    -1.3      T
 SINCE MAR 1      13.6                        20.9    -7.3    8.2
 SINCE JUL 1      22.3                        73.1   -50.8   37.3
 SNOW DEPTH (IN)     0                                          0

DEGREE DAYS
 HEATING
  YESTERDAY         17                          22      -5     14
  MONTH TO DATE    601                         699     -98    555
  SINCE MAR 1     2449                        2708    -259   2292
  SINCE JUL 1     7822                        8932   -1110   7436

 COOLING
  YESTERDAY          0                           0       0      0
  MONTH TO DATE      0                           0       0      0
  SINCE MAR 1        0                           0       0      0
  SINCE JAN 1        0                           0       0      0
...................................................................

WIND (MPH)
 HIGHEST WIND SPEED    37     HIGHEST WIND DIRECTION    140
 HIGHEST GUST SPEED    45     HIGHEST GUST DIRECTION    140
 AVERAGE WIND SPEED  25.4

WEATHER CONDITIONS
 THE FOLLOWING WEATHER WAS RECORDED YESTERDAY.
  FOG
  RAIN
...................................................................

THE COLD BAY CLIMATE NORMALS FOR TODAY
                           NORMAL    RECORD   YEAR
 MAXIMUM TEMPERATURE (F)     48        67     2006
 MINIMUM TEMPERATURE (F)     38        30     1972

SUNRISE AND SUNSET
 MAY 29 2015..........SUNRISE  6:22 AM      SUNSET 11:17 PM
 MAY 30 2015..........SUNRISE  6:21 AM      SUNSET 11:18 PM

-  INDICATES NEGATIVE NUMBERS.
R  INDICATES RECORD HAS BEEN SET OR TIED.
MM INDICATES DATA IS MISSING.
T  INDICATES TRACE OF PRECIPITATION.

&&
-------------------------------------------------------------------

AMOUNT OF DAYLIGHT TODAY  (HOUR:MIN)........16 HOURS 55 MINUTES
GAIN SINCE YESTERDAY  (HOUR:MIN:SEC)........+0:02:36

$$
*** MAY 15
