000
CDAK48 PACD 071224
CLICDB

CLIMATE REPORT
NATIONAL WEATHER SERVICE COLD BAY, AK
424 AM AKDT TUE JUL 7 2015

...................................
...THE COLD BAY AP CLIMATE SUMMARY FOR JULY 6 2015...

CLIMATE NORMAL PERIOD  1981 TO  2010
CLIMATE RECORD PERIOD  1942 TO  2015

WEATHER ITEM   OBSERVED TIME    RECORD YEAR NORMAL DEPARTURE LAST
               VALUE    (LST)   VALUE       VALUE  FROM      YEAR
                                                   NORMAL
...................................................................
TEMPERATURE
YESTERDAY
 MAXIMUM            54  1141 AM    67  2014     54       0     67
 MINIMUM            47  0730 AM    39  2012     45       2     46
 AVERAGE            51                          50       1     57

PRECIPITATION
(INCHES)
 YESTERDAY        0.17           0.85  1982   0.07    0.10   0.24
 MONTH TO DATE    0.62                        0.45    0.17   0.24
 SINCE JUN 1      1.73                        3.17   -1.44   1.29
 SINCE JAN 1     14.58                       17.03   -2.45  13.27

SNOWFALL
(INCHES)
 YESTERDAY         0.0            0.0  2015    0.0     0.0    0.0
 MONTH TO DATE     0.0                         0.0     0.0    0.0
 SINCE JUN 1       0.0                         0.0     0.0    0.0
 SINCE JUL 1       0.0                         0.0     0.0    0.0
 SNOW DEPTH (IN)     0                                          0

DEGREE DAYS
 HEATING
  YESTERDAY         14                          15      -1      8
  MONTH TO DATE     73                          93     -20     56
  SINCE JUN 1      533                         655    -122    501
  SINCE JUL 1       73                          93     -20     56

 COOLING
  YESTERDAY          0                           0       0      0
  MONTH TO DATE      0                           0       0      0
  SINCE JUN 1        0                           0       0      0
  SINCE JAN 1        0                           0       0      0
...................................................................

WIND (MPH)
 HIGHEST WIND SPEED    31     HIGHEST WIND DIRECTION    160
 HIGHEST GUST SPEED    37     HIGHEST GUST DIRECTION    160
 AVERAGE WIND SPEED  20.7

WEATHER CONDITIONS
 THE FOLLOWING WEATHER WAS RECORDED YESTERDAY.
  FOG
  RAIN

...................................................................

THE COLD BAY CLIMATE NORMALS FOR TODAY
                           NORMAL    RECORD   YEAR
 MAXIMUM TEMPERATURE (F)     54        66     2007
 MINIMUM TEMPERATURE (F)     46        39     1982

SUNRISE AND SUNSET
 JUL 7 2015..........SUNRISE  6:21 AM      SUNSET 11:31 PM
 JUL 8 2015..........SUNRISE  6:22 AM      SUNSET 11:30 PM

-  INDICATES NEGATIVE NUMBERS.
R  INDICATES RECORD HAS BEEN SET OR TIED.
MM INDICATES DATA IS MISSING.
T  INDICATES TRACE OF PRECIPITATION.

&&
-------------------------------------------------------------------

AMOUNT OF DAYLIGHT TODAY  (HOUR:MIN)........17 HOURS 10 MINUTES
LOSS SINCE YESTERDAY (HOUR:MIN:SEC).........-0:01:51

$$
DK JUL 15
