000
CDAK48 PACD 281255
CLICDB


CLIMATE REPORT
NATIONAL WEATHER SERVICE ANCHORAGE, AK
454 AM AKDT SUN MAY 28 2017


...................................

...THE COLD BAY CLIMATE SUMMARY FOR MAY 27 2017...

CLIMATE NORMAL PERIOD 1981 TO 2010
CLIMATE RECORD PERIOD 1942 TO 2017


WEATHER ITEM   OBSERVED TIME   RECORD YEAR NORMAL DEPARTURE LAST
                VALUE   (LST)  VALUE       VALUE  FROM      YEAR
                                                  NORMAL
..................................................................
TEMPERATURE (F)
 YESTERDAY
  MAXIMUM         47    446 PM  67    1979  48     -1       58
  MINIMUM         36   1159 PM  32    2001  37     -1       44
                                      1987
                                      1971
  AVERAGE         42                        42      0       51

PRECIPITATION (IN)
  YESTERDAY        0.01          2.13 1958   0.10  -0.09     0.01
  MONTH TO DATE    1.88                      2.23  -0.35     1.58
  SINCE MAR 1      2.93                      7.35  -4.42     5.82
  SINCE JAN 1      9.91                     13.49  -3.58    12.30

SNOWFALL (IN)
  YESTERDAY        0.0           0.2  1971   0.0    0.0     MM
  MONTH TO DATE    0.0                       1.3   -1.3      0.0
  SINCE MAR 1      2.9                      20.9  -18.0      0.0
  SINCE JUL 1     39.5                      73.1  -33.6     38.3
  SNOW DEPTH       0

DEGREE DAYS
 HEATING
  YESTERDAY       23                        23      0       14
  MONTH TO DATE  625                       677    -52      515
  SINCE MAR 1   2680                      2689     -9     2128
  SINCE JUL 1   8240                      8907   -667     7344

 COOLING
  YESTERDAY        0                         0      0        0
  MONTH TO DATE    0                         0      0        0
  SINCE MAR 1      0                         0      0        0
  SINCE JAN 1      0                         0      0        0
..................................................................


WIND (MPH)
  RESULTANT WIND SPEED  14   RESULTANT WIND DIRECTION   N (350)
  HIGHEST WIND SPEED    22   HIGHEST WIND DIRECTION     N (360)
  HIGHEST GUST SPEED    27   HIGHEST GUST DIRECTION     N (350)
  AVERAGE WIND SPEED    13.8



WEATHER CONDITIONS
 THE FOLLOWING WEATHER WAS RECORDED YESTERDAY.
  LIGHT RAIN


RELATIVE HUMIDITY (PERCENT)
 HIGHEST    92
 LOWEST     60
 AVERAGE    76

..........................................................


THE COLD BAY CLIMATE NORMALS FOR TODAY
                         NORMAL    RECORD    YEAR
 MAXIMUM TEMPERATURE (F)   48        68      2006
 MINIMUM TEMPERATURE (F)   37        30      1976


SUNRISE AND SUNSET
MAY 28 2017...........SUNRISE   622 AM AKDT  SUNSET  1116 PM AKDT
MAY 29 2017...........SUNRISE   621 AM AKDT  SUNSET  1117 PM AKDT


-  INDICATES NEGATIVE NUMBERS.
R  INDICATES RECORD WAS SET OR TIED.
MM INDICATES DATA IS MISSING.
T  INDICATES TRACE AMOUNT.




$$
