000
CDAK48 PACD 041124
CLICDB

CLIMATE REPORT
NATIONAL WEATHER SERVICE COLD BAY, AK
224 AM AKST WED MAR 4 2015

...................................
...THE COLD BAY AP CLIMATE SUMMARY FOR MARCH 3 2015...

CLIMATE NORMAL PERIOD  1981 TO  2010
CLIMATE RECORD PERIOD  1942 TO  2015

WEATHER ITEM   OBSERVED TIME    RECORD YEAR NORMAL DEPARTURE LAST
               VALUE    (LST)   VALUE       VALUE  FROM      YEAR
                                                   NORMAL
...................................................................
TEMPERATURE
YESTERDAY
 MAXIMUM            39  1229 PM    44  1963     35       4     43
 MINIMUM            30  0431 AM    -1  1956     25       5     34
 AVERAGE            35                          30       5     39

PRECIPITATION
(INCHES)
 YESTERDAY        0.01           0.72  2008   0.10   -0.09   0.00
 MONTH TO DATE    0.28                        0.30   -0.02   0.00
 SINCE MAR 1      0.28                        0.30   -0.02   0.00
 SINCE JAN 1      2.79                        6.44   -3.65   8.45

SNOWFALL
(INCHES)
 YESTERDAY         0.0            4.2  1977    0.4    -0.4    0.0
 MONTH TO DATE     0.0                         1.3    -1.3    0.0
 SINCE MAR 1       0.0                         1.3    -1.3    0.0
 SINCE JUL 1       8.7                        53.5   -44.8   29.1
 SNOW DEPTH (IN)     0                                          0

DEGREE DAYS
 HEATING
  YESTERDAY         30                          35      -5     26
  MONTH TO DATE     78                         105     -27     75
  SINCE MAR 1       78                         105     -27     75
  SINCE JUL 1     5451                        6329    -878   5219

 COOLING
  YESTERDAY          0                           0       0      0
  MONTH TO DATE      0                           0       0      0
  SINCE MAR 1        0                           0       0      0
  SINCE JAN 1        0                           0       0      0
...................................................................

WIND (MPH)
 HIGHEST WIND SPEED    21     HIGHEST WIND DIRECTION    310
 HIGHEST GUST SPEED    25     HIGHEST GUST DIRECTION    310
 AVERAGE WIND SPEED  10.4


WEATHER CONDITIONS
 THE FOLLOWING WEATHER WAS RECORDED YESTERDAY.
  FOG
  DRIZZLE
  RAIN

...................................................................

THE COLD BAY CLIMATE NORMALS FOR TODAY
                           NORMAL    RECORD   YEAR
 MAXIMUM TEMPERATURE (F)     35        47     2009
 MINIMUM TEMPERATURE (F)     25        -7     1956

SUNRISE AND SUNSET
 MAR 4 2015..........SUNRISE  8:34 AM      SUNSET  7:33 PM
 MAR 5 2015..........SUNRISE  8:32 AM      SUNSET  7:35 PM

-  INDICATES NEGATIVE NUMBERS.
R  INDICATES RECORD HAS BEEN SET OR TIED.
MM INDICATES DATA IS MISSING.
T  INDICATES TRACE OF PRECIPITATION.

&&
-------------------------------------------------------------------

AMOUNT OF DAYLIGHT TODAY  (HOUR:MIN)........10 HOURS 59 MINUTES
GAIN SINCE YESTERDAY (HOUR:MIN:SEC).........+0:04:31

$$

RCS MAR 15
