419
CDAK48 PAFC 261238
CLICDB


CLIMATE REPORT
NATIONAL WEATHER SERVICE ANCHORAGE, AK
438 AM AKDT TUE SEP 26 2017


...................................

...THE COLD BAY CLIMATE SUMMARY FOR SEPTEMBER 25 2017...

CLIMATE NORMAL PERIOD 1981 TO 2010
CLIMATE RECORD PERIOD 1942 TO 2017


WEATHER ITEM   OBSERVED TIME   RECORD YEAR NORMAL DEPARTURE LAST
                VALUE   (LST)  VALUE       VALUE  FROM      YEAR
                                                  NORMAL
..................................................................
TEMPERATURE (F)
 YESTERDAY
  MAXIMUM         50        MM  59    1951  51     -1       53
  MINIMUM         38        MM  29    2000  41     -3       38
                                      1992
  AVERAGE         44                        46     -2       46

PRECIPITATION (IN)
  YESTERDAY        0.02          1.33 1980   0.16  -0.14      T
  MONTH TO DATE    2.99                      3.90  -0.91     3.53
  SINCE SEP 1      2.99                      3.90  -0.91     3.53
  SINCE JAN 1     22.55                     26.64  -4.09    22.83

SNOWFALL (IN)
  YESTERDAY        0.0          MM      MM   0.0    0.0      0.0
  MONTH TO DATE    0.0                       0.0    0.0      0.0
  SINCE SEP 1      0.0                       0.0    0.0      0.0
  SINCE JUL 1      0.0                       0.0    0.0      0.0
  SNOW DEPTH       0

DEGREE DAYS
 HEATING
  YESTERDAY       21                        19      2       19
  MONTH TO DATE  398                       408    -10      335
  SINCE SEP 1    398                       408    -10      335
  SINCE JUL 1   1149                      1247    -98      806

 COOLING
  YESTERDAY        0                         0      0        0
  MONTH TO DATE    0                         0      0        0
  SINCE SEP 1      0                         0      0        0
  SINCE JAN 1      0                         0      0        0
..................................................................


WIND (MPH)
  RESULTANT WIND SPEED   8   RESULTANT WIND DIRECTION   W (270)
  HIGHEST WIND SPEED    15   HIGHEST WIND DIRECTION    NW (310)
  HIGHEST GUST SPEED    MM   HIGHEST GUST DIRECTION    MM
  AVERAGE WIND SPEED    10.3



WEATHER CONDITIONS
 THE FOLLOWING WEATHER WAS RECORDED YESTERDAY.
  LIGHT RAIN
  FOG


RELATIVE HUMIDITY (PERCENT)
 HIGHEST   100
 LOWEST     71
 AVERAGE    86

..........................................................


THE COLD BAY CLIMATE NORMALS FOR TODAY
                         NORMAL    RECORD    YEAR
 MAXIMUM TEMPERATURE (F)   51        59      1977
 MINIMUM TEMPERATURE (F)   41        28      2008


SUNRISE AND SUNSET
SEPTEMBER 26 2017.....SUNRISE   845 AM AKDT  SUNSET   838 PM AKDT
SEPTEMBER 27 2017.....SUNRISE   847 AM AKDT  SUNSET   835 PM AKDT


-  INDICATES NEGATIVE NUMBERS.
R  INDICATES RECORD WAS SET OR TIED.
MM INDICATES DATA IS MISSING.
T  INDICATES TRACE AMOUNT.




$$
