000
CDUS45 KSLC 220025
CLICDC


CLIMATE REPORT
NATIONAL WEATHER SERVICE SALT LAKE CITY UT
625 PM MDT SUN SEP 21 2014


...................................

...THE CEDAR CITY UT CLIMATE SUMMARY FOR SEPTEMBER 21 2014...
VALID TODAY AS OF 0500 PM LOCAL TIME.

CLIMATE NORMAL PERIOD 1981 TO 2010
CLIMATE RECORD PERIOD 1928 TO 2014


WEATHER ITEM   OBSERVED TIME   RECORD YEAR NORMAL DEPARTURE LAST
                VALUE   (LST)  VALUE       VALUE  FROM      YEAR
                                                  NORMAL
..................................................................
TEMPERATURE (F)
 TODAY
  MAXIMUM         73    343 PM  88    1966  77     -4       78
  MINIMUM         55    704 AM  28    2006  43     12       49
                                      1965
  AVERAGE         64                        60      4       64

PRECIPITATION (IN)
  TODAY            0.20R         0.19 1964   0.02   0.18     0.00
  MONTH TO DATE    1.46                      0.44   1.02     1.75
  SINCE OCT 1      8.51                     11.09  -2.58    15.71
  SINCE JAN 1      6.57                      7.98  -1.41    13.00

DEGREE DAYS
 HEATING
  TODAY            1                         6     -5        1
  MONTH TO DATE   11                        65    -54       46
  SINCE SEP 1     11                        65    -54       46
  SINCE JUL 1     17                        74    -57       49

 COOLING
  TODAY            0                         0      0        0
  MONTH TO DATE   55                        36     19       35
  SINCE SEP 1     55                        36     19       35
  SINCE JAN 1    601                       585     16      667
..................................................................


WIND (MPH)
  RESULTANT WIND SPEED   1   RESULTANT WIND DIRECTION  NE (50)
  HIGHEST WIND SPEED    10   HIGHEST WIND DIRECTION     W (290)
  HIGHEST GUST SPEED    15   HIGHEST GUST DIRECTION     S (200)
  AVERAGE WIND SPEED     4.7



WEATHER CONDITIONS
 THE FOLLOWING WEATHER WAS RECORDED TODAY.
  THUNDERSTORM
  RAIN
  LIGHT RAIN
  FOG


RELATIVE HUMIDITY (PERCENT)
 HIGHEST   100           700 AM
 LOWEST     57           400 PM
 AVERAGE    79

..........................................................


THE CEDAR CITY UT CLIMATE NORMALS FOR TOMORROW
                         NORMAL    RECORD    YEAR
 MAXIMUM TEMPERATURE (F)   76        90      1979
 MINIMUM TEMPERATURE (F)   42        25      2004


SUNRISE AND SUNSET
SEPTEMBER 21 2014.....SUNRISE   719 AM MDT   SUNSET   731 PM MDT
SEPTEMBER 22 2014.....SUNRISE   720 AM MDT   SUNSET   729 PM MDT


-  INDICATES NEGATIVE NUMBERS.
R  INDICATES RECORD WAS SET OR TIED.
MM INDICATES DATA IS MISSING.
T  INDICATES TRACE AMOUNT.




$$
