000
CDUS45 KSLC 201229
CLICDC


CLIMATE REPORT
NATIONAL WEATHER SERVICE SALT LAKE CITY UT
529 AM MST FRI JAN 20 2017


...................................

...THE CEDAR CITY UT CLIMATE SUMMARY FOR JANUARY 19 2017...

CLIMATE NORMAL PERIOD 1981 TO 2010
CLIMATE RECORD PERIOD 1928 TO 2017


WEATHER ITEM   OBSERVED TIME   RECORD YEAR NORMAL DEPARTURE LAST
                VALUE   (LST)  VALUE       VALUE  FROM      YEAR
                                                  NORMAL
..................................................................
TEMPERATURE (F)
 YESTERDAY
  MAXIMUM         41    104 AM  65    1994  42     -1       41
  MINIMUM         30   1159 PM -13    1949  17     13       23
  AVERAGE         36                        29      7       32

PRECIPITATION (IN)
  YESTERDAY        0.17          0.55 1980   0.03   0.14      T
  MONTH TO DATE    0.59                      0.54   0.05     0.11
  SINCE OCT 1      3.42                      3.65  -0.23     3.67
  SINCE JAN 1      0.59                      0.54   0.05     0.11

DEGREE DAYS
 HEATING
  YESTERDAY       29                        36     -7       33
  MONTH TO DATE  630                       691    -61      717
  SINCE DEC 1   1743                      1811    -68     1880
  SINCE JUL 1   2840                      3253   -413     3112

 COOLING
  YESTERDAY        0                         0      0        0
  MONTH TO DATE    0                         0      0        0
  SINCE DEC 1      0                         0      0        0
  SINCE JAN 1      0                         0      0        0
..................................................................


WIND (MPH)
  RESULTANT WIND SPEED  11   RESULTANT WIND DIRECTION  SW (210)
  HIGHEST WIND SPEED    26   HIGHEST WIND DIRECTION    SW (210)
  HIGHEST GUST SPEED    35   HIGHEST GUST DIRECTION    SW (210)
  AVERAGE WIND SPEED    10.0



WEATHER CONDITIONS
 THE FOLLOWING WEATHER WAS RECORDED YESTERDAY.
  LIGHT SNOW
  FOG


RELATIVE HUMIDITY (PERCENT)
 HIGHEST   100           800 PM
 LOWEST     38           100 AM
 AVERAGE    69

..........................................................


THE CEDAR CITY UT CLIMATE NORMALS FOR TODAY
                         NORMAL    RECORD    YEAR
 MAXIMUM TEMPERATURE (F)   42        76      2014
 MINIMUM TEMPERATURE (F)   17        -8      1988


SUNRISE AND SUNSET
JANUARY 20 2017.......SUNRISE   744 AM MST   SUNSET   543 PM MST
JANUARY 21 2017.......SUNRISE   744 AM MST   SUNSET   544 PM MST


-  INDICATES NEGATIVE NUMBERS.
R  INDICATES RECORD WAS SET OR TIED.
MM INDICATES DATA IS MISSING.
T  INDICATES TRACE AMOUNT.




$$
