000
CDUS45 KSLC 271237
CLICDC


CLIMATE REPORT
NATIONAL WEATHER SERVICE SALT LAKE CITY UT
537 AM MST SAT DEC 27 2014


...................................

...THE CEDAR CITY UT CLIMATE SUMMARY FOR DECEMBER 26 2014...

CLIMATE NORMAL PERIOD 1981 TO 2010
CLIMATE RECORD PERIOD 1928 TO 2014


WEATHER ITEM   OBSERVED TIME   RECORD YEAR NORMAL DEPARTURE LAST
                VALUE   (LST)  VALUE       VALUE  FROM      YEAR
                                                  NORMAL
..................................................................
TEMPERATURE (F)
 YESTERDAY
  MAXIMUM         26    206 PM  61    1980  41    -15       40
  MINIMUM          4    827 PM -15    1962  16    -12        8
  AVERAGE         15                        28    -13       24

PRECIPITATION (IN)
  YESTERDAY        T             0.41 1979   0.03  -0.03     0.00
  MONTH TO DATE    0.76                      0.70   0.06     0.91
  SINCE OCT 1      2.11                      2.97  -0.86     1.94
  SINCE JAN 1      9.79                     11.17  -1.38    14.98

DEGREE DAYS
 HEATING
  YESTERDAY       50                        37     13       41
  MONTH TO DATE  728                       937   -209     1151
  SINCE DEC 1    728                       937   -209     1151
  SINCE JUL 1   1919                      2379   -460     2679

 COOLING
  YESTERDAY        0                         0      0        0
  MONTH TO DATE    0                         0      0        0
  SINCE DEC 1      0                         0      0        0
  SINCE JAN 1    607                       588     19      667
..................................................................


WIND (MPH)
  RESULTANT WIND SPEED   7   RESULTANT WIND DIRECTION   N (20)
  HIGHEST WIND SPEED    17   HIGHEST WIND DIRECTION     N (20)
  HIGHEST GUST SPEED    23   HIGHEST GUST DIRECTION    NE (30)
  AVERAGE WIND SPEED     8.3



WEATHER CONDITIONS
 THE FOLLOWING WEATHER WAS RECORDED YESTERDAY.
  LIGHT SNOW
  FOG


RELATIVE HUMIDITY (PERCENT)
 HIGHEST    92          1200 AM
 LOWEST     62           400 PM
 AVERAGE    77

..........................................................


THE CEDAR CITY UT CLIMATE NORMALS FOR TODAY
                         NORMAL    RECORD    YEAR
 MAXIMUM TEMPERATURE (F)   41        66      1980
 MINIMUM TEMPERATURE (F)   16       -12      1990


SUNRISE AND SUNSET
DECEMBER 27 2014......SUNRISE   746 AM MST   SUNSET   521 PM MST
DECEMBER 28 2014......SUNRISE   747 AM MST   SUNSET   521 PM MST


-  INDICATES NEGATIVE NUMBERS.
R  INDICATES RECORD WAS SET OR TIED.
MM INDICATES DATA IS MISSING.
T  INDICATES TRACE AMOUNT.




$$
