000
CDUS45 KSLC 241240
CLICDC


CLIMATE REPORT
NATIONAL WEATHER SERVICE SALT LAKE CITY UT
639 AM MDT SUN JUL 24 2016


...................................

...THE CEDAR CITY UT CLIMATE SUMMARY FOR JULY 23 2016...

CLIMATE NORMAL PERIOD 1981 TO 2010
CLIMATE RECORD PERIOD 1928 TO 2016


WEATHER ITEM   OBSERVED TIME   RECORD YEAR NORMAL DEPARTURE LAST
                VALUE   (LST)  VALUE       VALUE  FROM      YEAR
                                                  NORMAL
..................................................................
TEMPERATURE (F)
 YESTERDAY
  MAXIMUM         98    423 PM  99    1996  90      8       86
  MINIMUM         62    424 AM  48    1973  57      5       55
  AVERAGE         80                        74      6       71

PRECIPITATION (IN)
  YESTERDAY        0.00          0.72 1969   0.03  -0.03     0.00
  MONTH TO DATE    0.65                      0.54   0.11     0.40
  SINCE OCT 1      8.88                      9.22  -0.34    10.06
  SINCE JAN 1      5.32                      6.11  -0.79     7.93

DEGREE DAYS
 HEATING
  YESTERDAY        0                         0      0        0
  MONTH TO DATE    0                         0      0        1
  SINCE JUN 1      4                        76    -72       26
  SINCE JUL 1      0                         0      0        1

 COOLING
  YESTERDAY       15                         9      6        6
  MONTH TO DATE  215                       183     32      155
  SINCE JUN 1    451                       276    175      342
  SINCE JAN 1    454                       284    170      344
..................................................................


WIND (MPH)
  RESULTANT WIND SPEED   3   RESULTANT WIND DIRECTION   S (200)
  HIGHEST WIND SPEED    21   HIGHEST WIND DIRECTION    SW (220)
  HIGHEST GUST SPEED    26   HIGHEST GUST DIRECTION    SW (220)
  AVERAGE WIND SPEED     8.4



WEATHER CONDITIONS
 THE FOLLOWING WEATHER WAS RECORDED YESTERDAY.
  NO SIGNIFICANT WEATHER WAS OBSERVED.


RELATIVE HUMIDITY (PERCENT)
 HIGHEST    39           500 AM
 LOWEST      9           600 PM
 AVERAGE    24

..........................................................


THE CEDAR CITY UT CLIMATE NORMALS FOR TODAY
                         NORMAL    RECORD    YEAR
 MAXIMUM TEMPERATURE (F)   90        98      1975
 MINIMUM TEMPERATURE (F)   57        49      1979


SUNRISE AND SUNSET
JULY 24 2016..........SUNRISE   630 AM MDT   SUNSET   847 PM MDT
JULY 25 2016..........SUNRISE   631 AM MDT   SUNSET   847 PM MDT


-  INDICATES NEGATIVE NUMBERS.
R  INDICATES RECORD WAS SET OR TIED.
MM INDICATES DATA IS MISSING.
T  INDICATES TRACE AMOUNT.




$$
