000
CDUS45 KSLC 240042
CLICDC


CLIMATE REPORT
NATIONAL WEATHER SERVICE SALT LAKE CITY UT
641 PM MDT WED JUL 23 2014


...................................

...THE CEDAR CITY UT CLIMATE SUMMARY FOR JULY 23 2014...
VALID TODAY AS OF 0500 PM LOCAL TIME.

CLIMATE NORMAL PERIOD 1981 TO 2010
CLIMATE RECORD PERIOD 1928 TO 2014


WEATHER ITEM   OBSERVED TIME   RECORD YEAR NORMAL DEPARTURE LAST
                VALUE   (LST)  VALUE       VALUE  FROM      YEAR
                                                  NORMAL
..................................................................
TEMPERATURE (F)
 TODAY
  MAXIMUM         97    324 PM  99    1996  90      7       86
  MINIMUM         58    404 AM  48    1973  57      1       59
  AVERAGE         78                        74      4       73

PRECIPITATION (IN)
  TODAY            0.00          0.72 1969   0.03  -0.03     0.01
  MONTH TO DATE    0.19                      0.54  -0.35     1.60
  SINCE OCT 1      5.56                      9.22  -3.66     8.38
  SINCE JAN 1      3.62                      6.11  -2.49     5.67

DEGREE DAYS
 HEATING
  TODAY            0                         0      0        0
  MONTH TO DATE    0                         0      0        0
  SINCE JUN 1     27                        76    -49       11
  SINCE JUL 1      0                         0      0        0

 COOLING
  TODAY           13                         9      4        8
  MONTH TO DATE  212                       183     29      244
  SINCE JUN 1    312                       276     36      395
  SINCE JAN 1    337                       284     53      397
..................................................................


WIND (MPH)
  RESULTANT WIND SPEED   7   RESULTANT WIND DIRECTION  SW (210)
  HIGHEST WIND SPEED    22   HIGHEST WIND DIRECTION    SW (220)
  HIGHEST GUST SPEED    29   HIGHEST GUST DIRECTION    SW (220)
  AVERAGE WIND SPEED     8.7



WEATHER CONDITIONS
 THE FOLLOWING WEATHER WAS RECORDED TODAY.
  HAZE


RELATIVE HUMIDITY (PERCENT)
 HIGHEST    42           400 AM
 LOWEST      9          1000 AM
 AVERAGE    26

..........................................................


THE CEDAR CITY UT CLIMATE NORMALS FOR TOMORROW
                         NORMAL    RECORD    YEAR
 MAXIMUM TEMPERATURE (F)   90        98      1975
 MINIMUM TEMPERATURE (F)   57        49      1979


SUNRISE AND SUNSET
JULY 23 2014..........SUNRISE   629 AM MDT   SUNSET   849 PM MDT
JULY 24 2014..........SUNRISE   630 AM MDT   SUNSET   848 PM MDT


-  INDICATES NEGATIVE NUMBERS.
R  INDICATES RECORD WAS SET OR TIED.
MM INDICATES DATA IS MISSING.
T  INDICATES TRACE AMOUNT.




$$
