000
CDUS45 KSLC 231225
CLICDC


CLIMATE REPORT
NATIONAL WEATHER SERVICE SALT LAKE CITY UT
625 AM MDT FRI JUN 23 2017


...................................

...THE CEDAR CITY UT CLIMATE SUMMARY FOR JUNE 22 2017...

CLIMATE NORMAL PERIOD 1981 TO 2010
CLIMATE RECORD PERIOD 1928 TO 2017


WEATHER ITEM   OBSERVED TIME   RECORD YEAR NORMAL DEPARTURE LAST
                VALUE   (LST)  VALUE       VALUE  FROM      YEAR
                                                  NORMAL
..................................................................
TEMPERATURE (F)
 YESTERDAY
  MAXIMUM         96    347 PM 100    1981  86     10       97
  MINIMUM         56    513 AM  36    1989  50      6       59
  AVERAGE         76                        68      8       78

PRECIPITATION (IN)
  YESTERDAY        0.00          0.39 1972   0.02  -0.02     0.00
  MONTH TO DATE    0.00                      0.43  -0.43     0.04
  SINCE OCT 1      8.25                      8.58  -0.33     7.98
  SINCE JAN 1      5.42                      5.47  -0.05     4.42

DEGREE DAYS
 HEATING
  YESTERDAY        0                         1     -1        0
  MONTH TO DATE   23                        70    -47        4
  SINCE JUN 1     23                        70    -47        4
  SINCE JUL 1   5447                      6249   -802     5879

 COOLING
  YESTERDAY       11                         4      7       13
  MONTH TO DATE  137                        53     84      146
  SINCE JUN 1    137                        53     84      146
  SINCE JAN 1    142                        61     81      149
..................................................................


WIND (MPH)
  RESULTANT WIND SPEED   4   RESULTANT WIND DIRECTION  NE (50)
  HIGHEST WIND SPEED    16   HIGHEST WIND DIRECTION    NE (30)
  HIGHEST GUST SPEED    21   HIGHEST GUST DIRECTION    NE (40)
  AVERAGE WIND SPEED     6.9



WEATHER CONDITIONS
 THE FOLLOWING WEATHER WAS RECORDED YESTERDAY.
  NO SIGNIFICANT WEATHER WAS OBSERVED.


RELATIVE HUMIDITY (PERCENT)
 HIGHEST    29           600 AM
 LOWEST     10           400 PM
 AVERAGE    20

..........................................................


THE CEDAR CITY UT CLIMATE NORMALS FOR TODAY
                         NORMAL    RECORD    YEAR
 MAXIMUM TEMPERATURE (F)   86        99      1961
 MINIMUM TEMPERATURE (F)   51        41      1976


SUNRISE AND SUNSET
JUNE 23 2017..........SUNRISE   612 AM MDT   SUNSET   858 PM MDT
JUNE 24 2017..........SUNRISE   612 AM MDT   SUNSET   858 PM MDT


-  INDICATES NEGATIVE NUMBERS.
R  INDICATES RECORD WAS SET OR TIED.
MM INDICATES DATA IS MISSING.
T  INDICATES TRACE AMOUNT.




$$
