000
CDUS45 KSLC 080033
CLICDC


CLIMATE REPORT
NATIONAL WEATHER SERVICE SALT LAKE CITY UT
633 PM MDT TUE JUL 7 2015


...................................

...THE CEDAR CITY UT CLIMATE SUMMARY FOR JULY 7 2015...
VALID TODAY AS OF 0500 PM LOCAL TIME.

CLIMATE NORMAL PERIOD 1981 TO 2010
CLIMATE RECORD PERIOD 1928 TO 2015


WEATHER ITEM   OBSERVED TIME   RECORD YEAR NORMAL DEPARTURE LAST
                VALUE   (LST)  VALUE       VALUE  FROM      YEAR
                                                  NORMAL
..................................................................
TEMPERATURE (F)
 TODAY
  MAXIMUM         83    141 PM 105    1989  89     -6       91
  MINIMUM         57    515 AM  43    1955  55      2       55
  AVERAGE         70                        72     -2       73

PRECIPITATION (IN)
  TODAY            T             1.07 1967   0.02  -0.02     0.00
  MONTH TO DATE    0.06                      0.11  -0.05     0.19
  SINCE OCT 1      9.72                      8.79   0.93     5.56
  SINCE JAN 1      7.59                      5.68   1.91     3.62

DEGREE DAYS
 HEATING
  TODAY            0                         0      0        0
  MONTH TO DATE    0                         0      0        0
  SINCE JUN 1     25                        76    -51       27
  SINCE JUL 1      0                         0      0        0

 COOLING
  TODAY            5                         7     -2        8
  MONTH TO DATE   70                        47     23       67
  SINCE JUN 1    257                       140    117      167
  SINCE JAN 1    259                       148    111      192
..................................................................


WIND (MPH)
  RESULTANT WIND SPEED   3   RESULTANT WIND DIRECTION   S (160)
  HIGHEST WIND SPEED    22   HIGHEST WIND DIRECTION    SW (220)
  HIGHEST GUST SPEED    27   HIGHEST GUST DIRECTION    SW (220)
  AVERAGE WIND SPEED     7.1



WEATHER CONDITIONS
 THE FOLLOWING WEATHER WAS RECORDED TODAY.
  NO SIGNIFICANT WEATHER WAS OBSERVED.


RELATIVE HUMIDITY (PERCENT)
 HIGHEST    80           600 AM
 LOWEST     26           200 PM
 AVERAGE    53

..........................................................


THE CEDAR CITY UT CLIMATE NORMALS FOR TOMORROW
                         NORMAL    RECORD    YEAR
 MAXIMUM TEMPERATURE (F)   90       102      1985
 MINIMUM TEMPERATURE (F)   55        44      1959


SUNRISE AND SUNSET
JULY  7 2015..........SUNRISE   617 AM MDT   SUNSET   857 PM MDT
JULY  8 2015..........SUNRISE   618 AM MDT   SUNSET   857 PM MDT


-  INDICATES NEGATIVE NUMBERS.
R  INDICATES RECORD WAS SET OR TIED.
MM INDICATES DATA IS MISSING.
T  INDICATES TRACE AMOUNT.




$$
