000
CDUS45 KSLC 271238
CLICDC


CLIMATE REPORT
NATIONAL WEATHER SERVICE SALT LAKE CITY UT
638 AM MDT SAT AUG 27 2016


...................................

...THE CEDAR CITY UT CLIMATE SUMMARY FOR AUGUST 26 2016...

CLIMATE NORMAL PERIOD 1981 TO 2010
CLIMATE RECORD PERIOD 1928 TO 2016


WEATHER ITEM   OBSERVED TIME   RECORD YEAR NORMAL DEPARTURE LAST
                VALUE   (LST)  VALUE       VALUE  FROM      YEAR
                                                  NORMAL
..................................................................
TEMPERATURE (F)
 YESTERDAY
  MAXIMUM         80    328 PM  94    2001  86     -6       80
  MINIMUM         53    319 AM  44    1992  53      0       57
  AVERAGE         67                        69     -2       69

PRECIPITATION (IN)
  YESTERDAY        0.07          0.91 1953   0.03   0.04     0.22
  MONTH TO DATE    1.30                      0.98   0.32     0.98
  SINCE OCT 1     10.63                     10.50   0.13    11.04
  SINCE JAN 1      7.07                      7.39  -0.32     8.91

DEGREE DAYS
 HEATING
  YESTERDAY        0                         0      0        0
  MONTH TO DATE    1                         0      1        0
  SINCE JUN 1      5                        79    -74       26
  SINCE JUL 1      1                         3     -2        1

 COOLING
  YESTERDAY        2                         5     -3        4
  MONTH TO DATE  203                       175     28      192
  SINCE JUN 1    771                       520    251      584
  SINCE JAN 1    774                       528    246      586
..................................................................


WIND (MPH)
  RESULTANT WIND SPEED   6   RESULTANT WIND DIRECTION   S (200)
  HIGHEST WIND SPEED    26   HIGHEST WIND DIRECTION     S (200)
  HIGHEST GUST SPEED    33   HIGHEST GUST DIRECTION     S (200)
  AVERAGE WIND SPEED    12.5



WEATHER CONDITIONS
 THE FOLLOWING WEATHER WAS RECORDED YESTERDAY.
  THUNDERSTORM
  RAIN
  LIGHT RAIN


RELATIVE HUMIDITY (PERCENT)
 HIGHEST    72          1100 PM
 LOWEST     27           300 PM
 AVERAGE    50

..........................................................


THE CEDAR CITY UT CLIMATE NORMALS FOR TODAY
                         NORMAL    RECORD    YEAR
 MAXIMUM TEMPERATURE (F)   85        95      2001
 MINIMUM TEMPERATURE (F)   53        40      1992


SUNRISE AND SUNSET
AUGUST 27 2016........SUNRISE   659 AM MDT   SUNSET   808 PM MDT
AUGUST 28 2016........SUNRISE   700 AM MDT   SUNSET   807 PM MDT


-  INDICATES NEGATIVE NUMBERS.
R  INDICATES RECORD WAS SET OR TIED.
MM INDICATES DATA IS MISSING.
T  INDICATES TRACE AMOUNT.




$$
