000
CDUS45 KSLC 241227
CLICDC


CLIMATE REPORT
NATIONAL WEATHER SERVICE SALT LAKE CITY UT
627 AM MDT FRI MAR 24 2017


...................................

...THE CEDAR CITY UT CLIMATE SUMMARY FOR MARCH 23 2017...

CLIMATE NORMAL PERIOD 1981 TO 2010
CLIMATE RECORD PERIOD 1928 TO 2017


WEATHER ITEM   OBSERVED TIME   RECORD YEAR NORMAL DEPARTURE LAST
                VALUE   (LST)  VALUE       VALUE  FROM      YEAR
                                                  NORMAL
..................................................................
TEMPERATURE (F)
 YESTERDAY
  MAXIMUM         45   1002 AM  74    2004  56    -11       48
  MINIMUM         29   1159 PM  10    1952  27      2       20
  AVERAGE         37                        42     -5       34

PRECIPITATION (IN)
  YESTERDAY        0.26          0.69 1965   0.05   0.21     0.00
  MONTH TO DATE    0.74                      1.01  -0.27     0.55
  SINCE OCT 1      5.29                      5.98  -0.69     5.58
  SINCE JAN 1      2.46                      2.87  -0.41     2.02

DEGREE DAYS
 HEATING
  YESTERDAY       28                        24      4       31
  MONTH TO DATE  403                       591   -188      455
  SINCE MAR 1    403                       591   -188      455
  SINCE JUL 1   4424                      5153   -729     4869

 COOLING
  YESTERDAY        0                         0      0        0
  MONTH TO DATE    0                         0      0        0
  SINCE MAR 1      0                         0      0        0
  SINCE JAN 1      0                         0      0        0
..................................................................


WIND (MPH)
  RESULTANT WIND SPEED   2   RESULTANT WIND DIRECTION   S (180)
  HIGHEST WIND SPEED    22   HIGHEST WIND DIRECTION     W (270)
  HIGHEST GUST SPEED    30   HIGHEST GUST DIRECTION     W (280)
  AVERAGE WIND SPEED     7.4



WEATHER CONDITIONS
 THE FOLLOWING WEATHER WAS RECORDED YESTERDAY.
  RAIN
  LIGHT RAIN
  LIGHT SNOW
  FOG


RELATIVE HUMIDITY (PERCENT)
 HIGHEST    92           200 AM
 LOWEST     70          1000 AM
 AVERAGE    81

..........................................................


THE CEDAR CITY UT CLIMATE NORMALS FOR TODAY
                         NORMAL    RECORD    YEAR
 MAXIMUM TEMPERATURE (F)   56        74      1956
 MINIMUM TEMPERATURE (F)   27        14      2013
                                             1957


SUNRISE AND SUNSET
MARCH 24 2017.........SUNRISE   729 AM MDT   SUNSET   748 PM MDT
MARCH 25 2017.........SUNRISE   728 AM MDT   SUNSET   749 PM MDT


-  INDICATES NEGATIVE NUMBERS.
R  INDICATES RECORD WAS SET OR TIED.
MM INDICATES DATA IS MISSING.
T  INDICATES TRACE AMOUNT.




$$
