000
CDUS45 KSLC 300032
CLICDC


CLIMATE REPORT
NATIONAL WEATHER SERVICE SALT LAKE CITY UT
631 PM MDT THU SEP 29 2016


...................................

...THE CEDAR CITY UT CLIMATE SUMMARY FOR SEPTEMBER 29 2016...
VALID TODAY AS OF 0500 PM LOCAL TIME.

CLIMATE NORMAL PERIOD 1981 TO 2010
CLIMATE RECORD PERIOD 1928 TO 2016


WEATHER ITEM   OBSERVED TIME   RECORD YEAR NORMAL DEPARTURE LAST
                VALUE   (LST)  VALUE       VALUE  FROM      YEAR
                                                  NORMAL
..................................................................
TEMPERATURE (F)
 TODAY
  MAXIMUM         74    321 PM  90    2010  73      1       84
  MINIMUM         50    657 AM  25    1985  39     11       48
  AVERAGE         62                        56      6       66

PRECIPITATION (IN)
  TODAY            0.01          0.90 1994   0.02  -0.01     0.00
  MONTH TO DATE    0.68                      0.63   0.05     0.88
  SINCE OCT 1     11.48                     11.28   0.20    11.92
  SINCE JAN 1      7.92                      8.17  -0.25     9.79

DEGREE DAYS
 HEATING
  TODAY            3                         9     -6        0
  MONTH TO DATE  109                       126    -17       28
  SINCE SEP 1    109                       126    -17       28
  SINCE JUL 1    113                       135    -22       29

 COOLING
  TODAY            0                         0      0        1
  MONTH TO DATE   31                        36     -5       79
  SINCE SEP 1     31                        36     -5       79
  SINCE JAN 1    824                       585    239      702
..................................................................


WIND (MPH)
  RESULTANT WIND SPEED   6   RESULTANT WIND DIRECTION   S (200)
  HIGHEST WIND SPEED    25   HIGHEST WIND DIRECTION    SW (210)
  HIGHEST GUST SPEED    32   HIGHEST GUST DIRECTION    SW (220)
  AVERAGE WIND SPEED     8.1



WEATHER CONDITIONS
 THE FOLLOWING WEATHER WAS RECORDED TODAY.
  LIGHT RAIN


RELATIVE HUMIDITY (PERCENT)
 HIGHEST    77           700 AM
 LOWEST     35           200 PM
 AVERAGE    56

..........................................................


THE CEDAR CITY UT CLIMATE NORMALS FOR TOMORROW
                         NORMAL    RECORD    YEAR
 MAXIMUM TEMPERATURE (F)   73        88      2010
 MINIMUM TEMPERATURE (F)   39        25      2007


SUNRISE AND SUNSET
SEPTEMBER 29 2016.....SUNRISE   727 AM MDT   SUNSET   718 PM MDT
SEPTEMBER 30 2016.....SUNRISE   728 AM MDT   SUNSET   716 PM MDT


-  INDICATES NEGATIVE NUMBERS.
R  INDICATES RECORD WAS SET OR TIED.
MM INDICATES DATA IS MISSING.
T  INDICATES TRACE AMOUNT.




$$
