000
CDUS45 KSLC 221227
CLICDC


CLIMATE REPORT
NATIONAL WEATHER SERVICE SALT LAKE CITY UT
526 AM MST MON JAN 22 2018


...................................

...THE CEDAR CITY UT CLIMATE SUMMARY FOR JANUARY 21 2018...

CLIMATE NORMAL PERIOD 1981 TO 2010
CLIMATE RECORD PERIOD 1928 TO 2018


WEATHER ITEM   OBSERVED TIME   RECORD YEAR NORMAL DEPARTURE LAST
                VALUE   (LST)  VALUE       VALUE  FROM      YEAR
                                                  NORMAL
..................................................................
TEMPERATURE (F)
 YESTERDAY
  MAXIMUM         30    355 PM  63    2014  42    -12       36
  MINIMUM          0   1150 PM  -4    1955  17    -17       21
  AVERAGE         15                        29    -14       29

PRECIPITATION (IN)
  YESTERDAY        0.00          0.68 1974   0.03  -0.03     0.13
  MONTH TO DATE    1.03                      0.59   0.44     0.73
  SINCE OCT 1      1.58                      3.70  -2.12     3.56
  SINCE JAN 1      1.03                      0.59   0.44     0.73

DEGREE DAYS
 HEATING
  YESTERDAY       50                        36     14       36
  MONTH TO DATE  587                       763   -176      705
  SINCE DEC 1   1583                      1883   -300     1818
  SINCE JUL 1   2782                      3325   -543     2915

 COOLING
  YESTERDAY        0                         0      0        0
  MONTH TO DATE    0                         0      0        0
  SINCE DEC 1      0                         0      0        0
  SINCE JAN 1      0                         0      0        0
..................................................................


WIND (MPH)
  RESULTANT WIND SPEED   5   RESULTANT WIND DIRECTION   N (10)
  HIGHEST WIND SPEED    15   HIGHEST WIND DIRECTION    NE (30)
  HIGHEST GUST SPEED    24   HIGHEST GUST DIRECTION     N (340)
  AVERAGE WIND SPEED     5.4



WEATHER CONDITIONS
 THE FOLLOWING WEATHER WAS RECORDED YESTERDAY.
  NO SIGNIFICANT WEATHER WAS OBSERVED.


RELATIVE HUMIDITY (PERCENT)
 HIGHEST   100          1000 PM
 LOWEST     58           300 PM
 AVERAGE    79

..........................................................


THE CEDAR CITY UT CLIMATE NORMALS FOR TODAY
                         NORMAL    RECORD    YEAR
 MAXIMUM TEMPERATURE (F)   42        64      1981
 MINIMUM TEMPERATURE (F)   17       -11      1962


SUNRISE AND SUNSET
JANUARY 22 2018.......SUNRISE   743 AM MST   SUNSET   545 PM MST
JANUARY 23 2018.......SUNRISE   743 AM MST   SUNSET   546 PM MST


-  INDICATES NEGATIVE NUMBERS.
R  INDICATES RECORD WAS SET OR TIED.
MM INDICATES DATA IS MISSING.
T  INDICATES TRACE AMOUNT.




$$
