000
CDUS45 KCYS 220740
CLICDR


CLIMATE REPORT
NATIONAL WEATHER SERVICE CHEYENNE WY
1240 AM MST SAT NOV 22 2014


...................................

...THE CHADRON NE AIRPORT CLIMATE SUMMARY FOR NOVEMBER 21 2014...

CLIMATE NORMAL PERIOD 1981 TO 2010
CLIMATE RECORD PERIOD 1895 TO 2014


WEATHER ITEM   OBSERVED TIME   RECORD YEAR NORMAL DEPARTURE LAST
                VALUE   (LST)  VALUE       VALUE  FROM      YEAR
                                                  NORMAL
..................................................................
TEMPERATURE (F)
 YESTERDAY
  MAXIMUM         50    334 PM  73    2012  45      5       17
  MINIMUM         21    227 AM  -8    1964  17      4       -5
  AVERAGE         36                        31      5        6

PRECIPITATION (IN)
  YESTERDAY        0.00          0.42 1920   0.01  -0.01     0.08
  MONTH TO DATE    0.10                      0.47  -0.37     0.48
  SINCE JAN 1     18.69                     17.38   1.31    19.10

DEGREE DAYS
 HEATING
  YESTERDAY       29                        34     -5       59
  MONTH TO DATE  752                       604    148      589
  SINCE SEP 1   1321                      1327     -6     1310
  SINCE JUL 1   1335                      1357    -22     1310

 COOLING
  YESTERDAY        0                         0      0        0
  MONTH TO DATE    0                         0      0        0
  SINCE SEP 1     62                        65     -3      149
  SINCE JAN 1    647                       712    -65      917
..................................................................


WIND (MPH)
  HIGHEST WIND SPEED     9   HIGHEST WIND DIRECTION    SW (240)
  HIGHEST GUST SPEED    12   HIGHEST GUST DIRECTION     W (280)
  AVERAGE WIND SPEED     4.0


SKY COVER
  AVERAGE SKY COVER 0.1


WEATHER CONDITIONS
 THE FOLLOWING WEATHER WAS RECORDED YESTERDAY.
  HAZE


RELATIVE HUMIDITY (PERCENT)
 HIGHEST    88           100 AM
 LOWEST     39           200 PM
 AVERAGE    64

..........................................................


THE CHADRON NE AIRPORT CLIMATE NORMALS FOR TODAY
                         NORMAL    RECORD    YEAR
 MAXIMUM TEMPERATURE (F)   45        72      2006
 MINIMUM TEMPERATURE (F)   17       -13      1941


SUNRISE AND SUNSET
NOVEMBER 22 2014......SUNRISE   653 AM MST   SUNSET   424 PM MST
NOVEMBER 23 2014......SUNRISE   654 AM MST   SUNSET   423 PM MST


-  INDICATES NEGATIVE NUMBERS.
R  INDICATES RECORD WAS SET OR TIED.
MM INDICATES DATA IS MISSING.
T  INDICATES TRACE AMOUNT.




$$
