000
CDUS45 KCYS 302139
CLICDR


CLIMATE REPORT
NATIONAL WEATHER SERVICE CHEYENNE WY
339 PM MDT MON MAR 30 2015


...................................

...THE CHADRON NE AIRPORT CLIMATE SUMMARY FOR MARCH 30 2015...
VALID AS OF 0300 PM LOCAL TIME.

CLIMATE NORMAL PERIOD 1981 TO 2010
CLIMATE RECORD PERIOD 1895 TO 2015


WEATHER ITEM   OBSERVED TIME   RECORD YEAR NORMAL DEPARTURE LAST
                VALUE   (LST)  VALUE       VALUE  FROM      YEAR
                                                  NORMAL
..................................................................
TEMPERATURE (F)
 TODAY
  MAXIMUM         71    148 PM  83    1978  55     16       73
  MINIMUM         28   1250 AM   1    1954  25      3       30
  AVERAGE         50                        40     10       52

PRECIPITATION (IN)
  TODAY            0.00          1.07 1998   0.05  -0.05     0.04
  MONTH TO DATE    0.03                      1.19  -1.16     0.39
  SINCE JAN 1      0.94                      2.16  -1.22     1.41

DEGREE DAYS
 HEATING
  TODAY           15                        25    -10       13
  MONTH TO DATE  666                       881   -215      862
  SINCE MAR 1    666                       881   -215      862
  SINCE JUL 1   5611                      6133   -522     6336

 COOLING
  TODAY            0                         0      0        0
  MONTH TO DATE    0                         0      0        0
  SINCE MAR 1      0                         0      0        0
  SINCE JAN 1      0                         0      0        0
..................................................................


WIND (MPH)
  HIGHEST WIND SPEED    23   HIGHEST WIND DIRECTION     W (280)
  HIGHEST GUST SPEED    28   HIGHEST GUST DIRECTION    NW (310)
  AVERAGE WIND SPEED     9.7


SKY COVER
  AVERAGE SKY COVER 0.0


WEATHER CONDITIONS
 THE FOLLOWING WEATHER WAS RECORDED TODAY.
  NO SIGNIFICANT WEATHER WAS OBSERVED.


RELATIVE HUMIDITY (PERCENT)
 HIGHEST    78           400 AM
 LOWEST     22           100 PM
 AVERAGE    50

..........................................................


THE CHADRON NE AIRPORT CLIMATE NORMALS FOR TOMORROW
                         NORMAL    RECORD    YEAR
 MAXIMUM TEMPERATURE (F)   55        85      1946
 MINIMUM TEMPERATURE (F)   25         2      1954


SUNRISE AND SUNSET
MARCH 30 2015.........SUNRISE   638 AM MDT   SUNSET   716 PM MDT
MARCH 31 2015.........SUNRISE   637 AM MDT   SUNSET   717 PM MDT


-  INDICATES NEGATIVE NUMBERS.
R  INDICATES RECORD WAS SET OR TIED.
MM INDICATES DATA IS MISSING.
T  INDICATES TRACE AMOUNT.




$$
