000
CDUS45 KCYS 222121
CLICDR


CLIMATE REPORT
NATIONAL WEATHER SERVICE CHEYENNE WY
321 PM MDT MON SEP 22 2014


...................................

...THE CHADRON NE AIRPORT CLIMATE SUMMARY FOR SEPTEMBER 22 2014...
VALID AS OF 0300 PM LOCAL TIME.

CLIMATE NORMAL PERIOD 1981 TO 2010
CLIMATE RECORD PERIOD 1895 TO 2014


WEATHER ITEM   OBSERVED TIME   RECORD YEAR NORMAL DEPARTURE LAST
                VALUE   (LST)  VALUE       VALUE  FROM      YEAR
                                                  NORMAL
..................................................................
TEMPERATURE (F)
 TODAY
  MAXIMUM         76    110 PM  97    1967  75      1       94
  MINIMUM         59    638 AM  27    1916  41     18       50
  AVERAGE         68                        58     10       72

PRECIPITATION (IN)
  TODAY            0.00          0.42 2006   0.06  -0.06     0.18
                                      1985
  MONTH TO DATE    0.60                      1.30  -0.70     0.85
  SINCE JAN 1     15.12                     15.17  -0.05    13.21

DEGREE DAYS
 HEATING
  TODAY            0                         8     -8        0
  MONTH TO DATE  127                       103     24       32
  SINCE SEP 1    127                       103     24       32
  SINCE JUL 1    141                       133      8       32

 COOLING
  TODAY            3                         1      2        7
  MONTH TO DATE   38                        57    -19      146
  SINCE SEP 1     38                        57    -19      146
  SINCE JAN 1    623                       704    -81      914
..................................................................


WIND (MPH)
  HIGHEST WIND SPEED    28   HIGHEST WIND DIRECTION     S (170)
  HIGHEST GUST SPEED    34   HIGHEST GUST DIRECTION     S (160)
  AVERAGE WIND SPEED    17.4


SKY COVER
  AVERAGE SKY COVER 0.2


WEATHER CONDITIONS
 THE FOLLOWING WEATHER WAS RECORDED TODAY.
  NO SIGNIFICANT WEATHER WAS OBSERVED.


RELATIVE HUMIDITY (PERCENT)
 HIGHEST    53           600 AM
 LOWEST     43          1200 AM
 AVERAGE    48

..........................................................


THE CHADRON NE AIRPORT CLIMATE NORMALS FOR TOMORROW
                         NORMAL    RECORD    YEAR
 MAXIMUM TEMPERATURE (F)   74        94      1958
 MINIMUM TEMPERATURE (F)   41        28      1965


SUNRISE AND SUNSET
SEPTEMBER 22 2014.....SUNRISE   640 AM MDT   SUNSET   650 PM MDT
SEPTEMBER 23 2014.....SUNRISE   641 AM MDT   SUNSET   648 PM MDT


-  INDICATES NEGATIVE NUMBERS.
R  INDICATES RECORD WAS SET OR TIED.
MM INDICATES DATA IS MISSING.
T  INDICATES TRACE AMOUNT.




$$
