000
CDUS44 KLUB 270627
CLICDS


CLIMATE REPORT
NATIONAL WEATHER SERVICE LUBBOCK, TX
126 AM CDT FRI MAR 27 2015


...................................

...THE CHILDRESS CLIMATE SUMMARY FOR MARCH 26 2015...

CLIMATE NORMAL PERIOD 1981 TO 2010
CLIMATE RECORD PERIOD 1893 TO 2015


WEATHER ITEM   OBSERVED TIME   RECORD YEAR NORMAL DEPARTURE LAST
                VALUE   (LST)  VALUE       VALUE  FROM      YEAR
                                                  NORMAL
..................................................................
TEMPERATURE (F)
 YESTERDAY
  MAXIMUM         66    543 PM  95    1956  71     -5       66
  MINIMUM         36    706 AM  18    1965  42     -6       42
  AVERAGE         51                        56     -5       54

PRECIPITATION (IN)
  YESTERDAY        0.00          1.23 1983   0.06  -0.06     0.17
  MONTH TO DATE    0.10                      1.26  -1.16     0.46
  SINCE MAR 1      0.10                      1.26  -1.16     0.46
  SINCE JAN 1      1.27                      3.04  -1.77     0.82

SNOWFALL (IN)
  YESTERDAY        0.0                       0.0    0.0      0.0
  MONTH TO DATE    0.0                       0.4   -0.4       T
  SINCE MAR 1      0.0                       0.4   -0.4       T
  SINCE JUL 1      2.0                       6.8   -4.8      9.5
  SNOW DEPTH       0

DEGREE DAYS
 HEATING
  YESTERDAY       14                        10      4       11
  MONTH TO DATE  322                       331     -9      442
  SINCE MAR 1    322                       331     -9      442
  SINCE JUL 1   2819                      2891    -72     3258

 COOLING
  YESTERDAY        0                         1     -1        0
  MONTH TO DATE    8                        11     -3        0
  SINCE MAR 1      8                        11     -3        0
  SINCE JAN 1      8                        12     -4        0
..................................................................


WIND (MPH)
  RESULTANT WIND SPEED   8   RESULTANT WIND DIRECTION   N (350)
  HIGHEST WIND SPEED    33   HIGHEST WIND DIRECTION     N (360)
  HIGHEST GUST SPEED    41   HIGHEST GUST DIRECTION     N (360)
  AVERAGE WIND SPEED    11.2


SKY COVER
  AVERAGE SKY COVER 0.0


WEATHER CONDITIONS
 THE FOLLOWING WEATHER WAS RECORDED YESTERDAY.
  NO SIGNIFICANT WEATHER WAS OBSERVED.


RELATIVE HUMIDITY (PERCENT)
 HIGHEST    82           700 AM
 LOWEST     19           400 PM
 AVERAGE    51

..........................................................


THE CHILDRESS CLIMATE NORMALS FOR TODAY
                         NORMAL    RECORD    YEAR
 MAXIMUM TEMPERATURE (F)   71       100      1971
 MINIMUM TEMPERATURE (F)   42        12      1931


SUNRISE AND SUNSET
MARCH 27 2015.........SUNRISE   735 AM CDT   SUNSET   758 PM CDT
MARCH 28 2015.........SUNRISE   734 AM CDT   SUNSET   759 PM CDT


-  INDICATES NEGATIVE NUMBERS.
R  INDICATES RECORD WAS SET OR TIED.
MM INDICATES DATA IS MISSING.
T  INDICATES TRACE AMOUNT.




$$
