000
CDUS44 KLUB 040628
CLICDS


CLIMATE REPORT
NATIONAL WEATHER SERVICE LUBBOCK, TX
128 AM CDT WED MAY 4 2016


...................................

...THE CHILDRESS CLIMATE SUMMARY FOR MAY 3 2016...

CLIMATE NORMAL PERIOD 1981 TO 2010
CLIMATE RECORD PERIOD 1893 TO 2016


WEATHER ITEM   OBSERVED TIME   RECORD YEAR NORMAL DEPARTURE LAST
                VALUE   (LST)  VALUE       VALUE  FROM      YEAR
                                                  NORMAL
..................................................................
TEMPERATURE (F)
 YESTERDAY
  MAXIMUM         75   1213 PM 103    1996  81     -6       85
  MINIMUM         44    611 AM  32    2013  54    -10       58
  AVERAGE         60                        68     -8       72

PRECIPITATION (IN)
  YESTERDAY        0.01          3.00 1941   0.08  -0.07     0.00
  MONTH TO DATE    0.01                      0.24  -0.23     0.00
  SINCE MAR 1      2.78                      3.89  -1.11     5.37
  SINCE JAN 1      4.03                      5.67  -1.64     6.65

SNOWFALL (IN)
  YESTERDAY       MM            MM      MM   0.0   MM        0.0
  MONTH TO DATE    0.0                       0.0    0.0      0.0
  SINCE MAR 1      0.0                       0.6   -0.6      2.5
  SINCE JUL 1      7.0                       7.0    0.0      8.0
  SNOW DEPTH       0

DEGREE DAYS
 HEATING
  YESTERDAY        5                         2      3        0
  MONTH TO DATE   24                         6     18        0
  SINCE MAR 1    349                       534   -185      434
  SINCE JUL 1   2517                      3094   -577     2931

 COOLING
  YESTERDAY        0                         4     -4        7
  MONTH TO DATE    0                        12    -12       13
  SINCE MAR 1     61                       102    -41      109
  SINCE JAN 1     63                       103    -40      109
..................................................................


WIND (MPH)
  RESULTANT WIND SPEED   3   RESULTANT WIND DIRECTION   S (180)
  HIGHEST WIND SPEED    31   HIGHEST WIND DIRECTION     N (10)
  HIGHEST GUST SPEED    35   HIGHEST GUST DIRECTION     N (10)
  AVERAGE WIND SPEED     7.4


SKY COVER
  AVERAGE SKY COVER 0.2


WEATHER CONDITIONS
 THE FOLLOWING WEATHER WAS RECORDED YESTERDAY.
  THUNDERSTORM
  LIGHT RAIN


RELATIVE HUMIDITY (PERCENT)
 HIGHEST    83          1100 PM
 LOWEST     33          1200 PM
 AVERAGE    58

..........................................................


THE CHILDRESS CLIMATE NORMALS FOR TODAY
                         NORMAL    RECORD    YEAR
 MAXIMUM TEMPERATURE (F)   81       105      2012
 MINIMUM TEMPERATURE (F)   55        27      1907


SUNRISE AND SUNSET
MAY  4 2016...........SUNRISE   648 AM CDT   SUNSET   828 PM CDT
MAY  5 2016...........SUNRISE   647 AM CDT   SUNSET   829 PM CDT


-  INDICATES NEGATIVE NUMBERS.
R  INDICATES RECORD WAS SET OR TIED.
MM INDICATES DATA IS MISSING.
T  INDICATES TRACE AMOUNT.




$$
