000
CDUS44 KLUB 260628
CLICDS


CLIMATE REPORT
NATIONAL WEATHER SERVICE LUBBOCK, TX
128 AM CDT FRI MAY 26 2017


...................................

...THE CHILDRESS CLIMATE SUMMARY FOR MAY 25 2017...

CLIMATE NORMAL PERIOD 1981 TO 2010
CLIMATE RECORD PERIOD 1893 TO 2017


WEATHER ITEM   OBSERVED TIME   RECORD YEAR NORMAL DEPARTURE LAST
                VALUE   (LST)  VALUE       VALUE  FROM      YEAR
                                                  NORMAL
..................................................................
TEMPERATURE (F)
 YESTERDAY
  MAXIMUM        106R   406 PM 105    1990  86     20       96
  MINIMUM         54    540 AM  46    1907  61     -7       68
  AVERAGE         80                        74      6       82

PRECIPITATION (IN)
  YESTERDAY        0.00          1.80 1919   0.12  -0.12     0.00
  MONTH TO DATE    1.03                      2.38  -1.35     6.65
  SINCE MAR 1      5.05                      6.03  -0.98     9.42
  SINCE JAN 1      9.27                      7.81   1.46    10.67

SNOWFALL (IN)
  YESTERDAY        0.0          MM      MM   0.0    0.0      0.0
  MONTH TO DATE    0.0                       0.0    0.0      0.0
  SINCE MAR 1      0.0                       0.6   -0.6      0.0
  SINCE JUL 1      1.5                       7.0   -5.5      7.0
  SNOW DEPTH       0

DEGREE DAYS
 HEATING
  YESTERDAY        0                         0      0        0
  MONTH TO DATE   21                        27     -6       62
  SINCE MAR 1    380                       555   -175      387
  SINCE JUL 1   2328                      3115   -787     2555

 COOLING
  YESTERDAY       15                         9      6       17
  MONTH TO DATE  131                       161    -30      140
  SINCE MAR 1    266                       251     15      201
  SINCE JAN 1    281                       252     29      203
..................................................................


WIND (MPH)
  RESULTANT WIND SPEED   6   RESULTANT WIND DIRECTION   S (190)
  HIGHEST WIND SPEED    26   HIGHEST WIND DIRECTION     W (270)
  HIGHEST GUST SPEED    33   HIGHEST GUST DIRECTION     W (250)
  AVERAGE WIND SPEED    10.6


SKY COVER
  AVERAGE SKY COVER 0.0


WEATHER CONDITIONS
 THE FOLLOWING WEATHER WAS RECORDED YESTERDAY.
  NO SIGNIFICANT WEATHER WAS OBSERVED.


RELATIVE HUMIDITY (PERCENT)
 HIGHEST    77           500 AM
 LOWEST      5           400 PM
 AVERAGE    41

..........................................................


THE CHILDRESS CLIMATE NORMALS FOR TODAY
                         NORMAL    RECORD    YEAR
 MAXIMUM TEMPERATURE (F)   87       102      1953
                                             1945
 MINIMUM TEMPERATURE (F)   61        47      1992
                                             1950


SUNRISE AND SUNSET
MAY 26 2017...........SUNRISE   632 AM CDT   SUNSET   845 PM CDT
MAY 27 2017...........SUNRISE   632 AM CDT   SUNSET   845 PM CDT


-  INDICATES NEGATIVE NUMBERS.
R  INDICATES RECORD WAS SET OR TIED.
MM INDICATES DATA IS MISSING.
T  INDICATES TRACE AMOUNT.




$$
