000
CDUS44 KLUB 240627
CLICDS


CLIMATE REPORT
NATIONAL WEATHER SERVICE LUBBOCK, TX
1227 AM CST FRI NOV 24 2017


...................................

...THE CHILDRESS CLIMATE SUMMARY FOR NOVEMBER 23 2017...

CLIMATE NORMAL PERIOD 1981 TO 2010
CLIMATE RECORD PERIOD 1893 TO 2017


WEATHER ITEM   OBSERVED TIME   RECORD YEAR NORMAL DEPARTURE LAST
                VALUE   (LST)  VALUE       VALUE  FROM      YEAR
                                                  NORMAL
..................................................................
TEMPERATURE (F)
 YESTERDAY
  MAXIMUM         79    407 PM  86    1965  61     18       66
  MINIMUM         35    511 AM  16    1938  35      0       42
  AVERAGE         57                        48      9       54

PRECIPITATION (IN)
  YESTERDAY        0.00          0.75 2004   0.04  -0.04     0.00
  MONTH TO DATE    0.05                      0.99  -0.94     2.18
  SINCE SEP 1      5.83                      5.66   0.17     5.97
  SINCE JAN 1     23.51                     22.75   0.76    28.75

SNOWFALL (IN)
  YESTERDAY        0.0          MM      MM   0.0    0.0      0.0
  MONTH TO DATE    0.0                       0.4   -0.4      0.0
  SINCE SEP 1      0.0                       0.6   -0.6      0.0
  SINCE JUL 1      0.0                       0.6   -0.6      0.0
  SNOW DEPTH       0

DEGREE DAYS
 HEATING
  YESTERDAY        8                        17     -9       11
  MONTH TO DATE  226                       280    -54      144
  SINCE SEP 1    374                       432    -58      178
  SINCE JUL 1    374                       432    -58      178

 COOLING
  YESTERDAY        0                         0      0        0
  MONTH TO DATE   10                         7      3       17
  SINCE SEP 1    412                       376     36      497
  SINCE JAN 1   2306                      2207     99     2370
..................................................................


WIND (MPH)
  RESULTANT WIND SPEED   2   RESULTANT WIND DIRECTION  SW (220)
  HIGHEST WIND SPEED    12   HIGHEST WIND DIRECTION     S (180)
  HIGHEST GUST SPEED    13   HIGHEST GUST DIRECTION     S (180)
  AVERAGE WIND SPEED     5.8


SKY COVER
  AVERAGE SKY COVER 0.0


WEATHER CONDITIONS
 THE FOLLOWING WEATHER WAS RECORDED YESTERDAY.
  NO SIGNIFICANT WEATHER WAS OBSERVED.


RELATIVE HUMIDITY (PERCENT)
 HIGHEST    70           500 AM
 LOWEST     19           300 PM
 AVERAGE    45

..........................................................


THE CHILDRESS CLIMATE NORMALS FOR TODAY
                         NORMAL    RECORD    YEAR
 MAXIMUM TEMPERATURE (F)   61        83      1988
 MINIMUM TEMPERATURE (F)   35        14      1938


SUNRISE AND SUNSET
NOVEMBER 24 2017......SUNRISE   723 AM CST   SUNSET   532 PM CST
NOVEMBER 25 2017......SUNRISE   724 AM CST   SUNSET   532 PM CST


-  INDICATES NEGATIVE NUMBERS.
R  INDICATES RECORD WAS SET OR TIED.
MM INDICATES DATA IS MISSING.
T  INDICATES TRACE AMOUNT.




$$
