342
CDUS44 KLUB 240626
CLICDS


CLIMATE REPORT
NATIONAL WEATHER SERVICE LUBBOCK, TX
1226 AM CST SAT FEB 24 2018


...................................

...THE CHILDRESS CLIMATE SUMMARY FOR FEBRUARY 23 2018...

CLIMATE NORMAL PERIOD 1981 TO 2010
CLIMATE RECORD PERIOD 1893 TO 2018


WEATHER ITEM   OBSERVED TIME   RECORD YEAR NORMAL DEPARTURE LAST
                VALUE   (LST)  VALUE       VALUE  FROM      YEAR
                                                  NORMAL
..................................................................
TEMPERATURE (F)
 YESTERDAY
  MAXIMUM         39    435 PM  91    1904  60    -21       87
  MINIMUM         35    759 AM  13    1960  34      1       49
  AVERAGE         37                        47    -10       68

PRECIPITATION (IN)
  YESTERDAY        T             0.62 2016   0.04  -0.04     0.00
  MONTH TO DATE    0.24                      0.85  -0.61     2.50
  SINCE DEC 1      0.28                      2.49  -2.21     5.51
  SINCE JAN 1      0.25                      1.58  -1.33     4.22

SNOWFALL (IN)
  YESTERDAY        0.0          MM      MM   0.0    0.0      0.0
  MONTH TO DATE    T                         1.0   -1.0       T
  SINCE DEC 1      1.0                       5.4   -4.4      1.5
  SINCE JUL 1      1.0                       6.3   -5.3      1.5
  SNOW DEPTH       0

DEGREE DAYS
 HEATING
  YESTERDAY       28                        18     10        0
  MONTH TO DATE  511                       471     40      285
  SINCE DEC 1   1941                      1914     27     1610
  SINCE JUL 1   2378                      2474    -96     1877

 COOLING
  YESTERDAY        0                         0      0        3
  MONTH TO DATE   11                         0     11       15
  SINCE DEC 1     11                         0     11       15
  SINCE JAN 1     11                         0     11       15
..................................................................


WIND (MPH)
  RESULTANT WIND SPEED   4   RESULTANT WIND DIRECTION  SE (120)
  HIGHEST WIND SPEED    13   HIGHEST WIND DIRECTION    SE (130)
  HIGHEST GUST SPEED    16   HIGHEST GUST DIRECTION    SE (120)
  AVERAGE WIND SPEED     7.2


SKY COVER
  AVERAGE SKY COVER 1.0


WEATHER CONDITIONS
 THE FOLLOWING WEATHER WAS RECORDED YESTERDAY.
  FOG
  FOG W/VISIBILITY <= 1/4 MILE


RELATIVE HUMIDITY (PERCENT)
 HIGHEST   100          1200 AM
 LOWEST     92           100 AM
 AVERAGE    96

..........................................................


THE CHILDRESS CLIMATE NORMALS FOR TODAY
                         NORMAL    RECORD    YEAR
 MAXIMUM TEMPERATURE (F)   60        86      2002
 MINIMUM TEMPERATURE (F)   34        10      1965


SUNRISE AND SUNSET
FEBRUARY 24 2018......SUNRISE   716 AM CST   SUNSET   633 PM CST
FEBRUARY 25 2018......SUNRISE   715 AM CST   SUNSET   634 PM CST


-  INDICATES NEGATIVE NUMBERS.
R  INDICATES RECORD WAS SET OR TIED.
MM INDICATES DATA IS MISSING.
T  INDICATES TRACE AMOUNT.




$$
