000
CDUS44 KLUB 070627
CLICDS


CLIMATE REPORT
NATIONAL WEATHER SERVICE LUBBOCK, TX
1226 AM CST SUN FEB 7 2016


...................................

...THE CHILDRESS CLIMATE SUMMARY FOR FEBRUARY 6 2016...

CLIMATE NORMAL PERIOD 1981 TO 2010
CLIMATE RECORD PERIOD 1893 TO 2016


WEATHER ITEM   OBSERVED TIME   RECORD YEAR NORMAL DEPARTURE LAST
                VALUE   (LST)  VALUE       VALUE  FROM      YEAR
                                                  NORMAL
..................................................................
TEMPERATURE (F)
 YESTERDAY
  MAXIMUM         56    516 PM  82    1950  56      0       79
  MINIMUM         25    756 AM   7    2014  30     -5       27
                                      1905
  AVERAGE         41                        43     -2       53

PRECIPITATION (IN)
  YESTERDAY        0.00          0.29 1905   0.04  -0.04     0.00
  MONTH TO DATE    T                         0.20  -0.20      T
  SINCE DEC 1      1.36                      1.84  -0.48     1.28
  SINCE JAN 1      0.51                      0.93  -0.42     1.08

SNOWFALL (IN)
  YESTERDAY        0.0          MM      MM   0.0    0.0      0.0
  MONTH TO DATE    0.0                       0.3   -0.3      0.0
  SINCE DEC 1      6.2                       4.7    1.5      1.5
  SINCE JUL 1      7.0                       5.6    1.4      3.5
  SNOW DEPTH       0

DEGREE DAYS
 HEATING
  YESTERDAY       24                        22      2       12
  MONTH TO DATE  147                       132     15      147
  SINCE DEC 1   1440                      1575   -135     1472
  SINCE JUL 1   1893                      2135   -242     2027

 COOLING
  YESTERDAY        0                         0      0        0
  MONTH TO DATE    0                         0      0        0
  SINCE DEC 1      0                         0      0        0
  SINCE JAN 1      0                         0      0        0
..................................................................


WIND (MPH)
  RESULTANT WIND SPEED   3   RESULTANT WIND DIRECTION  NW (330)
  HIGHEST WIND SPEED    17   HIGHEST WIND DIRECTION     N (360)
  HIGHEST GUST SPEED    21   HIGHEST GUST DIRECTION     N (350)
  AVERAGE WIND SPEED     8.5


SKY COVER
  AVERAGE SKY COVER 0.0


WEATHER CONDITIONS
 THE FOLLOWING WEATHER WAS RECORDED YESTERDAY.
  NO SIGNIFICANT WEATHER WAS OBSERVED.


RELATIVE HUMIDITY (PERCENT)
 HIGHEST    74           800 AM
 LOWEST     16           500 PM
 AVERAGE    45

..........................................................


THE CHILDRESS CLIMATE NORMALS FOR TODAY
                         NORMAL    RECORD    YEAR
 MAXIMUM TEMPERATURE (F)   57        84      2015
                                             1950
                                             1943
 MINIMUM TEMPERATURE (F)   30        -2      1933


SUNRISE AND SUNSET
FEBRUARY  7 2016......SUNRISE   734 AM CST   SUNSET   616 PM CST
FEBRUARY  8 2016......SUNRISE   734 AM CST   SUNSET   617 PM CST


-  INDICATES NEGATIVE NUMBERS.
R  INDICATES RECORD WAS SET OR TIED.
MM INDICATES DATA IS MISSING.
T  INDICATES TRACE AMOUNT.




$$
