000
CDUS44 KLUB 300627
CLICDS


CLIMATE REPORT
NATIONAL WEATHER SERVICE LUBBOCK, TX
126 AM CDT WED JUL 30 2014


...................................

...THE CHILDRESS CLIMATE SUMMARY FOR JULY 29 2014...

CLIMATE NORMAL PERIOD 1981 TO 2010
CLIMATE RECORD PERIOD 1893 TO 2014


WEATHER ITEM   OBSERVED TIME   RECORD YEAR NORMAL DEPARTURE LAST
                VALUE   (LST)  VALUE       VALUE  FROM      YEAR
                                                  NORMAL
..................................................................
TEMPERATURE (F)
 YESTERDAY
  MAXIMUM         82    220 PM 106    1957  96    -14      100
                                      1946
                                      1937
  MINIMUM         68    517 AM  61    2005  71     -3       75
  AVERAGE         75                        84     -9       88

PRECIPITATION (IN)
  YESTERDAY        0.18          1.76 2009   0.06   0.12     0.00
  MONTH TO DATE    2.45                      1.82   0.63     2.03
  SINCE JUN 1      7.17                      5.77   1.40     5.36
  SINCE JAN 1     13.40                     14.34  -0.94    10.15

SNOWFALL (IN)
  YESTERDAY        0.0                       0.0    0.0      0.0
  MONTH TO DATE    0.0                       0.0    0.0      0.0
  SINCE JUN 1      0.0                       0.0    0.0      0.0
  SINCE JUL 1      0.0                       0.0    0.0      0.0
  SNOW DEPTH       0

DEGREE DAYS
 HEATING
  YESTERDAY        0                         0      0        0
  MONTH TO DATE    0                         0      0        0
  SINCE JUN 1      0                         2     -2        0
  SINCE JUL 1      0                         0      0        0

 COOLING
  YESTERDAY       10                        19     -9       23
  MONTH TO DATE  468                       536    -68      486
  SINCE JUN 1    913                       957    -44      988
  SINCE JAN 1   1277                      1269      8     1339
..................................................................


WIND (MPH)
  RESULTANT WIND SPEED   6   RESULTANT WIND DIRECTION  SE (130)
  HIGHEST WIND SPEED    16   HIGHEST WIND DIRECTION    SE (130)
  HIGHEST GUST SPEED    23   HIGHEST GUST DIRECTION    SE (120)
  AVERAGE WIND SPEED     7.0


SKY COVER
  AVERAGE SKY COVER 0.5


WEATHER CONDITIONS
 THE FOLLOWING WEATHER WAS RECORDED YESTERDAY.
  RAIN
  FOG


RELATIVE HUMIDITY (PERCENT)
 HIGHEST    97          1200 AM
 LOWEST     47          1200 PM
 AVERAGE    72

..........................................................


THE CHILDRESS CLIMATE NORMALS FOR TODAY
                         NORMAL    RECORD    YEAR
 MAXIMUM TEMPERATURE (F)   96       112      1937
 MINIMUM TEMPERATURE (F)   71        58      1971


SUNRISE AND SUNSET
JULY 30 2014..........SUNRISE   650 AM CDT   SUNSET   844 PM CDT
JULY 31 2014..........SUNRISE   651 AM CDT   SUNSET   844 PM CDT


-  INDICATES NEGATIVE NUMBERS.
R  INDICATES RECORD WAS SET OR TIED.
MM INDICATES DATA IS MISSING.
T  INDICATES TRACE AMOUNT.




$$
