000
CDUS44 KLUB 280625
CLICDS


CLIMATE REPORT
NATIONAL WEATHER SERVICE LUBBOCK, TX
1225 AM CST FRI NOV 28 2014


...................................

...THE CHILDRESS CLIMATE SUMMARY FOR NOVEMBER 27 2014...

CLIMATE NORMAL PERIOD 1981 TO 2010
CLIMATE RECORD PERIOD 1893 TO 2014


WEATHER ITEM   OBSERVED TIME   RECORD YEAR NORMAL DEPARTURE LAST
                VALUE   (LST)  VALUE       VALUE  FROM      YEAR
                                                  NORMAL
..................................................................
TEMPERATURE (F)
 YESTERDAY
  MAXIMUM         57    428 PM  85    1905  60     -3       50
  MINIMUM         28    651 AM  15    1976  34     -6       25
  AVERAGE         43                        47     -4       38

PRECIPITATION (IN)
  YESTERDAY        0.00          1.09 1908   0.04  -0.04     0.00
  MONTH TO DATE    0.64                      1.14  -0.50     0.62
  SINCE SEP 1      2.59                      5.81  -3.22     1.90
  SINCE JAN 1     18.20                     22.90  -4.70    15.14

SNOWFALL (IN)
  YESTERDAY        0.0          MM      MM   0.1   -0.1      0.0
  MONTH TO DATE    0.0                       0.6   -0.6      4.2
  SINCE SEP 1      0.0                       0.8   -0.8      4.2
  SINCE JUL 1      0.0                       0.8   -0.8      4.2
  SNOW DEPTH       0

DEGREE DAYS
 HEATING
  YESTERDAY       22                        18      4       27
  MONTH TO DATE  476                       351    125      421
  SINCE SEP 1    539                       503     36      547
  SINCE JUL 1    539                       503     36      547

 COOLING
  YESTERDAY        0                         0      0        0
  MONTH TO DATE    0                         7     -7        9
  SINCE SEP 1    457                       376     81      476
  SINCE JAN 1   2316                      2207    109     2407
..................................................................


WIND (MPH)
  RESULTANT WIND SPEED   5   RESULTANT WIND DIRECTION   S (170)
  HIGHEST WIND SPEED    17   HIGHEST WIND DIRECTION     S (180)
  HIGHEST GUST SPEED    22   HIGHEST GUST DIRECTION     S (190)
  AVERAGE WIND SPEED     8.2


SKY COVER
  AVERAGE SKY COVER 0.0


WEATHER CONDITIONS
 THE FOLLOWING WEATHER WAS RECORDED YESTERDAY.
  NO SIGNIFICANT WEATHER WAS OBSERVED.


RELATIVE HUMIDITY (PERCENT)
 HIGHEST    75           700 AM
 LOWEST     27           200 PM
 AVERAGE    51

..........................................................


THE CHILDRESS CLIMATE NORMALS FOR TODAY
                         NORMAL    RECORD    YEAR
 MAXIMUM TEMPERATURE (F)   59        85      1949
 MINIMUM TEMPERATURE (F)   34        15      1976


SUNRISE AND SUNSET
NOVEMBER 28 2014......SUNRISE   727 AM CST   SUNSET   531 PM CST
NOVEMBER 29 2014......SUNRISE   728 AM CST   SUNSET   531 PM CST


-  INDICATES NEGATIVE NUMBERS.
R  INDICATES RECORD WAS SET OR TIED.
MM INDICATES DATA IS MISSING.
T  INDICATES TRACE AMOUNT.




$$
