000
CDUS44 KLUB 300645
CLICDS


CLIMATE REPORT
NATIONAL WEATHER SERVICE LUBBOCK, TX
145 AM CDT FRI SEP 30 2016


...................................

...THE CHILDRESS CLIMATE SUMMARY FOR SEPTEMBER 29 2016...

CLIMATE NORMAL PERIOD 1981 TO 2010
CLIMATE RECORD PERIOD 1893 TO 2016


WEATHER ITEM   OBSERVED TIME   RECORD YEAR NORMAL DEPARTURE LAST
                VALUE   (LST)  VALUE       VALUE  FROM      YEAR
                                                  NORMAL
..................................................................
TEMPERATURE (F)
 YESTERDAY
  MAXIMUM         76    429 PM  98    1994  82     -6       89
  MINIMUM         53    647 AM  41    1985  56     -3       61
  AVERAGE         65                        69     -4       75

PRECIPITATION (IN)
  YESTERDAY        0.00          1.53 1985   0.07  -0.07     0.00
  MONTH TO DATE    3.41                      2.36   1.05     0.32
  SINCE SEP 1      3.41                      2.36   1.05     0.32
  SINCE JAN 1     26.19                     19.45   6.74    30.83

SNOWFALL (IN)
  YESTERDAY        0.0          MM      MM   0.0    0.0      0.0
  MONTH TO DATE    0.0                       0.0    0.0      0.0
  SINCE SEP 1      0.0                       0.0    0.0      0.0
  SINCE JUL 1      0.0                       0.0    0.0      0.0
  SNOW DEPTH       0

DEGREE DAYS
 HEATING
  YESTERDAY        0                         2     -2        0
  MONTH TO DATE    2                        14    -12        0
  SINCE SEP 1      2                        14    -12        0
  SINCE JUL 1      2                        14    -12        0

 COOLING
  YESTERDAY        0                         6     -6       10
  MONTH TO DATE  318                       289     29      419
  SINCE SEP 1    318                       289     29      419
  SINCE JAN 1   2191                      2120     71     2199
..................................................................


WIND (MPH)
  RESULTANT WIND SPEED   6   RESULTANT WIND DIRECTION  NE (60)
  HIGHEST WIND SPEED    12   HIGHEST WIND DIRECTION    NE (50)
  HIGHEST GUST SPEED    15   HIGHEST GUST DIRECTION    NE (50)
  AVERAGE WIND SPEED     6.7


SKY COVER
  AVERAGE SKY COVER 0.0


WEATHER CONDITIONS
 THE FOLLOWING WEATHER WAS RECORDED YESTERDAY.
  NO SIGNIFICANT WEATHER WAS OBSERVED.


RELATIVE HUMIDITY (PERCENT)
 HIGHEST    77           700 AM
 LOWEST     33           500 PM
 AVERAGE    55

..........................................................


THE CHILDRESS CLIMATE NORMALS FOR TODAY
                         NORMAL    RECORD    YEAR
 MAXIMUM TEMPERATURE (F)   82       104      1977
 MINIMUM TEMPERATURE (F)   56        34      1984


SUNRISE AND SUNSET
SEPTEMBER 30 2016.....SUNRISE   735 AM CDT   SUNSET   726 PM CDT
OCTOBER  1 2016.......SUNRISE   736 AM CDT   SUNSET   724 PM CDT


-  INDICATES NEGATIVE NUMBERS.
R  INDICATES RECORD WAS SET OR TIED.
MM INDICATES DATA IS MISSING.
T  INDICATES TRACE AMOUNT.




$$
