000
CDUS44 KLUB 270125
CLICDS


CLIMATE REPORT
NATIONAL WEATHER SERVICE LUBBOCK, TX
825 PM CDT TUE MAY 26 2015


...................................

...THE CHILDRESS CLIMATE SUMMARY FOR MAY 26 2015...
VALID TODAY AS OF 0800 PM LOCAL TIME.

CLIMATE NORMAL PERIOD 1981 TO 2010
CLIMATE RECORD PERIOD 1893 TO 2015


WEATHER ITEM   OBSERVED TIME   RECORD YEAR NORMAL DEPARTURE LAST
                VALUE   (LST)  VALUE       VALUE  FROM      YEAR
                                                  NORMAL
..................................................................
TEMPERATURE (F)
 TODAY
  MAXIMUM         87    521 PM 102    1953  87      0       73
                                      1945
  MINIMUM         54    252 AM  47    1992  61     -7       57
                                      1950
  AVERAGE         71                        74     -3       65

PRECIPITATION (IN)
  TODAY            0.00          2.00 1919   0.12  -0.12     0.38
  MONTH TO DATE   11.98                      2.50   9.48     3.88
  SINCE MAR 1     17.20                      6.15  11.05     5.87
  SINCE JAN 1     18.37                      7.93  10.44     6.23

SNOWFALL (IN)
  TODAY            0.0          MM      MM   0.0    0.0      0.0
  MONTH TO DATE    0.0                       0.0    0.0      0.0
  SINCE MAR 1      0.0                       0.6   -0.6       T
  SINCE JUL 1      2.0                       7.0   -5.0      9.5
  SNOW DEPTH       0

DEGREE DAYS
 HEATING
  TODAY            0                         0      0        0
  MONTH TO DATE   42                        27     15       30
  SINCE MAR 1    476                       555    -79      640
  SINCE JUL 1   2973                      3115   -142     3456

 COOLING
  TODAY            6                         9     -3        0
  MONTH TO DATE   82                       170    -88      220
  SINCE MAR 1    178                       260    -82      314
  SINCE JAN 1    178                       261    -83      314
..................................................................


WIND (MPH)
  RESULTANT WIND SPEED   7   RESULTANT WIND DIRECTION  SW (210)
  HIGHEST WIND SPEED    25   HIGHEST WIND DIRECTION    SW (230)
  HIGHEST GUST SPEED    32   HIGHEST GUST DIRECTION    SW (210)
  AVERAGE WIND SPEED    10.9


SKY COVER
  AVERAGE SKY COVER 0.0


WEATHER CONDITIONS
 THE FOLLOWING WEATHER WAS RECORDED TODAY.
  HAZE


RELATIVE HUMIDITY (PERCENT)
 HIGHEST    93           400 AM
 LOWEST     29           300 PM
 AVERAGE    61

..........................................................


THE CHILDRESS CLIMATE NORMALS FOR TOMORROW
                         NORMAL    RECORD    YEAR
 MAXIMUM TEMPERATURE (F)   87       105      2011
                                             1945
 MINIMUM TEMPERATURE (F)   62        41      1907


SUNRISE AND SUNSET
MAY 26 2015...........SUNRISE   632 AM CDT   SUNSET   844 PM CDT
MAY 27 2015...........SUNRISE   632 AM CDT   SUNSET   845 PM CDT


-  INDICATES NEGATIVE NUMBERS.
R  INDICATES RECORD WAS SET OR TIED.
MM INDICATES DATA IS MISSING.
T  INDICATES TRACE AMOUNT.




$$
