000
CDUS46 KEKA 110011
CLICEC


CLIMATE REPORT
NATIONAL WEATHER SERVICE EUREKA CA
509 PM PDT THU JUL 10 2014


...................................

...THE CRESCENT CITY CA CLIMATE SUMMARY FOR JULY 10 2014...
VALID TODAY AS OF 0500 PM LOCAL TIME.

CLIMATE NORMAL PERIOD 1981 TO 2010
CLIMATE RECORD PERIOD 1894 TO 2014


WEATHER ITEM   OBSERVED TIME   RECORD YEAR NORMAL DEPARTURE LAST
                VALUE   (LST)  VALUE       VALUE  FROM      YEAR
                                                  NORMAL
..................................................................
TEMPERATURE (F)
 TODAY
  MAXIMUM         62    120 PM  77    1985  61      1       57
  MINIMUM         52    314 AM  40    1979  51      1       46
  AVERAGE         57                        56      1       52

PRECIPITATION (IN)
  TODAY            0.00          0.12 2001   0.02  -0.02     0.00
  MONTH TO DATE    0.00                      0.24  -0.24     0.00
  SINCE JUL 1      0.00                      0.24  -0.24     0.00
  SINCE JAN 1     24.59                     37.17 -12.58    19.93

SNOWFALL (IN)
  TODAY            0.0          MM      MM  MM     MM        0.0
  MONTH TO DATE    0.0                      MM     MM        0.0
  SINCE JUN 1      0.0                      MM     MM        0.0
  SINCE JUL 1      0.0                      MM     MM        0.0
  SNOW DEPTH      MM

..................................................................


WIND (MPH)
  HIGHEST WIND SPEED    21   HIGHEST WIND DIRECTION     S (170)
  HIGHEST GUST SPEED    25   HIGHEST GUST DIRECTION     S (170)
  AVERAGE WIND SPEED     8.9


SKY COVER
  AVERAGE SKY COVER 0.9


WEATHER CONDITIONS
 THE FOLLOWING WEATHER WAS RECORDED TODAY.
  FOG W/VISIBILITY <= 1/4 MILE


RELATIVE HUMIDITY (PERCENT)
 HIGHEST   100
 LOWEST     78
 AVERAGE    89

..........................................................


THE CRESCENT CITY CA CLIMATE NORMALS FOR TOMORROW
                         NORMAL    RECORD    YEAR
 MAXIMUM TEMPERATURE (F)   61        80      1990
 MINIMUM TEMPERATURE (F)   51        43      1950


SUNRISE AND SUNSET
JULY 10 2014..........SUNRISE   552 AM PDT   SUNSET   853 PM PDT
JULY 11 2014..........SUNRISE   552 AM PDT   SUNSET   852 PM PDT


-  INDICATES NEGATIVE NUMBERS.
R  INDICATES RECORD WAS SET OR TIED.
MM INDICATES DATA IS MISSING.
T  INDICATES TRACE AMOUNT.




$$
