000
CDUS46 KEKA 281217
CLICEC


CLIMATE REPORT
NATIONAL WEATHER SERVICE EUREKA CA
516 AM PDT SAT MAR 28 2015


...................................

...THE CRESCENT CITY CA CLIMATE SUMMARY FOR MARCH 27 2015...

CLIMATE NORMAL PERIOD 1981 TO 2010
CLIMATE RECORD PERIOD 1894 TO 2015


WEATHER ITEM   OBSERVED TIME   RECORD YEAR NORMAL DEPARTURE LAST
                VALUE   (LST)  VALUE       VALUE  FROM      YEAR
                                                  NORMAL
..................................................................
TEMPERATURE (F)
 YESTERDAY
  MAXIMUM         58   1251 PM  73    1969  55      3       55
  MINIMUM         49   1153 PM  32    1972  43      6       47
  AVERAGE         54                        49      5       51

PRECIPITATION (IN)
  YESTERDAY        0.12          1.55 2005   0.28  -0.16     0.48
  MONTH TO DATE    5.25                      6.72  -1.47     5.25
  SINCE OCT 1     35.74                     51.23 -15.49    20.83
  SINCE JAN 1     14.91                     25.99 -11.08    16.89

SNOWFALL (IN)
  YESTERDAY       MM            MM      MM  MM     MM       MM
  MONTH TO DATE    0.0                      MM     MM        0.0
  SINCE MAR 1      0.0                      MM     MM        0.0
  SINCE JUL 1      0.0                      MM     MM        0.0
  SNOW DEPTH       0

DEGREE DAYS
 HEATING
  YESTERDAY       11                        16     -5       14
  MONTH TO DATE  372                       446    -74      372
  SINCE MAR 1    372                       446    -74      372
  SINCE JUL 1   2593                      3619  -1026     3538

 COOLING
  YESTERDAY        0                         0      0        0
  MONTH TO DATE    0                         0      0        0
  SINCE MAR 1      0                         0      0        0
  SINCE JAN 1      0                         0      0        0
..................................................................


WIND (MPH)
  HIGHEST WIND SPEED    13   HIGHEST WIND DIRECTION    NW (310)
  HIGHEST GUST SPEED    15   HIGHEST GUST DIRECTION    NW (310)
  AVERAGE WIND SPEED     5.5


SKY COVER
  AVERAGE SKY COVER 1.0


WEATHER CONDITIONS
 THE FOLLOWING WEATHER WAS RECORDED YESTERDAY.
  RAIN
  LIGHT RAIN
  FOG


RELATIVE HUMIDITY (PERCENT)
 HIGHEST   100
 LOWEST     86
 AVERAGE    93

..........................................................


THE CRESCENT CITY CA CLIMATE NORMALS FOR TODAY
                         NORMAL    RECORD    YEAR
 MAXIMUM TEMPERATURE (F)   55        68      1969
 MINIMUM TEMPERATURE (F)   43        31      1998


SUNRISE AND SUNSET
MARCH 28 2015.........SUNRISE   707 AM PDT   SUNSET   738 PM PDT
MARCH 29 2015.........SUNRISE   705 AM PDT   SUNSET   739 PM PDT


-  INDICATES NEGATIVE NUMBERS.
R  INDICATES RECORD WAS SET OR TIED.
MM INDICATES DATA IS MISSING.
T  INDICATES TRACE AMOUNT.




$$
