000
CDUS46 KEKA 041224
CLICEC


CLIMATE REPORT
NATIONAL WEATHER SERVICE EUREKA CA
523 AM PDT FRI SEP 4 2015


...................................

...THE CRESCENT CITY CA CLIMATE SUMMARY FOR SEPTEMBER 3 2015...

CLIMATE NORMAL PERIOD 1981 TO 2010
CLIMATE RECORD PERIOD 1894 TO 2015


WEATHER ITEM   OBSERVED TIME   RECORD YEAR NORMAL DEPARTURE LAST
                VALUE   (LST)  VALUE       VALUE  FROM      YEAR
                                                  NORMAL
..................................................................
TEMPERATURE (F)
 YESTERDAY
  MAXIMUM         67   1209 PM  83    1955  62      5       63
  MINIMUM         49    529 AM  41    1999  51     -2       54
  AVERAGE         58                        57      1       59

PRECIPITATION (IN)
  YESTERDAY        0.00          0.21 2000   0.03  -0.03     0.00
  MONTH TO DATE    0.04                      0.07  -0.03     0.00
  SINCE OCT 1     42.97                     63.17 -20.20    28.77
  SINCE JAN 1     22.14                     37.93 -15.79    24.83

SNOWFALL (IN)
  YESTERDAY        0.0          MM      MM  MM     MM        0.0
  MONTH TO DATE    0.0                      MM     MM        0.0
  SINCE SEP 1      0.0                      MM     MM        0.0
  SINCE JUL 1      0.0                      MM     MM        0.0
  SNOW DEPTH       0

DEGREE DAYS
 HEATING
  YESTERDAY        7                         8     -1        6
  MONTH TO DATE   14                        24    -10       21
  SINCE SEP 1     14                        24    -10       21
  SINCE JUL 1    280                       544   -264      443

 COOLING
  YESTERDAY        0                         0      0        0
  MONTH TO DATE    0                         0      0        0
  SINCE SEP 1      0                         0      0        0
  SINCE JAN 1      4                         0      4        0
..................................................................


WIND (MPH)
  HIGHEST WIND SPEED    28   HIGHEST WIND DIRECTION    NW (330)
  HIGHEST GUST SPEED    38   HIGHEST GUST DIRECTION    NW (320)
  AVERAGE WIND SPEED    13.0


SKY COVER
  AVERAGE SKY COVER 0.0


WEATHER CONDITIONS
 THE FOLLOWING WEATHER WAS RECORDED YESTERDAY.
  FOG
  HAZE


RELATIVE HUMIDITY (PERCENT)
 HIGHEST    96
 LOWEST     75
 AVERAGE    86

..........................................................


THE CRESCENT CITY CA CLIMATE NORMALS FOR TODAY
                         NORMAL    RECORD    YEAR
 MAXIMUM TEMPERATURE (F)   62        80      1975
 MINIMUM TEMPERATURE (F)   51        39      2002


SUNRISE AND SUNSET
SEPTEMBER  4 2015.....SUNRISE   646 AM PDT   SUNSET   745 PM PDT
SEPTEMBER  5 2015.....SUNRISE   647 AM PDT   SUNSET   744 PM PDT


-  INDICATES NEGATIVE NUMBERS.
R  INDICATES RECORD WAS SET OR TIED.
MM INDICATES DATA IS MISSING.
T  INDICATES TRACE AMOUNT.




$$
