447
CDUS46 KEKA 201216
CLICEC


CLIMATE REPORT
NATIONAL WEATHER SERVICE EUREKA CA
516 AM PDT SUN AUG 20 2017


...................................

...THE CRESCENT CITY CA CLIMATE SUMMARY FOR AUGUST 19 2017...

CLIMATE NORMAL PERIOD 1981 TO 2010
CLIMATE RECORD PERIOD 1894 TO 2017


WEATHER ITEM   OBSERVED TIME   RECORD YEAR NORMAL DEPARTURE LAST
                VALUE   (LST)  VALUE       VALUE  FROM      YEAR
                                                  NORMAL
..................................................................
TEMPERATURE (F)
 YESTERDAY
  MAXIMUM         62    213 PM  73    1995  63     -1       60
  MINIMUM         48    558 AM  42    1996  52     -4       50
  AVERAGE         55                        57     -2       55

PRECIPITATION (IN)
  YESTERDAY        0.00          0.85 1968   0.02  -0.02     0.00
  MONTH TO DATE    0.02                      0.28  -0.26     0.00
  SINCE OCT 1     94.31                     62.86  31.45    67.46
  SINCE JAN 1     49.21                     37.62  11.59    32.78

SNOWFALL (IN)
  YESTERDAY        0.0          MM      MM  MM     MM        0.0
  MONTH TO DATE    0.0                      MM     MM        0.0
  SINCE JUN 1      0.0                      MM     MM        0.0
  SINCE JUL 1      0.0                      MM     MM        0.0
  SNOW DEPTH       0

DEGREE DAYS
 HEATING
  YESTERDAY       10                         8      2       10
  MONTH TO DATE  125                       152    -27      165
  SINCE JUN 1    689                       735    -46      652
  SINCE JUL 1    406                       426    -20      395

 COOLING
  YESTERDAY        0                         0      0        0
  MONTH TO DATE    0                         0      0        0
  SINCE JUN 1      0                         0      0        0
  SINCE JAN 1      0                         0      0        0
..................................................................


WIND (MPH)
  HIGHEST WIND SPEED    30   HIGHEST WIND DIRECTION     N (340)
  HIGHEST GUST SPEED    42   HIGHEST GUST DIRECTION    NW (330)
  AVERAGE WIND SPEED    15.0


SKY COVER
  AVERAGE SKY COVER 1.0


WEATHER CONDITIONS
 THE FOLLOWING WEATHER WAS RECORDED YESTERDAY.
  FOG W/VISIBILITY <= 1/4 MILE


RELATIVE HUMIDITY (PERCENT)
 HIGHEST   100
 LOWEST     67
 AVERAGE    84

..........................................................


THE CRESCENT CITY CA CLIMATE NORMALS FOR TODAY
                         NORMAL    RECORD    YEAR
 MAXIMUM TEMPERATURE (F)   63        84      1961
 MINIMUM TEMPERATURE (F)   52        42      1996


SUNRISE AND SUNSET
AUGUST 20 2017........SUNRISE   631 AM PDT   SUNSET   809 PM PDT
AUGUST 21 2017........SUNRISE   632 AM PDT   SUNSET   807 PM PDT


-  INDICATES NEGATIVE NUMBERS.
R  INDICATES RECORD WAS SET OR TIED.
MM INDICATES DATA IS MISSING.
T  INDICATES TRACE AMOUNT.




$$
