000
CDUS46 KEKA 021211
CLICEC


CLIMATE REPORT
NATIONAL WEATHER SERVICE EUREKA CA
411 AM PST MON MAR 2 2015


...................................

...THE CRESCENT CITY CA CLIMATE SUMMARY FOR MARCH 1 2015...

CLIMATE NORMAL PERIOD 1981 TO 2010
CLIMATE RECORD PERIOD 1894 TO 2015


WEATHER ITEM   OBSERVED TIME   RECORD YEAR NORMAL DEPARTURE LAST
                VALUE   (LST)  VALUE       VALUE  FROM      YEAR
                                                  NORMAL
..................................................................
TEMPERATURE (F)
 YESTERDAY
  MAXIMUM         59   1118 AM  70    1954  54      5       61
  MINIMUM         41    349 AM  29    1971  42     -1       47
  AVERAGE         50                        48      2       54

PRECIPITATION (IN)
  YESTERDAY        0.00          1.83 1982   0.25  -0.25     0.03
  MONTH TO DATE    0.00                      0.25  -0.25     0.03
  SINCE OCT 1     30.49                     44.76 -14.27    15.61
  SINCE JAN 1      9.66                     19.52  -9.86    11.67

SNOWFALL (IN)
  YESTERDAY        0.0          MM      MM  MM     MM       MM
  MONTH TO DATE    0.0                      MM     MM       MM
  SINCE MAR 1      0.0                      MM     MM       MM
  SINCE JUL 1      0.0                      MM     MM        0.0
  SNOW DEPTH       0

DEGREE DAYS
 HEATING
  YESTERDAY       15                        17     -2       11
  MONTH TO DATE   15                        17     -2       11
  SINCE MAR 1     15                        17     -2       11
  SINCE JUL 1   2236                      3190   -954     3177

 COOLING
  YESTERDAY        0                         0      0        0
  MONTH TO DATE    0                         0      0        0
  SINCE MAR 1      0                         0      0        0
  SINCE JAN 1      0                         0      0        0
..................................................................


WIND (MPH)
  HIGHEST WIND SPEED    26   HIGHEST WIND DIRECTION     N (340)
  HIGHEST GUST SPEED    37   HIGHEST GUST DIRECTION     N (350)
  AVERAGE WIND SPEED    11.8


SKY COVER
  AVERAGE SKY COVER 0.0


WEATHER CONDITIONS
 THE FOLLOWING WEATHER WAS RECORDED YESTERDAY.
  NO SIGNIFICANT WEATHER WAS OBSERVED.


RELATIVE HUMIDITY (PERCENT)
 HIGHEST    74
 LOWEST     36
 AVERAGE    55

..........................................................


THE CRESCENT CITY CA CLIMATE NORMALS FOR TODAY
                         NORMAL    RECORD    YEAR
 MAXIMUM TEMPERATURE (F)   54        70      1965
 MINIMUM TEMPERATURE (F)   42        29      1953


SUNRISE AND SUNSET
MARCH  2 2015.........SUNRISE   650 AM PST   SUNSET   608 PM PST
MARCH  3 2015.........SUNRISE   649 AM PST   SUNSET   610 PM PST


-  INDICATES NEGATIVE NUMBERS.
R  INDICATES RECORD WAS SET OR TIED.
MM INDICATES DATA IS MISSING.
T  INDICATES TRACE AMOUNT.




$$
