000
CDUS46 KEKA 301536 CCA
CLICEC

CLIMATE REPORT...CORRECTED FOR WX
NATIONAL WEATHER SERVICE EUREKA CA
836 AM PDT TUE SEP 30 2014


...................................

...THE CRESCENT CITY CA CLIMATE SUMMARY FOR SEPTEMBER 29 2014...

CLIMATE NORMAL PERIOD 1981 TO 2010
CLIMATE RECORD PERIOD 1894 TO 2014


WEATHER ITEM   OBSERVED TIME   RECORD YEAR NORMAL DEPARTURE LAST
                VALUE   (LST)  VALUE       VALUE  FROM      YEAR
                                                  NORMAL
..................................................................
TEMPERATURE (F)
 YESTERDAY
  MAXIMUM         66   1150 AM  85    1966  61      5       60
  MINIMUM         57   1159 PM  39    1965  48      9       55
  AVERAGE         62                        54      8       58

PRECIPITATION (IN)
  YESTERDAY        0.05          2.36 2013   0.05   0.00     2.36
  MONTH TO DATE    3.35                      0.87   2.48     4.72
  SINCE JUL 1      3.59                      1.80   1.79     4.96
  SINCE JAN 1     28.18                     38.73 -10.55    24.89

SNOWFALL (IN)
  YESTERDAY        0.0          MM      MM  MM     MM        0.0
  MONTH TO DATE    0.0                      MM     MM        0.0
  SINCE SEP 1      0.0                      MM     MM        0.0
  SINCE JUL 1      0.0                      MM     MM        0.0
  SNOW DEPTH       0

DEGREE DAYS
 HEATING
  YESTERDAY        3                        11     -8        7
  MONTH TO DATE  179                       272    -93      193
  SINCE SEP 1    179                       272    -93      193
  SINCE JUL 1    601                       792   -191      698

 COOLING
  YESTERDAY        0                         0      0        0
  MONTH TO DATE    1                         0      1        0
  SINCE SEP 1      1                         0      1        0
  SINCE JAN 1      1                         0      1        4
..................................................................


WIND (MPH)
  HIGHEST WIND SPEED    20   HIGHEST WIND DIRECTION     S (160)
  HIGHEST GUST SPEED    24   HIGHEST GUST DIRECTION     S (160)
  AVERAGE WIND SPEED     4.8


SKY COVER
  AVERAGE SKY COVER 0.9


WEATHER CONDITIONS
 THE FOLLOWING WEATHER WAS RECORDED YESTERDAY.
  LIGHT RAIN
  FOG


RELATIVE HUMIDITY (PERCENT)
 HIGHEST   100
 LOWEST     78
 AVERAGE    89

..........................................................


THE CRESCENT CITY CA CLIMATE NORMALS FOR TODAY
                         NORMAL    RECORD    YEAR
 MAXIMUM TEMPERATURE (F)   61        88      1958
 MINIMUM TEMPERATURE (F)   48        36      1950


SUNRISE AND SUNSET
SEPTEMBER 30 2014.....SUNRISE   713 AM PDT   SUNSET   700 PM PDT
OCTOBER  1 2014.......SUNRISE   714 AM PDT   SUNSET   658 PM PDT


-  INDICATES NEGATIVE NUMBERS.
R  INDICATES RECORD WAS SET OR TIED.
MM INDICATES DATA IS MISSING.
T  INDICATES TRACE AMOUNT.




$$
