000
CDUS46 KEKA 261211
CLICEC


CLIMATE REPORT
NATIONAL WEATHER SERVICE EUREKA CA
510 AM PDT WED APR 26 2017


...................................

...THE CRESCENT CITY CA CLIMATE SUMMARY FOR APRIL 25 2017...

CLIMATE NORMAL PERIOD 1981 TO 2010
CLIMATE RECORD PERIOD 1894 TO 2017


WEATHER ITEM   OBSERVED TIME   RECORD YEAR NORMAL DEPARTURE LAST
                VALUE   (LST)  VALUE       VALUE  FROM      YEAR
                                                  NORMAL
..................................................................
TEMPERATURE (F)
 YESTERDAY
  MAXIMUM         54   1127 PM  70    1979  55     -1       57
  MINIMUM         49    441 AM  34    1985  45      4       42
  AVERAGE         52                        50      2       50

PRECIPITATION (IN)
  YESTERDAY        0.38          1.14 2003   0.14   0.24     0.00
  MONTH TO DATE    8.17                      4.60   3.57     2.31
  SINCE OCT 1     90.26                     56.97  33.29    65.34
  SINCE JAN 1     45.16                     31.73  13.43    30.66

SNOWFALL (IN)
  YESTERDAY       MM            MM      MM  MM     MM        0.0
  MONTH TO DATE    0.0                      MM     MM        0.0
  SINCE MAR 1      0.0                      MM     MM        0.0
  SINCE JUL 1      0.0                      MM     MM        0.0
  SNOW DEPTH       0

DEGREE DAYS
 HEATING
  YESTERDAY       13                        15     -2       15
  MONTH TO DATE  353                       395    -42      265
  SINCE MAR 1    796                       908   -112      682
  SINCE JUL 1   3727                      4081   -354     3160

 COOLING
  YESTERDAY        0                         0      0        0
  MONTH TO DATE    0                         0      0        0
  SINCE MAR 1      0                         0      0        0
  SINCE JAN 1      0                         0      0        0
..................................................................


WIND (MPH)
  HIGHEST WIND SPEED    25   HIGHEST WIND DIRECTION     S (180)
  HIGHEST GUST SPEED    30   HIGHEST GUST DIRECTION     S (180)
  AVERAGE WIND SPEED    13.5


SKY COVER
  AVERAGE SKY COVER 1.0


WEATHER CONDITIONS
 THE FOLLOWING WEATHER WAS RECORDED YESTERDAY.
  RAIN
  LIGHT RAIN
  FOG


RELATIVE HUMIDITY (PERCENT)
 HIGHEST   100
 LOWEST     86
 AVERAGE    93

..........................................................


THE CRESCENT CITY CA CLIMATE NORMALS FOR TODAY
                         NORMAL    RECORD    YEAR
 MAXIMUM TEMPERATURE (F)   55        70      2004
 MINIMUM TEMPERATURE (F)   45        34      1984


SUNRISE AND SUNSET
APRIL 26 2017.........SUNRISE   520 AM PST   SUNSET   710 PM PST
APRIL 27 2017.........SUNRISE   518 AM PST   SUNSET   711 PM PST


-  INDICATES NEGATIVE NUMBERS.
R  INDICATES RECORD WAS SET OR TIED.
MM INDICATES DATA IS MISSING.
T  INDICATES TRACE AMOUNT.




$$
