000
CDUS45 KGJT 300746
CLICEZ


CLIMATE REPORT
NATIONAL WEATHER SERVICE GRAND JUNCTION CO
130 AM MDT TUE SEP 30 2014


...................................

...THE CORTEZ CO CLIMATE SUMMARY FOR SEPTEMBER 29 2014...

CLIMATE NORMAL PERIOD 1981 TO 2010
CLIMATE RECORD PERIOD 9999 TO 9999


WEATHER ITEM   OBSERVED TIME   RECORD YEAR NORMAL DEPARTURE LAST
                VALUE   (LST)  VALUE       VALUE  FROM      YEAR
                                                  NORMAL
..................................................................
TEMPERATURE (F)
 YESTERDAY
  MAXIMUM         64    122 PM  MM      MM  73     -9       70
  MINIMUM         42    406 AM  MM      MM  37      5       28
  AVERAGE         53                        55     -2       49

PRECIPITATION (IN)
  YESTERDAY        0.13         MM      MM   0.06   0.07     0.00
  MONTH TO DATE    2.50                      1.73   0.77     3.25
  SINCE SEP 1      2.50                      1.73   0.77     3.25
  SINCE JAN 1      7.60                     10.17  -2.57    11.37

SNOWFALL (IN)
  YESTERDAY       MM            MM      MM  MM     MM       MM
  MONTH TO DATE   MM                        MM     MM       MM
  SINCE SEP 1     MM                        MM     MM       MM
  SINCE JUL 1     MM                        MM     MM       MM
  SNOW DEPTH      MM

DEGREE DAYS
 HEATING
  YESTERDAY       12                        10      2       16
  MONTH TO DATE   56                       151    -95      107
  SINCE SEP 1     56                       151    -95      107
  SINCE JUL 1     66                       163    -97      107

 COOLING
  YESTERDAY        0                         0      0        0
  MONTH TO DATE   25                        16      9       62
  SINCE SEP 1     25                        16      9       62
  SINCE JAN 1    537                       425    112      667
..................................................................


WIND (MPH)
  HIGHEST WIND SPEED    28   HIGHEST WIND DIRECTION     W (280)
  HIGHEST GUST SPEED    41   HIGHEST GUST DIRECTION    SW (230)
  AVERAGE WIND SPEED     7.0


SKY COVER
  POSSIBLE SUNSHINE  MM
  AVERAGE SKY COVER 0.2


WEATHER CONDITIONS
 THE FOLLOWING WEATHER WAS RECORDED YESTERDAY.
  THUNDERSTORM
  HEAVY RAIN
  LIGHT RAIN
  FOG


RELATIVE HUMIDITY (PERCENT)
 HIGHEST   100           100 AM
 LOWEST     43           500 PM
 AVERAGE    72

..........................................................


THE CORTEZ CO CLIMATE NORMALS FOR TODAY
                         NORMAL    RECORD    YEAR
 MAXIMUM TEMPERATURE (F)   72        MM        MM
 MINIMUM TEMPERATURE (F)   37        MM        MM


SUNRISE AND SUNSET
SEPTEMBER 30 2014.....SUNRISE   709 AM MDT   SUNSET   659 PM MDT
OCTOBER  1 2014.......SUNRISE   710 AM MDT   SUNSET   658 PM MDT


-  INDICATES NEGATIVE NUMBERS.
R  INDICATES RECORD WAS SET OR TIED.
MM INDICATES DATA IS MISSING.
T  INDICATES TRACE AMOUNT.




$$
