000
CDUS43 KPAH 160628
CLICGI


CLIMATE REPORT
NATIONAL WEATHER SERVICE PADUCAH KY
127 AM CDT TUE SEP 16 2014


...................................

...THE CAPE GIRARDEAU MO CLIMATE SUMMARY FOR SEPTEMBER 15 2014...

CLIMATE NORMAL PERIOD 1981 TO 2010
CLIMATE RECORD PERIOD 1960 TO 2014


WEATHER ITEM   OBSERVED TIME   RECORD YEAR NORMAL DEPARTURE LAST
                VALUE   (LST)  VALUE       VALUE  FROM      YEAR
                                                  NORMAL
..................................................................
TEMPERATURE (F)
 YESTERDAY
  MAXIMUM         77    423 PM  99    2013  82     -5       MM
  MINIMUM         52    308 AM  44    1999  57     -5       MM
  AVERAGE         65                        69     -4

PRECIPITATION (IN)
  YESTERDAY        0.00          1.92 1996   0.11  -0.11     0.00
  MONTH TO DATE    2.01                      1.68   0.33      T
  SINCE SEP 1      2.01                      1.68   0.33      T
  SINCE JAN 1     34.31                     32.73   1.58    28.23

DEGREE DAYS
 HEATING
  YESTERDAY        0                         1     -1       MM
  MONTH TO DATE   19                         5     14        3
  SINCE SEP 1     19                         5     14        3
  SINCE JUL 1     19                         6     13        4

 COOLING
  YESTERDAY        0                         5     -5       MM
  MONTH TO DATE  108                       109     -1      133
  SINCE SEP 1    108                       109     -1      133
  SINCE JAN 1   1347                      1369    -22     1314
..................................................................


WIND (MPH)
  HIGHEST WIND SPEED    14   HIGHEST WIND DIRECTION     N (360)
  HIGHEST GUST SPEED    19   HIGHEST GUST DIRECTION     S (190)
  AVERAGE WIND SPEED     4.6


SKY COVER
  AVERAGE SKY COVER 0.4


WEATHER CONDITIONS
 THE FOLLOWING WEATHER WAS RECORDED YESTERDAY.
  FOG


RELATIVE HUMIDITY (PERCENT)
 HIGHEST   100
 LOWEST     61
 AVERAGE    81

..........................................................


THE CAPE GIRARDEAU MO CLIMATE NORMALS FOR TODAY
                         NORMAL    RECORD    YEAR
 MAXIMUM TEMPERATURE (F)   81        91      1972
 MINIMUM TEMPERATURE (F)   56        41      2000


SUNRISE AND SUNSET
SEPTEMBER 16 2014.....SUNRISE   641 AM CDT   SUNSET   704 PM CDT
SEPTEMBER 17 2014.....SUNRISE   642 AM CDT   SUNSET   703 PM CDT


-  INDICATES NEGATIVE NUMBERS.
R  INDICATES RECORD WAS SET OR TIED.
MM INDICATES DATA IS MISSING.
T  INDICATES TRACE AMOUNT.




$$
