000
CDUS43 KPAH 010630
CLICGI


CLIMATE REPORT
NATIONAL WEATHER SERVICE PADUCAH KY
1229 AM CST SUN MAR 1 2015


...................................

...THE CAPE GIRARDEAU MO CLIMATE SUMMARY FOR FEBRUARY 28 2015...

CLIMATE NORMAL PERIOD 1981 TO 2010
CLIMATE RECORD PERIOD 1960 TO 2015


WEATHER ITEM   OBSERVED TIME   RECORD YEAR NORMAL DEPARTURE LAST
                VALUE   (LST)  VALUE       VALUE  FROM      YEAR
                                                  NORMAL
..................................................................
TEMPERATURE (F)
 YESTERDAY
  MAXIMUM         33    634 PM  74    1992  52    -19       49
  MINIMUM         20    743 AM  15    1993  32    -12       20
  AVERAGE         27                        42    -15

PRECIPITATION (IN)
  YESTERDAY        0.00          1.32 1987   0.12  -0.12     0.00
  MONTH TO DATE    1.75                      3.41  -1.66     1.14
  SINCE DEC 1      9.33                     11.13  -1.80     8.70
  SINCE JAN 1      6.52                      6.88  -0.36     3.14

DEGREE DAYS
 HEATING
  YESTERDAY       38                        23     15       30
  MONTH TO DATE 1069                       759    310      941
  SINCE DEC 1   2782                      2646    136     3019
  SINCE JUL 1   3778                      3497    281     3925

 COOLING
  YESTERDAY        0                         0      0        0
  MONTH TO DATE    0                         0      0        0
  SINCE DEC 1      0                         0      0        0
  SINCE JAN 1      0                         0      0        0
..................................................................


WIND (MPH)
  HIGHEST WIND SPEED    13   HIGHEST WIND DIRECTION    NE (30)
  HIGHEST GUST SPEED    16   HIGHEST GUST DIRECTION    NE (40)
  AVERAGE WIND SPEED     7.9


SKY COVER
  AVERAGE SKY COVER 1.0


WEATHER CONDITIONS
 THE FOLLOWING WEATHER WAS RECORDED YESTERDAY.
  NO SIGNIFICANT WEATHER WAS OBSERVED.


RELATIVE HUMIDITY (PERCENT)
 HIGHEST    72
 LOWEST     47
 AVERAGE    60

..........................................................


THE CAPE GIRARDEAU MO CLIMATE NORMALS FOR TODAY
                         NORMAL    RECORD    YEAR
 MAXIMUM TEMPERATURE (F)   53        72      2006
 MINIMUM TEMPERATURE (F)   32        13      1980


SUNRISE AND SUNSET
MARCH  1 2015.........SUNRISE   630 AM CST   SUNSET   552 PM CST
MARCH  2 2015.........SUNRISE   628 AM CST   SUNSET   553 PM CST


-  INDICATES NEGATIVE NUMBERS.
R  INDICATES RECORD WAS SET OR TIED.
MM INDICATES DATA IS MISSING.
T  INDICATES TRACE AMOUNT.




$$
