000
CDUS44 KMRX 292124
CLICHA


CLIMATE REPORT
NATIONAL WEATHER SERVICE MORRISTOWN TN
524 PM EDT SAT APR 29 2017


...................................

...THE CHATTANOOGA  ASOS CLIMATE SUMMARY FOR APRIL 29 2017...
VALID TODAY AS OF 0500 PM LOCAL TIME.

CLIMATE NORMAL PERIOD 1981 TO 2010
CLIMATE RECORD PERIOD 1879 TO 2017


WEATHER ITEM   OBSERVED TIME   RECORD YEAR NORMAL DEPARTURE LAST
                VALUE   (LST)  VALUE       VALUE  FROM      YEAR
                                                  NORMAL
..................................................................
TEMPERATURE (F)
 TODAY
  MAXIMUM         89R   359 PM  88    1942  76     13       85
                                      1894
  MINIMUM         64    537 AM  33    1992  52     12       57
  AVERAGE         77                        64     13       71

PRECIPITATION (IN)
  TODAY            0.00          2.03 1963   0.13  -0.13     0.00
  MONTH TO DATE    9.62                      3.87   5.75     1.42
  SINCE MAR 1     13.75                      8.85   4.90     5.06
  SINCE JAN 1     22.18                     18.60   3.58    15.80

SNOWFALL (IN)
  TODAY            0.0                       0.0    0.0      0.0
  MONTH TO DATE    0.0                       0.1   -0.1      0.0
  SINCE MAR 1      T                         1.3   -1.3       T
  SINCE JUL 1      0.3                       3.9   -3.6      0.5
  SNOW DEPTH       0

DEGREE DAYS
 HEATING
  TODAY            0                         3     -3        0
  MONTH TO DATE   55                       172   -117      125
  SINCE MAR 1    383                       576   -193      370
  SINCE JUL 1   2194                      3198  -1004     2455

 COOLING
  TODAY           12                         2     10        6
  MONTH TO DATE   98                        38     60       58
  SINCE MAR 1    117                        45     72       70
  SINCE JAN 1    117                        45     72       70
..................................................................


WIND (MPH)
  HIGHEST WIND SPEED    20   HIGHEST WIND DIRECTION     S (180)
  HIGHEST GUST SPEED    27   HIGHEST GUST DIRECTION     S (190)
  AVERAGE WIND SPEED     5.4


SKY COVER
  POSSIBLE SUNSHINE  MM
  AVERAGE SKY COVER 0.5


WEATHER CONDITIONS
 THE FOLLOWING WEATHER WAS RECORDED TODAY.
  FOG


RELATIVE HUMIDITY (PERCENT)
 HIGHEST    93           300 AM
 LOWEST     44           300 PM
 AVERAGE    69

..........................................................


THE CHATTANOOGA  ASOS CLIMATE NORMALS FOR TOMORROW
                         NORMAL    RECORD    YEAR
 MAXIMUM TEMPERATURE (F)   76        93      1942
 MINIMUM TEMPERATURE (F)   53        38      1965


SUNRISE AND SUNSET
APRIL 29 2017.........SUNRISE   652 AM EDT   SUNSET   825 PM EDT
APRIL 30 2017.........SUNRISE   651 AM EDT   SUNSET   826 PM EDT


-  INDICATES NEGATIVE NUMBERS.
R  INDICATES RECORD WAS SET OR TIED.
MM INDICATES DATA IS MISSING.
T  INDICATES TRACE AMOUNT.




$$
