000
CDUS44 KMRX 052231
CLICHA

CLIMATE REPORT NATIONAL WEATHER SERVICE MORRISTOWN TN
530 PM EST THU MAR 5 2015

...................................

...THE CHATTANOOGA CLIMATE SUMMARY FOR MARCH 5 2015... VALID TODAY
AS OF 0500 PM LOCAL TIME.

CLIMATE NORMAL PERIOD 1981 TO 2010
CLIMATE RECORD PERIOD 1879 TO 2015


WEATHER ITEM   OBSERVED TIME   RECORD YEAR NORMAL DEPARTURE LAST
                VALUE   (LST)  VALUE       VALUE  FROM      YEAR
                                                  NORMAL
..................................................................
TEMPERATURE (F)
 TODAY
  MAXIMUM         48   1210 AM  80    1955  60    -12       60
                                      1910
  MINIMUM         31    452 PM   8    1960  38     -7       31
  AVERAGE         40                        49     -9       46

PRECIPITATION (IN)
  TODAY            0.76          3.72 1963   0.16   0.60     0.00
  MONTH TO DATE    1.42                      0.82   0.60     0.32
  SINCE MAR 1      1.42                      0.82   0.60     0.32
  SINCE JAN 1      8.41                     10.57  -2.16     7.91

SNOWFALL (IN)
  TODAY            0.0                       0.1   -0.1      0.0
  MONTH TO DATE    0.0                       0.3   -0.3      0.0
  SINCE MAR 1      0.0                       0.3   -0.3      0.0
  SINCE JUL 1      9.5                       2.9    6.6      8.4
  SNOW DEPTH       0

DEGREE DAYS
 HEATING
  TODAY           25                        16      9       19
  MONTH TO DATE   79                        82     -3       88
  SINCE MAR 1     79                        82     -3       88
  SINCE JUL 1   2912                      2704    208     2882

 COOLING
  TODAY            0                         0      0        0
  MONTH TO DATE    0                         0      0        0
  SINCE MAR 1      0                         0      0        0
  SINCE JAN 1      0                         0      0        0
..................................................................


WIND (MPH)
  HIGHEST WIND SPEED    21   HIGHEST WIND DIRECTION     N (340)
  HIGHEST GUST SPEED    25   HIGHEST GUST DIRECTION     N (340)
  AVERAGE WIND SPEED    12.2


SKY COVER
  POSSIBLE SUNSHINE  MM
  AVERAGE SKY COVER 1.0


WEATHER CONDITIONS
 THE FOLLOWING WEATHER WAS RECORDED TODAY.
  HEAVY RAIN
  RAIN
  LIGHT RAIN
  FOG


RELATIVE HUMIDITY (PERCENT)
 HIGHEST    92           500 AM
 LOWEST     72           300 PM
 AVERAGE    82

..........................................................


THE CHATTANOOGA  ASOS CLIMATE NORMALS FOR TOMORROW
                         NORMAL    RECORD    YEAR
 MAXIMUM TEMPERATURE (F)   60        82      1956
 MINIMUM TEMPERATURE (F)   38        13      1901


SUNRISE AND SUNSET
MARCH  5 2015.........SUNRISE   705 AM EST   SUNSET   640 PM EST
MARCH  6 2015.........SUNRISE   704 AM EST   SUNSET   641 PM EST


-  INDICATES NEGATIVE NUMBERS.
R  INDICATES RECORD WAS SET OR TIED.
MM INDICATES DATA IS MISSING.
T  INDICATES TRACE AMOUNT.




$$
