000
CDUS44 KMRX 272223
CLICHA


CLIMATE REPORT
NATIONAL WEATHER SERVICE MORRISTOWN TN
523 PM EST MON FEB 27 2017


...................................

...THE CHATTANOOGA  ASOS CLIMATE SUMMARY FOR FEBRUARY 27 2017...
VALID TODAY AS OF 0500 PM LOCAL TIME.

CLIMATE NORMAL PERIOD 1981 TO 2010
CLIMATE RECORD PERIOD 1879 TO 2017


WEATHER ITEM   OBSERVED TIME   RECORD YEAR NORMAL DEPARTURE LAST
                VALUE   (LST)  VALUE       VALUE  FROM      YEAR
                                                  NORMAL
..................................................................
TEMPERATURE (F)
 TODAY
  MAXIMUM         54    503 PM  78    1962  58     -4       59
  MINIMUM         41    121 AM  10    1963  37      4       30
  AVERAGE         48                        48      0       45

PRECIPITATION (IN)
  TODAY            0.22          2.14 1989   0.18   0.04     0.00
  MONTH TO DATE    2.42                      4.67  -2.25     7.07
  SINCE DEC 1     12.46                     14.48  -2.02    21.15
  SINCE JAN 1      7.41                      9.58  -2.17    10.74

SNOWFALL (IN)
  TODAY            0.0                       0.1   -0.1      0.0
  MONTH TO DATE    0.0                       0.6   -0.6      0.3
  SINCE DEC 1      0.3                       2.6   -2.3      0.5
  SINCE JUL 1      0.3                       2.6   -2.3      0.5
  SNOW DEPTH       0

DEGREE DAYS
 HEATING
  TODAY           17                        18     -1       20
  MONTH TO DATE  374                       560   -186      537
  SINCE DEC 1   1478                      2016   -538     1686
  SINCE JUL 1   1798                      2605   -807     2066

 COOLING
  TODAY            0                         0      0        0
  MONTH TO DATE    0                         0      0        0
  SINCE DEC 1      0                         1     -1       13
  SINCE JAN 1      0                         0      0        0
..................................................................


WIND (MPH)
  HIGHEST WIND SPEED    10   HIGHEST WIND DIRECTION    NW (320)
  HIGHEST GUST SPEED    14   HIGHEST GUST DIRECTION    NW (320)
  AVERAGE WIND SPEED     2.5


SKY COVER
  POSSIBLE SUNSHINE  MM
  AVERAGE SKY COVER 0.7


WEATHER CONDITIONS
 THE FOLLOWING WEATHER WAS RECORDED TODAY.
  RAIN
  LIGHT RAIN
  FOG
  HAZE


RELATIVE HUMIDITY (PERCENT)
 HIGHEST    89          1200 PM
 LOWEST     58           900 AM
 AVERAGE    74

..........................................................


THE CHATTANOOGA  ASOS CLIMATE NORMALS FOR TOMORROW
                         NORMAL    RECORD    YEAR
 MAXIMUM TEMPERATURE (F)   59        78      1948
 MINIMUM TEMPERATURE (F)   37        10      1888


SUNRISE AND SUNSET
FEBRUARY 27 2017......SUNRISE   712 AM EST   SUNSET   635 PM EST
FEBRUARY 28 2017......SUNRISE   711 AM EST   SUNSET   636 PM EST


-  INDICATES NEGATIVE NUMBERS.
R  INDICATES RECORD WAS SET OR TIED.
MM INDICATES DATA IS MISSING.
T  INDICATES TRACE AMOUNT.




$$
