000
CDUS44 KMRX 250932
CLICHA

CLIMATE REPORT
NATIONAL WEATHER SERVICE MORRISTOWN TN
430 AM EST THU DEC 25 2014


...................................

...THE CHATTANOOGA  ASOS CLIMATE SUMMARY FOR DECEMBER 24 2014...

CLIMATE NORMAL PERIOD 1981 TO 2010
CLIMATE RECORD PERIOD 1879 TO 2014


WEATHER ITEM   OBSERVED TIME   RECORD YEAR NORMAL DEPARTURE LAST
                VALUE   (LST)  VALUE       VALUE  FROM      YEAR
                                                  NORMAL
..................................................................
TEMPERATURE (F)
 YESTERDAY
  MAXIMUM         57    221 PM  75    1964  50      7       39
  MINIMUM         45   1159 PM   2    1983  32     13       28
  AVERAGE         51                        41     10       34

PRECIPITATION (IN)
  YESTERDAY        0.65          1.70 2002   0.16   0.49     0.00
                                      1914
  MONTH TO DATE    3.77                      3.88  -0.11     6.61
  SINCE DEC 1      3.77                      3.88  -0.11     6.61
  SINCE JAN 1     44.65                     51.46  -6.81    67.40

SNOWFALL (IN)
  YESTERDAY        0.0                       0.0    0.0      0.0
  MONTH TO DATE    0.0                       0.1   -0.1      0.0
  SINCE DEC 1      0.0                       0.1   -0.1      0.0
  SINCE JUL 1      T                         0.1   -0.1       T
  SNOW DEPTH       0

DEGREE DAYS
 HEATING
  YESTERDAY       14                        24    -10       31
  MONTH TO DATE  447                       526    -79      437
  SINCE DEC 1    447                       526    -79      437
  SINCE JUL 1   1123                      1115      8     1068

 COOLING
  YESTERDAY        0                         0      0        0
  MONTH TO DATE    0                         0      0        4
  SINCE DEC 1      0                         0      0        4
  SINCE JAN 1   1910                      1741    169     1756
..................................................................


WIND (MPH)
  HIGHEST WIND SPEED    20   HIGHEST WIND DIRECTION     W (290)
  HIGHEST GUST SPEED    26   HIGHEST GUST DIRECTION    SW (240)
  AVERAGE WIND SPEED     7.1


SKY COVER
  POSSIBLE SUNSHINE  MM
  AVERAGE SKY COVER  MM


WEATHER CONDITIONS
 THE FOLLOWING WEATHER WAS RECORDED YESTERDAY.
  HEAVY RAIN
  RAIN
  LIGHT RAIN
  FOG


RELATIVE HUMIDITY (PERCENT)
 HIGHEST   100           100 AM
 LOWEST     71           700 PM
 AVERAGE    86

..........................................................


THE CHATTANOOGA  ASOS CLIMATE NORMALS FOR TODAY
                         NORMAL    RECORD    YEAR
 MAXIMUM TEMPERATURE (F)   50        75      1955
 MINIMUM TEMPERATURE (F)   32        -2      1983


SUNRISE AND SUNSET
DECEMBER 25 2014......SUNRISE   747 AM EST   SUNSET   535 PM EST
DECEMBER 26 2014......SUNRISE   747 AM EST   SUNSET   536 PM EST


-  INDICATES NEGATIVE NUMBERS.
R  INDICATES RECORD WAS SET OR TIED.
MM INDICATES DATA IS MISSING.
T  INDICATES TRACE AMOUNT.




$$
