000
CDUS44 KMRX 012115
CLICHA

CLIMATE REPORT
NATIONAL WEATHER SERVICE MORRISTOWN TN
513 PM EDT MON SEP 1 2014


...................................

...THE CHATTANOOGA  CLIMATE SUMMARY FOR SEPTEMBER 1 2014...
VALID TODAY AS OF 0500 PM LOCAL TIME.

CLIMATE NORMAL PERIOD 1981 TO 2010
CLIMATE RECORD PERIOD 1879 TO 2014


WEATHER ITEM   OBSERVED TIME   RECORD YEAR NORMAL DEPARTURE LAST
                VALUE   (LST)  VALUE       VALUE  FROM      YEAR
                                                  NORMAL
..................................................................
TEMPERATURE (F)
 TODAY
  MAXIMUM         92    359 PM 100    1957  88      4       85
                                      1951
  MINIMUM         72    655 AM  49    1946  67      5       73
  AVERAGE         82                        77      5       79

PRECIPITATION (IN)
  TODAY            T             2.62 1950   0.11  -0.11     0.30
  MONTH TO DATE    T                         0.11  -0.11     0.30
  SINCE SEP 1      T                         0.11  -0.11     0.30
  SINCE JAN 1     28.65                     35.37  -6.72    54.50

SNOWFALL (IN)
  TODAY            0.0                       0.0    0.0      0.0
  MONTH TO DATE    0.0                       0.0    0.0      0.0
  SINCE SEP 1      0.0                       0.0    0.0      0.0
  SINCE JUL 1      0.0                       0.0    0.0      0.0
  SNOW DEPTH       0

DEGREE DAYS
 HEATING
  TODAY            0                         0      0        0
  MONTH TO DATE    0                         0      0        0
  SINCE SEP 1      0                         0      0        0
  SINCE JUL 1      0                         0      0        0

 COOLING
  TODAY           17                        12      5       14
  MONTH TO DATE   17                        12      5       14
  SINCE SEP 1     17                        12      5       14
  SINCE JAN 1   1518                      1462     56     1406
..................................................................


WIND (MPH)
  HIGHEST WIND SPEED    14   HIGHEST WIND DIRECTION    SW (230)
  HIGHEST GUST SPEED    20   HIGHEST GUST DIRECTION    SW (210)
  AVERAGE WIND SPEED     2.9


SKY COVER
  POSSIBLE SUNSHINE  MM
  AVERAGE SKY COVER  MM


WEATHER CONDITIONS
 THE FOLLOWING WEATHER WAS RECORDED TODAY.
  THUNDERSTORM
  FOG


RELATIVE HUMIDITY (PERCENT)
 HIGHEST    93          1200 AM
 LOWEST     47           300 PM
 AVERAGE    70

..........................................................


THE CHATTANOOGA CLIMATE NORMALS FOR TOMORROW
                         NORMAL    RECORD    YEAR
 MAXIMUM TEMPERATURE (F)   87       100      2011
 MINIMUM TEMPERATURE (F)   67        53      1987
                                             1954


SUNRISE AND SUNSET
SEPTEMBER  1 2014.....SUNRISE   713 AM EDT   SUNSET   807 PM EDT
SEPTEMBER  2 2014.....SUNRISE   714 AM EDT   SUNSET   806 PM EDT


-  INDICATES NEGATIVE NUMBERS.
R  INDICATES RECORD WAS SET OR TIED.
MM INDICATES DATA IS MISSING.
T  INDICATES TRACE AMOUNT.




$$
