000
CDUS44 KMRX 240819
CLICHA


CLIMATE REPORT
NATIONAL WEATHER SERVICE MORRISTOWN TN
419 AM EDT TUE MAY 24 2016


...................................

...THE CHATTANOOGA  ASOS CLIMATE SUMMARY FOR MAY 23 2016...

CLIMATE NORMAL PERIOD 1981 TO 2010
CLIMATE RECORD PERIOD 1879 TO 2016


WEATHER ITEM   OBSERVED TIME   RECORD YEAR NORMAL DEPARTURE LAST
                VALUE   (LST)  VALUE       VALUE  FROM      YEAR
                                                  NORMAL
..................................................................
TEMPERATURE (F)
 YESTERDAY
  MAXIMUM         85    451 PM  93    1953  82      3       83
                                      1941
  MINIMUM         54    600 AM  41    1889  59     -5       50
  AVERAGE         70                        70      0       67

PRECIPITATION (IN)
  YESTERDAY        0.00          1.61 1979   0.12  -0.12     0.00
  MONTH TO DATE    1.41                      3.10  -1.69     0.71
  SINCE MAR 1      6.48                     12.07  -5.59    14.19
  SINCE JAN 1     17.22                     21.82  -4.60    21.18

DEGREE DAYS
 COOLING
  YESTERDAY        5                         6     -1        2
  MONTH TO DATE  102                        92     10      150
  SINCE MAR 1    181                       138     43      197
  SINCE JAN 1    181                       138     43      197
..................................................................


WIND (MPH)
  HIGHEST WIND SPEED    13   HIGHEST WIND DIRECTION    NE (30)
  HIGHEST GUST SPEED    17   HIGHEST GUST DIRECTION     N (10)
  AVERAGE WIND SPEED     3.7


SKY COVER
  POSSIBLE SUNSHINE  MM
  AVERAGE SKY COVER 0.3


WEATHER CONDITIONS
 THE FOLLOWING WEATHER WAS RECORDED YESTERDAY.
  NO SIGNIFICANT WEATHER WAS OBSERVED.


RELATIVE HUMIDITY (PERCENT)
 HIGHEST    83           400 AM
 LOWEST     23           500 PM
 AVERAGE    53

..........................................................


THE CHATTANOOGA  ASOS CLIMATE NORMALS FOR TODAY
                         NORMAL    RECORD    YEAR
 MAXIMUM TEMPERATURE (F)   82        94      1953
 MINIMUM TEMPERATURE (F)   60        41      1892


SUNRISE AND SUNSET
MAY 24 2016...........SUNRISE   631 AM EDT   SUNSET   845 PM EDT
MAY 25 2016...........SUNRISE   631 AM EDT   SUNSET   845 PM EDT


-  INDICATES NEGATIVE NUMBERS.
R  INDICATES RECORD WAS SET OR TIED.
MM INDICATES DATA IS MISSING.
T  INDICATES TRACE AMOUNT.




$$
