000
CDUS41 KLWX 262134
CLICHO


CLIMATE REPORT
NATIONAL WEATHER SERVICE BALTIMORE MD/WASHINGTON DC
434 PM EST MON JAN 26 2015


...................................

...THE CHARLOTTESVILLE VA CLIMATE SUMMARY FOR JANUARY 26 2015...
VALID TODAY AS OF 0400 PM LOCAL TIME.

CLIMATE NORMAL PERIOD 1981 TO 2010
CLIMATE RECORD PERIOD 1889 TO 2015


WEATHER ITEM   OBSERVED TIME   RECORD YEAR NORMAL DEPARTURE LAST
                VALUE   (LST)  VALUE       VALUE  FROM      YEAR
                                                  NORMAL
..................................................................
TEMPERATURE (F)
 TODAY
  MAXIMUM         39   1214 AM  MM      MM  45     -6       36
  MINIMUM         34    359 PM  MM      MM  26      8       17
  AVERAGE         37                        36      1       27

PRECIPITATION (IN)
  TODAY            0.21                      0.09   0.12     0.00
  MONTH TO DATE    1.70                      2.35  -0.65     2.25
  SINCE DEC 1      4.49                      5.50  -1.01     6.28
  SINCE JAN 1      1.70                      2.35  -0.65     2.25

DEGREE DAYS
 HEATING
  TODAY           28                                        38
  MONTH TO DATE  779                                       877
  SINCE DEC 1   1504                                      1599
  SINCE JUL 1   2358                                      2542

 COOLING
  TODAY            0                                         0
  MONTH TO DATE    0                                         0
  SINCE DEC 1      0                                         0
  SINCE JAN 1      0                                         0
..................................................................


WIND (MPH)
  HIGHEST WIND SPEED    15   HIGHEST WIND DIRECTION    NE (40)
  HIGHEST GUST SPEED    17   HIGHEST GUST DIRECTION    NE (40)
  AVERAGE WIND SPEED     7.2


SKY COVER
  POSSIBLE SUNSHINE  MM
  AVERAGE SKY COVER 1.0


WEATHER CONDITIONS
 THE FOLLOWING WEATHER WAS RECORDED TODAY.
  LIGHT RAIN
  FOG


RELATIVE HUMIDITY (PERCENT)
 HIGHEST    92           400 AM
 LOWEST     82          1200 AM
 AVERAGE    87

..........................................................


THE CHARLOTTESVILLE VA CLIMATE NORMALS FOR TOMORROW
                         NORMAL    RECORD    YEAR
 MAXIMUM TEMPERATURE (F)   45        MM        MM
 MINIMUM TEMPERATURE (F)   26        MM        MM


SUNRISE AND SUNSET
JANUARY 26 2015.......SUNRISE   723 AM EST   SUNSET   530 PM EST
JANUARY 27 2015.......SUNRISE   723 AM EST   SUNSET   531 PM EST


-  INDICATES NEGATIVE NUMBERS.
R  INDICATES RECORD WAS SET OR TIED.
MM INDICATES DATA IS MISSING.
T  INDICATES TRACE AMOUNT.




$$
