000
CDUS41 KLWX 280519
CLICHO


CLIMATE REPORT
NATIONAL WEATHER SERVICE BALTIMORE MD/WASHINGTON DC
119 AM EDT THU AUG 28 2014


...................................

...THE CHARLOTTESVILLE VA CLIMATE SUMMARY FOR AUGUST 27 2014...

CLIMATE NORMAL PERIOD 1981 TO 2010
CLIMATE RECORD PERIOD 1889 TO 2014


WEATHER ITEM   OBSERVED TIME   RECORD YEAR NORMAL DEPARTURE LAST
                VALUE   (LST)  VALUE       VALUE  FROM      YEAR
                                                  NORMAL
..................................................................
TEMPERATURE (F)
 YESTERDAY
  MAXIMUM         86    415 PM  MM      MM  84      2       87
  MINIMUM         56    609 AM  MM      MM  62     -6       65
  AVERAGE         71                        73     -2       76

PRECIPITATION (IN)
  YESTERDAY        0.00                      0.10  -0.10     0.02
  MONTH TO DATE    4.33                      3.27   1.06     5.20
  SINCE JUN 1     10.23                     11.32  -1.09    15.97
  SINCE JAN 1     28.50                     27.79   0.71    32.60

DEGREE DAYS
 HEATING
  YESTERDAY        0                         0      0        0
  MONTH TO DATE    0                         0      0        5
  SINCE JUN 1      2                        12    -10        7
  SINCE JUL 1      0                         1     -1        5

 COOLING
  YESTERDAY        6                         8     -2       11
  MONTH TO DATE  190                       250    -60      193
  SINCE JUN 1    767                       794    -27      813
  SINCE JAN 1    883                       880      3      960
..................................................................


WIND (MPH)
  HIGHEST WIND SPEED     6   HIGHEST WIND DIRECTION     S (180)
  HIGHEST GUST SPEED     9   HIGHEST GUST DIRECTION     N (10)
  AVERAGE WIND SPEED     1.4


SKY COVER
  POSSIBLE SUNSHINE  MM
  AVERAGE SKY COVER 0.0


WEATHER CONDITIONS
 THE FOLLOWING WEATHER WAS RECORDED YESTERDAY.
  FOG


RELATIVE HUMIDITY (PERCENT)
 HIGHEST   100           100 AM
 LOWEST     47           100 PM
 AVERAGE    74

..........................................................


THE CHARLOTTESVILLE VA CLIMATE NORMALS FOR TODAY
                         NORMAL    RECORD    YEAR
 MAXIMUM TEMPERATURE (F)   84        MM        MM
 MINIMUM TEMPERATURE (F)   62        MM        MM


SUNRISE AND SUNSET
AUGUST 28 2014........SUNRISE   640 AM EDT   SUNSET   749 PM EDT
AUGUST 29 2014........SUNRISE   641 AM EDT   SUNSET   748 PM EDT


-  INDICATES NEGATIVE NUMBERS.
R  INDICATES RECORD WAS SET OR TIED.
MM INDICATES DATA IS MISSING.
T  INDICATES TRACE AMOUNT.




$$
