074
CDUS41 KLWX 160535
CLICHO


CLIMATE REPORT
NATIONAL WEATHER SERVICE BALTIMORE MD/WASHINGTON DC
134 AM EDT WED AUG 16 2017


...................................

...THE CHARLOTTESVILLE VA CLIMATE SUMMARY FOR AUGUST 15 2017...

CLIMATE NORMAL PERIOD 1981 TO 2010
CLIMATE RECORD PERIOD 1998 TO 2017


WEATHER ITEM   OBSERVED TIME   RECORD YEAR NORMAL DEPARTURE LAST
                VALUE   (LST)  VALUE       VALUE  FROM      YEAR
                                                  NORMAL
..................................................................
TEMPERATURE (F)
 YESTERDAY
  MAXIMUM         86    315 PM  MM      MM  85      1       94
  MINIMUM         72    925 AM  MM      MM  64      8       72
  AVERAGE         79                        74      5       83

PRECIPITATION (IN)
  YESTERDAY        0.43                      0.12   0.31     0.55
  MONTH TO DATE    1.61                      2.02  -0.41     2.28
  SINCE JUN 1      8.22                     10.07  -1.85     9.03
  SINCE JAN 1     25.77                     26.54  -0.77    25.54

DEGREE DAYS
 HEATING
  YESTERDAY        0                         0      0        0
  MONTH TO DATE    0                         0      0        0
  SINCE JUN 1      1                        12    -11        0
  SINCE JUL 1      0                         1     -1        0

 COOLING
  YESTERDAY       14                         9      5       18
  MONTH TO DATE  165                       147     18      221
  SINCE JUN 1    930                       691    239      994
  SINCE JAN 1   1140                       777    363     1107
..................................................................


WIND (MPH)
  HIGHEST WIND SPEED     9   HIGHEST WIND DIRECTION     E (70)
  HIGHEST GUST SPEED    11   HIGHEST GUST DIRECTION    NE (40)
  AVERAGE WIND SPEED     1.5


SKY COVER
  POSSIBLE SUNSHINE  MM
  AVERAGE SKY COVER 0.8


WEATHER CONDITIONS
 THE FOLLOWING WEATHER WAS RECORDED YESTERDAY.
  HEAVY RAIN
  RAIN
  LIGHT RAIN
  FOG


RELATIVE HUMIDITY (PERCENT)
 HIGHEST   100           700 AM
 LOWEST     70           400 PM
 AVERAGE    85

..........................................................


THE CHARLOTTESVILLE VA CLIMATE NORMALS FOR TODAY
                         NORMAL    RECORD    YEAR
 MAXIMUM TEMPERATURE (F)   85        MM        MM
 MINIMUM TEMPERATURE (F)   64        MM        MM


SUNRISE AND SUNSET
AUGUST 16 2017........SUNRISE   630 AM EDT   SUNSET   806 PM EDT
AUGUST 17 2017........SUNRISE   631 AM EDT   SUNSET   804 PM EDT


-  INDICATES NEGATIVE NUMBERS.
R  INDICATES RECORD WAS SET OR TIED.
MM INDICATES DATA IS MISSING.
T  INDICATES TRACE AMOUNT.




$$
