545
CDUS42 KCHS 230603
CLICHS


CLIMATE REPORT
NATIONAL WEATHER SERVICE CHARLESTON SC
203 AM EDT SAT SEP 23 2017


...................................

...THE NORTH CHARLESTON SC CLIMATE SUMMARY FOR SEPTEMBER 22 2017...

CLIMATE NORMAL PERIOD 1981 TO 2010
CLIMATE RECORD PERIOD 1938 TO 2017


WEATHER ITEM   OBSERVED TIME   RECORD YEAR NORMAL DEPARTURE LAST
                VALUE   (LST)  VALUE       VALUE  FROM      YEAR
                                                  NORMAL
..................................................................
TEMPERATURE (F)
 YESTERDAY
  MAXIMUM         89    244 PM  96    1990  83      6       86
  MINIMUM         67    523 AM  49    1938  66      1       73
  AVERAGE         78                        74      4       80

PRECIPITATION (IN)
  YESTERDAY        0.00          3.52 1952   0.16  -0.16      T
  MONTH TO DATE    6.66                      4.73   1.93    10.90
  SINCE SEP 1      6.66                      4.73   1.93    10.90
  SINCE JAN 1     45.10                     40.37   4.73    42.89

DEGREE DAYS
 HEATING
  YESTERDAY        0                         0      0        0
  MONTH TO DATE    0                         0      0        0
  SINCE SEP 1      0                         0      0        0
  SINCE JUL 1      0                         0      0        0

 COOLING
  YESTERDAY       13                        10      3       15
  MONTH TO DATE  271                       267      4      331
  SINCE SEP 1    271                       267      4      331
  SINCE JAN 1   2313                      2072    241     2606
..................................................................


WIND (MPH)
  HIGHEST WIND SPEED    16   HIGHEST WIND DIRECTION    SE (120)
  HIGHEST GUST SPEED    20   HIGHEST GUST DIRECTION    SE (130)
  AVERAGE WIND SPEED     4.4


SKY COVER
  POSSIBLE SUNSHINE  MM
  AVERAGE SKY COVER 0.4


WEATHER CONDITIONS
 THE FOLLOWING WEATHER WAS RECORDED YESTERDAY.
  THUNDERSTORM
  FOG


RELATIVE HUMIDITY (PERCENT)
 HIGHEST   100           300 AM
 LOWEST     55           100 PM
 AVERAGE    78

..........................................................


THE NORTH CHARLESTON SC CLIMATE NORMALS FOR TODAY
                         NORMAL    RECORD    YEAR
 MAXIMUM TEMPERATURE (F)   83        95      1980
 MINIMUM TEMPERATURE (F)   65        46      1999


SUNRISE AND SUNSET
SEPTEMBER 23 2017.....SUNRISE   709 AM EDT   SUNSET   715 PM EDT
SEPTEMBER 24 2017.....SUNRISE   710 AM EDT   SUNSET   714 PM EDT


-  INDICATES NEGATIVE NUMBERS.
R  INDICATES RECORD WAS SET OR TIED.
MM INDICATES DATA IS MISSING.
T  INDICATES TRACE AMOUNT.




$$
