000
CDUS42 KCHS 192212
CLICHS


CLIMATE REPORT
NATIONAL WEATHER SERVICE CHARLESTON SC
511 PM EST FRI DEC 19 2014


...................................

...THE NORTH CHARLESTON SC CLIMATE SUMMARY FOR DECEMBER 19 2014...
VALID TODAY AS OF 0500 PM LOCAL TIME.

CLIMATE NORMAL PERIOD 1981 TO 2010
CLIMATE RECORD PERIOD 1938 TO 2014


WEATHER ITEM   OBSERVED TIME   RECORD YEAR NORMAL DEPARTURE LAST
                VALUE   (LST)  VALUE       VALUE  FROM      YEAR
                                                  NORMAL
..................................................................
TEMPERATURE (F)
 TODAY
  MAXIMUM         61    305 PM  82    1967  61      0       66
  MINIMUM         40    805 AM  16    1953  39      1       32
  AVERAGE         51                        50      1       49

PRECIPITATION (IN)
  TODAY            0.00          1.39 1999   0.11  -0.11     0.00
  MONTH TO DATE    0.26                      1.82  -1.56     1.39
  SINCE DEC 1      0.26                      1.82  -1.56     1.39
  SINCE JAN 1     49.86                     49.74   0.12    57.35

SNOWFALL (IN)
  TODAY            0.0                       0.0    0.0
  SINCE DEC 1      0.0                       0.1   -0.1
  SINCE JUL 1      0.0                       0.1   -0.1

DEGREE DAYS
 HEATING
  TODAY           14                        15     -1       16
  MONTH TO DATE  220                       252    -32      182
  SINCE DEC 1    220                       252    -32      182
  SINCE JUL 1    558                       544     14      487

 COOLING
  TODAY            0                         0      0        0
  MONTH TO DATE    0                         0      0       16
  SINCE DEC 1      0                         0      0       16
  SINCE JAN 1   2769                      2297    472     2445
..................................................................


WIND (MPH)
  HIGHEST WIND SPEED     9   HIGHEST WIND DIRECTION    SE (120)
  HIGHEST GUST SPEED    21   HIGHEST GUST DIRECTION     W (270)
  AVERAGE WIND SPEED     2.2


SKY COVER
  POSSIBLE SUNSHINE  MM
  AVERAGE SKY COVER 0.5


WEATHER CONDITIONS
 THE FOLLOWING WEATHER WAS RECORDED TODAY.
  FOG


RELATIVE HUMIDITY (PERCENT)
 HIGHEST   100           800 AM
 LOWEST     55           200 PM
 AVERAGE    78

..........................................................


THE NORTH CHARLESTON SC CLIMATE NORMALS FOR TOMORROW
                         NORMAL    RECORD    YEAR
 MAXIMUM TEMPERATURE (F)   60        81      1967
 MINIMUM TEMPERATURE (F)   39        14      1981


SUNRISE AND SUNSET
DECEMBER 19 2014......SUNRISE   718 AM EST   SUNSET   517 PM EST
DECEMBER 20 2014......SUNRISE   718 AM EST   SUNSET   517 PM EST


-  INDICATES NEGATIVE NUMBERS.
R  INDICATES RECORD WAS SET OR TIED.
MM INDICATES DATA IS MISSING.
T  INDICATES TRACE AMOUNT.




$$
