391
CDUS42 KCHS 230608
CLICHS


CLIMATE REPORT
NATIONAL WEATHER SERVICE CHARLESTON SC
108 AM EST TUE JAN 23 2018


...................................

...THE NORTH CHARLESTON SC CLIMATE SUMMARY FOR JANUARY 22 2018...

CLIMATE NORMAL PERIOD 1981 TO 2010
CLIMATE RECORD PERIOD 1938 TO 2018


WEATHER ITEM   OBSERVED TIME   RECORD YEAR NORMAL DEPARTURE LAST
                VALUE   (LST)  VALUE       VALUE  FROM      YEAR
                                                  NORMAL
..................................................................
TEMPERATURE (F)
 YESTERDAY
  MAXIMUM         73    206 PM  80    1999  59     14       66
  MINIMUM         40    522 AM  14    1985  38      2       58
  AVERAGE         57                        48      9       62

PRECIPITATION (IN)
  YESTERDAY        0.01          1.99 2017   0.12  -0.11     1.99
  MONTH TO DATE    1.27                      2.63  -1.36     3.74
  SINCE DEC 1      3.78                      5.74  -1.96     8.52
  SINCE JAN 1      1.27                      2.63  -1.36     3.74

SNOWFALL (IN)
  YESTERDAY       MM                         0.0   MM
  SINCE DEC 1      5.3                       0.3    5.0
  SINCE JUL 1      5.3                       0.3    5.0

DEGREE DAYS
 HEATING
  YESTERDAY        8                        17     -9        3
  MONTH TO DATE  493                       374    119      171
  SINCE DEC 1    910                       820     90      486
  SINCE JUL 1   1196                      1112     84      704

 COOLING
  YESTERDAY        0                         0      0        0
  MONTH TO DATE    2                         0      2       15
  SINCE DEC 1      5                         7     -2       22
  SINCE JAN 1      2                         0      2       15
..................................................................


WIND (MPH)
  HIGHEST WIND SPEED    17   HIGHEST WIND DIRECTION     S (170)
  HIGHEST GUST SPEED    23   HIGHEST GUST DIRECTION     S (170)
  AVERAGE WIND SPEED     5.1


SKY COVER
  POSSIBLE SUNSHINE  MM
  AVERAGE SKY COVER 0.6


WEATHER CONDITIONS
 THE FOLLOWING WEATHER WAS RECORDED YESTERDAY.
  FOG
  HAZE


RELATIVE HUMIDITY (PERCENT)
 HIGHEST    97           900 PM
 LOWEST     66           100 PM
 AVERAGE    82

..........................................................


THE NORTH CHARLESTON SC CLIMATE NORMALS FOR TODAY
                         NORMAL    RECORD    YEAR
 MAXIMUM TEMPERATURE (F)   59        80      1974
 MINIMUM TEMPERATURE (F)   38        19      1985


SUNRISE AND SUNSET
JANUARY 23 2018.......SUNRISE   720 AM EST   SUNSET   544 PM EST
JANUARY 24 2018.......SUNRISE   720 AM EST   SUNSET   545 PM EST


-  INDICATES NEGATIVE NUMBERS.
R  INDICATES RECORD WAS SET OR TIED.
MM INDICATES DATA IS MISSING.
T  INDICATES TRACE AMOUNT.




$$
