000
CDUS42 KCHS 180536
CLICHS


CLIMATE REPORT
NATIONAL WEATHER SERVICE CHARLESTON SC
136 AM EDT THU SEP 18 2014


...................................

...THE NORTH CHARLESTON SC CLIMATE SUMMARY FOR SEPTEMBER 17 2014...

CLIMATE NORMAL PERIOD 1981 TO 2010
CLIMATE RECORD PERIOD 1938 TO 2014


WEATHER ITEM   OBSERVED TIME   RECORD YEAR NORMAL DEPARTURE LAST
                VALUE   (LST)  VALUE       VALUE  FROM      YEAR
                                                  NORMAL
..................................................................
TEMPERATURE (F)
 YESTERDAY
  MAXIMUM         86    250 PM  96    1972  85      1       83
  MINIMUM         71   1154 PM  54    2001  67      4       69
  AVERAGE         79                        76      3       76

PRECIPITATION (IN)
  YESTERDAY        0.01          6.19 1945   0.20  -0.19     0.00
  MONTH TO DATE    5.92                      3.82   2.10     2.70
  SINCE SEP 1      5.92                      3.82   2.10     2.70
  SINCE JAN 1     41.25                     39.46   1.79    48.76

DEGREE DAYS
 HEATING
  YESTERDAY        0                         0      0        0
  MONTH TO DATE    0                         0      0        0
  SINCE SEP 1      0                         0      0        0
  SINCE JUL 1      0                         0      0        0

 COOLING
  YESTERDAY       14                        11      3       11
  MONTH TO DATE  290                       216     74      273
  SINCE SEP 1    290                       216     74      273
  SINCE JAN 1   2452                      2021    431     2128
..................................................................


WIND (MPH)
  HIGHEST WIND SPEED    13   HIGHEST WIND DIRECTION    SE (120)
  HIGHEST GUST SPEED    16   HIGHEST GUST DIRECTION    SE (120)
  AVERAGE WIND SPEED     4.8


SKY COVER
  POSSIBLE SUNSHINE  MM
  AVERAGE SKY COVER 0.5


WEATHER CONDITIONS
 THE FOLLOWING WEATHER WAS RECORDED YESTERDAY.
  THUNDERSTORM
  LIGHT RAIN
  HAZE


RELATIVE HUMIDITY (PERCENT)
 HIGHEST    93           300 AM
 LOWEST     61          1200 PM
 AVERAGE    77

..........................................................


THE NORTH CHARLESTON SC CLIMATE NORMALS FOR TODAY
                         NORMAL    RECORD    YEAR
 MAXIMUM TEMPERATURE (F)   84        96      1942
 MINIMUM TEMPERATURE (F)   67        55      2001


SUNRISE AND SUNSET
SEPTEMBER 18 2014.....SUNRISE   706 AM EDT   SUNSET   722 PM EDT
SEPTEMBER 19 2014.....SUNRISE   706 AM EDT   SUNSET   721 PM EDT


-  INDICATES NEGATIVE NUMBERS.
R  INDICATES RECORD WAS SET OR TIED.
MM INDICATES DATA IS MISSING.
T  INDICATES TRACE AMOUNT.




$$
