758
CDUS42 KCHS 270607
CLICHS


CLIMATE REPORT
NATIONAL WEATHER SERVICE CHARLESTON SC
207 AM EDT SAT MAY 27 2017


...................................

...THE NORTH CHARLESTON SC CLIMATE SUMMARY FOR MAY 26 2017...

CLIMATE NORMAL PERIOD 1981 TO 2010
CLIMATE RECORD PERIOD 1938 TO 2017


WEATHER ITEM   OBSERVED TIME   RECORD YEAR NORMAL DEPARTURE LAST
                VALUE   (LST)  VALUE       VALUE  FROM      YEAR
                                                  NORMAL
..................................................................
TEMPERATURE (F)
 YESTERDAY
  MAXIMUM         84    445 PM  98    1953  85     -1       87
  MINIMUM         60    540 AM  50    1979  65     -5       68
  AVERAGE         72                        75     -3       78

PRECIPITATION (IN)
  YESTERDAY        0.00          1.87 1946   0.11  -0.11     0.00
  MONTH TO DATE    3.74                      2.44   1.30     1.39
  SINCE MAR 1     10.98                      9.06   1.92     7.19
  SINCE JAN 1     15.16                     15.73  -0.57    15.48

DEGREE DAYS
 HEATING
  YESTERDAY        0                         0      0        0
  MONTH TO DATE    3                         8     -5        4
  SINCE MAR 1    260                       335    -75      180
  SINCE JUL 1   1228                      1971   -743     1357

 COOLING
  YESTERDAY        7                        10     -3       13
  MONTH TO DATE  223                       191     32      232
  SINCE MAR 1    464                       302    162      432
  SINCE JAN 1    499                       309    190      440
..................................................................


WIND (MPH)
  HIGHEST WIND SPEED    17   HIGHEST WIND DIRECTION     W (260)
  HIGHEST GUST SPEED    21   HIGHEST GUST DIRECTION     W (260)
  AVERAGE WIND SPEED     8.2


SKY COVER
  POSSIBLE SUNSHINE  MM
  AVERAGE SKY COVER 0.1


WEATHER CONDITIONS
 THE FOLLOWING WEATHER WAS RECORDED YESTERDAY.
  NO SIGNIFICANT WEATHER WAS OBSERVED.


RELATIVE HUMIDITY (PERCENT)
 HIGHEST    78           400 AM
 LOWEST     34           200 PM
 AVERAGE    56

..........................................................


THE NORTH CHARLESTON SC CLIMATE NORMALS FOR TODAY
                         NORMAL    RECORD    YEAR
 MAXIMUM TEMPERATURE (F)   85        98      1989
 MINIMUM TEMPERATURE (F)   65        52      1980
                                             1979
                                             1961


SUNRISE AND SUNSET
MAY 27 2017...........SUNRISE   614 AM EDT   SUNSET   821 PM EDT
MAY 28 2017...........SUNRISE   614 AM EDT   SUNSET   821 PM EDT


-  INDICATES NEGATIVE NUMBERS.
R  INDICATES RECORD WAS SET OR TIED.
MM INDICATES DATA IS MISSING.
T  INDICATES TRACE AMOUNT.




$$
