938
CDUS42 KCHS 192203
CLICHS


CLIMATE REPORT
NATIONAL WEATHER SERVICE CHARLESTON SC
503 PM EST SUN NOV 19 2017


...................................

...THE NORTH CHARLESTON SC CLIMATE SUMMARY FOR NOVEMBER 19 2017...
VALID TODAY AS OF 0500 PM LOCAL TIME.

CLIMATE NORMAL PERIOD 1981 TO 2010
CLIMATE RECORD PERIOD 1938 TO 2017


WEATHER ITEM   OBSERVED TIME   RECORD YEAR NORMAL DEPARTURE LAST
                VALUE   (LST)  VALUE       VALUE  FROM      YEAR
                                                  NORMAL
..................................................................
TEMPERATURE (F)
 TODAY
  MAXIMUM         67    317 PM  83    1942  69     -2       79
  MINIMUM         61    459 PM  23    2014  47     14       45
  AVERAGE         64                        58      6       62

PRECIPITATION (IN)
  TODAY            T             1.44 2000   0.08  -0.08     0.00
  MONTH TO DATE    1.17                      1.55  -0.38     0.11
  SINCE SEP 1     11.49                     11.40   0.09    22.86
  SINCE JAN 1     49.93                     47.04   2.89    54.85

SNOWFALL (IN)
  TODAY            0.0                       0.0    0.0
  SINCE SEP 1      0.0                       0.0    0.0
  SINCE JUL 1      T                         0.0    0.0

DEGREE DAYS
 HEATING
  TODAY            1                         8     -7        3
  MONTH TO DATE  114                       118     -4      114
  SINCE SEP 1    172                       187    -15      130
  SINCE JUL 1    172                       187    -15      130

 COOLING
  TODAY            0                         1     -1        0
  MONTH TO DATE   32                        24      8       22
  SINCE SEP 1    637                       483    154      658
  SINCE JAN 1   2679                      2288    391     2933
..................................................................


WIND (MPH)
  HIGHEST WIND SPEED    22   HIGHEST WIND DIRECTION    NW (330)
  HIGHEST GUST SPEED    28   HIGHEST GUST DIRECTION    SW (220)
  AVERAGE WIND SPEED    14.4


SKY COVER
  POSSIBLE SUNSHINE  MM
  AVERAGE SKY COVER 0.4


WEATHER CONDITIONS
 THE FOLLOWING WEATHER WAS RECORDED TODAY.
  LIGHT RAIN
  FOG


RELATIVE HUMIDITY (PERCENT)
 HIGHEST    84          1200 AM
 LOWEST     40           400 PM
 AVERAGE    62

..........................................................


THE NORTH CHARLESTON SC CLIMATE NORMALS FOR TOMORROW
                         NORMAL    RECORD    YEAR
 MAXIMUM TEMPERATURE (F)   69        82      1942
                                             1941
 MINIMUM TEMPERATURE (F)   46        25      1951


SUNRISE AND SUNSET
NOVEMBER 19 2017......SUNRISE   654 AM EST   SUNSET   517 PM EST
NOVEMBER 20 2017......SUNRISE   655 AM EST   SUNSET   516 PM EST


-  INDICATES NEGATIVE NUMBERS.
R  INDICATES RECORD WAS SET OR TIED.
MM INDICATES DATA IS MISSING.
T  INDICATES TRACE AMOUNT.




$$
