000
CDUS42 KCHS 192216
CLICHS


CLIMATE REPORT
NATIONAL WEATHER SERVICE CHARLESTON SC
515 PM EST SUN FEB 19 2017


...................................

...THE NORTH CHARLESTON SC CLIMATE SUMMARY FOR FEBRUARY 19 2017...
VALID TODAY AS OF 0500 PM LOCAL TIME.

CLIMATE NORMAL PERIOD 1981 TO 2010
CLIMATE RECORD PERIOD 1938 TO 2017


WEATHER ITEM   OBSERVED TIME   RECORD YEAR NORMAL DEPARTURE LAST
                VALUE   (LST)  VALUE       VALUE  FROM      YEAR
                                                  NORMAL
..................................................................
TEMPERATURE (F)
 TODAY
  MAXIMUM         76    343 PM  83    2014  64     12       60
                                      1956
  MINIMUM         47    636 AM  20    1958  41      6       34
  AVERAGE         62                        52     10       47

PRECIPITATION (IN)
  TODAY            0.00          1.26 2012   0.11  -0.11     0.00
  MONTH TO DATE    0.40                      2.01  -1.61     4.51
  SINCE DEC 1      8.96                      8.83   0.13    11.05
  SINCE JAN 1      4.18                      5.72  -1.54     7.91

SNOWFALL (IN)
  TODAY            0.0                       0.0    0.0
  SINCE DEC 1      T                         0.4   -0.4
  SINCE JUL 1      T                         0.4   -0.4

DEGREE DAYS
 HEATING
  TODAY            3                        13    -10       18
  MONTH TO DATE  147                       272   -125      298
  SINCE DEC 1    727                      1239   -512      956
  SINCE JUL 1    945                      1531   -586     1102

 COOLING
  TODAY            0                         0      0        0
  MONTH TO DATE    4                         0      4        2
  SINCE DEC 1     26                         9     17       99
  SINCE JAN 1     19                         2     17        2
..................................................................


WIND (MPH)
  HIGHEST WIND SPEED    18   HIGHEST WIND DIRECTION     N (340)
  HIGHEST GUST SPEED    22   HIGHEST GUST DIRECTION     N (350)
  AVERAGE WIND SPEED     7.6


SKY COVER
  POSSIBLE SUNSHINE  MM
  AVERAGE SKY COVER 0.2


WEATHER CONDITIONS
 THE FOLLOWING WEATHER WAS RECORDED TODAY.
  NO SIGNIFICANT WEATHER WAS OBSERVED.


RELATIVE HUMIDITY (PERCENT)
 HIGHEST    93           700 AM
 LOWEST     36           400 PM
 AVERAGE    65

..........................................................


THE NORTH CHARLESTON SC CLIMATE NORMALS FOR TOMORROW
                         NORMAL    RECORD    YEAR
 MAXIMUM TEMPERATURE (F)   64        82      1991
 MINIMUM TEMPERATURE (F)   42        18      2015


SUNRISE AND SUNSET
FEBRUARY 19 2017......SUNRISE   659 AM EST   SUNSET   609 PM EST
FEBRUARY 20 2017......SUNRISE   658 AM EST   SUNSET   610 PM EST


-  INDICATES NEGATIVE NUMBERS.
R  INDICATES RECORD WAS SET OR TIED.
MM INDICATES DATA IS MISSING.
T  INDICATES TRACE AMOUNT.




$$
