000
CDUS43 KDVN 240906
CLICID


CLIMATE REPORT
NATIONAL WEATHER SERVICE QUAD CITIES IA IL
405 AM CDT FRI MAR 24 2017


...................................

...THE CEDAR RAPIDS IA CLIMATE SUMMARY FOR MARCH 23 2017...

CLIMATE NORMAL PERIOD 1981 TO 2010
CLIMATE RECORD PERIOD 1891 TO 2017


WEATHER ITEM   OBSERVED TIME   RECORD YEAR NORMAL DEPARTURE LAST
                VALUE   (LST)  VALUE       VALUE  FROM      YEAR
                                                  NORMAL
..................................................................
TEMPERATURE (F)
 YESTERDAY
  MAXIMUM         44    656 PM  87    1910  50     -6       49
  MINIMUM         34    347 AM   1    1912  29      5       34
  AVERAGE         39                        40     -1       42

PRECIPITATION (IN)
  YESTERDAY        T            MM      MM   0.07  -0.07     0.49
  MONTH TO DATE    0.84                      1.50  -0.66     1.75
  SINCE MAR 1      0.84                      1.50  -0.66     1.75
  SINCE JAN 1      3.01                      3.64  -0.63     2.35

DEGREE DAYS
 HEATING
  YESTERDAY       26                        25      1       23
  MONTH TO DATE  692                       693     -1      520
  SINCE MAR 1    692                       693     -1      520
  SINCE JUL 1   4968                      5976  -1008     4831

 COOLING
  YESTERDAY        0                         0      0        0
  MONTH TO DATE    0                         0      0        0
  SINCE MAR 1      0                         0      0        0
  SINCE JAN 1      0                         0      0        0
..................................................................


WIND (MPH)
  HIGHEST WIND SPEED    23   HIGHEST WIND DIRECTION    SE (150)
  HIGHEST GUST SPEED    30   HIGHEST GUST DIRECTION     S (160)
  AVERAGE WIND SPEED    14.9


SKY COVER
  POSSIBLE SUNSHINE  MM
  AVERAGE SKY COVER 0.7


WEATHER CONDITIONS
 THE FOLLOWING WEATHER WAS RECORDED YESTERDAY.
  THUNDERSTORM
  LIGHT RAIN
  FOG
  HAZE


RELATIVE HUMIDITY (PERCENT)
 HIGHEST    93          1000 PM
 LOWEST     54           800 AM
 AVERAGE    74

..........................................................


THE CEDAR RAPIDS IA CLIMATE NORMALS FOR TODAY
                         NORMAL    RECORD    YEAR
 MAXIMUM TEMPERATURE (F)   51        80      1939
 MINIMUM TEMPERATURE (F)   30        -4      1974


SUNRISE AND SUNSET
MARCH 24 2017.........SUNRISE   703 AM CDT   SUNSET   724 PM CDT
MARCH 25 2017.........SUNRISE   701 AM CDT   SUNSET   725 PM CDT


-  INDICATES NEGATIVE NUMBERS.
R  INDICATES RECORD WAS SET OR TIED.
MM INDICATES DATA IS MISSING.
T  INDICATES TRACE AMOUNT.




$$
