000
CDUS43 KDVN 231026
CLICID


CLIMATE REPORT
NATIONAL WEATHER SERVICE QUAD CITIES IA IL
424 AM CST THU NOV 23 2017


...................................

...THE CEDAR RAPIDS IA CLIMATE SUMMARY FOR NOVEMBER 22 2017...

CLIMATE NORMAL PERIOD 1981 TO 2010
CLIMATE RECORD PERIOD 1891 TO 2017


WEATHER ITEM   OBSERVED TIME   RECORD YEAR NORMAL DEPARTURE LAST
                VALUE   (LST)  VALUE       VALUE  FROM      YEAR
                                                  NORMAL
..................................................................
TEMPERATURE (F)
 YESTERDAY
  MAXIMUM         34    404 PM  66    1908  43     -9       40
  MINIMUM         11    725 AM  -1    1937  25    -14       33
  AVERAGE         23                        34    -11       37

PRECIPITATION (IN)
  YESTERDAY        0.00         MM      MM   0.07  -0.07     0.27
  MONTH TO DATE    0.59                      1.57  -0.98     1.39
  SINCE SEP 1      5.46                      7.35  -1.89    11.08
  SINCE JAN 1     25.48                     32.65  -7.17    39.61

DEGREE DAYS
 HEATING
  YESTERDAY       42                        31     11       28
  MONTH TO DATE  652                       564     88      388
  SINCE SEP 1   1061                      1155    -94      703
  SINCE JUL 1   1072                      1174   -102      707

 COOLING
  YESTERDAY        0                         0      0        0
  MONTH TO DATE    0                         0      0        0
  SINCE SEP 1    148                        80     68      159
  SINCE JAN 1    747                       748     -1      970
..................................................................


WIND (MPH)
  HIGHEST WIND SPEED    12   HIGHEST WIND DIRECTION     S (180)
  HIGHEST GUST SPEED    15   HIGHEST GUST DIRECTION     S (180)
  AVERAGE WIND SPEED     6.5


SKY COVER
  POSSIBLE SUNSHINE  MM
  AVERAGE SKY COVER 0.2


WEATHER CONDITIONS
 THE FOLLOWING WEATHER WAS RECORDED YESTERDAY.
  NO SIGNIFICANT WEATHER WAS OBSERVED.


RELATIVE HUMIDITY (PERCENT)
 HIGHEST    88           100 AM
 LOWEST     41           200 PM
 AVERAGE    65

..........................................................


THE CEDAR RAPIDS IA CLIMATE NORMALS FOR TODAY
                         NORMAL    RECORD    YEAR
 MAXIMUM TEMPERATURE (F)   42        65      1966
 MINIMUM TEMPERATURE (F)   24         1      1898


SUNRISE AND SUNSET
NOVEMBER 23 2017......SUNRISE   706 AM CST   SUNSET   440 PM CST
NOVEMBER 24 2017......SUNRISE   707 AM CST   SUNSET   439 PM CST


-  INDICATES NEGATIVE NUMBERS.
R  INDICATES RECORD WAS SET OR TIED.
MM INDICATES DATA IS MISSING.
T  INDICATES TRACE AMOUNT.




$$
