000
CDUS43 KDVN 240936
CLICID


CLIMATE REPORT
NATIONAL WEATHER SERVICE QUAD CITIES IA IL
435 AM CDT SUN SEP 24 2017


...................................

...THE CEDAR RAPIDS IA CLIMATE SUMMARY FOR SEPTEMBER 23 2017...

CLIMATE NORMAL PERIOD 1981 TO 2010
CLIMATE RECORD PERIOD 1891 TO 2017


WEATHER ITEM   OBSERVED TIME   RECORD YEAR NORMAL DEPARTURE LAST
                VALUE   (LST)  VALUE       VALUE  FROM      YEAR
                                                  NORMAL
..................................................................
TEMPERATURE (F)
 YESTERDAY
  MAXIMUM         93R   337 PM  90    1930  72     21       78
  MINIMUM         65    616 AM  29    2012  48     17       67
  AVERAGE         79                        60     19       73

PRECIPITATION (IN)
  YESTERDAY        0.00         MM      MM   0.09  -0.09     2.65
  MONTH TO DATE    0.24                      2.50  -2.26     6.92
  SINCE SEP 1      0.24                      2.50  -2.26     6.92
  SINCE JAN 1     20.26                     27.80  -7.54    35.45

DEGREE DAYS
 HEATING
  YESTERDAY        0                         7     -7        0
  MONTH TO DATE   37                        82    -45        4
  SINCE SEP 1     37                        82    -45        4
  SINCE JUL 1     48                       101    -53        8

 COOLING
  YESTERDAY       14                         1     13        8
  MONTH TO DATE  104                        65     39      126
  SINCE SEP 1    104                        65     39      126
  SINCE JAN 1    703                       733    -30      937
..................................................................


WIND (MPH)
  HIGHEST WIND SPEED    14   HIGHEST WIND DIRECTION     S (190)
  HIGHEST GUST SPEED    19   HIGHEST GUST DIRECTION     S (170)
  AVERAGE WIND SPEED     6.4


SKY COVER
  POSSIBLE SUNSHINE  MM
  AVERAGE SKY COVER 0.0


WEATHER CONDITIONS
 THE FOLLOWING WEATHER WAS RECORDED YESTERDAY.
  NO SIGNIFICANT WEATHER WAS OBSERVED.


RELATIVE HUMIDITY (PERCENT)
 HIGHEST    87           500 AM
 LOWEST     32           300 PM
 AVERAGE    60

..........................................................


THE CEDAR RAPIDS IA CLIMATE NORMALS FOR TODAY
                         NORMAL    RECORD    YEAR
 MAXIMUM TEMPERATURE (F)   71        92      1984
 MINIMUM TEMPERATURE (F)   47        28      2012


SUNRISE AND SUNSET
SEPTEMBER 24 2017.....SUNRISE   657 AM CDT   SUNSET   700 PM CDT
SEPTEMBER 25 2017.....SUNRISE   658 AM CDT   SUNSET   658 PM CDT


-  INDICATES NEGATIVE NUMBERS.
R  INDICATES RECORD WAS SET OR TIED.
MM INDICATES DATA IS MISSING.
T  INDICATES TRACE AMOUNT.




$$
