000
CDUS43 KDVN 052131
CLICID


CLIMATE REPORT
NATIONAL WEATHER SERVICE QUAD CITIES IA IL
429 PM CDT SUN JUL 5 2015


...................................

...THE CEDAR RAPIDS IA CLIMATE SUMMARY FOR JULY 5 2015...
VALID TODAY AS OF 0400 PM LOCAL TIME.

CLIMATE NORMAL PERIOD 1981 TO 2010
CLIMATE RECORD PERIOD 1891 TO 2015


WEATHER ITEM   OBSERVED TIME   RECORD YEAR NORMAL DEPARTURE LAST
                VALUE   (LST)  VALUE       VALUE  FROM      YEAR
                                                  NORMAL
..................................................................
TEMPERATURE (F)
 TODAY
  MAXIMUM         82    259 PM 110    1911  84     -2       66
  MINIMUM         61    405 AM  49    1997  63     -2       61
  AVERAGE         72                        73     -1       64

PRECIPITATION (IN)
  TODAY            0.00         MM      MM   0.16  -0.16     0.59
  MONTH TO DATE    T                         0.77  -0.77     0.67
  SINCE JUN 1      8.85                      5.69   3.16    13.96
  SINCE JAN 1     18.05                     17.13   0.92    25.20

DEGREE DAYS
 HEATING
  TODAY            0                         0      0        1
  MONTH TO DATE    2                         0      2       10
  SINCE JUN 1     11                        29    -18       15
  SINCE JUL 1      2                         0      2       10

 COOLING
  TODAY            7                         8     -1        0
  MONTH TO DATE   11                        40    -29        4
  SINCE JUN 1    156                       206    -50      187
  SINCE JAN 1    206                       255    -49      267
..................................................................


WIND (MPH)
  HIGHEST WIND SPEED    15   HIGHEST WIND DIRECTION     S (170)
  HIGHEST GUST SPEED    20   HIGHEST GUST DIRECTION     S (160)
  AVERAGE WIND SPEED     7.8


SKY COVER
  POSSIBLE SUNSHINE  MM
  AVERAGE SKY COVER 0.1


WEATHER CONDITIONS
 THE FOLLOWING WEATHER WAS RECORDED TODAY.
  FOG
  HAZE


RELATIVE HUMIDITY (PERCENT)
 HIGHEST   100           500 AM
 LOWEST     63           300 PM
 AVERAGE    82

..........................................................


THE CEDAR RAPIDS IA CLIMATE NORMALS FOR TOMORROW
                         NORMAL    RECORD    YEAR
 MAXIMUM TEMPERATURE (F)   84       102      1936
 MINIMUM TEMPERATURE (F)   63        50      1979


SUNRISE AND SUNSET
JULY  5 2015..........SUNRISE   538 AM CDT   SUNSET   845 PM CDT
JULY  6 2015..........SUNRISE   538 AM CDT   SUNSET   845 PM CDT


-  INDICATES NEGATIVE NUMBERS.
R  INDICATES RECORD WAS SET OR TIED.
MM INDICATES DATA IS MISSING.
T  INDICATES TRACE AMOUNT.




$$
