000
CDUS43 KDVN 292133
CLICID


CLIMATE REPORT
NATIONAL WEATHER SERVICE QUAD CITIES IA IL
432 PM CDT TUE JUL 29 2014


...................................

...THE CEDAR RAPIDS IA CLIMATE SUMMARY FOR JULY 29 2014...
VALID TODAY AS OF 0400 PM LOCAL TIME.

CLIMATE NORMAL PERIOD 1981 TO 2010
CLIMATE RECORD PERIOD 1891 TO 2014


WEATHER ITEM   OBSERVED TIME   RECORD YEAR NORMAL DEPARTURE LAST
                VALUE   (LST)  VALUE       VALUE  FROM      YEAR
                                                  NORMAL
..................................................................
TEMPERATURE (F)
 TODAY
  MAXIMUM         78    259 PM 104    1913  83     -5       74
  MINIMUM         52    537 AM  44    1925  62    -10       48
  AVERAGE         65                        73     -8       61

PRECIPITATION (IN)
  TODAY            0.00         MM      MM   0.13  -0.13     0.00
  MONTH TO DATE    3.57                      4.20  -0.63     2.76
  SINCE JUN 1     16.86                      9.12   7.74     9.08
  SINCE JAN 1     28.10                     20.56   7.54    29.27

DEGREE DAYS
 HEATING
  TODAY            0                         0      0        4
  MONTH TO DATE   19                         0     19       13
  SINCE JUN 1     24                        29     -5       41
  SINCE JUL 1     19                         0     19       13

 COOLING
  TODAY            0                         8     -8        0
  MONTH TO DATE  128                       232   -104      227
  SINCE JUN 1    311                       398    -87      399
  SINCE JAN 1    391                       447    -56      473
..................................................................


WIND (MPH)
  HIGHEST WIND SPEED    17   HIGHEST WIND DIRECTION    NW (310)
  HIGHEST GUST SPEED    20   HIGHEST GUST DIRECTION    NW (320)
  AVERAGE WIND SPEED     7.6


SKY COVER
  POSSIBLE SUNSHINE  MM
  AVERAGE SKY COVER 0.1


WEATHER CONDITIONS
 THE FOLLOWING WEATHER WAS RECORDED TODAY.
  NO SIGNIFICANT WEATHER WAS OBSERVED.


RELATIVE HUMIDITY (PERCENT)
 HIGHEST    96           300 AM
 LOWEST     45           300 PM
 AVERAGE    71

..........................................................


THE CEDAR RAPIDS IA CLIMATE NORMALS FOR TOMORROW
                         NORMAL    RECORD    YEAR
 MAXIMUM TEMPERATURE (F)   83       106      1913
 MINIMUM TEMPERATURE (F)   62        47      1971


SUNRISE AND SUNSET
JULY 29 2014..........SUNRISE   558 AM CDT   SUNSET   828 PM CDT
JULY 30 2014..........SUNRISE   559 AM CDT   SUNSET   827 PM CDT


-  INDICATES NEGATIVE NUMBERS.
R  INDICATES RECORD WAS SET OR TIED.
MM INDICATES DATA IS MISSING.
T  INDICATES TRACE AMOUNT.




$$
