000
CDUS43 KDVN 171030
CLICID


CLIMATE REPORT
NATIONAL WEATHER SERVICE QUAD CITIES IA IL
428 AM CST TUE JAN 17 2017


...................................

...THE CEDAR RAPIDS IA CLIMATE SUMMARY FOR JANUARY 16 2017...

CLIMATE NORMAL PERIOD 1981 TO 2010
CLIMATE RECORD PERIOD 1891 TO 2017


WEATHER ITEM   OBSERVED TIME   RECORD YEAR NORMAL DEPARTURE LAST
                VALUE   (LST)  VALUE       VALUE  FROM      YEAR
                                                  NORMAL
..................................................................
TEMPERATURE (F)
 YESTERDAY
  MAXIMUM         34   1154 PM  54    1990  28      6       17
  MINIMUM         28    143 AM -28    2009  11     17        2
  AVERAGE         31                        19     12       10

PRECIPITATION (IN)
  YESTERDAY        0.68         MM      MM   0.03   0.65      T
  MONTH TO DATE    1.10                      0.47   0.63     0.17
  SINCE DEC 1      2.35                      1.89   0.46     4.24
  SINCE JAN 1      1.10                      0.47   0.63     0.17

DEGREE DAYS
 HEATING
  YESTERDAY       34                        46    -12       55
  MONTH TO DATE  731                       731      0      700
  SINCE DEC 1   2027                      2024      3     1602
  SINCE JUL 1   2944                      3470   -526     2633

 COOLING
  YESTERDAY        0                         0      0        0
  MONTH TO DATE    0                         0      0        0
  SINCE DEC 1      0                         0      0        0
  SINCE JAN 1      0                         0      0        0
..................................................................


WIND (MPH)
  HIGHEST WIND SPEED    16   HIGHEST WIND DIRECTION     E (110)
  HIGHEST GUST SPEED    21   HIGHEST GUST DIRECTION     E (110)
  AVERAGE WIND SPEED     9.0


SKY COVER
  POSSIBLE SUNSHINE  MM
  AVERAGE SKY COVER 1.0


WEATHER CONDITIONS
 THE FOLLOWING WEATHER WAS RECORDED YESTERDAY.
  RAIN
  LIGHT RAIN
  FREEZING RAIN
  LT FREEZING RAIN
  FOG
  FOG W/VISIBILITY <= 1/4 MILE


RELATIVE HUMIDITY (PERCENT)
 HIGHEST   100           800 AM
 LOWEST     69          1200 AM
 AVERAGE    85

..........................................................


THE CEDAR RAPIDS IA CLIMATE NORMALS FOR TODAY
                         NORMAL    RECORD    YEAR
 MAXIMUM TEMPERATURE (F)   28        58      1894
 MINIMUM TEMPERATURE (F)   11       -23      1982


SUNRISE AND SUNSET
JANUARY 17 2017.......SUNRISE   731 AM CST   SUNSET   504 PM CST
JANUARY 18 2017.......SUNRISE   730 AM CST   SUNSET   505 PM CST


-  INDICATES NEGATIVE NUMBERS.
R  INDICATES RECORD WAS SET OR TIED.
MM INDICATES DATA IS MISSING.
T  INDICATES TRACE AMOUNT.




$$
