000
CDUS43 KDVN 230928
CLICID


CLIMATE REPORT
NATIONAL WEATHER SERVICE QUAD CITIES IA IL
428 AM CDT WED JUL 23 2014


...................................

...THE CEDAR RAPIDS IA CLIMATE SUMMARY FOR JULY 22 2014...

CLIMATE NORMAL PERIOD 1981 TO 2010
CLIMATE RECORD PERIOD 1891 TO 2014


WEATHER ITEM   OBSERVED TIME   RECORD YEAR NORMAL DEPARTURE LAST
                VALUE   (LST)  VALUE       VALUE  FROM      YEAR
                                                  NORMAL
..................................................................
TEMPERATURE (F)
 YESTERDAY
  MAXIMUM         89    307 PM 101    1934  83      6       89
  MINIMUM         70   1159 PM  44    1947  63      7       59
  AVERAGE         80                        73      7       74

PRECIPITATION (IN)
  YESTERDAY        0.00         MM      MM   0.13  -0.13     0.17
  MONTH TO DATE    3.05                      3.30  -0.25     1.28
  SINCE JUN 1     16.34                      8.22   8.12     7.60
  SINCE JAN 1     27.58                     19.66   7.92    27.79

DEGREE DAYS
 HEATING
  YESTERDAY        0                         0      0        0
  MONTH TO DATE   19                         0     19        0
  SINCE JUN 1     24                        29     -5       28
  SINCE JUL 1     19                         0     19        0

 COOLING
  YESTERDAY       15                         8      7        9
  MONTH TO DATE  100                       176    -76      214
  SINCE JUN 1    283                       342    -59      386
  SINCE JAN 1    363                       391    -28      460
..................................................................


WIND (MPH)
  HIGHEST WIND SPEED    18   HIGHEST WIND DIRECTION     S (190)
  HIGHEST GUST SPEED    24   HIGHEST GUST DIRECTION    SW (210)
  AVERAGE WIND SPEED    11.0


SKY COVER
  POSSIBLE SUNSHINE  MM
  AVERAGE SKY COVER 0.1


WEATHER CONDITIONS
 THE FOLLOWING WEATHER WAS RECORDED YESTERDAY.
  HAZE


RELATIVE HUMIDITY (PERCENT)
 HIGHEST    84           600 AM
 LOWEST     61           600 PM
 AVERAGE    73

..........................................................


THE CEDAR RAPIDS IA CLIMATE NORMALS FOR TODAY
                         NORMAL    RECORD    YEAR
 MAXIMUM TEMPERATURE (F)   83       104      1901
 MINIMUM TEMPERATURE (F)   63        44      1925


SUNRISE AND SUNSET
JULY 23 2014..........SUNRISE   552 AM CDT   SUNSET   834 PM CDT
JULY 24 2014..........SUNRISE   553 AM CDT   SUNSET   833 PM CDT


-  INDICATES NEGATIVE NUMBERS.
R  INDICATES RECORD WAS SET OR TIED.
MM INDICATES DATA IS MISSING.
T  INDICATES TRACE AMOUNT.




$$
