000
CDUS43 KDVN 242130
CLICID


CLIMATE REPORT
NATIONAL WEATHER SERVICE QUAD CITIES IA IL
430 PM CDT THU APR 24 2014


...................................

...THE CEDAR RAPIDS IA CLIMATE SUMMARY FOR APRIL 24 2014...
VALID TODAY AS OF 0400 PM LOCAL TIME.

CLIMATE NORMAL PERIOD 1981 TO 2010
CLIMATE RECORD PERIOD 1891 TO 2014


WEATHER ITEM   OBSERVED TIME   RECORD YEAR NORMAL DEPARTURE LAST
                VALUE   (LST)  VALUE       VALUE  FROM      YEAR
                                                  NORMAL
..................................................................
TEMPERATURE (F)
 TODAY
  MAXIMUM         55    957 AM  87    2009  64     -9       53
                                      1990
  MINIMUM         44    305 AM  24    1910  41      3       28
  AVERAGE         50                        52     -2       41

PRECIPITATION (IN)
  TODAY            0.26         MM      MM   0.12   0.14     0.02
  MONTH TO DATE    5.41                      2.34   3.07     8.55
  SINCE MAR 1      5.80                      4.44   1.36    10.89
  SINCE JAN 1      7.55                      6.58   0.97    12.84

DEGREE DAYS
 HEATING
  TODAY           15                        13      2       24
  MONTH TO DATE  431                       412     19      512
  SINCE MAR 1   1501                      1293    208     1622
  SINCE JUL 1   7540                      6576    964     6734

 COOLING
  TODAY            0                         0      0        0
  MONTH TO DATE    7                         0      7        0
  SINCE MAR 1      7                         0      7        0
  SINCE JAN 1      7                         0      7        0
..................................................................


WIND (MPH)
  HIGHEST WIND SPEED    24   HIGHEST WIND DIRECTION     S (160)
  HIGHEST GUST SPEED    35   HIGHEST GUST DIRECTION     S (160)
  AVERAGE WIND SPEED    16.2


SKY COVER
  POSSIBLE SUNSHINE  MM
  AVERAGE SKY COVER 0.7


WEATHER CONDITIONS
 THE FOLLOWING WEATHER WAS RECORDED TODAY.
  RAIN
  LIGHT RAIN
  FOG


RELATIVE HUMIDITY (PERCENT)
 HIGHEST    89           100 PM
 LOWEST     61           700 AM
 AVERAGE    75

..........................................................


THE CEDAR RAPIDS IA CLIMATE NORMALS FOR TOMORROW
                         NORMAL    RECORD    YEAR
 MAXIMUM TEMPERATURE (F)   65        89      1896
 MINIMUM TEMPERATURE (F)   41        20      1934


SUNRISE AND SUNSET
APRIL 24 2014.........SUNRISE   613 AM CDT   SUNSET   758 PM CDT
APRIL 25 2014.........SUNRISE   611 AM CDT   SUNSET   759 PM CDT


-  INDICATES NEGATIVE NUMBERS.
R  INDICATES RECORD WAS SET OR TIED.
MM INDICATES DATA IS MISSING.
T  INDICATES TRACE AMOUNT.




$$
