000
CDUS43 KDVN 271014
CLICID


CLIMATE REPORT
NATIONAL WEATHER SERVICE QUAD CITIES IA IL
413 AM CST TUE JAN 27 2015


...................................

...THE CEDAR RAPIDS IA CLIMATE SUMMARY FOR JANUARY 26 2015...

CLIMATE NORMAL PERIOD 1981 TO 2010
CLIMATE RECORD PERIOD 1891 TO 2015


WEATHER ITEM   OBSERVED TIME   RECORD YEAR NORMAL DEPARTURE LAST
                VALUE   (LST)  VALUE       VALUE  FROM      YEAR
                                                  NORMAL
..................................................................
TEMPERATURE (F)
 YESTERDAY
  MAXIMUM         39    727 PM  63    2002  29     10       36
  MINIMUM         20   1223 AM -18    1936  11      9        0
  AVERAGE         30                        20     10       18

PRECIPITATION (IN)
  YESTERDAY        0.01         MM      MM   0.03  -0.02     0.06
  MONTH TO DATE    0.48                      0.75  -0.27     0.43
  SINCE DEC 1      1.13                      2.17  -1.04     1.11
  SINCE JAN 1      0.48                      0.75  -0.27     0.43

DEGREE DAYS
 HEATING
  YESTERDAY       35                        45    -10       47
  MONTH TO DATE 1160                      1187    -27     1339
  SINCE DEC 1   2207                      2480   -273     2814
  SINCE JUL 1   3868                      3926    -58     4257

 COOLING
  YESTERDAY        0                         0      0        0
  MONTH TO DATE    0                         0      0        0
  SINCE DEC 1      0                         0      0        0
  SINCE JAN 1      0                         0      0        0
..................................................................


WIND (MPH)
  HIGHEST WIND SPEED    15   HIGHEST WIND DIRECTION     S (160)
  HIGHEST GUST SPEED    19   HIGHEST GUST DIRECTION     S (160)
  AVERAGE WIND SPEED     8.2


SKY COVER
  POSSIBLE SUNSHINE  MM
  AVERAGE SKY COVER 1.0


WEATHER CONDITIONS
 THE FOLLOWING WEATHER WAS RECORDED YESTERDAY.
  LIGHT SNOW
  FOG


RELATIVE HUMIDITY (PERCENT)
 HIGHEST    92          1000 AM
 LOWEST     77           100 AM
 AVERAGE    85

..........................................................


THE CEDAR RAPIDS IA CLIMATE NORMALS FOR TODAY
                         NORMAL    RECORD    YEAR
 MAXIMUM TEMPERATURE (F)   29        62      2002
 MINIMUM TEMPERATURE (F)   11       -18      1904


SUNRISE AND SUNSET
JANUARY 27 2015.......SUNRISE   724 AM CST   SUNSET   515 PM CST
JANUARY 28 2015.......SUNRISE   723 AM CST   SUNSET   517 PM CST


-  INDICATES NEGATIVE NUMBERS.
R  INDICATES RECORD WAS SET OR TIED.
MM INDICATES DATA IS MISSING.
T  INDICATES TRACE AMOUNT.




$$
