506
CDUS43 KDVN 280903
CLICID


CLIMATE REPORT
NATIONAL WEATHER SERVICE QUAD CITIES IA IL
402 AM CDT SUN MAY 28 2017


...................................

...THE CEDAR RAPIDS IA CLIMATE SUMMARY FOR MAY 27 2017...

CLIMATE NORMAL PERIOD 1981 TO 2010
CLIMATE RECORD PERIOD 1891 TO 2017


WEATHER ITEM   OBSERVED TIME   RECORD YEAR NORMAL DEPARTURE LAST
                VALUE   (LST)  VALUE       VALUE  FROM      YEAR
                                                  NORMAL
..................................................................
TEMPERATURE (F)
 YESTERDAY
  MAXIMUM         73    146 PM  94    1914  75     -2       82
  MINIMUM         51    407 AM  35    1992  53     -2       62
  AVERAGE         62                        64     -2       72

PRECIPITATION (IN)
  YESTERDAY        0.11         MM      MM   0.14  -0.03     0.45
  MONTH TO DATE    3.64                      3.59   0.05     2.09
  SINCE MAR 1     10.19                      8.74   1.45     6.85
  SINCE JAN 1     12.36                     10.88   1.48     7.45

DEGREE DAYS
 HEATING
  YESTERDAY        3                         3      0        0
  MONTH TO DATE  212                       180     32      187
  SINCE MAR 1   1447                      1542    -95     1338
  SINCE JUL 1   5723                      6825  -1102     5649

 COOLING
  YESTERDAY        0                         2     -2        7
  MONTH TO DATE   29                        31     -2       35
  SINCE MAR 1     38                        38      0       38
  SINCE JAN 1     38                        38      0       38
..................................................................


WIND (MPH)
  HIGHEST WIND SPEED    16   HIGHEST WIND DIRECTION     N (340)
  HIGHEST GUST SPEED    20   HIGHEST GUST DIRECTION     N (340)
  AVERAGE WIND SPEED     5.4


SKY COVER
  POSSIBLE SUNSHINE  MM
  AVERAGE SKY COVER 0.7


WEATHER CONDITIONS
 THE FOLLOWING WEATHER WAS RECORDED YESTERDAY.
  HEAVY RAIN
  RAIN
  LIGHT RAIN
  FOG
  FOG W/VISIBILITY <= 1/4 MILE


RELATIVE HUMIDITY (PERCENT)
 HIGHEST   100          1200 AM
 LOWEST     73           100 PM
 AVERAGE    87

..........................................................


THE CEDAR RAPIDS IA CLIMATE NORMALS FOR TODAY
                         NORMAL    RECORD    YEAR
 MAXIMUM TEMPERATURE (F)   75        95      1991
 MINIMUM TEMPERATURE (F)   53        33      1928


SUNRISE AND SUNSET
MAY 28 2017...........SUNRISE   536 AM CDT   SUNSET   833 PM CDT
MAY 29 2017...........SUNRISE   536 AM CDT   SUNSET   833 PM CDT


-  INDICATES NEGATIVE NUMBERS.
R  INDICATES RECORD WAS SET OR TIED.
MM INDICATES DATA IS MISSING.
T  INDICATES TRACE AMOUNT.




$$
