000
CDUS43 KDVN 231004
CLICID


CLIMATE REPORT
NATIONAL WEATHER SERVICE QUAD CITIES IA IL
403 AM CST SUN NOV 23 2014


...................................

...THE CEDAR RAPIDS IA CLIMATE SUMMARY FOR NOVEMBER 22 2014...

CLIMATE NORMAL PERIOD 1981 TO 2010
CLIMATE RECORD PERIOD 1891 TO 2014


WEATHER ITEM   OBSERVED TIME   RECORD YEAR NORMAL DEPARTURE LAST
                VALUE   (LST)  VALUE       VALUE  FROM      YEAR
                                                  NORMAL
..................................................................
TEMPERATURE (F)
 YESTERDAY
  MAXIMUM         53    904 PM  66    1908  43     10       32
  MINIMUM         32    219 AM  -1    1937  25      7       15
  AVERAGE         43                        34      9       24

PRECIPITATION (IN)
  YESTERDAY        T            MM      MM   0.07  -0.07     0.01
  MONTH TO DATE    0.28                      1.57  -1.29     2.50
  SINCE SEP 1      6.40                      7.35  -0.95     7.65
  SINCE JAN 1     36.88                     32.65   4.23    37.05

DEGREE DAYS
 HEATING
  YESTERDAY       22                        31     -9       41
  MONTH TO DATE  749                       564    185      572
  SINCE SEP 1   1343                      1155    188     1080
  SINCE JUL 1   1362                      1174    188     1099

 COOLING
  YESTERDAY        0                         0      0        0
  MONTH TO DATE    0                         0      0        0
  SINCE SEP 1     53                        80    -27      164
  SINCE JAN 1    670                       748    -78      884
..................................................................


WIND (MPH)
  HIGHEST WIND SPEED    22   HIGHEST WIND DIRECTION    SW (230)
  HIGHEST GUST SPEED    28   HIGHEST GUST DIRECTION    SW (210)
  AVERAGE WIND SPEED    10.4


SKY COVER
  POSSIBLE SUNSHINE  MM
  AVERAGE SKY COVER 1.0


WEATHER CONDITIONS
 THE FOLLOWING WEATHER WAS RECORDED YESTERDAY.
  LIGHT RAIN
  LT FREEZING RAIN
  FOG
  FOG W/VISIBILITY <= 1/4 MILE


RELATIVE HUMIDITY (PERCENT)
 HIGHEST   100           400 AM
 LOWEST     86          1200 PM
 AVERAGE    93

..........................................................


THE CEDAR RAPIDS IA CLIMATE NORMALS FOR TODAY
                         NORMAL    RECORD    YEAR
 MAXIMUM TEMPERATURE (F)   42        65      1966
 MINIMUM TEMPERATURE (F)   24         1      1898


SUNRISE AND SUNSET
NOVEMBER 23 2014......SUNRISE   706 AM CST   SUNSET   440 PM CST
NOVEMBER 24 2014......SUNRISE   707 AM CST   SUNSET   440 PM CST


-  INDICATES NEGATIVE NUMBERS.
R  INDICATES RECORD WAS SET OR TIED.
MM INDICATES DATA IS MISSING.
T  INDICATES TRACE AMOUNT.




$$
