214
CDUS41 KCLE 270526
CLICLE


CLIMATE REPORT
NATIONAL WEATHER SERVICE CLEVELAND OH
125 AM EDT TUE SEP 27 2016


...................................

...THE CLEVELAND OH CLIMATE SUMMARY FOR SEPTEMBER 26 2016...

CLIMATE NORMAL PERIOD 1981 TO 2010
CLIMATE RECORD PERIOD 1871 TO 2016


WEATHER ITEM   OBSERVED TIME   RECORD YEAR NORMAL DEPARTURE LAST
                VALUE   (LST)  VALUE       VALUE  FROM      YEAR
                                                  NORMAL
..................................................................
TEMPERATURE (F)
 YESTERDAY
  MAXIMUM         70    733 AM  91    1998  70      0       74
  MINIMUM         56   1159 PM  36    1928  52      4       60
                                      1887
  AVERAGE         63                        61      2       67

PRECIPITATION (IN)
  YESTERDAY        0.27                      0.13   0.14     0.00
  MONTH TO DATE    3.67                      3.31   0.36     4.70
  SINCE SEP 1      3.67                      3.31   0.36     4.70
  SINCE JAN 1     27.04                     28.85  -1.81    32.42

SNOWFALL (IN)
  YESTERDAY        0.0                       0.0    0.0      0.0
  MONTH TO DATE    0.0                       0.0    0.0      0.0
  SINCE SEP 1      0.0                       0.0    0.0      0.0
  SINCE JUL 1      0.0                       0.0    0.0      0.0
  SNOW DEPTH       0

DEGREE DAYS
 HEATING
  YESTERDAY        2                         5     -3        0
  MONTH TO DATE    2                        65    -63       30
  SINCE SEP 1      2                        65    -63       30
  SINCE JUL 1      2                        77    -75       44

 COOLING
  YESTERDAY        0                         1     -1        2
  MONTH TO DATE  185                        83    102      144
  SINCE SEP 1    185                        83    102      144
  SINCE JAN 1   1269                       798    471      813
..................................................................


WIND (MPH)
  HIGHEST WIND SPEED    16   HIGHEST WIND DIRECTION    NW (300)
  HIGHEST GUST SPEED    20   HIGHEST GUST DIRECTION     S (200)
  AVERAGE WIND SPEED    10.2


SKY COVER
  POSSIBLE SUNSHINE  MM
  AVERAGE SKY COVER 0.7


WEATHER CONDITIONS
 THE FOLLOWING WEATHER WAS RECORDED YESTERDAY.
  LIGHT RAIN


RELATIVE HUMIDITY (PERCENT)
 HIGHEST    87          1000 AM
 LOWEST     47           800 AM
 AVERAGE    67

..........................................................


THE CLEVELAND OH CLIMATE NORMALS FOR TODAY
                         NORMAL    RECORD    YEAR
 MAXIMUM TEMPERATURE (F)   69        88      1946
 MINIMUM TEMPERATURE (F)   52        33      1947


SUNRISE AND SUNSET
SEPTEMBER 27 2016.....SUNRISE   720 AM EDT   SUNSET   715 PM EDT
SEPTEMBER 28 2016.....SUNRISE   722 AM EDT   SUNSET   713 PM EDT


-  INDICATES NEGATIVE NUMBERS.
R  INDICATES RECORD WAS SET OR TIED.
MM INDICATES DATA IS MISSING.
T  INDICATES TRACE AMOUNT.




$$
