000
CDUS41 KCLE 100532
CLICLE


CLIMATE REPORT
NATIONAL WEATHER SERVICE CLEVELAND OH
131 AM EDT THU JUL 10 2014


...................................

...THE CLEVELAND OH CLIMATE SUMMARY FOR JULY 9 2014...

CLIMATE NORMAL PERIOD 1981 TO 2010
CLIMATE RECORD PERIOD 1871 TO 2014


WEATHER ITEM   OBSERVED TIME   RECORD YEAR NORMAL DEPARTURE LAST
                VALUE   (LST)  VALUE       VALUE  FROM      YEAR
                                                  NORMAL
..................................................................
TEMPERATURE (F)
 YESTERDAY
  MAXIMUM         77    304 PM  97    1936  83     -6       88
  MINIMUM         63   1159 PM  43    1961  64     -1       71
  AVERAGE         70                        74     -4       80

PRECIPITATION (IN)
  YESTERDAY        0.22                      0.11   0.11     1.01
  MONTH TO DATE    0.90                      0.98  -0.08     2.14
  SINCE JUN 1      7.16                      4.41   2.75    10.04
  SINCE JAN 1     23.43                     19.55   3.88    22.63

SNOWFALL (IN)
  YESTERDAY        0.0                       0.0    0.0      0.0
  MONTH TO DATE    0.0                       0.0    0.0      0.0
  SINCE JUN 1      0.0                       0.0    0.0      0.0
  SINCE JUL 1      0.0                       0.0    0.0      0.0
  SNOW DEPTH       0

DEGREE DAYS
 HEATING
  YESTERDAY        0                         0      0        0
  MONTH TO DATE    2                         0      2        0
  SINCE JUN 1     22                        42    -20       39
  SINCE JUL 1      2                         0      2        0

 COOLING
  YESTERDAY        5                         9     -4       15
  MONTH TO DATE   65                        76    -11       91
  SINCE JUN 1    247                       244      3      255
  SINCE JAN 1    313                       303     10      369
..................................................................


WIND (MPH)
  HIGHEST WIND SPEED    20   HIGHEST WIND DIRECTION     W (280)
  HIGHEST GUST SPEED    25   HIGHEST GUST DIRECTION     W (280)
  AVERAGE WIND SPEED     7.6


SKY COVER
  POSSIBLE SUNSHINE  MM
  AVERAGE SKY COVER 0.5


WEATHER CONDITIONS
 THE FOLLOWING WEATHER WAS RECORDED YESTERDAY.
  THUNDERSTORM
  LIGHT RAIN
  FOG


RELATIVE HUMIDITY (PERCENT)
 HIGHEST    93           400 AM
 LOWEST     54          1100 AM
 AVERAGE    74

..........................................................


THE CLEVELAND OH CLIMATE NORMALS FOR TODAY
                         NORMAL    RECORD    YEAR
 MAXIMUM TEMPERATURE (F)   83        97      1936
 MINIMUM TEMPERATURE (F)   64        46      1963


SUNRISE AND SUNSET
JULY 10 2014..........SUNRISE   603 AM EDT   SUNSET   902 PM EDT
JULY 11 2014..........SUNRISE   604 AM EDT   SUNSET   902 PM EDT


-  INDICATES NEGATIVE NUMBERS.
R  INDICATES RECORD WAS SET OR TIED.
MM INDICATES DATA IS MISSING.
T  INDICATES TRACE AMOUNT.




$$
