000
CDUS44 KHGX 210724
CLICLL


CLIMATE REPORT
NATIONAL WEATHER SERVICE HOUSTON/GALVESTON TX
223 AM CDT TUE OCT 21 2014


...................................

...THE COLLEGE STATION CLIMATE SUMMARY FOR OCTOBER 20 2014...

CLIMATE NORMAL PERIOD 1981 TO 2010
CLIMATE RECORD PERIOD 1902 TO 2014


WEATHER ITEM   OBSERVED TIME   RECORD YEAR NORMAL DEPARTURE LAST
                VALUE   (LST)  VALUE       VALUE  FROM      YEAR
                                                  NORMAL
..................................................................
TEMPERATURE (F)
 YESTERDAY
  MAXIMUM         81    321 PM  91    1934  80      1       73
  MINIMUM         59    646 AM  33    1989  59      0       44
  AVERAGE         70                        70      0       59

PRECIPITATION (IN)
  YESTERDAY        0.00          3.04 1984   0.18  -0.18     0.00
  MONTH TO DATE    1.81                      3.19  -1.38     5.50
  SINCE SEP 1      8.38                      6.37   2.01    10.69
  SINCE JAN 1     31.15                     31.89  -0.74    30.42

SNOWFALL (IN)
  YESTERDAY        0.0
  MONTH TO DATE    0.0
  SINCE JUL 1      0.0

DEGREE DAYS
 HEATING
  YESTERDAY        0                         1     -1        6
  MONTH TO DATE    1                        10     -9       18
  SINCE SEP 1      1                        12    -11       18
  SINCE JUL 1      1                        12    -11       18

 COOLING
  YESTERDAY        5                         6     -1        0
  MONTH TO DATE  171                       161     10      151
  SINCE SEP 1    644                       611     33      707
  SINCE JAN 1   2851                      2957   -106     3184
..................................................................


WIND (MPH)
  HIGHEST WIND SPEED    12   HIGHEST WIND DIRECTION     N (20)
  HIGHEST GUST SPEED    14   HIGHEST GUST DIRECTION     N (20)
  AVERAGE WIND SPEED     5.2


SKY COVER
  AVERAGE SKY COVER 0.0


WEATHER CONDITIONS
 THE FOLLOWING WEATHER WAS RECORDED YESTERDAY.
  NO SIGNIFICANT WEATHER WAS OBSERVED.


RELATIVE HUMIDITY (PERCENT)
 HIGHEST    87           600 AM
 LOWEST     51           100 PM
 AVERAGE    69

..........................................................


THE COLLEGE STATION CLIMATE NORMALS FOR TODAY
                         NORMAL    RECORD    YEAR
 MAXIMUM TEMPERATURE (F)   80        95      1934
 MINIMUM TEMPERATURE (F)   59        35      1976


SUNRISE AND SUNSET
OCTOBER 21 2014.......SUNRISE   732 AM CDT   SUNSET   648 PM CDT
OCTOBER 22 2014.......SUNRISE   733 AM CDT   SUNSET   647 PM CDT


-  INDICATES NEGATIVE NUMBERS.
R  INDICATES RECORD WAS SET OR TIED.
MM INDICATES DATA IS MISSING.
T  INDICATES TRACE AMOUNT.




$$
