000
CDUS44 KHGX 300719
CLICLL


CLIMATE REPORT
NATIONAL WEATHER SERVICE HOUSTON/GALVESTON TX
217 AM CDT TUE AUG 30 2016


...................................

...THE COLLEGE STATION CLIMATE SUMMARY FOR AUGUST 29 2016...

CLIMATE NORMAL PERIOD 1981 TO 2010
CLIMATE RECORD PERIOD 1902 TO 2016


WEATHER ITEM   OBSERVED TIME   RECORD YEAR NORMAL DEPARTURE LAST
                VALUE   (LST)  VALUE       VALUE  FROM      YEAR
                                                  NORMAL
..................................................................
TEMPERATURE (F)
 YESTERDAY
  MAXIMUM         90    201 PM 106    2011  95     -5       91
  MINIMUM         73   1150 PM  60    1992  74     -1       71
  AVERAGE         82                        84     -2       81

PRECIPITATION (IN)
  YESTERDAY        0.03          4.42 1974   0.11  -0.08     0.00
  MONTH TO DATE    8.48                      2.46   6.02     1.36
  SINCE JUN 1     11.30                      9.05   2.25     6.88
  SINCE JAN 1     36.70                     25.30  11.40    34.65

SNOWFALL (IN)
  YESTERDAY        0.0
  MONTH TO DATE    0.0
  SINCE JUL 1      0.0

DEGREE DAYS
 HEATING
  YESTERDAY        0                         0      0        0
  MONTH TO DATE    0                         0      0        0
  SINCE JUN 1      0                         0      0        0
  SINCE JUL 1      0                         0      0        0

 COOLING
  YESTERDAY       17                        19     -2       16
  MONTH TO DATE  566                       597    -31      620
  SINCE JUN 1   1780                      1724     56     1755
  SINCE JAN 1   2336                      2312     24     2326
..................................................................


WIND (MPH)
  HIGHEST WIND SPEED    26   HIGHEST WIND DIRECTION     E (70)
  HIGHEST GUST SPEED    33   HIGHEST GUST DIRECTION     E (70)
  AVERAGE WIND SPEED     9.0


SKY COVER
  AVERAGE SKY COVER 0.3


WEATHER CONDITIONS
 THE FOLLOWING WEATHER WAS RECORDED YESTERDAY.
  THUNDERSTORM
  RAIN
  LIGHT RAIN
  FOG


RELATIVE HUMIDITY (PERCENT)
 HIGHEST    94           700 PM
 LOWEST     59           100 PM
 AVERAGE    77

..........................................................


THE COLLEGE STATION CLIMATE NORMALS FOR TODAY
                         NORMAL    RECORD    YEAR
 MAXIMUM TEMPERATURE (F)   95       107      1954
 MINIMUM TEMPERATURE (F)   74        62      1915


SUNRISE AND SUNSET
AUGUST 30 2016........SUNRISE   701 AM CDT   SUNSET   750 PM CDT
AUGUST 31 2016........SUNRISE   702 AM CDT   SUNSET   749 PM CDT


-  INDICATES NEGATIVE NUMBERS.
R  INDICATES RECORD WAS SET OR TIED.
MM INDICATES DATA IS MISSING.
T  INDICATES TRACE AMOUNT.




$$
