000
CDUS44 KHGX 102132
CLICLL


CLIMATE REPORT
NATIONAL WEATHER SERVICE HOUSTON/GALVESTON TX
422 PM CDT THU JUL 10 2014


...................................

...THE COLLEGE STATION CLIMATE SUMMARY FOR JULY 10 2014...
VALID TODAY AS OF 400 PM LOCAL TIME.

CLIMATE NORMAL PERIOD 1981 TO 2010
CLIMATE RECORD PERIOD 1902 TO 2014


WEATHER ITEM   OBSERVED TIME   RECORD YEAR NORMAL DEPARTURE LAST
                VALUE   (LST)  VALUE       VALUE  FROM      YEAR
                                                  NORMAL
..................................................................
TEMPERATURE (F)
 TODAY
  MAXIMUM         94    259 PM 109    1917  94      0      100
  MINIMUM         73    617 AM  67    1920  75     -2       76
  AVERAGE         84                        84      0       88

PRECIPITATION (IN)
  TODAY            0.00          0.90 2012   0.08  -0.08     0.00
  MONTH TO DATE    0.16                      0.83  -0.67     0.09
  SINCE JUN 1      1.77                      5.28  -3.51     1.34
  SINCE JAN 1     15.80                     21.53  -5.73    17.61

SNOWFALL (IN)
  TODAY            0.0
  MONTH TO DATE    0.0
  SINCE JUL 1      0.0

DEGREE DAYS
 HEATING
  TODAY            0                         0      0        0
  MONTH TO DATE    0                         0      0        0
  SINCE JUN 1      0                         0      0        0
  SINCE JUL 1      0                         0      0        0

 COOLING
  TODAY           19                        19      0       23
  MONTH TO DATE  184                       190     -6      192
  SINCE JUN 1    711                       706      5      776
  SINCE JAN 1   1198                      1294    -96     1340
..................................................................


WIND (MPH)
  HIGHEST WIND SPEED    16   HIGHEST WIND DIRECTION    SW (220)
  HIGHEST GUST SPEED    21   HIGHEST GUST DIRECTION     S (190)
  AVERAGE WIND SPEED     6.3


SKY COVER
  AVERAGE SKY COVER 0.1


WEATHER CONDITIONS
 THE FOLLOWING WEATHER WAS RECORDED TODAY.
  HAZE


RELATIVE HUMIDITY (PERCENT)
 HIGHEST    94           700 AM
 LOWEST     36           300 PM
 AVERAGE    65

..........................................................


THE COLLEGE STATION CLIMATE NORMALS FOR TOMORROW
                         NORMAL    RECORD    YEAR
 MAXIMUM TEMPERATURE (F)   94       110      1917
 MINIMUM TEMPERATURE (F)   75        67      1947


SUNRISE AND SUNSET
JULY 10 2014..........SUNRISE   631 AM CDT   SUNSET   831 PM CDT
JULY 11 2014..........SUNRISE   631 AM CDT   SUNSET   831 PM CDT


-  INDICATES NEGATIVE NUMBERS.
R  INDICATES RECORD WAS SET OR TIED.
MM INDICATES DATA IS MISSING.
T  INDICATES TRACE AMOUNT.


$$
