000
CDUS44 KHGX 052119
CLICLL


CLIMATE REPORT
NATIONAL WEATHER SERVICE HOUSTON/GALVESTON TX
418 PM CDT SUN JUL 5 2015


...................................

...THE COLLEGE STATION CLIMATE SUMMARY FOR JULY 5 2015...
VALID TODAY AS OF 400 PM LOCAL TIME.

CLIMATE NORMAL PERIOD 1981 TO 2010
CLIMATE RECORD PERIOD 1902 TO 2015


WEATHER ITEM   OBSERVED TIME   RECORD YEAR NORMAL DEPARTURE LAST
                VALUE   (LST)  VALUE       VALUE  FROM      YEAR
                                                  NORMAL
..................................................................
TEMPERATURE (F)
 TODAY
  MAXIMUM         92    155 PM 104    2009  94     -2       92
  MINIMUM         78    557 AM  63    1924  75      3       72
  AVERAGE         85                        84      1       82

PRECIPITATION (IN)
  TODAY            0.00          2.15 1958   0.08  -0.08     0.00
  MONTH TO DATE    0.20                      0.43  -0.23     0.11
  SINCE JUN 1      5.41                      4.88   0.53     1.72
  SINCE JAN 1     33.18                     21.13  12.05    15.75

SNOWFALL (IN)
  TODAY            0.0
  MONTH TO DATE    0.0
  SINCE JUL 1      0.0

DEGREE DAYS
 HEATING
  TODAY            0                         0      0        0
  MONTH TO DATE    0                         0      0        0
  SINCE JUN 1      0                         0      0        0
  SINCE JUL 1      0                         0      0        0

 COOLING
  TODAY           20                        19      1       17
  MONTH TO DATE   89                        95     -6       89
  SINCE JUN 1    594                       611    -17      616
  SINCE JAN 1   1165                      1199    -34     1103
..................................................................


WIND (MPH)
  HIGHEST WIND SPEED    17   HIGHEST WIND DIRECTION     S (160)
  HIGHEST GUST SPEED    22   HIGHEST GUST DIRECTION     S (200)
  AVERAGE WIND SPEED     9.6


SKY COVER
  AVERAGE SKY COVER 0.5


WEATHER CONDITIONS
 THE FOLLOWING WEATHER WAS RECORDED TODAY.
  FOG


RELATIVE HUMIDITY (PERCENT)
 HIGHEST    97           600 AM
 LOWEST     56          1100 AM
 AVERAGE    77

..........................................................


THE COLLEGE STATION CLIMATE NORMALS FOR TOMORROW
                         NORMAL    RECORD    YEAR
 MAXIMUM TEMPERATURE (F)   94       103      1939
 MINIMUM TEMPERATURE (F)   75        63      1924


SUNRISE AND SUNSET
JULY  5 2015..........SUNRISE   628 AM CDT   SUNSET   832 PM CDT
JULY  6 2015..........SUNRISE   629 AM CDT   SUNSET   832 PM CDT


-  INDICATES NEGATIVE NUMBERS.
R  INDICATES RECORD WAS SET OR TIED.
MM INDICATES DATA IS MISSING.
T  INDICATES TRACE AMOUNT.




$$
