000
CDUS44 KHGX 010720
CLICLL


CLIMATE REPORT
NATIONAL WEATHER SERVICE HOUSTON/GALVESTON TX
219 AM CDT SUN MAY 1 2016


...................................

...THE COLLEGE STATION CLIMATE SUMMARY FOR APRIL 30 2016...

CLIMATE NORMAL PERIOD 1981 TO 2010
CLIMATE RECORD PERIOD 1902 TO 2016


WEATHER ITEM   OBSERVED TIME   RECORD YEAR NORMAL DEPARTURE LAST
                VALUE   (LST)  VALUE       VALUE  FROM      YEAR
                                                  NORMAL
..................................................................
TEMPERATURE (F)
 YESTERDAY
  MAXIMUM         86    353 PM  96    1933  82      4       80
  MINIMUM         68    628 AM  42    1907  62      6       51
  AVERAGE         77                        72      5       66

PRECIPITATION (IN)
  YESTERDAY        0.45          1.53 1974   0.12   0.33     0.00
  MONTH TO DATE    5.42                      2.66   2.76     4.80
  SINCE MAR 1      9.85                      5.83   4.02    10.63
  SINCE JAN 1     12.47                     11.92   0.55    18.04

SNOWFALL (IN)
  YESTERDAY        0.0
  MONTH TO DATE    0.0
  SINCE JUL 1      0.0

DEGREE DAYS
 HEATING
  YESTERDAY        0                         0      0        0
  MONTH TO DATE   23                        46    -23       16
  SINCE MAR 1     99                       219   -120      227
  SINCE JUL 1   1146                      1606   -460     1768

 COOLING
  YESTERDAY       12                         7      5        1
  MONTH TO DATE  156                       152      4      192
  SINCE MAR 1    246                       211     35      238
  SINCE JAN 1    271                       239     32      239
..................................................................


WIND (MPH)
  HIGHEST WIND SPEED    40   HIGHEST WIND DIRECTION     W (260)
  HIGHEST GUST SPEED    56   HIGHEST GUST DIRECTION     W (260)
  AVERAGE WIND SPEED     7.4


SKY COVER
  AVERAGE SKY COVER 0.0


WEATHER CONDITIONS
 THE FOLLOWING WEATHER WAS RECORDED YESTERDAY.
  THUNDERSTORM
  HEAVY RAIN
  RAIN
  LIGHT RAIN
  FOG


RELATIVE HUMIDITY (PERCENT)
 HIGHEST    90           800 AM
 LOWEST     47           100 PM
 AVERAGE    69

..........................................................


THE COLLEGE STATION CLIMATE NORMALS FOR TODAY
                         NORMAL    RECORD    YEAR
 MAXIMUM TEMPERATURE (F)   82        94      2011
 MINIMUM TEMPERATURE (F)   63        43      1907


SUNRISE AND SUNSET
MAY  1 2016...........SUNRISE   641 AM CDT   SUNSET   804 PM CDT
MAY  2 2016...........SUNRISE   640 AM CDT   SUNSET   805 PM CDT


-  INDICATES NEGATIVE NUMBERS.
R  INDICATES RECORD WAS SET OR TIED.
MM INDICATES DATA IS MISSING.
T  INDICATES TRACE AMOUNT.




$$
