000
CDUS44 KHGX 210718
CLICLL


CLIMATE REPORT
NATIONAL WEATHER SERVICE HOUSTON/GALVESTON TX
117 AM CST TUE FEB 21 2017


...................................

...THE COLLEGE STATION CLIMATE SUMMARY FOR FEBRUARY 20 2017...

CLIMATE NORMAL PERIOD 1981 TO 2010
CLIMATE RECORD PERIOD 1902 TO 2017


WEATHER ITEM   OBSERVED TIME   RECORD YEAR NORMAL DEPARTURE LAST
                VALUE   (LST)  VALUE       VALUE  FROM      YEAR
                                                  NORMAL
..................................................................
TEMPERATURE (F)
 YESTERDAY
  MAXIMUM         71    136 AM  95    1986  66      5       76
  MINIMUM         58   1159 PM  28    1929  45     13       65
  AVERAGE         65                        56      9       71

PRECIPITATION (IN)
  YESTERDAY        2.22          4.76 2003   0.10   2.12     0.00
  MONTH TO DATE    3.26                      2.09   1.17     0.10
  SINCE DEC 1      9.77                      8.56   1.21     9.48
  SINCE JAN 1      7.00                      5.33   1.67     1.40

SNOWFALL (IN)
  YESTERDAY        0.0
  MONTH TO DATE    0.0
  SINCE JUL 1      T

DEGREE DAYS
 HEATING
  YESTERDAY        0                        10    -10        0
  MONTH TO DATE   86                       235   -149      153
  SINCE DEC 1    683                      1088   -405      839
  SINCE JUL 1    752                      1313   -561      986

 COOLING
  YESTERDAY        0                         1     -1        6
  MONTH TO DATE   68                        17     51       16
  SINCE DEC 1    147                        44    103       56
  SINCE JAN 1    103                        28     75       20
..................................................................


WIND (MPH)
  HIGHEST WIND SPEED    31   HIGHEST WIND DIRECTION    NW (310)
  HIGHEST GUST SPEED    42   HIGHEST GUST DIRECTION     W (290)
  AVERAGE WIND SPEED     8.4


SKY COVER
  AVERAGE SKY COVER 0.8


WEATHER CONDITIONS
 THE FOLLOWING WEATHER WAS RECORDED YESTERDAY.
  THUNDERSTORM
  HEAVY RAIN
  RAIN
  LIGHT RAIN
  FOG


RELATIVE HUMIDITY (PERCENT)
 HIGHEST   100           300 AM
 LOWEST     84           500 PM
 AVERAGE    92

..........................................................


THE COLLEGE STATION CLIMATE NORMALS FOR TODAY
                         NORMAL    RECORD    YEAR
 MAXIMUM TEMPERATURE (F)   66        99      1996
 MINIMUM TEMPERATURE (F)   46        23      1918


SUNRISE AND SUNSET
FEBRUARY 21 2017......SUNRISE   700 AM CST   SUNSET   618 PM CST
FEBRUARY 22 2017......SUNRISE   659 AM CST   SUNSET   619 PM CST


-  INDICATES NEGATIVE NUMBERS.
R  INDICATES RECORD WAS SET OR TIED.
MM INDICATES DATA IS MISSING.
T  INDICATES TRACE AMOUNT.




$$
