000
CDUS44 KHGX 012120
CLICLL


CLIMATE REPORT
NATIONAL WEATHER SERVICE HOUSTON/GALVESTON TX
419 PM CDT WED OCT 1 2014


...................................

...THE COLLEGE STATION CLIMATE SUMMARY FOR OCTOBER 1 2014...
VALID TODAY AS OF 400 PM LOCAL TIME.

CLIMATE NORMAL PERIOD 1981 TO 2010
CLIMATE RECORD PERIOD 1902 TO 2014


WEATHER ITEM   OBSERVED TIME   RECORD YEAR NORMAL DEPARTURE LAST
                VALUE   (LST)  VALUE       VALUE  FROM      YEAR
                                                  NORMAL
..................................................................
TEMPERATURE (F)
 TODAY
  MAXIMUM         91    247 PM 100    1938  86      5       91
  MINIMUM         74    218 AM  43    1984  65      9       73
  AVERAGE         83                        75      8       82

PRECIPITATION (IN)
  TODAY            0.00          1.93 1927   0.13  -0.13     0.00
  MONTH TO DATE    0.00                      0.13  -0.13     0.00
  SINCE SEP 1      6.57                      3.31   3.26     5.19
  SINCE JAN 1     29.34                     28.83   0.51    24.92

SNOWFALL (IN)
  TODAY            0.0
  MONTH TO DATE    0.0
  SINCE JUL 1      0.0

DEGREE DAYS
 HEATING
  TODAY            0                         0      0        0
  MONTH TO DATE    0                         0      0        0
  SINCE SEP 1      0                         2     -2        0
  SINCE JUL 1      0                         2     -2        0

 COOLING
  TODAY           18                        10      8       17
  MONTH TO DATE   18                        10      8       17
  SINCE SEP 1    491                       460     31      573
  SINCE JAN 1   2698                      2806   -108     3050
..................................................................


WIND (MPH)
  HIGHEST WIND SPEED    15   HIGHEST WIND DIRECTION     S (170)
  HIGHEST GUST SPEED    29   HIGHEST GUST DIRECTION     W (290)
  AVERAGE WIND SPEED     5.8


SKY COVER
  AVERAGE SKY COVER 0.5


WEATHER CONDITIONS
 THE FOLLOWING WEATHER WAS RECORDED TODAY.
  FOG


RELATIVE HUMIDITY (PERCENT)
 HIGHEST    94           300 AM
 LOWEST     52           300 PM
 AVERAGE    73

..........................................................


THE COLLEGE STATION CLIMATE NORMALS FOR TOMORROW
                         NORMAL    RECORD    YEAR
 MAXIMUM TEMPERATURE (F)   86       102      1938
 MINIMUM TEMPERATURE (F)   64        47      1984


SUNRISE AND SUNSET
OCTOBER  1 2014.......SUNRISE   719 AM CDT   SUNSET   711 PM CDT
OCTOBER  2 2014.......SUNRISE   720 AM CDT   SUNSET   709 PM CDT


-  INDICATES NEGATIVE NUMBERS.
R  INDICATES RECORD WAS SET OR TIED.
MM INDICATES DATA IS MISSING.
T  INDICATES TRACE AMOUNT.




$$
