000
CDUS42 KGSP 302041
CLICLT

CLIMATE REPORT
NATIONAL WEATHER SERVICE GREENVILLE-SPARTANBURG SC
441 PM EDT MON MAY 30 2016


...................................

...THE CHARLOTTE NC CLIMATE SUMMARY FOR MAY 30 2016...
VALID TODAY AS OF 0440 PM LOCAL TIME.

CLIMATE NORMAL PERIOD 1981 TO 2010
CLIMATE RECORD PERIOD 1878 TO 2016


WEATHER ITEM   OBSERVED TIME   RECORD YEAR NORMAL DEPARTURE LAST
                VALUE   (LST)  VALUE       VALUE  FROM      YEAR
                                                  NORMAL
..................................................................
TEMPERATURE (F)
 TODAY
  MAXIMUM         84    332 PM  95    1918  82      2       87
                                      1898
  MINIMUM         66    543 AM  47    1884  60      6       65
  AVERAGE         75                        71      4       76

PRECIPITATION (IN)
  TODAY            0.00          2.52 1975   0.11  -0.11     0.00
  MONTH TO DATE    5.13                      3.06   2.07     0.32
  SINCE MAR 1      8.01                     10.11  -2.10     8.65
  SINCE JAN 1     14.79                     16.84  -2.05    14.47

SNOWFALL (IN)
  TODAY            0.0           0.0    MM   0.0    0.0      0.0
  MONTH TO DATE    0.0                       0.0    0.0      0.0
  SINCE MAR 1      0.0                       0.6   -0.6      0.0
  SINCE JUL 1      3.3                       4.3   -1.0      3.1
  SNOW DEPTH       0

DEGREE DAYS
 HEATING
  TODAY            0                         0      0        0
  MONTH TO DATE   43                        53    -10       15
  SINCE MAR 1    426                       686   -260      483
  SINCE JUL 1   2568                      3385   -817     3254

 COOLING
  TODAY           10                         7      3       11
  MONTH TO DATE  135                       118     17      217
  SINCE MAR 1    233                       155     78      280
  SINCE JAN 1    233                       155     78      280
..................................................................


WIND (MPH)
  HIGHEST WIND SPEED    13   HIGHEST WIND DIRECTION     N (360)
  HIGHEST GUST SPEED    18   HIGHEST GUST DIRECTION    NE (50)
  AVERAGE WIND SPEED     8.8


SKY COVER
  POSSIBLE SUNSHINE  MM
  AVERAGE SKY COVER 0.9


WEATHER CONDITIONS
 THE FOLLOWING WEATHER WAS RECORDED TODAY.
  NO SIGNIFICANT WEATHER WAS OBSERVED.


RELATIVE HUMIDITY (PERCENT)
 HIGHEST    81           500 AM
 LOWEST     55           300 PM
 AVERAGE    68

..........................................................


THE CHARLOTTE NC CLIMATE NORMALS FOR TOMORROW
                         NORMAL    RECORD    YEAR
 MAXIMUM TEMPERATURE (F)   83        97      1953
                                             1895
 MINIMUM TEMPERATURE (F)   61        42      1984


SUNRISE AND SUNSET
MAY 30 2016...........SUNRISE   611 AM EDT   SUNSET   832 PM EDT
MAY 31 2016...........SUNRISE   611 AM EDT   SUNSET   833 PM EDT


-  INDICATES NEGATIVE NUMBERS.
R  INDICATES RECORD WAS SET OR TIED.
MM INDICATES DATA IS MISSING.
T  INDICATES TRACE AMOUNT.

$$

OUTLAW
