000
CDUS42 KGSP 202041
CLICLT

CLIMATE REPORT
NATIONAL WEATHER SERVICE GREENVILLE-SPARTANBURG SC
438 PM EDT SUN AUG 20 2017


...................................

...THE CHARLOTTE NC CLIMATE SUMMARY FOR AUGUST 20 2017...
VALID TODAY AS OF 0430 PM LOCAL TIME.

CLIMATE NORMAL PERIOD 1981 TO 2010
CLIMATE RECORD PERIOD 1878 TO 2017


WEATHER ITEM   OBSERVED TIME   RECORD YEAR NORMAL DEPARTURE LAST
                VALUE   (LST)  VALUE       VALUE  FROM      YEAR
                                                  NORMAL
..................................................................
TEMPERATURE (F)
 TODAY
  MAXIMUM         94    326 PM 103    1925  87      7       92
  MINIMUM         69    405 AM  56    1918  67      2       71
  AVERAGE         82                        77      5       82

PRECIPITATION (IN)
  TODAY            0.00          1.84 1898   0.14  -0.14      T
  MONTH TO DATE    4.71                      2.76   1.95     1.20
  SINCE JUN 1     13.46                     10.18   3.28     5.57
  SINCE JAN 1     34.38                     27.14   7.24    20.86

SNOWFALL (IN)
  TODAY            0.0           0.0    MM   0.0    0.0      0.0
  MONTH TO DATE    0.0                       0.0    0.0      0.0
  SINCE JUN 1      0.0                       0.0    0.0      0.0
  SINCE JUL 1      0.0                       0.0    0.0      0.0
  SNOW DEPTH       0

DEGREE DAYS
 HEATING
  TODAY            0                         0      0        0
  MONTH TO DATE    0                         0      0        0
  SINCE JUN 1      0                         3     -3        0
  SINCE JUL 1      0                         0      0        0

 COOLING
  TODAY           17                        12      5       17
  MONTH TO DATE  291                       257     34      367
  SINCE JUN 1   1134                       988    146     1340
  SINCE JAN 1   1437                      1151    286     1585
..................................................................


WIND (MPH)
  HIGHEST WIND SPEED    10   HIGHEST WIND DIRECTION     N (350)
  HIGHEST GUST SPEED    16   HIGHEST GUST DIRECTION    NE (60)
  AVERAGE WIND SPEED     3.7


SKY COVER
  POSSIBLE SUNSHINE  MM
  AVERAGE SKY COVER 0.3


WEATHER CONDITIONS
 THE FOLLOWING WEATHER WAS RECORDED TODAY.
  NO SIGNIFICANT WEATHER WAS OBSERVED.


RELATIVE HUMIDITY (PERCENT)
 HIGHEST   100           400 AM
 LOWEST     44           200 PM
 AVERAGE    72

..........................................................


THE CHARLOTTE NC CLIMATE NORMALS FOR TOMORROW
                         NORMAL    RECORD    YEAR
 MAXIMUM TEMPERATURE (F)   87       103      1983
 MINIMUM TEMPERATURE (F)   67        56      1998
                                             1886


SUNRISE AND SUNSET
AUGUST 20 2017........SUNRISE   647 AM EDT   SUNSET   806 PM EDT
AUGUST 21 2017........SUNRISE   648 AM EDT   SUNSET   805 PM EDT


-  INDICATES NEGATIVE NUMBERS.
R  INDICATES RECORD WAS SET OR TIED.
MM INDICATES DATA IS MISSING.
T  INDICATES TRACE AMOUNT.




$$
