000
CDUS42 KGSP 270635
CLICLT

CLIMATE REPORT
NATIONAL WEATHER SERVICE GREENVILLE-SPARTANBURG SC
234 AM EDT THU APR 27 2017


...................................

...THE CHARLOTTE NC CLIMATE SUMMARY FOR APRIL 26 2017...

CLIMATE NORMAL PERIOD 1981 TO 2010
CLIMATE RECORD PERIOD 1878 TO 2017


WEATHER ITEM   OBSERVED TIME   RECORD YEAR NORMAL DEPARTURE LAST
                VALUE   (LST)  VALUE       VALUE  FROM      YEAR
                                                  NORMAL
..................................................................
TEMPERATURE (F)
 YESTERDAY
  MAXIMUM         81    521 PM  92    1915  75      6       84
  MINIMUM         54    318 AM  34    1910  50      4       59
  AVERAGE         68                        62      6       72

PRECIPITATION (IN)
  YESTERDAY        0.00          2.34 1979   0.10  -0.10     0.00
  MONTH TO DATE    5.54                      2.66   2.88     1.25
  SINCE MAR 1      8.25                      6.67   1.58     2.10
  SINCE JAN 1     15.16                     13.40   1.76     8.88

SNOWFALL (IN)
  YESTERDAY        0.0           0.0    MM   0.0    0.0      0.0
  MONTH TO DATE    0.0                       0.1   -0.1      0.0
  SINCE MAR 1      1.1                       0.7    0.4      0.0
  SINCE JUL 1      2.2                       4.4   -2.2      3.3
  SNOW DEPTH       0

DEGREE DAYS
 HEATING
  YESTERDAY        0                         4     -4        0
  MONTH TO DATE   85                       183    -98      152
  SINCE MAR 1    468                       616   -148      383
  SINCE JUL 1   2366                      3315   -949     2525

 COOLING
  YESTERDAY        3                         2      1        7
  MONTH TO DATE   67                        28     39       29
  SINCE MAR 1     85                        33     52       66
  SINCE JAN 1     90                        33     57       66
..................................................................


WIND (MPH)
  HIGHEST WIND SPEED    14   HIGHEST WIND DIRECTION    SW (220)
  HIGHEST GUST SPEED    20   HIGHEST GUST DIRECTION     S (190)
  AVERAGE WIND SPEED     5.6


SKY COVER
  POSSIBLE SUNSHINE  MM
  AVERAGE SKY COVER 0.2


WEATHER CONDITIONS
 THE FOLLOWING WEATHER WAS RECORDED YESTERDAY.
  NO SIGNIFICANT WEATHER WAS OBSERVED.


RELATIVE HUMIDITY (PERCENT)
 HIGHEST    93           300 AM
 LOWEST     45           300 PM
 AVERAGE    69

..........................................................


THE CHARLOTTE NC CLIMATE NORMALS FOR TODAY
                         NORMAL    RECORD    YEAR
 MAXIMUM TEMPERATURE (F)   75        90      1989
                                             1981
 MINIMUM TEMPERATURE (F)   50        37      1976
                                             1972


SUNRISE AND SUNSET
APRIL 27 2017.........SUNRISE   637 AM EDT   SUNSET   807 PM EDT
APRIL 28 2017.........SUNRISE   636 AM EDT   SUNSET   807 PM EDT


-  INDICATES NEGATIVE NUMBERS.
R  INDICATES RECORD WAS SET OR TIED.
MM INDICATES DATA IS MISSING.
T  INDICATES TRACE AMOUNT.




$$
