000
CDUS42 KGSP 210629
CLICLT

CLIMATE REPORT
NATIONAL WEATHER SERVICE GREENVILLE-SPARTANBURG SC
228 AM EDT TUE OCT 21 2014


...................................

...THE CHARLOTTE NC CLIMATE SUMMARY FOR OCTOBER 20 2014...

CLIMATE NORMAL PERIOD 1981 TO 2010
CLIMATE RECORD PERIOD 1878 TO 2014


WEATHER ITEM   OBSERVED TIME   RECORD YEAR NORMAL DEPARTURE LAST
                VALUE   (LST)  VALUE       VALUE  FROM      YEAR
                                                  NORMAL
..................................................................
TEMPERATURE (F)
 YESTERDAY
  MAXIMUM         71    302 PM  86    1926  71      0       68
  MINIMUM         46    643 AM  30    1972  47     -1       45
  AVERAGE         59                        59      0       57

PRECIPITATION (IN)
  YESTERDAY        T             2.33 1944   0.11  -0.11     0.00
  MONTH TO DATE    0.86                      2.30  -1.44     0.48
  SINCE SEP 1      4.85                      5.54  -0.69     3.54
  SINCE JAN 1     38.61                     34.14   4.47    38.86

SNOWFALL (IN)
  YESTERDAY        0.0           0.0    MM   0.0    0.0      0.0
  MONTH TO DATE    0.0                       0.0    0.0      0.0
  SINCE SEP 1      0.0                       0.0    0.0      0.0
  SINCE JUL 1      0.0                       0.0    0.0      0.0
  SNOW DEPTH       0

DEGREE DAYS
 HEATING
  YESTERDAY        6                         7     -1        8
  MONTH TO DATE   52                        92    -40       24
  SINCE SEP 1     64                       115    -51       26
  SINCE JUL 1     64                       115    -51       27

 COOLING
  YESTERDAY        0                         1     -1        0
  MONTH TO DATE   57                        33     24       60
  SINCE SEP 1    290                       231     59      288
  SINCE JAN 1   1645                      1508    137     1576
..................................................................


WIND (MPH)
  HIGHEST WIND SPEED    14   HIGHEST WIND DIRECTION     S (180)
  HIGHEST GUST SPEED    18   HIGHEST GUST DIRECTION    SW (220)
  AVERAGE WIND SPEED     3.9


SKY COVER
  POSSIBLE SUNSHINE  MM
  AVERAGE SKY COVER 0.5


WEATHER CONDITIONS
 THE FOLLOWING WEATHER WAS RECORDED YESTERDAY.
  LIGHT RAIN


RELATIVE HUMIDITY (PERCENT)
 HIGHEST    86           700 AM
 LOWEST     44           200 PM
 AVERAGE    65

..........................................................


THE CHARLOTTE NC CLIMATE NORMALS FOR TODAY
                         NORMAL    RECORD    YEAR
 MAXIMUM TEMPERATURE (F)   70        88      1943
 MINIMUM TEMPERATURE (F)   47        30      1952


SUNRISE AND SUNSET
OCTOBER 21 2014.......SUNRISE   735 AM EDT   SUNSET   641 PM EDT
OCTOBER 22 2014.......SUNRISE   736 AM EDT   SUNSET   640 PM EDT


-  INDICATES NEGATIVE NUMBERS.
R  INDICATES RECORD WAS SET OR TIED.
MM INDICATES DATA IS MISSING.
T  INDICATES TRACE AMOUNT.




$$
