000
CDUS46 KLOX 260905
CLICMA


CLIMATE REPORT
NATIONAL WEATHER SERVICE LOS ANGELES/OXNARD CA
104 AM PST MON JAN 26 2015


...................................

...THE CAMARILLO AIRPORT CA CLIMATE SUMMARY FOR JANUARY 25 2015...

CLIMATE NORMAL PERIOD 1981 TO 2010
CLIMATE RECORD PERIOD 1948 TO 2015


WEATHER ITEM   OBSERVED TIME   RECORD YEAR NORMAL DEPARTURE LAST
                VALUE   (LST)  VALUE       VALUE  FROM      YEAR
                                                  NORMAL
..................................................................
TEMPERATURE (F)
 YESTERDAY
  MAXIMUM         84    230 PM  86    2003  66     18       76
  MINIMUM         57    855 PM  32    1966  43     14       49
  AVERAGE         71                        54     17       63

PRECIPITATION (IN)
  YESTERDAY        0.00          3.03 1956   0.04  -0.04     0.00
  MONTH TO DATE    2.03                      3.10  -1.07     0.00
  SINCE OCT 1      6.94                      7.10  -0.16     0.78
  SINCE JAN 1      2.03                      3.10  -1.07     0.00

SNOWFALL (IN)
  YESTERDAY        0.0
  MONTH TO DATE    0.0
  SINCE DEC 1      0.0
  SINCE JUL 1      0.0

DEGREE DAYS
 HEATING
  YESTERDAY        0                        11    -11        2
  MONTH TO DATE  171                       275   -104      151
  SINCE DEC 1    399                       624   -225      438
  SINCE JUL 1    486                       956   -470      662

 COOLING
  YESTERDAY        6                         0      6        0
  MONTH TO DATE   17                         0     17       27
  SINCE DEC 1     21                         2     19       48
  SINCE JAN 1     17                         0     17       27
..................................................................


WIND (MPH)
  HIGHEST WIND SPEED    32   HIGHEST WIND DIRECTION     E (70)
  HIGHEST GUST SPEED    39   HIGHEST GUST DIRECTION     E (70)
  AVERAGE WIND SPEED    14.2


SKY COVER
  POSSIBLE SUNSHINE  MM
  AVERAGE SKY COVER 0.0


WEATHER CONDITIONS
 THE FOLLOWING WEATHER WAS RECORDED YESTERDAY.
  NO SIGNIFICANT WEATHER WAS OBSERVED.


RELATIVE HUMIDITY (PERCENT)
 HIGHEST    62           800 PM
 LOWEST     15           100 AM
 AVERAGE    39

..........................................................


THE CAMARILLO AIRPORT CA CLIMATE NORMALS FOR TODAY
                         NORMAL    RECORD    YEAR
 MAXIMUM TEMPERATURE (F)   66        86      2003
 MINIMUM TEMPERATURE (F)   43        34      2007
                                             1979


SUNRISE AND SUNSET
JANUARY 26 2015.......SUNRISE   658 AM PST   SUNSET   520 PM PST
JANUARY 27 2015.......SUNRISE   657 AM PST   SUNSET   521 PM PST


-  INDICATES NEGATIVE NUMBERS.
R  INDICATES RECORD WAS SET OR TIED.
MM INDICATES DATA IS MISSING.
T  INDICATES TRACE AMOUNT.




$$
