000
CDUS46 KLOX 230911
CLICMA


CLIMATE REPORT
NATIONAL WEATHER SERVICE LOS ANGELES/OXNARD CA
211 AM PDT SUN JUL 23 2017


...................................

...THE CAMARILLO AIRPORT CA CLIMATE SUMMARY FOR JULY 22 2017...

CLIMATE NORMAL PERIOD 1981 TO 2010
CLIMATE RECORD PERIOD 1923 TO 2017


WEATHER ITEM   OBSERVED TIME   RECORD YEAR NORMAL DEPARTURE LAST
                VALUE   (LST)  VALUE       VALUE  FROM      YEAR
                                                  NORMAL
..................................................................
TEMPERATURE (F)
 YESTERDAY
  MAXIMUM         78    233 PM  89    2006  76      2       88
  MINIMUM         58    536 AM  47    1940  58      0       62
  AVERAGE         68                        67      1       75

PRECIPITATION (IN)
  YESTERDAY        0.00          0.04 2013   0.01  -0.01     0.00
  MONTH TO DATE    T                         0.02  -0.02     0.00
  SINCE OCT 1     19.44                     15.00   4.44     5.98
  SINCE JAN 1     14.78                     11.00   3.78     5.42

SNOWFALL (IN)
  YESTERDAY        0.0
  MONTH TO DATE    0.0
  SINCE JUN 1      0.0
  SINCE JUL 1      0.0

DEGREE DAYS
 HEATING
  YESTERDAY        0                         0      0        0
  MONTH TO DATE    1                         1      0        0
  SINCE JUN 1     20                        44    -24       17
  SINCE JUL 1      1                         1      0        0

 COOLING
  YESTERDAY        3                         3      0       10
  MONTH TO DATE  129                        49     80       99
  SINCE JUN 1    187                        72    115      168
  SINCE JAN 1    228                       103    125      239
..................................................................


WIND (MPH)
  HIGHEST WIND SPEED    14   HIGHEST WIND DIRECTION     W (260)
  HIGHEST GUST SPEED    20   HIGHEST GUST DIRECTION     W (260)
  AVERAGE WIND SPEED     4.5


SKY COVER
  POSSIBLE SUNSHINE  MM
  AVERAGE SKY COVER 0.0


WEATHER CONDITIONS
 THE FOLLOWING WEATHER WAS RECORDED YESTERDAY.
  NO SIGNIFICANT WEATHER WAS OBSERVED.


RELATIVE HUMIDITY (PERCENT)
 HIGHEST    90           200 AM
 LOWEST     58           100 PM
 AVERAGE    74

..........................................................


THE CAMARILLO AIRPORT CA CLIMATE NORMALS FOR TODAY
                         NORMAL    RECORD    YEAR
 MAXIMUM TEMPERATURE (F)   76        91      2006
 MINIMUM TEMPERATURE (F)   58        47      1930
                                             1928


SUNRISE AND SUNSET
JULY 23 2017..........SUNRISE   601 AM PDT   SUNSET   804 PM PDT
JULY 24 2017..........SUNRISE   602 AM PDT   SUNSET   803 PM PDT


-  INDICATES NEGATIVE NUMBERS.
R  INDICATES RECORD WAS SET OR TIED.
MM INDICATES DATA IS MISSING.
T  INDICATES TRACE AMOUNT.




$$
