000
CDUS46 KLOX 050126
CLICMA


CLIMATE REPORT
NATIONAL WEATHER SERVICE LOS ANGELES/OXNARD CA
626 PM PDT WED MAY 4 2016


...................................

...THE CAMARILLO CLIMATE SUMMARY FOR MAY 4 2016...
VALID TODAY AS OF 0600 PM LOCAL TIME.

CLIMATE NORMAL PERIOD 1981 TO 2010
CLIMATE RECORD PERIOD 1948 TO 2016


WEATHER ITEM   OBSERVED TIME   RECORD YEAR NORMAL DEPARTURE LAST
                VALUE   (LST)  VALUE       VALUE  FROM      YEAR
                                                  NORMAL
..................................................................
TEMPERATURE (F)
 TODAY
  MAXIMUM         66    304 PM  90    1953  71     -5       67
  MINIMUM         56    449 AM  41    1964  49      7       50
  AVERAGE         61                        60      1       59

PRECIPITATION (IN)
  TODAY            0.00          0.20 1956   0.02  -0.02     0.00
  MONTH TO DATE    0.00                      0.08  -0.08     0.00
  SINCE OCT 1      5.98                     14.70  -8.72     8.13
  SINCE JAN 1      5.42                     10.70  -5.28     3.22

SNOWFALL (IN)
  TODAY            0.0
  MONTH TO DATE    0.0
  SINCE MAR 1      0.0
  SINCE JUL 1      0.0

DEGREE DAYS
 HEATING
  TODAY            4                         5     -1        6
  MONTH TO DATE   15                        21     -6       14
  SINCE MAR 1    309                       505   -196      222
  SINCE JUL 1   1126                      1841   -715      879

 COOLING
  TODAY            0                         0      0        0
  MONTH TO DATE    0                         0      0        1
  SINCE MAR 1     13                        11      2       70
  SINCE JAN 1     71                        20     51      109
..................................................................


WIND (MPH)
  HIGHEST WIND SPEED    15   HIGHEST WIND DIRECTION    SW (210)
  HIGHEST GUST SPEED    18   HIGHEST GUST DIRECTION    SW (210)
  AVERAGE WIND SPEED     5.8


SKY COVER
  POSSIBLE SUNSHINE  MM
  AVERAGE SKY COVER 0.8


WEATHER CONDITIONS
 THE FOLLOWING WEATHER WAS RECORDED TODAY.
  FOG
  HAZE


RELATIVE HUMIDITY (PERCENT)
 HIGHEST    86          1200 AM
 LOWEST     63           300 PM
 AVERAGE    75

..........................................................


THE CAMARILLO CLIMATE NORMALS FOR TOMORROW
                         NORMAL    RECORD    YEAR
 MAXIMUM TEMPERATURE (F)   71        89      1953
 MINIMUM TEMPERATURE (F)   50        36      1964


SUNRISE AND SUNSET
MAY  4 2016...........SUNRISE   603 AM PDT   SUNSET   743 PM PDT
MAY  5 2016...........SUNRISE   602 AM PDT   SUNSET   744 PM PDT


-  INDICATES NEGATIVE NUMBERS.
R  INDICATES RECORD WAS SET OR TIED.
MM INDICATES DATA IS MISSING.
T  INDICATES TRACE AMOUNT.




$$
