000
CDUS46 KLOX 120118
CLICMA


CLIMATE REPORT
NATIONAL WEATHER SERVICE LOS ANGELES/OXNARD CA
618 PM PDT FRI JUL 11 2014


...................................

...THE CAMARILLO CLIMATE SUMMARY FOR JULY 11 2014...
VALID TODAY AS OF 0600 PM LOCAL TIME.

CLIMATE NORMAL PERIOD 1981 TO 2010
CLIMATE RECORD PERIOD 1948 TO 2014


WEATHER ITEM   OBSERVED TIME   RECORD YEAR NORMAL DEPARTURE LAST
                VALUE   (LST)  VALUE       VALUE  FROM      YEAR
                                                  NORMAL
..................................................................
TEMPERATURE (F)
 TODAY
  MAXIMUM         77    155 PM  88    1953  76      1       79
  MINIMUM         67    636 AM  48    1966  58      9       64
  AVERAGE         72                        67      5       72

PRECIPITATION (IN)
  TODAY            0.00          0.07 1969   0.00   0.00     0.00
  MONTH TO DATE    0.00                      0.01  -0.01      T
  SINCE JUL 1      0.00                      0.01  -0.01      T
  SINCE JAN 1      4.19                     10.99  -6.80     2.15

SNOWFALL (IN)
  TODAY            0.0
  MONTH TO DATE    0.0
  SINCE JUN 1      0.0
  SINCE JUL 1      0.0

DEGREE DAYS
 HEATING
  TODAY            0                         0      0        0
  MONTH TO DATE    0                         1     -1        0
  SINCE JUN 1     12                        44    -32        0
  SINCE JUL 1      0                         1     -1        0

 COOLING
  TODAY            7                         2      5        7
  MONTH TO DATE   74                        22     52       67
  SINCE JUN 1    119                        45     74      213
  SINCE JAN 1    267                        76    191      319
..................................................................


WIND (MPH)
  HIGHEST WIND SPEED    17   HIGHEST WIND DIRECTION     W (260)
  HIGHEST GUST SPEED    20   HIGHEST GUST DIRECTION     W (260)
  AVERAGE WIND SPEED     5.4


SKY COVER
  POSSIBLE SUNSHINE  MM
  AVERAGE SKY COVER 0.5


WEATHER CONDITIONS
 THE FOLLOWING WEATHER WAS RECORDED TODAY.
  NO SIGNIFICANT WEATHER WAS OBSERVED.


RELATIVE HUMIDITY (PERCENT)
 HIGHEST    81          1200 AM
 LOWEST     54          1100 AM
 AVERAGE    68

..........................................................


THE CAMARILLO CLIMATE NORMALS FOR TOMORROW
                         NORMAL    RECORD    YEAR
 MAXIMUM TEMPERATURE (F)   76        88      1983
 MINIMUM TEMPERATURE (F)   58        47      1966


SUNRISE AND SUNSET
JULY 11 2014..........SUNRISE   553 AM PDT   SUNSET   810 PM PDT
JULY 12 2014..........SUNRISE   554 AM PDT   SUNSET   810 PM PDT


-  INDICATES NEGATIVE NUMBERS.
R  INDICATES RECORD WAS SET OR TIED.
MM INDICATES DATA IS MISSING.
T  INDICATES TRACE AMOUNT.




$$
