000
CDUS46 KLOX 290902
CLICMA


CLIMATE REPORT
NATIONAL WEATHER SERVICE LOS ANGELES/OXNARD CA
201 AM PDT SUN MAY 29 2016


...................................

...THE CAMARILLO AIRPORT CA CLIMATE SUMMARY FOR MAY 28 2016...

CLIMATE NORMAL PERIOD 1981 TO 2010
CLIMATE RECORD PERIOD 1948 TO 2016


WEATHER ITEM   OBSERVED TIME   RECORD YEAR NORMAL DEPARTURE LAST
                VALUE   (LST)  VALUE       VALUE  FROM      YEAR
                                                  NORMAL
..................................................................
TEMPERATURE (F)
 YESTERDAY
  MAXIMUM         69   1054 AM  85    2000  71     -2       70
  MINIMUM         53    334 AM  44    1964  54     -1       52
  AVERAGE         61                        63     -2       61

PRECIPITATION (IN)
  YESTERDAY        0.00          0.14 1971   0.01  -0.01     0.00
  MONTH TO DATE    T                         0.31  -0.31     0.22
  SINCE OCT 1      5.98                     14.93  -8.95     8.35
  SINCE JAN 1      5.42                     10.93  -5.51     3.44

SNOWFALL (IN)
  YESTERDAY        0.0
  MONTH TO DATE    0.0
  SINCE MAR 1      0.0
  SINCE JUL 1      0.0

DEGREE DAYS
 HEATING
  YESTERDAY        4                         3      1        4
  MONTH TO DATE   80                       115    -35      106
  SINCE MAR 1    374                       599   -225      314
  SINCE JUL 1   1191                      1935   -744      971

 COOLING
  YESTERDAY        0                         0      0        0
  MONTH TO DATE    0                         0      0        1
  SINCE MAR 1     13                        11      2       70
  SINCE JAN 1     71                        20     51      109
..................................................................


WIND (MPH)
  HIGHEST WIND SPEED    16   HIGHEST WIND DIRECTION    SW (230)
  HIGHEST GUST SPEED    21   HIGHEST GUST DIRECTION    SW (210)
  AVERAGE WIND SPEED     6.4


SKY COVER
  POSSIBLE SUNSHINE  MM
  AVERAGE SKY COVER 0.8


WEATHER CONDITIONS
 THE FOLLOWING WEATHER WAS RECORDED YESTERDAY.
  HAZE


RELATIVE HUMIDITY (PERCENT)
 HIGHEST    86           200 AM
 LOWEST     63          1100 AM
 AVERAGE    75

..........................................................


THE CAMARILLO AIRPORT CA CLIMATE NORMALS FOR TODAY
                         NORMAL    RECORD    YEAR
 MAXIMUM TEMPERATURE (F)   71        90      2010
 MINIMUM TEMPERATURE (F)   54        43      1964


SUNRISE AND SUNSET
MAY 29 2016...........SUNRISE   546 AM PDT   SUNSET   802 PM PDT
MAY 30 2016...........SUNRISE   546 AM PDT   SUNSET   802 PM PDT


-  INDICATES NEGATIVE NUMBERS.
R  INDICATES RECORD WAS SET OR TIED.
MM INDICATES DATA IS MISSING.
T  INDICATES TRACE AMOUNT.




$$
