000
CDUS41 KILN 190531
CLICMH


CLIMATE REPORT
NATIONAL WEATHER SERVICE WILMINGTON OH
130 AM EDT TUE SEP 19 2017


...................................

...THE COLUMBUS OH CLIMATE SUMMARY FOR SEPTEMBER 18 2017...

CLIMATE NORMAL PERIOD 1981 TO 2010
CLIMATE RECORD PERIOD 1869 TO 2017


WEATHER ITEM   OBSERVED TIME   RECORD YEAR NORMAL DEPARTURE LAST
                VALUE   (LST)  VALUE       VALUE  FROM      YEAR
                                                  NORMAL
..................................................................
TEMPERATURE (F)
 YESTERDAY
  MAXIMUM         83    354 PM  95    1955  76      7       82
                                      1895
  MINIMUM         59    558 AM  34    1959  56      3       69
  AVERAGE         71                        66      5       76

PRECIPITATION (IN)
  YESTERDAY        0.00          1.20 1975   0.09  -0.09      T
  MONTH TO DATE    2.58                      1.75   0.83     2.11
  SINCE SEP 1      2.58                      1.75   0.83     2.11
  SINCE JAN 1     36.61                     29.44   7.17    29.37

SNOWFALL (IN)
  YESTERDAY        0.0                       0.0    0.0      0.0
  MONTH TO DATE    0.0                       0.0    0.0      0.0
  SINCE SEP 1      0.0                       0.0    0.0      0.0
  SINCE JUL 1      0.0                       0.0    0.0      0.0
  SNOW DEPTH       0

DEGREE DAYS
 HEATING
  YESTERDAY        0                         2     -2        0
  MONTH TO DATE   42                        20     22        0
  SINCE SEP 1     42                        20     22        0
  SINCE JUL 1     42                        20     22        0

 COOLING
  YESTERDAY        6                         3      3       11
  MONTH TO DATE   34                        94    -60      129
  SINCE SEP 1     34                        94    -60      129
  SINCE JAN 1    943                       983    -40     1222
..................................................................


WIND (MPH)
  RESULTANT WIND SPEED   1   RESULTANT WIND DIRECTION  SE (140)
  HIGHEST WIND SPEED     8   HIGHEST WIND DIRECTION     S (180)
  HIGHEST GUST SPEED    10   HIGHEST GUST DIRECTION     S (160)
  AVERAGE WIND SPEED     2.4


SKY COVER
  POSSIBLE SUNSHINE  MM
  AVERAGE SKY COVER 0.6


WEATHER CONDITIONS
 THE FOLLOWING WEATHER WAS RECORDED YESTERDAY.
  FOG


RELATIVE HUMIDITY (PERCENT)
 HIGHEST   100          1200 AM
 LOWEST     47           300 PM
 AVERAGE    74

..........................................................


THE COLUMBUS OH CLIMATE NORMALS FOR TODAY
                         NORMAL    RECORD    YEAR
 MAXIMUM TEMPERATURE (F)   76        97      1895
 MINIMUM TEMPERATURE (F)   55        40      1929
                                             1916
                                             1901


SUNRISE AND SUNSET
SEPTEMBER 19 2017.....SUNRISE   716 AM EDT   SUNSET   733 PM EDT
SEPTEMBER 20 2017.....SUNRISE   717 AM EDT   SUNSET   731 PM EDT


-  INDICATES NEGATIVE NUMBERS.
R  INDICATES RECORD WAS SET OR TIED.
MM INDICATES DATA IS MISSING.
T  INDICATES TRACE AMOUNT.




$$
