000
CDUS41 KILN 180537
CLICMH


CLIMATE REPORT
NATIONAL WEATHER SERVICE WILMINGTON OH
1237 AM EST SUN FEB 18 2018


...................................

...THE COLUMBUS OH CLIMATE SUMMARY FOR FEBRUARY 17 2018...

CLIMATE NORMAL PERIOD 1981 TO 2010
CLIMATE RECORD PERIOD 1869 TO 2018


WEATHER ITEM   OBSERVED TIME   RECORD YEAR NORMAL DEPARTURE LAST
                VALUE   (LST)  VALUE       VALUE  FROM      YEAR
                                                  NORMAL
..................................................................
TEMPERATURE (F)
 YESTERDAY
  MAXIMUM         35   1159 PM  67    1911  41     -6       65
  MINIMUM         30    749 AM  -7    1979  25      5       33
  AVERAGE         33                        33      0       49

PRECIPITATION (IN)
  YESTERDAY        0.15          0.74 1910   0.08   0.07     0.00
  MONTH TO DATE    2.65                      1.38   1.27     1.12
  SINCE DEC 1      6.80                      7.08  -0.28     7.04
  SINCE JAN 1      5.04                      4.11   0.93     3.95

SNOWFALL (IN)
  YESTERDAY        0.7           6.8  1910   0.3    0.4      0.0
  MONTH TO DATE    6.0                       3.8    2.2      0.6
  SINCE DEC 1     24.6                      18.0    6.6      7.6
  SINCE JUL 1     24.6                      19.1    5.5      7.6
  SNOW DEPTH       0

DEGREE DAYS
 HEATING
  YESTERDAY       32                        32      0       16
  MONTH TO DATE  563                       570     -7      492
  SINCE DEC 1   2763                      2648    115     2360
  SINCE JUL 1   3682                      3662     20     3126

 COOLING
  YESTERDAY        0                         0      0        0
  MONTH TO DATE    0                         0      0        0
  SINCE DEC 1      0                         0      0        0
  SINCE JAN 1      0                         0      0        0
..................................................................


WIND (MPH)
  RESULTANT WIND SPEED   3   RESULTANT WIND DIRECTION  SE (130)
  HIGHEST WIND SPEED    13   HIGHEST WIND DIRECTION     W (250)
  HIGHEST GUST SPEED    17   HIGHEST GUST DIRECTION     W (250)
  AVERAGE WIND SPEED     5.0


SKY COVER
  POSSIBLE SUNSHINE  MM
  AVERAGE SKY COVER 1.0


WEATHER CONDITIONS
 THE FOLLOWING WEATHER WAS RECORDED YESTERDAY.
  RAIN
  SNOW
  LIGHT SNOW
  FOG


RELATIVE HUMIDITY (PERCENT)
 HIGHEST   100           400 PM
 LOWEST     69          1000 AM
 AVERAGE    85

..........................................................


THE COLUMBUS OH CLIMATE NORMALS FOR TODAY
                         NORMAL    RECORD    YEAR
 MAXIMUM TEMPERATURE (F)   41        66      2017
 MINIMUM TEMPERATURE (F)   26        -7      1936


SUNRISE AND SUNSET
FEBRUARY 18 2018......SUNRISE   720 AM EST   SUNSET   611 PM EST
FEBRUARY 19 2018......SUNRISE   719 AM EST   SUNSET   612 PM EST


-  INDICATES NEGATIVE NUMBERS.
R  INDICATES RECORD WAS SET OR TIED.
MM INDICATES DATA IS MISSING.
T  INDICATES TRACE AMOUNT.




$$
