000
CDUS41 KILN 090529
CLICMH


CLIMATE REPORT
NATIONAL WEATHER SERVICE WILMINGTON OH
1228 AM EST FRI DEC 9 2016


...................................

...THE COLUMBUS OH CLIMATE SUMMARY FOR DECEMBER 8 2016...

CLIMATE NORMAL PERIOD 1981 TO 2010
CLIMATE RECORD PERIOD 1869 TO 2016


WEATHER ITEM   OBSERVED TIME   RECORD YEAR NORMAL DEPARTURE LAST
                VALUE   (LST)  VALUE       VALUE  FROM      YEAR
                                                  NORMAL
..................................................................
TEMPERATURE (F)
 YESTERDAY
  MAXIMUM         33   1251 AM  69    1966  42     -9       52
  MINIMUM         22   1159 PM  -4    1882  29     -7       32
  AVERAGE         28                        36     -8       42

PRECIPITATION (IN)
  YESTERDAY        T             1.74 1978   0.10  -0.10     0.00
  MONTH TO DATE    0.62                      0.78  -0.16     0.24
  SINCE DEC 1      0.62                      0.78  -0.16     0.24
  SINCE JAN 1     35.31                     37.12  -1.81    40.36

SNOWFALL (IN)
  YESTERDAY        T             5.8  1917   0.1   -0.1      0.0
  MONTH TO DATE    T                         0.9   -0.9       T
  SINCE DEC 1      T                         0.9   -0.9       T
  SINCE JUL 1      T                         2.0   -2.0       T
  SNOW DEPTH       0

DEGREE DAYS
 HEATING
  YESTERDAY       37                        29      8       23
  MONTH TO DATE  233                       225      8      206
  SINCE DEC 1    233                       225      8      206
  SINCE JUL 1    999                      1239   -240     1011

 COOLING
  YESTERDAY        0                         0      0        0
  MONTH TO DATE    0                         0      0        0
  SINCE DEC 1      0                         0      0        0
  SINCE JAN 1   1327                      1024    303     1028
..................................................................


WIND (MPH)
  RESULTANT WIND SPEED  15   RESULTANT WIND DIRECTION   W (280)
  HIGHEST WIND SPEED    23   HIGHEST WIND DIRECTION     W (290)
  HIGHEST GUST SPEED    30   HIGHEST GUST DIRECTION     W (290)
  AVERAGE WIND SPEED    15.5


SKY COVER
  POSSIBLE SUNSHINE  MM
  AVERAGE SKY COVER 1.0


WEATHER CONDITIONS
 THE FOLLOWING WEATHER WAS RECORDED YESTERDAY.
  LIGHT SNOW


RELATIVE HUMIDITY (PERCENT)
 HIGHEST    85           500 AM
 LOWEST     68           800 AM
 AVERAGE    77

..........................................................


THE COLUMBUS OH CLIMATE NORMALS FOR TODAY
                         NORMAL    RECORD    YEAR
 MAXIMUM TEMPERATURE (F)   42        66      1952
 MINIMUM TEMPERATURE (F)   29        -8      1917


SUNRISE AND SUNSET
DECEMBER  9 2016......SUNRISE   742 AM EST   SUNSET   506 PM EST
DECEMBER 10 2016......SUNRISE   743 AM EST   SUNSET   506 PM EST


-  INDICATES NEGATIVE NUMBERS.
R  INDICATES RECORD WAS SET OR TIED.
MM INDICATES DATA IS MISSING.
T  INDICATES TRACE AMOUNT.




$$
