000
CDUS41 KILN 230540
CLICMH


CLIMATE REPORT
NATIONAL WEATHER SERVICE WILMINGTON OH
139 AM EDT SUN APR 23 2017


...................................

...THE COLUMBUS OH CLIMATE SUMMARY FOR APRIL 22 2017...

CLIMATE NORMAL PERIOD 1981 TO 2010
CLIMATE RECORD PERIOD 1869 TO 2017


WEATHER ITEM   OBSERVED TIME   RECORD YEAR NORMAL DEPARTURE LAST
                VALUE   (LST)  VALUE       VALUE  FROM      YEAR
                                                  NORMAL
..................................................................
TEMPERATURE (F)
 YESTERDAY
  MAXIMUM         57    234 PM  87    1985  66     -9       69
  MINIMUM         42   1159 PM  27    1978  45     -3       50
  AVERAGE         50                        55     -5       60

PRECIPITATION (IN)
  YESTERDAY        0.07          1.44 1887   0.11  -0.04     0.02
  MONTH TO DATE    1.54                      2.49  -0.95     1.99
  SINCE MAR 1      6.93                      5.51   1.42     6.26
  SINCE JAN 1     12.39                     10.49   1.90    10.67

SNOWFALL (IN)
  YESTERDAY        0.0           0.8  1893   0.0    0.0      0.0
  MONTH TO DATE    T                         1.0   -1.0      0.3
  SINCE MAR 1      1.7                       5.2   -3.5      2.6
  SINCE JUL 1      9.3                      26.6  -17.3     17.1
  SNOW DEPTH       0

DEGREE DAYS
 HEATING
  YESTERDAY       15                        10      5        5
  MONTH TO DATE  170                       300   -130      331
  SINCE MAR 1    843                      1016   -173      835
  SINCE JUL 1   4112                      5011   -899     4276

 COOLING
  YESTERDAY        0                         1     -1        0
  MONTH TO DATE   29                         4     25        1
  SINCE MAR 1     31                         4     27        1
  SINCE JAN 1     35                         4     31        1
..................................................................


WIND (MPH)
  RESULTANT WIND SPEED  12   RESULTANT WIND DIRECTION  NE (30)
  HIGHEST WIND SPEED    20   HIGHEST WIND DIRECTION     N (20)
  HIGHEST GUST SPEED    26   HIGHEST GUST DIRECTION     N (10)
  AVERAGE WIND SPEED    11.5


SKY COVER
  POSSIBLE SUNSHINE  MM
  AVERAGE SKY COVER 0.7


WEATHER CONDITIONS
 THE FOLLOWING WEATHER WAS RECORDED YESTERDAY.
  LIGHT RAIN


RELATIVE HUMIDITY (PERCENT)
 HIGHEST    82           400 AM
 LOWEST     50           600 PM
 AVERAGE    66

..........................................................


THE COLUMBUS OH CLIMATE NORMALS FOR TODAY
                         NORMAL    RECORD    YEAR
 MAXIMUM TEMPERATURE (F)   66        88      1960
 MINIMUM TEMPERATURE (F)   45        23      1986


SUNRISE AND SUNSET
APRIL 23 2017.........SUNRISE   642 AM EDT   SUNSET   818 PM EDT
APRIL 24 2017.........SUNRISE   640 AM EDT   SUNSET   819 PM EDT


-  INDICATES NEGATIVE NUMBERS.
R  INDICATES RECORD WAS SET OR TIED.
MM INDICATES DATA IS MISSING.
T  INDICATES TRACE AMOUNT.




$$
