270
CDUS41 KILN 210534
CLICMH


CLIMATE REPORT
NATIONAL WEATHER SERVICE WILMINGTON OH
1234 AM EST TUE NOV 21 2017


...................................

...THE COLUMBUS OH CLIMATE SUMMARY FOR NOVEMBER 20 2017...

CLIMATE NORMAL PERIOD 1981 TO 2010
CLIMATE RECORD PERIOD 1869 TO 2017


WEATHER ITEM   OBSERVED TIME   RECORD YEAR NORMAL DEPARTURE LAST
                VALUE   (LST)  VALUE       VALUE  FROM      YEAR
                                                  NORMAL
..................................................................
TEMPERATURE (F)
 YESTERDAY
  MAXIMUM         46    410 PM  74    1942  51     -5       35
                                      1931
  MINIMUM         26    628 AM  11    1914  35     -9       32
  AVERAGE         36                        43     -7       34

PRECIPITATION (IN)
  YESTERDAY        0.00          1.48 1906   0.12  -0.12      T
  MONTH TO DATE    4.53                      2.11   2.42     0.46
  SINCE SEP 1     10.68                      7.56   3.12     6.87
  SINCE JAN 1     44.71                     35.25   9.46    34.13

SNOWFALL (IN)
  YESTERDAY        0.0           0.9  1887   0.0    0.0       T
  MONTH TO DATE    0.0                       0.4   -0.4       T
  SINCE SEP 1      T                         0.6   -0.6       T
  SINCE JUL 1      T                         0.6   -0.6       T
  SNOW DEPTH       0

DEGREE DAYS
 HEATING
  YESTERDAY       29                        22      7       31
  MONTH TO DATE  414                       374     40      305
  SINCE SEP 1    695                       768    -73      537
  SINCE JUL 1    695                       768    -73      537

 COOLING
  YESTERDAY        0                         0      0        0
  MONTH TO DATE    2                         0      2        3
  SINCE SEP 1    186                       135     51      234
  SINCE JAN 1   1095                      1024     71     1327
..................................................................


WIND (MPH)
  RESULTANT WIND SPEED   7   RESULTANT WIND DIRECTION   S (200)
  HIGHEST WIND SPEED    18   HIGHEST WIND DIRECTION     S (180)
  HIGHEST GUST SPEED    22   HIGHEST GUST DIRECTION     S (180)
  AVERAGE WIND SPEED     8.4


SKY COVER
  POSSIBLE SUNSHINE  MM
  AVERAGE SKY COVER 0.4


WEATHER CONDITIONS
 THE FOLLOWING WEATHER WAS RECORDED YESTERDAY.
  NO SIGNIFICANT WEATHER WAS OBSERVED.


RELATIVE HUMIDITY (PERCENT)
 HIGHEST    92           500 AM
 LOWEST     45           400 PM
 AVERAGE    69

..........................................................


THE COLUMBUS OH CLIMATE NORMALS FOR TODAY
                         NORMAL    RECORD    YEAR
 MAXIMUM TEMPERATURE (F)   50        73      1934
 MINIMUM TEMPERATURE (F)   34         5      1880


SUNRISE AND SUNSET
NOVEMBER 21 2017......SUNRISE   724 AM EST   SUNSET   511 PM EST
NOVEMBER 22 2017......SUNRISE   725 AM EST   SUNSET   510 PM EST


-  INDICATES NEGATIVE NUMBERS.
R  INDICATES RECORD WAS SET OR TIED.
MM INDICATES DATA IS MISSING.
T  INDICATES TRACE AMOUNT.




$$
