000
CDUS41 KILN 130535
CLICMH


CLIMATE REPORT
NATIONAL WEATHER SERVICE WILMINGTON OH
135 AM EDT SUN JUL 13 2014


...................................

...THE COLUMBUS OH CLIMATE SUMMARY FOR JULY 12 2014...

CLIMATE NORMAL PERIOD 1981 TO 2010
CLIMATE RECORD PERIOD 1869 TO 2014


WEATHER ITEM   OBSERVED TIME   RECORD YEAR NORMAL DEPARTURE LAST
                VALUE   (LST)  VALUE       VALUE  FROM      YEAR
                                                  NORMAL
..................................................................
TEMPERATURE (F)
 YESTERDAY
  MAXIMUM         89    202 PM 103    1936  85      4       81
  MINIMUM         68    509 AM  51    1973  66      2       59
  AVERAGE         79                        75      4       70

PRECIPITATION (IN)
  YESTERDAY        0.00          2.31 1990   0.17  -0.17     0.00
  MONTH TO DATE    1.47                      1.85  -0.38     3.50
  SINCE JUN 1      6.76                      5.86   0.90     7.96
  SINCE JAN 1     23.61                     21.43   2.18    20.43

SNOWFALL (IN)
  YESTERDAY        0.0           0.0    MM   0.0    0.0      0.0
  MONTH TO DATE    0.0                       0.0    0.0      0.0
  SINCE JUN 1      0.0                       0.0    0.0      0.0
  SINCE JUL 1      0.0                       0.0    0.0      0.0
  SNOW DEPTH       0

DEGREE DAYS
 HEATING
  YESTERDAY        0                         0      0        0
  MONTH TO DATE    0                         0      0        0
  SINCE JUN 1      1                        19    -18        6
  SINCE JUL 1      0                         0      0        0

 COOLING
  YESTERDAY       14                        10      4        5
  MONTH TO DATE  111                       120     -9      125
  SINCE JUN 1    400                       336     64      363
  SINCE JAN 1    555                       418    137      524
..................................................................


WIND (MPH)
  RESULTANT WIND SPEED   3   RESULTANT WIND DIRECTION  SW (210)
  HIGHEST WIND SPEED    18   HIGHEST WIND DIRECTION    SW (220)
  HIGHEST GUST SPEED    23   HIGHEST GUST DIRECTION    SW (220)
  AVERAGE WIND SPEED     4.9


SKY COVER
  POSSIBLE SUNSHINE  MM
  AVERAGE SKY COVER 0.8


WEATHER CONDITIONS
 THE FOLLOWING WEATHER WAS RECORDED YESTERDAY.
  NO SIGNIFICANT WEATHER WAS OBSERVED.


RELATIVE HUMIDITY (PERCENT)
 HIGHEST    76           400 AM
 LOWEST     40           100 PM
 AVERAGE    58

..........................................................


THE COLUMBUS OH CLIMATE NORMALS FOR TODAY
                         NORMAL    RECORD    YEAR
 MAXIMUM TEMPERATURE (F)   85       101      1936
 MINIMUM TEMPERATURE (F)   66        50      1940


SUNRISE AND SUNSET
JULY 13 2014..........SUNRISE   614 AM EDT   SUNSET   900 PM EDT
JULY 14 2014..........SUNRISE   615 AM EDT   SUNSET   900 PM EDT


-  INDICATES NEGATIVE NUMBERS.
R  INDICATES RECORD WAS SET OR TIED.
MM INDICATES DATA IS MISSING.
T  INDICATES TRACE AMOUNT.




$$
