000
CDUS41 KILN 010527
CLICMH


CLIMATE REPORT
NATIONAL WEATHER SERVICE WILMINGTON OH
127 AM EDT SAT OCT 1 2016


...................................

...THE COLUMBUS OH CLIMATE SUMMARY FOR SEPTEMBER 30 2016...

CLIMATE NORMAL PERIOD 1981 TO 2010
CLIMATE RECORD PERIOD 1869 TO 2016


WEATHER ITEM   OBSERVED TIME   RECORD YEAR NORMAL DEPARTURE LAST
                VALUE   (LST)  VALUE       VALUE  FROM      YEAR
                                                  NORMAL
..................................................................
TEMPERATURE (F)
 YESTERDAY
  MAXIMUM         65    510 PM  92    1953  71     -6       64
  MINIMUM         60   1159 PM  31    1963  51      9       55
  AVERAGE         63                        61      2       60

PRECIPITATION (IN)
  YESTERDAY        1.39R         1.02 1959   0.09   1.30      T
  MONTH TO DATE    4.68                      2.84   1.84     3.21
  SINCE SEP 1      4.68                      2.84   1.84     3.21
  SINCE JAN 1     31.94                     30.53   1.41    35.07

SNOWFALL (IN)
  YESTERDAY        0.0                       0.0    0.0      0.0
  MONTH TO DATE    0.0                       0.0    0.0      0.0
  SINCE SEP 1      0.0                       0.0    0.0      0.0
  SINCE JUL 1      0.0                       0.0    0.0      0.0
  SNOW DEPTH       0

DEGREE DAYS
 HEATING
  YESTERDAY        2                         6     -4        5
  MONTH TO DATE   18                        69    -51       22
  SINCE SEP 1     18                        69    -51       22
  SINCE JUL 1     18                        69    -51       27

 COOLING
  YESTERDAY        0                         2     -2        0
  MONTH TO DATE  188                       122     66      166
  SINCE SEP 1    188                       122     66      166
  SINCE JAN 1   1281                      1011    270     1022
..................................................................


WIND (MPH)
  RESULTANT WIND SPEED   7   RESULTANT WIND DIRECTION   E (90)
  HIGHEST WIND SPEED    24   HIGHEST WIND DIRECTION    NE (50)
  HIGHEST GUST SPEED    30   HIGHEST GUST DIRECTION    NE (50)
  AVERAGE WIND SPEED     6.8


SKY COVER
  POSSIBLE SUNSHINE  MM
  AVERAGE SKY COVER 0.9


WEATHER CONDITIONS
 THE FOLLOWING WEATHER WAS RECORDED YESTERDAY.
  THUNDERSTORM
  HEAVY RAIN
  RAIN
  LIGHT RAIN
  FOG


RELATIVE HUMIDITY (PERCENT)
 HIGHEST   100           800 PM
 LOWEST     93           300 AM
 AVERAGE    97

..........................................................


THE COLUMBUS OH CLIMATE NORMALS FOR TODAY
                         NORMAL    RECORD    YEAR
 MAXIMUM TEMPERATURE (F)   71        89      1952
 MINIMUM TEMPERATURE (F)   50        30      1899


SUNRISE AND SUNSET
OCTOBER  1 2016.......SUNRISE   728 AM EDT   SUNSET   713 PM EDT
OCTOBER  2 2016.......SUNRISE   729 AM EDT   SUNSET   711 PM EDT


-  INDICATES NEGATIVE NUMBERS.
R  INDICATES RECORD WAS SET OR TIED.
MM INDICATES DATA IS MISSING.
T  INDICATES TRACE AMOUNT.




$$
