000
CDUS41 KILN 300546
CLICMH


CLIMATE REPORT
NATIONAL WEATHER SERVICE WILMINGTON OH
146 AM EDT MON MAY 30 2016


...................................

...THE COLUMBUS OH CLIMATE SUMMARY FOR MAY 29 2016...

CLIMATE NORMAL PERIOD 1981 TO 2010
CLIMATE RECORD PERIOD 1869 TO 2016


WEATHER ITEM   OBSERVED TIME   RECORD YEAR NORMAL DEPARTURE LAST
                VALUE   (LST)  VALUE       VALUE  FROM      YEAR
                                                  NORMAL
..................................................................
TEMPERATURE (F)
 YESTERDAY
  MAXIMUM         84    451 PM  94    1914  77      7       84
  MINIMUM         65   1017 PM  38    1949  56      9       67
  AVERAGE         75                        66      9       76

PRECIPITATION (IN)
  YESTERDAY        0.17          2.12 1982   0.15   0.02     0.00
  MONTH TO DATE    2.74                      3.87  -1.13     3.16
  SINCE MAR 1      9.32                     10.29  -0.97    11.17
  SINCE JAN 1     13.73                     15.27  -1.54    15.74

SNOWFALL (IN)
  YESTERDAY        0.0           0.0    MM   0.0    0.0      0.0
  MONTH TO DATE    0.0                       0.0    0.0      0.0
  SINCE MAR 1      2.6                       5.3   -2.7      5.4
  SINCE JUL 1     17.1                      26.7   -9.6     33.4
  SNOW DEPTH       0

DEGREE DAYS
 HEATING
  YESTERDAY        0                         2     -2        0
  MONTH TO DATE  202                       141     61       85
  SINCE MAR 1   1106                      1228   -122     1264
  SINCE JUL 1   4547                      5223   -676     5818

 COOLING
  YESTERDAY       10                         4      6       11
  MONTH TO DATE   47                        62    -15      141
  SINCE MAR 1     48                        74    -26      141
  SINCE JAN 1     48                        74    -26      141
..................................................................


WIND (MPH)
  RESULTANT WIND SPEED   4   RESULTANT WIND DIRECTION   S (190)
  HIGHEST WIND SPEED    16   HIGHEST WIND DIRECTION    SW (240)
  HIGHEST GUST SPEED    20   HIGHEST GUST DIRECTION    SW (240)
  AVERAGE WIND SPEED     5.7


SKY COVER
  POSSIBLE SUNSHINE  MM
  AVERAGE SKY COVER 0.8


WEATHER CONDITIONS
 THE FOLLOWING WEATHER WAS RECORDED YESTERDAY.
  THUNDERSTORM
  RAIN
  LIGHT RAIN
  FOG


RELATIVE HUMIDITY (PERCENT)
 HIGHEST   100           100 AM
 LOWEST     47           300 PM
 AVERAGE    74

..........................................................


THE COLUMBUS OH CLIMATE NORMALS FOR TODAY
                         NORMAL    RECORD    YEAR
 MAXIMUM TEMPERATURE (F)   77        95      1895
 MINIMUM TEMPERATURE (F)   57        36      1984
                                             1961


SUNRISE AND SUNSET
MAY 30 2016...........SUNRISE   605 AM EDT   SUNSET   853 PM EDT
MAY 31 2016...........SUNRISE   605 AM EDT   SUNSET   854 PM EDT


-  INDICATES NEGATIVE NUMBERS.
R  INDICATES RECORD WAS SET OR TIED.
MM INDICATES DATA IS MISSING.
T  INDICATES TRACE AMOUNT.




$$
