000
CDUS41 KILN 250541
CLICMH


CLIMATE REPORT
NATIONAL WEATHER SERVICE WILMINGTON OH
135 AM EDT SAT MAR 25 2017


...................................

...THE COLUMBUS OH CLIMATE SUMMARY FOR MARCH 24 2017...

CLIMATE NORMAL PERIOD 1981 TO 2010
CLIMATE RECORD PERIOD 1869 TO 2017


WEATHER ITEM   OBSERVED TIME   RECORD YEAR NORMAL DEPARTURE LAST
                VALUE   (LST)  VALUE       VALUE  FROM      YEAR
                                                  NORMAL
..................................................................
TEMPERATURE (F)
 YESTERDAY
  MAXIMUM         76    359 PM  84    1910  55     21       71
  MINIMUM         49    424 AM  11    1974  35     14       51
  AVERAGE         63                        45     18       61

PRECIPITATION (IN)
  YESTERDAY        T             2.14 1913   0.10  -0.10     0.71
  MONTH TO DATE    2.72                      2.24   0.48     3.38
  SINCE MAR 1      2.72                      2.24   0.48     3.38
  SINCE JAN 1      8.18                      7.22   0.96     7.79

SNOWFALL (IN)
  YESTERDAY        0.0           3.0  1912   0.1   -0.1      0.0
  MONTH TO DATE    1.7                       3.7   -2.0      2.3
  SINCE MAR 1      1.7                       3.7   -2.0      2.3
  SINCE JUL 1      9.3                      25.1  -15.8     16.8
  SNOW DEPTH       0

DEGREE DAYS
 HEATING
  YESTERDAY        2                        20    -18        4
  MONTH TO DATE  621                       585     36      411
  SINCE MAR 1    621                       585     36      411
  SINCE JUL 1   3890                      4580   -690     3852

 COOLING
  YESTERDAY        0                         0      0        0
  MONTH TO DATE    0                         0      0        0
  SINCE MAR 1      0                         0      0        0
  SINCE JAN 1      4                         0      4        0
..................................................................


WIND (MPH)
  RESULTANT WIND SPEED  11   RESULTANT WIND DIRECTION  SW (210)
  HIGHEST WIND SPEED    26   HIGHEST WIND DIRECTION    SW (220)
  HIGHEST GUST SPEED    33   HIGHEST GUST DIRECTION    SW (230)
  AVERAGE WIND SPEED    11.5


SKY COVER
  POSSIBLE SUNSHINE  MM
  AVERAGE SKY COVER 0.8


WEATHER CONDITIONS
 THE FOLLOWING WEATHER WAS RECORDED YESTERDAY.
  LIGHT RAIN


RELATIVE HUMIDITY (PERCENT)
 HIGHEST    67          1000 PM
 LOWEST     30          1200 AM
 AVERAGE    49

..........................................................


THE COLUMBUS OH CLIMATE NORMALS FOR TODAY
                         NORMAL    RECORD    YEAR
 MAXIMUM TEMPERATURE (F)   55        84      1929
 MINIMUM TEMPERATURE (F)   36         5      1974


SUNRISE AND SUNSET
MARCH 25 2017.........SUNRISE   726 AM EDT   SUNSET   749 PM EDT
MARCH 26 2017.........SUNRISE   725 AM EDT   SUNSET   750 PM EDT


-  INDICATES NEGATIVE NUMBERS.
R  INDICATES RECORD WAS SET OR TIED.
MM INDICATES DATA IS MISSING.
T  INDICATES TRACE AMOUNT.




$$
