000
CDUS43 KILX 212144
CLICMI


CLIMATE REPORT
NATIONAL WEATHER SERVICE LINCOLN IL
443 PM CDT FRI JUL 21 2017


...................................

...THE CHAMPAIGN IL AIRPORT CLIMATE SUMMARY FOR JULY 21 2017...
VALID TODAY AS OF 0400 PM LOCAL TIME.

CLIMATE NORMAL PERIOD 1981 TO 2010
CLIMATE RECORD PERIOD 9999 TO 9999


WEATHER ITEM   OBSERVED TIME   RECORD YEAR NORMAL DEPARTURE LAST
                VALUE   (LST)  VALUE       VALUE  FROM      YEAR
                                                  NORMAL
..................................................................
TEMPERATURE (F)
 TODAY
  MAXIMUM         92    228 PM  MM      MM  84      8       90
  MINIMUM         73    607 AM  MM      MM  64      9       72
  AVERAGE         83                        74      9       81

PRECIPITATION (IN)
  TODAY            0.00         MM      MM   0.16  -0.16     0.10
  MONTH TO DATE    2.30                      3.04  -0.74     2.43
  SINCE JUN 1      3.86                      7.21  -3.35     7.62
  SINCE JAN 1     19.98                     22.37  -2.39    18.13

DEGREE DAYS
 HEATING
  TODAY            0                         0      0        0
  MONTH TO DATE    0                         0      0        8
  SINCE JUN 1      3                        17    -14       10
  SINCE JUL 1      0                         0      0        8

 COOLING
  TODAY           18                         9      9       16
  MONTH TO DATE  243                       198     45      193
  SINCE JUN 1    515                       421     94      483
  SINCE JAN 1    614                       513    101      583
..................................................................


WIND (MPH)
  HIGHEST WIND SPEED    15   HIGHEST WIND DIRECTION     N (20)
  HIGHEST GUST SPEED    22   HIGHEST GUST DIRECTION     N (360)
  AVERAGE WIND SPEED     4.6


SKY COVER
  POSSIBLE SUNSHINE  MM
  AVERAGE SKY COVER 0.3


WEATHER CONDITIONS
 THE FOLLOWING WEATHER WAS RECORDED TODAY.
  NO SIGNIFICANT WEATHER WAS OBSERVED.


RELATIVE HUMIDITY (PERCENT)
 HIGHEST    87           600 AM
 LOWEST     65          1000 AM
 AVERAGE    76

..........................................................


THE CHAMPAIGN IL AIRPORT CLIMATE NORMALS FOR TOMORROW
                         NORMAL    RECORD    YEAR
 MAXIMUM TEMPERATURE (F)   84        MM        MM
 MINIMUM TEMPERATURE (F)   64        MM        MM


SUNRISE AND SUNSET
JULY 21 2017..........SUNRISE   542 AM CDT   SUNSET   817 PM CDT
JULY 22 2017..........SUNRISE   543 AM CDT   SUNSET   816 PM CDT


-  INDICATES NEGATIVE NUMBERS.
R  INDICATES RECORD WAS SET OR TIED.
MM INDICATES DATA IS MISSING.
T  INDICATES TRACE AMOUNT.




$$
