321
CDUS43 KILX 240644
CLICMI


CLIMATE REPORT
NATIONAL WEATHER SERVICE LINCOLN IL
1242 AM CST FRI NOV 24 2017


...................................

...THE CHAMPAIGN IL AIRPORT CLIMATE SUMMARY FOR NOVEMBER 23 2017...

CLIMATE NORMAL PERIOD 1981 TO 2010
CLIMATE RECORD PERIOD 9999 TO 9999


WEATHER ITEM   OBSERVED TIME   RECORD YEAR NORMAL DEPARTURE LAST
                VALUE   (LST)  VALUE       VALUE  FROM      YEAR
                                                  NORMAL
..................................................................
TEMPERATURE (F)
 YESTERDAY
  MAXIMUM         50    243 PM  MM      MM  47      3       48
  MINIMUM         28    346 AM  MM      MM  29     -1       39
  AVERAGE         39                        38      1       44

PRECIPITATION (IN)
  YESTERDAY        0.00         MM      MM   0.12  -0.12     0.49
  MONTH TO DATE    2.30                      2.68  -0.38     1.91
  SINCE SEP 1      9.43                      9.10   0.33    10.17
  SINCE JAN 1     31.53                     36.38  -4.85    34.67

DEGREE DAYS
 HEATING
  YESTERDAY       26                        27     -1       21
  MONTH TO DATE  523                       499     24      375
  SINCE SEP 1    811                       951   -140      567
  SINCE JUL 1    815                       960   -145      575

 COOLING
  YESTERDAY        0                         0      0        0
  MONTH TO DATE    0                         0      0       11
  SINCE SEP 1    238                       117    121      263
  SINCE JAN 1   1126                       944    182     1284
..................................................................


WIND (MPH)
  HIGHEST WIND SPEED    18   HIGHEST WIND DIRECTION     S (200)
  HIGHEST GUST SPEED    22   HIGHEST GUST DIRECTION     S (190)
  AVERAGE WIND SPEED    10.8


SKY COVER
  POSSIBLE SUNSHINE  MM
  AVERAGE SKY COVER 0.3


WEATHER CONDITIONS
 THE FOLLOWING WEATHER WAS RECORDED YESTERDAY.
  NO SIGNIFICANT WEATHER WAS OBSERVED.


RELATIVE HUMIDITY (PERCENT)
 HIGHEST    82           700 PM
 LOWEST     39           200 PM
 AVERAGE    61

..........................................................


THE CHAMPAIGN IL AIRPORT CLIMATE NORMALS FOR TODAY
                         NORMAL    RECORD    YEAR
 MAXIMUM TEMPERATURE (F)   46        MM        MM
 MINIMUM TEMPERATURE (F)   29        MM        MM


SUNRISE AND SUNSET
NOVEMBER 24 2017......SUNRISE   649 AM CST   SUNSET   431 PM CST
NOVEMBER 25 2017......SUNRISE   650 AM CST   SUNSET   430 PM CST


-  INDICATES NEGATIVE NUMBERS.
R  INDICATES RECORD WAS SET OR TIED.
MM INDICATES DATA IS MISSING.
T  INDICATES TRACE AMOUNT.




$$
