000
CDUS43 KILX 300636
CLICMI


CLIMATE REPORT
NATIONAL WEATHER SERVICE LINCOLN IL
135 AM CDT SAT MAY 30 2015


...................................

...THE CHAMPAIGN IL AIRPORT CLIMATE SUMMARY FOR MAY 29 2015...

CLIMATE NORMAL PERIOD 1981 TO 2010
CLIMATE RECORD PERIOD 9999 TO 9999


WEATHER ITEM   OBSERVED TIME   RECORD YEAR NORMAL DEPARTURE LAST
                VALUE   (LST)  VALUE       VALUE  FROM      YEAR
                                                  NORMAL
..................................................................
TEMPERATURE (F)
 YESTERDAY
  MAXIMUM         87    208 PM  MM      MM  80      7       85
  MINIMUM         66    349 AM  MM      MM  55     11       64
  AVERAGE         77                        68      9       75

PRECIPITATION (IN)
  YESTERDAY        T            MM      MM   0.14  -0.14     0.70
  MONTH TO DATE    3.00                      4.27  -1.27     6.64
  SINCE MAR 1      7.15                     10.81  -3.66    11.79
  SINCE JAN 1      8.82                     14.88  -6.06    14.54

DEGREE DAYS
 HEATING
  YESTERDAY        0                         2     -2        0
  MONTH TO DATE   77                       137    -60      134
  SINCE MAR 1   1278                      1299    -21     1405
  SINCE JUL 1   6154                      5801    353     6486

 COOLING
  YESTERDAY       12                         4      8       10
  MONTH TO DATE  151                        72     79      126
  SINCE MAR 1    154                        83     71      129
  SINCE JAN 1    154                        83     71      129
..................................................................


WIND (MPH)
  HIGHEST WIND SPEED    25   HIGHEST WIND DIRECTION     S (190)
  HIGHEST GUST SPEED    31   HIGHEST GUST DIRECTION     S (180)
  AVERAGE WIND SPEED    12.0


SKY COVER
  POSSIBLE SUNSHINE  MM
  AVERAGE SKY COVER 0.4


WEATHER CONDITIONS
 THE FOLLOWING WEATHER WAS RECORDED YESTERDAY.
  LIGHT RAIN
  FOG


RELATIVE HUMIDITY (PERCENT)
 HIGHEST    93           400 AM
 LOWEST     45           200 PM
 AVERAGE    69

..........................................................


THE CHAMPAIGN IL AIRPORT CLIMATE NORMALS FOR TODAY
                         NORMAL    RECORD    YEAR
 MAXIMUM TEMPERATURE (F)   80        MM        MM
 MINIMUM TEMPERATURE (F)   56        MM        MM


SUNRISE AND SUNSET
MAY 30 2015...........SUNRISE   527 AM CDT   SUNSET   814 PM CDT
MAY 31 2015...........SUNRISE   527 AM CDT   SUNSET   815 PM CDT


-  INDICATES NEGATIVE NUMBERS.
R  INDICATES RECORD WAS SET OR TIED.
MM INDICATES DATA IS MISSING.
T  INDICATES TRACE AMOUNT.




$$
