000
CDUS43 KILX 182129
CLICMI


CLIMATE REPORT
NATIONAL WEATHER SERVICE LINCOLN IL
429 PM CDT THU SEP 18 2014


...................................

...THE CHAMPAIGN IL AIRPORT CLIMATE SUMMARY FOR SEPTEMBER 18 2014...
VALID TODAY AS OF 0400 PM LOCAL TIME.

CLIMATE NORMAL PERIOD 1981 TO 2010
CLIMATE RECORD PERIOD 9999 TO 9999


WEATHER ITEM   OBSERVED TIME   RECORD YEAR NORMAL DEPARTURE LAST
                VALUE   (LST)  VALUE       VALUE  FROM      YEAR
                                                  NORMAL
..................................................................
TEMPERATURE (F)
 TODAY
  MAXIMUM         73    259 PM  MM      MM  78     -5       87
  MINIMUM         48    541 AM  MM      MM  52     -4       60
  AVERAGE         61                        65     -4       74

PRECIPITATION (IN)
  TODAY            0.00         MM      MM   0.09  -0.09     0.00
  MONTH TO DATE    2.61                      2.09   0.52     0.07
  SINCE SEP 1      2.61                      2.09   0.52     0.07
  SINCE JAN 1     31.18                     29.37   1.81    24.28

DEGREE DAYS
 HEATING
  TODAY            4                         3      1        0
  MONTH TO DATE   63                        23     40       14
  SINCE SEP 1     63                        23     40       14
  SINCE JUL 1     72                        32     40       29

 COOLING
  TODAY            0                         3     -3        9
  MONTH TO DATE   68                        75     -7      134
  SINCE SEP 1     68                        75     -7      134
  SINCE JAN 1    924                       902     22      987
..................................................................


WIND (MPH)
  HIGHEST WIND SPEED    15   HIGHEST WIND DIRECTION    NE (30)
  HIGHEST GUST SPEED    20   HIGHEST GUST DIRECTION    NE (50)
  AVERAGE WIND SPEED     7.0


SKY COVER
  POSSIBLE SUNSHINE  MM
  AVERAGE SKY COVER 0.1


WEATHER CONDITIONS
 THE FOLLOWING WEATHER WAS RECORDED TODAY.
  FOG


RELATIVE HUMIDITY (PERCENT)
 HIGHEST    96           200 AM
 LOWEST     38           200 PM
 AVERAGE    67

..........................................................


THE CHAMPAIGN IL AIRPORT CLIMATE NORMALS FOR TOMORROW
                         NORMAL    RECORD    YEAR
 MAXIMUM TEMPERATURE (F)   77        MM        MM
 MINIMUM TEMPERATURE (F)   52        MM        MM


SUNRISE AND SUNSET
SEPTEMBER 18 2014.....SUNRISE   637 AM CDT   SUNSET   657 PM CDT
SEPTEMBER 19 2014.....SUNRISE   638 AM CDT   SUNSET   655 PM CDT


-  INDICATES NEGATIVE NUMBERS.
R  INDICATES RECORD WAS SET OR TIED.
MM INDICATES DATA IS MISSING.
T  INDICATES TRACE AMOUNT.




$$
