000
CDUS43 KILX 280647
CLICMI


CLIMATE REPORT
NATIONAL WEATHER SERVICE LINCOLN IL
146 AM CDT SUN AUG 28 2016


...................................

...THE CHAMPAIGN IL AIRPORT CLIMATE SUMMARY FOR AUGUST 27 2016...

CLIMATE NORMAL PERIOD 1981 TO 2010
CLIMATE RECORD PERIOD 9999 TO 9999


WEATHER ITEM   OBSERVED TIME   RECORD YEAR NORMAL DEPARTURE LAST
                VALUE   (LST)  VALUE       VALUE  FROM      YEAR
                                                  NORMAL
..................................................................
TEMPERATURE (F)
 YESTERDAY
  MAXIMUM         85    317 PM  MM      MM  83      2       79
  MINIMUM         70   1038 PM  MM      MM  60     10       53
  AVERAGE         78                        71      7       66

PRECIPITATION (IN)
  YESTERDAY        0.05         MM      MM   0.14  -0.09     0.00
  MONTH TO DATE    3.99                      3.05   0.94     2.64
  SINCE JUN 1     13.99                     11.56   2.43    13.78
  SINCE JAN 1     24.50                     26.72  -2.22    25.19

DEGREE DAYS
 HEATING
  YESTERDAY        0                         0      0        0
  MONTH TO DATE    0                         0      0        5
  SINCE JUN 1     10                        19     -9       12
  SINCE JUL 1      8                         2      6        6

 COOLING
  YESTERDAY       13                         7      6        1
  MONTH TO DATE  276                       206     70      180
  SINCE JUN 1    874                       711    163      677
  SINCE JAN 1    974                       803    171      831
..................................................................


WIND (MPH)
  HIGHEST WIND SPEED    25   HIGHEST WIND DIRECTION     S (190)
  HIGHEST GUST SPEED    32   HIGHEST GUST DIRECTION     S (200)
  AVERAGE WIND SPEED     6.5


SKY COVER
  POSSIBLE SUNSHINE  MM
  AVERAGE SKY COVER 0.4


WEATHER CONDITIONS
 THE FOLLOWING WEATHER WAS RECORDED YESTERDAY.
  THUNDERSTORM
  RAIN
  LIGHT RAIN
  FOG


RELATIVE HUMIDITY (PERCENT)
 HIGHEST    97           600 AM
 LOWEST     70          1200 PM
 AVERAGE    84

..........................................................


THE CHAMPAIGN IL AIRPORT CLIMATE NORMALS FOR TODAY
                         NORMAL    RECORD    YEAR
 MAXIMUM TEMPERATURE (F)   83        MM        MM
 MINIMUM TEMPERATURE (F)   60        MM        MM


SUNRISE AND SUNSET
AUGUST 28 2016........SUNRISE   618 AM CDT   SUNSET   730 PM CDT
AUGUST 29 2016........SUNRISE   618 AM CDT   SUNSET   729 PM CDT


-  INDICATES NEGATIVE NUMBERS.
R  INDICATES RECORD WAS SET OR TIED.
MM INDICATES DATA IS MISSING.
T  INDICATES TRACE AMOUNT.




$$
