000
CDUS43 KILX 210708
CLICMI


CLIMATE REPORT
NATIONAL WEATHER SERVICE LINCOLN IL
103 AM CST WED FEB 21 2018


...................................

...THE CHAMPAIGN IL AIRPORT CLIMATE SUMMARY FOR FEBRUARY 20 2018...

CLIMATE NORMAL PERIOD 1981 TO 2010
CLIMATE RECORD PERIOD 9999 TO 9999


WEATHER ITEM   OBSERVED TIME   RECORD YEAR NORMAL DEPARTURE LAST
                VALUE   (LST)  VALUE       VALUE  FROM      YEAR
                                                  NORMAL
..................................................................
TEMPERATURE (F)
 YESTERDAY
  MAXIMUM         65    304 PM  MM      MM  39     26       72
  MINIMUM         35   1159 PM  MM      MM  23     12       44
  AVERAGE         50                        31     19       58

PRECIPITATION (IN)
  YESTERDAY        2.97         MM      MM   0.07   2.90     0.00
  MONTH TO DATE    5.03                      1.45   3.58     0.19
  SINCE DEC 1      6.10                      6.02   0.08     3.78
  SINCE JAN 1      5.87                      3.50   2.37     2.63

DEGREE DAYS
 HEATING
  YESTERDAY       15                        34    -19        7
  MONTH TO DATE  746                       736     10      537
  SINCE DEC 1   3113                      3082     31     2649
  SINCE JUL 1   4064                      4246   -182     3382

 COOLING
  YESTERDAY        0                         0      0        0
  MONTH TO DATE    0                         0      0        0
  SINCE DEC 1      0                         0      0        0
  SINCE JAN 1      0                         0      0        0
..................................................................


WIND (MPH)
  HIGHEST WIND SPEED    38   HIGHEST WIND DIRECTION     S (190)
  HIGHEST GUST SPEED    45   HIGHEST GUST DIRECTION     S (180)
  AVERAGE WIND SPEED    20.3


SKY COVER
  POSSIBLE SUNSHINE  MM
  AVERAGE SKY COVER 0.9


WEATHER CONDITIONS
 THE FOLLOWING WEATHER WAS RECORDED YESTERDAY.
  THUNDERSTORM
  HEAVY RAIN
  RAIN
  LIGHT RAIN
  FOG


RELATIVE HUMIDITY (PERCENT)
 HIGHEST   100           400 PM
 LOWEST     84           400 AM
 AVERAGE    92

..........................................................


THE CHAMPAIGN IL AIRPORT CLIMATE NORMALS FOR TODAY
                         NORMAL    RECORD    YEAR
 MAXIMUM TEMPERATURE (F)   40        MM        MM
 MINIMUM TEMPERATURE (F)   23        MM        MM


SUNRISE AND SUNSET
FEBRUARY 21 2018......SUNRISE   638 AM CST   SUNSET   536 PM CST
FEBRUARY 22 2018......SUNRISE   637 AM CST   SUNSET   537 PM CST


-  INDICATES NEGATIVE NUMBERS.
R  INDICATES RECORD WAS SET OR TIED.
MM INDICATES DATA IS MISSING.
T  INDICATES TRACE AMOUNT.




$$
