000
CDUS43 KILX 250636
CLICMI


CLIMATE REPORT
NATIONAL WEATHER SERVICE LINCOLN IL
136 AM CDT THU MAY 25 2017


...................................

...THE CHAMPAIGN IL AIRPORT CLIMATE SUMMARY FOR MAY 24 2017...

CLIMATE NORMAL PERIOD 1981 TO 2010
CLIMATE RECORD PERIOD 9999 TO 9999


WEATHER ITEM   OBSERVED TIME   RECORD YEAR NORMAL DEPARTURE LAST
                VALUE   (LST)  VALUE       VALUE  FROM      YEAR
                                                  NORMAL
..................................................................
TEMPERATURE (F)
 YESTERDAY
  MAXIMUM         62    433 PM  MM      MM  78    -16       88
  MINIMUM         57   1026 AM  MM      MM  54      3       54
  AVERAGE         60                        66     -6       71

PRECIPITATION (IN)
  YESTERDAY        0.33         MM      MM   0.14   0.19     0.00
  MONTH TO DATE    5.34                      3.59   1.75     1.78
  SINCE MAR 1     13.23                     10.13   3.10     8.10
  SINCE JAN 1     15.97                     14.20   1.77     9.76

DEGREE DAYS
 HEATING
  YESTERDAY        5                         3      2        0
  MONTH TO DATE  144                       126     18      153
  SINCE MAR 1   1049                      1288   -239     1072
  SINCE JUL 1   4568                      5790  -1222     4759

 COOLING
  YESTERDAY        0                         4     -4        6
  MONTH TO DATE   54                        52      2       18
  SINCE MAR 1     78                        63     15       32
  SINCE JAN 1     78                        63     15       32
..................................................................


WIND (MPH)
  HIGHEST WIND SPEED    18   HIGHEST WIND DIRECTION     N (350)
  HIGHEST GUST SPEED    23   HIGHEST GUST DIRECTION     N (350)
  AVERAGE WIND SPEED    11.1


SKY COVER
  POSSIBLE SUNSHINE  MM
  AVERAGE SKY COVER 1.0


WEATHER CONDITIONS
 THE FOLLOWING WEATHER WAS RECORDED YESTERDAY.
  RAIN
  LIGHT RAIN
  FOG
  HAZE


RELATIVE HUMIDITY (PERCENT)
 HIGHEST    93          1200 AM
 LOWEST     78           600 PM
 AVERAGE    86

..........................................................


THE CHAMPAIGN IL AIRPORT CLIMATE NORMALS FOR TODAY
                         NORMAL    RECORD    YEAR
 MAXIMUM TEMPERATURE (F)   78        MM        MM
 MINIMUM TEMPERATURE (F)   54        MM        MM


SUNRISE AND SUNSET
MAY 25 2017...........SUNRISE   530 AM CDT   SUNSET   811 PM CDT
MAY 26 2017...........SUNRISE   529 AM CDT   SUNSET   812 PM CDT


-  INDICATES NEGATIVE NUMBERS.
R  INDICATES RECORD WAS SET OR TIED.
MM INDICATES DATA IS MISSING.
T  INDICATES TRACE AMOUNT.




$$
