136
CDUS43 KICT 240631
CLICNU

CLIMATE REPORT
NATIONAL WEATHER SERVICE WICHITA KS
129 AM CDT FRI MAR 24 2017

...................................

...THE CHANUTE KS CLIMATE SUMMARY FOR MARCH 23 2017...

CLIMATE NORMAL PERIOD 1981 TO 2010
CLIMATE RECORD PERIOD 1894 TO 2017


WEATHER ITEM   OBSERVED TIME   RECORD YEAR NORMAL DEPARTURE LAST
                VALUE   (LST)  VALUE       VALUE  FROM      YEAR
                                                  NORMAL
..................................................................
TEMPERATURE (F)
 YESTERDAY
  MAXIMUM         79    241 PM  94    1910  61     18       80
  MINIMUM         54    552 AM  13    1974  38     16       49
  AVERAGE         67                        49     18       65

PRECIPITATION (IN)
  YESTERDAY        0.00          1.62 1958   0.10  -0.10     0.00
  MONTH TO DATE    0.26                      2.17  -1.91     0.60
  SINCE MAR 1      0.26                      2.17  -1.91     0.60
  SINCE JAN 1      2.41                      5.33  -2.92     1.68

DEGREE DAYS
 HEATING
  YESTERDAY        0                        16    -16        0
  MONTH TO DATE  328                       444   -116      280
  SINCE MAR 1    328                       444   -116      280
  SINCE JUL 1   3096                      4016   -920     3245

 COOLING
  YESTERDAY        2                         0      2        0
  MONTH TO DATE   17                         0     17        0
  SINCE MAR 1     17                         0     17        0
  SINCE JAN 1     20                         0     20        0
..................................................................


WIND (MPH)
  HIGHEST WIND SPEED    31   HIGHEST WIND DIRECTION     S (170)
  HIGHEST GUST SPEED    40   HIGHEST GUST DIRECTION     S (170)
  AVERAGE WIND SPEED    19.2


SKY COVER
  POSSIBLE SUNSHINE  MM
  AVERAGE SKY COVER 0.4


WEATHER CONDITIONS
 THE FOLLOWING WEATHER WAS RECORDED YESTERDAY.
  NO SIGNIFICANT WEATHER WAS OBSERVED.


RELATIVE HUMIDITY (PERCENT)
 HIGHEST    71           600 AM
 LOWEST     32           300 PM
 AVERAGE    52

..........................................................


THE CHANUTE KS CLIMATE NORMALS FOR TODAY
                         NORMAL    RECORD    YEAR
 MAXIMUM TEMPERATURE (F)   61        92      1910
 MINIMUM TEMPERATURE (F)   39         9      1974


SUNRISE AND SUNSET
MARCH 24 2017.........SUNRISE   719 AM CDT   SUNSET   738 PM CDT
MARCH 25 2017.........SUNRISE   717 AM CDT   SUNSET   739 PM CDT


-  INDICATES NEGATIVE NUMBERS.
R  INDICATES RECORD WAS SET OR TIED.
MM INDICATES DATA IS MISSING.
T  INDICATES TRACE AMOUNT.

$$
