000
CDUS43 KICT 310649
CLICNU

CLIMATE REPORT
NATIONAL WEATHER SERVICE WICHITA KS
147 AM CDT FRI JUL 31 2015

...................................

...THE CHANUTE KS CLIMATE SUMMARY FOR JULY 30 2015...

CLIMATE NORMAL PERIOD 1981 TO 2010
CLIMATE RECORD PERIOD 1894 TO 2015


WEATHER ITEM   OBSERVED TIME   RECORD YEAR NORMAL DEPARTURE LAST
                VALUE   (LST)  VALUE       VALUE  FROM      YEAR
                                                  NORMAL
..................................................................
TEMPERATURE (F)
 YESTERDAY
  MAXIMUM         86   1142 AM 108    1986  91     -5       72
  MINIMUM         68   1159 PM  54    1971  69     -1       60
  AVERAGE         77                        80     -3       66

PRECIPITATION (IN)
  YESTERDAY        0.00          2.48 1979   0.12  -0.12     0.09
  MONTH TO DATE    4.80                      4.25   0.55     1.61
  SINCE JUN 1      7.17                     10.28  -3.11     9.66
  SINCE JAN 1     25.14                     26.68  -1.54    19.12

DEGREE DAYS
 HEATING
  YESTERDAY        0                         0      0        0
  MONTH TO DATE    0                         0      0        1
  SINCE JUN 1      0                         6     -6        1
  SINCE JUL 1      0                         0      0        1

 COOLING
  YESTERDAY       12                        15     -3        1
  MONTH TO DATE  472                       437     35      304
  SINCE JUN 1    863                       729    134      602
  SINCE JAN 1    972                       862    110      794
..................................................................


WIND (MPH)
  HIGHEST WIND SPEED    12   HIGHEST WIND DIRECTION     W (290)
  HIGHEST GUST SPEED    20   HIGHEST GUST DIRECTION     E (90)
  AVERAGE WIND SPEED     5.2


SKY COVER
  POSSIBLE SUNSHINE  MM
  AVERAGE SKY COVER 0.2


WEATHER CONDITIONS
 THE FOLLOWING WEATHER WAS RECORDED YESTERDAY.
  NO SIGNIFICANT WEATHER WAS OBSERVED.


RELATIVE HUMIDITY (PERCENT)
 HIGHEST    79           400 AM
 LOWEST     43           100 PM
 AVERAGE    61

..........................................................


THE CHANUTE KS CLIMATE NORMALS FOR TODAY
                         NORMAL    RECORD    YEAR
 MAXIMUM TEMPERATURE (F)   91       107      1934
 MINIMUM TEMPERATURE (F)   69        50      1971


SUNRISE AND SUNSET
JULY 31 2015..........SUNRISE   625 AM CDT   SUNSET   831 PM CDT
AUGUST  1 2015........SUNRISE   626 AM CDT   SUNSET   830 PM CDT


-  INDICATES NEGATIVE NUMBERS.
R  INDICATES RECORD WAS SET OR TIED.
MM INDICATES DATA IS MISSING.
T  INDICATES TRACE AMOUNT.

$$
