103
CDUS43 KICT 220645
CLICNU

CLIMATE REPORT
NATIONAL WEATHER SERVICE WICHITA KS
1244 AM CST MON JAN 22 2018

...................................

...THE CHANUTE KS CLIMATE SUMMARY FOR JANUARY 21 2018...

CLIMATE NORMAL PERIOD 1981 TO 2010
CLIMATE RECORD PERIOD 1894 TO 2018


WEATHER ITEM   OBSERVED TIME   RECORD YEAR NORMAL DEPARTURE LAST
                VALUE   (LST)  VALUE       VALUE  FROM      YEAR
                                                  NORMAL
..................................................................
TEMPERATURE (F)
 YESTERDAY
  MAXIMUM         67    439 PM  73    1957  42     25       55
  MINIMUM         54    631 AM  -6    1984  23     31       34
  AVERAGE         61                        33     28       45

PRECIPITATION (IN)
  YESTERDAY        0.00          2.00 1916   0.04  -0.04     0.07
  MONTH TO DATE    0.10                      0.82  -0.72     1.46
  SINCE DEC 1      0.34                      2.57  -2.23     2.24
  SINCE JAN 1      0.10                      0.82  -0.72     1.46

DEGREE DAYS
 HEATING
  YESTERDAY        4                        32    -28       20
  MONTH TO DATE  623                       692    -69      609
  SINCE DEC 1   1485                      1633   -148     1551
  SINCE JUL 1   2186                      2485   -299     2029

 COOLING
  YESTERDAY        0                         0      0        0
  MONTH TO DATE    0                         0      0        0
  SINCE DEC 1      0                         0      0        0
  SINCE JAN 1      0                         0      0        0
..................................................................


WIND (MPH)
  HIGHEST WIND SPEED    29   HIGHEST WIND DIRECTION     S (190)
  HIGHEST GUST SPEED    36   HIGHEST GUST DIRECTION     S (200)
  AVERAGE WIND SPEED    15.3


SKY COVER
  AVERAGE SKY COVER 0.8


WEATHER CONDITIONS
 THE FOLLOWING WEATHER WAS RECORDED YESTERDAY.
  NO SIGNIFICANT WEATHER WAS OBSERVED.


RELATIVE HUMIDITY (PERCENT)
 HIGHEST    93          1200 AM
 LOWEST     63          1200 PM
 AVERAGE    78

..........................................................


THE CHANUTE KS CLIMATE NORMALS FOR TODAY
                         NORMAL    RECORD    YEAR
 MAXIMUM TEMPERATURE (F)   43        72      1967
 MINIMUM TEMPERATURE (F)   23       -15      1930


SUNRISE AND SUNSET
JANUARY 22 2018.......SUNRISE   733 AM CST   SUNSET   535 PM CST
JANUARY 23 2018.......SUNRISE   732 AM CST   SUNSET   536 PM CST


-  INDICATES NEGATIVE NUMBERS.
R  INDICATES RECORD WAS SET OR TIED.
MM INDICATES DATA IS MISSING.
T  INDICATES TRACE AMOUNT.

$$
