000
CDUS45 KGJT 272336
CLICNY


CLIMATE REPORT
NATIONAL WEATHER SERVICE GRAND JUNCTION CO
530 PM MDT TUE JUN 27 2017


...................................

...THE CANYONLANDS AIRPORT UT CLIMATE SUMMARY FOR JUNE 27 2017...
VALID TODAY AS OF 0500 PM LOCAL TIME.

CLIMATE NORMAL PERIOD 1981 TO 2010
CLIMATE RECORD PERIOD 9999 TO 9999


WEATHER ITEM   OBSERVED TIME   RECORD YEAR NORMAL DEPARTURE LAST
                VALUE   (LST)  VALUE       VALUE  FROM      YEAR
                                                  NORMAL
..................................................................
TEMPERATURE (F)
 TODAY
  MAXIMUM        100    339 PM  MM      MM  93      7      103
  MINIMUM         68    503 AM  MM      MM  61      7       69
  AVERAGE         84                        77      7       86

PRECIPITATION (IN)
  TODAY            0.00         MM      MM   0.02  -0.02     0.00
  MONTH TO DATE    T                         0.46  -0.46     0.02
  SINCE JUN 1      T                         0.46  -0.46     0.02
  SINCE JAN 1      1.29                      3.66  -2.37     2.81

SNOWFALL (IN)
  TODAY           MM            MM      MM  MM     MM       MM
  MONTH TO DATE   MM                        MM     MM       MM
  SINCE JUN 1     MM                        MM     MM       MM
  SINCE JUL 1     MM                        MM     MM       MM
  SNOW DEPTH      MM

DEGREE DAYS
 HEATING
  TODAY            0                         0      0        0
  MONTH TO DATE    0                        15    -15        0
  SINCE JUN 1      0                        15    -15        0
  SINCE JUL 1   4334                      5575  -1241     5133

 COOLING
  TODAY           19                        12      7       21
  MONTH TO DATE  388                       218    170      424
  SINCE JUN 1    388                       218    170      424
  SINCE JAN 1    458                       282    176      479
..................................................................


WIND (MPH)
  HIGHEST WIND SPEED    26   HIGHEST WIND DIRECTION     W (250)
  HIGHEST GUST SPEED    35   HIGHEST GUST DIRECTION     W (260)
  AVERAGE WIND SPEED     9.5


SKY COVER
  POSSIBLE SUNSHINE  MM
  AVERAGE SKY COVER 0.0


WEATHER CONDITIONS
 THE FOLLOWING WEATHER WAS RECORDED TODAY.
  NO SIGNIFICANT WEATHER WAS OBSERVED.


RELATIVE HUMIDITY (PERCENT)
 HIGHEST    16           600 AM
 LOWEST      4           100 PM
 AVERAGE    10

..........................................................


THE CANYONLANDS AIRPORT UT CLIMATE NORMALS FOR TOMORROW
                         NORMAL    RECORD    YEAR
 MAXIMUM TEMPERATURE (F)   93        MM        MM
 MINIMUM TEMPERATURE (F)   61        MM        MM


SUNRISE AND SUNSET
JUNE 27 2017..........SUNRISE   556 AM MDT   SUNSET   848 PM MDT
JUNE 28 2017..........SUNRISE   557 AM MDT   SUNSET   848 PM MDT


-  INDICATES NEGATIVE NUMBERS.
R  INDICATES RECORD WAS SET OR TIED.
MM INDICATES DATA IS MISSING.
T  INDICATES TRACE AMOUNT.




$$
