000
CDUS41 KGYX 290802
CLICON


CLIMATE REPORT
NATIONAL WEATHER SERVICE GRAY ME
402 AM EDT FRI AUG 29 2014


...................................

...THE CONCORD NH CLIMATE SUMMARY FOR AUGUST 28 2014...

CLIMATE NORMAL PERIOD 1981 TO 2010
CLIMATE RECORD PERIOD 1868 TO 2014


WEATHER ITEM   OBSERVED TIME   RECORD YEAR NORMAL DEPARTURE LAST
                VALUE   (LST)  VALUE       VALUE  FROM      YEAR
                                                  NORMAL
..................................................................
TEMPERATURE (F)
 YESTERDAY
  MAXIMUM         78    216 PM  96    1977  79     -1       87
  MINIMUM         56   1154 PM  38    1986  54      2       60
  AVERAGE         67                        66      1       74

PRECIPITATION (IN)
  YESTERDAY        0.00          2.66 2011   0.09  -0.09     0.47
  MONTH TO DATE    3.61                      2.90   0.71     1.97
  SINCE JUN 1     14.93                     10.33   4.60    15.45
  SINCE JAN 1     32.67                     25.99   6.68    28.21

SNOWFALL (IN)
  YESTERDAY        0.0           0.0  2002   0.0    0.0      0.0
                                      2001
                                      2000
  MONTH TO DATE    0.0                       0.0    0.0      0.0
  SINCE JUN 1      0.0                       0.0    0.0      0.0
  SINCE JUL 1      0.0                       0.0    0.0      0.0
  SNOW DEPTH       0

DEGREE DAYS
 HEATING
  YESTERDAY        0                         2     -2        0
  MONTH TO DATE   29                        26      3       25
  SINCE JUN 1     85                       128    -43       99
  SINCE JUL 1     29                        43    -14       27

 COOLING
  YESTERDAY        2                         3     -1        9
  MONTH TO DATE   73                       130    -57       81
  SINCE JUN 1    321                       386    -65      456
  SINCE JAN 1    323                       404    -81      477
..................................................................


WIND (MPH)
  RESULTANT WIND SPEED   9   RESULTANT WIND DIRECTION  NW (320)
  HIGHEST WIND SPEED    21   HIGHEST WIND DIRECTION     N (340)
  HIGHEST GUST SPEED    28   HIGHEST GUST DIRECTION    NW (330)
  AVERAGE WIND SPEED     8.7


SKY COVER
  AVERAGE SKY COVER 0.3


WEATHER CONDITIONS
 THE FOLLOWING WEATHER WAS RECORDED YESTERDAY.
  NO SIGNIFICANT WEATHER WAS OBSERVED.


RELATIVE HUMIDITY (PERCENT)
 HIGHEST    84           500 AM
 LOWEST     41           300 PM
 AVERAGE    63

..........................................................


THE CONCORD NH CLIMATE NORMALS FOR TODAY
                         NORMAL    RECORD    YEAR
 MAXIMUM TEMPERATURE (F)   79        98      1977
 MINIMUM TEMPERATURE (F)   54        32      1986


SUNRISE AND SUNSET
AUGUST 29 2014........SUNRISE   607 AM EDT   SUNSET   726 PM EDT
AUGUST 30 2014........SUNRISE   608 AM EDT   SUNSET   724 PM EDT


-  INDICATES NEGATIVE NUMBERS.
R  INDICATES RECORD WAS SET OR TIED.
MM INDICATES DATA IS MISSING.
T  INDICATES TRACE AMOUNT.




$$
