000
CDUS41 KGYX 210911
CLICON


CLIMATE REPORT
NATIONAL WEATHER SERVICE GRAY ME
411 AM EST WED FEB 21 2018


...................................

...THE CONCORD NH CLIMATE SUMMARY FOR FEBRUARY 20 2018...

CLIMATE NORMAL PERIOD 1981 TO 2010
CLIMATE RECORD PERIOD 1868 TO 2018


WEATHER ITEM   OBSERVED TIME   RECORD YEAR NORMAL DEPARTURE LAST
                VALUE   (LST)  VALUE       VALUE  FROM      YEAR
                                                  NORMAL
..................................................................
TEMPERATURE (F)
 YESTERDAY
  MAXIMUM         63    326 PM  66    1930  36     27       44
  MINIMUM         37    706 AM -19    1966  15     22       19
  AVERAGE         50                        26     24       32

PRECIPITATION (IN)
  YESTERDAY        0.03          1.25 1888   0.09  -0.06     0.00
  MONTH TO DATE    3.06                      1.84   1.22     2.42
  SINCE DEC 1      9.31                      7.74   1.57     7.98
  SINCE JAN 1      6.24                      4.54   1.70     4.66

SNOWFALL (IN)
  YESTERDAY       MM            11.5  1934   0.4   MM        0.0
  MONTH TO DATE   15.5                       9.0    6.5     24.2
  SINCE DEC 1     53.5                      41.6   11.9     56.3
  SINCE JUL 1     54.1                      44.2    9.9     57.0
  SNOW DEPTH       0

DEGREE DAYS
 HEATING
  YESTERDAY       15                        39    -24       33
  MONTH TO DATE  736                       832    -96      787
  SINCE DEC 1   3381                      3394    -13     3062
  SINCE JUL 1   4582                      4954   -372     4314

 COOLING
  YESTERDAY        0                         0      0        0
  MONTH TO DATE    0                         0      0        0
  SINCE DEC 1      0                         0      0        0
  SINCE JAN 1      0                         0      0        0
..................................................................


WIND (MPH)
  RESULTANT WIND SPEED   2   RESULTANT WIND DIRECTION  SE (150)
  HIGHEST WIND SPEED     9   HIGHEST WIND DIRECTION     S (200)
  HIGHEST GUST SPEED    14   HIGHEST GUST DIRECTION    SE (120)
  AVERAGE WIND SPEED     2.4


SKY COVER
  AVERAGE SKY COVER 0.7


WEATHER CONDITIONS
 THE FOLLOWING WEATHER WAS RECORDED YESTERDAY.
  LIGHT RAIN
  FOG
  FOG W/VISIBILITY <= 1/4 MILE


RELATIVE HUMIDITY (PERCENT)
 HIGHEST    96           900 AM
 LOWEST     67           300 PM
 AVERAGE    82

..........................................................


THE CONCORD NH CLIMATE NORMALS FOR TODAY
                         NORMAL    RECORD    YEAR
 MAXIMUM TEMPERATURE (F)   37        64      1872
 MINIMUM TEMPERATURE (F)   15       -17      2015


SUNRISE AND SUNSET
FEBRUARY 21 2018......SUNRISE   635 AM EST   SUNSET   525 PM EST
FEBRUARY 22 2018......SUNRISE   633 AM EST   SUNSET   526 PM EST


-  INDICATES NEGATIVE NUMBERS.
R  INDICATES RECORD WAS SET OR TIED.
MM INDICATES DATA IS MISSING.
T  INDICATES TRACE AMOUNT.




$$
