000
CDUS41 KGYX 260842
CLICON


CLIMATE REPORT
NATIONAL WEATHER SERVICE GRAY ME
442 AM EDT SAT JUL 26 2014


...................................

...THE CONCORD NH CLIMATE SUMMARY FOR JULY 25 2014...

CLIMATE NORMAL PERIOD 1981 TO 2010
CLIMATE RECORD PERIOD 1868 TO 2014


WEATHER ITEM   OBSERVED TIME   RECORD YEAR NORMAL DEPARTURE LAST
                VALUE   (LST)  VALUE       VALUE  FROM      YEAR
                                                  NORMAL
..................................................................
TEMPERATURE (F)
 YESTERDAY
  MAXIMUM         81    321 PM  98    1963  83     -2       74
  MINIMUM         49    425 AM  44    1976  58     -9       52
  AVERAGE         65                        70     -5       63

PRECIPITATION (IN)
  YESTERDAY        0.00          1.44 1943   0.12  -0.12     0.00
  MONTH TO DATE    6.22                      2.99   3.23     6.27
  SINCE JUN 1     10.05                      6.68   3.37    13.05
  SINCE JAN 1     27.79                     22.34   5.45    25.81

SNOWFALL (IN)
  YESTERDAY        0.0           0.0  2002   0.0    0.0      0.0
                                      2001
                                      2000
  MONTH TO DATE    0.0                       0.0    0.0      0.0
  SINCE JUN 1      0.0                       0.0    0.0      0.0
  SINCE JUL 1      0.0                       0.0    0.0      0.0
  SNOW DEPTH       0

DEGREE DAYS
 HEATING
  YESTERDAY        0                         0      0        2
  MONTH TO DATE    0                        13    -13        2
  SINCE JUN 1     56                        98    -42       74
  SINCE JUL 1      0                        13    -13        2

 COOLING
  YESTERDAY        0                         6     -6        0
  MONTH TO DATE  159                       140     19      242
  SINCE JUN 1    232                       224      8      351
  SINCE JAN 1    234                       242     -8      372
..................................................................


WIND (MPH)
  RESULTANT WIND SPEED   3   RESULTANT WIND DIRECTION   W (280)
  HIGHEST WIND SPEED    13   HIGHEST WIND DIRECTION     W (270)
  HIGHEST GUST SPEED    17   HIGHEST GUST DIRECTION     W (280)
  AVERAGE WIND SPEED     3.1


SKY COVER
  AVERAGE SKY COVER 0.1


WEATHER CONDITIONS
 THE FOLLOWING WEATHER WAS RECORDED YESTERDAY.
  FOG


RELATIVE HUMIDITY (PERCENT)
 HIGHEST   100           200 AM
 LOWEST     39           400 PM
 AVERAGE    70

..........................................................


THE CONCORD NH CLIMATE NORMALS FOR TODAY
                         NORMAL    RECORD    YEAR
 MAXIMUM TEMPERATURE (F)   83        99      1963
 MINIMUM TEMPERATURE (F)   58        39      1976


SUNRISE AND SUNSET
JULY 26 2014..........SUNRISE   530 AM EDT   SUNSET   814 PM EDT
JULY 27 2014..........SUNRISE   531 AM EDT   SUNSET   813 PM EDT


-  INDICATES NEGATIVE NUMBERS.
R  INDICATES RECORD WAS SET OR TIED.
MM INDICATES DATA IS MISSING.
T  INDICATES TRACE AMOUNT.




$$
