000
CDUS41 KGYX 250937
CLICON


CLIMATE REPORT
NATIONAL WEATHER SERVICE GRAY ME
437 AM EST SAT NOV 25 2017


...................................

...THE CONCORD NH CLIMATE SUMMARY FOR NOVEMBER 24 2017...

CLIMATE NORMAL PERIOD 1981 TO 2010
CLIMATE RECORD PERIOD 1868 TO 2017


WEATHER ITEM   OBSERVED TIME   RECORD YEAR NORMAL DEPARTURE LAST
                VALUE   (LST)  VALUE       VALUE  FROM      YEAR
                                                  NORMAL
..................................................................
TEMPERATURE (F)
 YESTERDAY
  MAXIMUM         48    333 PM  69    1999  45      3       38
  MINIMUM         21    710 AM  -5    1989  26     -5       28
  AVERAGE         35                        35      0       33

PRECIPITATION (IN)
  YESTERDAY        0.00          3.25 1923   0.12  -0.12     0.06
  MONTH TO DATE    1.33                      3.02  -1.69     1.26
  SINCE SEP 1     12.30                     10.44   1.86    10.46
  SINCE JAN 1     40.82                     36.71   4.11    28.64

SNOWFALL (IN)
  YESTERDAY        0.0           7.3  1938   0.2   -0.2       T
  MONTH TO DATE    0.6                       1.5   -0.9      0.7
  SINCE SEP 1      0.6                       1.5   -0.9      0.7
  SINCE JUL 1      0.6                       1.5   -0.9      0.7
  SNOW DEPTH       0

DEGREE DAYS
 HEATING
  YESTERDAY       30                        30      0       32
  MONTH TO DATE  628                       615     13      531
  SINCE SEP 1    975                      1326   -351     1067
  SINCE JUL 1   1028                      1374   -346     1079

 COOLING
  YESTERDAY        0                         0      0        0
  MONTH TO DATE    0                         0      0        0
  SINCE SEP 1    119                        39     80       91
  SINCE JAN 1    564                       452    112      715
..................................................................


WIND (MPH)
  RESULTANT WIND SPEED   2   RESULTANT WIND DIRECTION   S (180)
  HIGHEST WIND SPEED    10   HIGHEST WIND DIRECTION     W (270)
  HIGHEST GUST SPEED    13   HIGHEST GUST DIRECTION     W (270)
  AVERAGE WIND SPEED     2.8


SKY COVER
  AVERAGE SKY COVER 0.2


WEATHER CONDITIONS
 THE FOLLOWING WEATHER WAS RECORDED YESTERDAY.
  NO SIGNIFICANT WEATHER WAS OBSERVED.


RELATIVE HUMIDITY (PERCENT)
 HIGHEST    92           500 AM
 LOWEST     49           200 PM
 AVERAGE    71

..........................................................


THE CONCORD NH CLIMATE NORMALS FOR TODAY
                         NORMAL    RECORD    YEAR
 MAXIMUM TEMPERATURE (F)   44        64      2004
 MINIMUM TEMPERATURE (F)   26         5      2000
                                             1956


SUNRISE AND SUNSET
NOVEMBER 25 2017......SUNRISE   651 AM EST   SUNSET   414 PM EST
NOVEMBER 26 2017......SUNRISE   653 AM EST   SUNSET   414 PM EST


-  INDICATES NEGATIVE NUMBERS.
R  INDICATES RECORD WAS SET OR TIED.
MM INDICATES DATA IS MISSING.
T  INDICATES TRACE AMOUNT.




$$
