000
CDUS41 KGYX 212145
CLICON


CLIMATE REPORT
NATIONAL WEATHER SERVICE GRAY ME
445 PM EST TUE FEB 21 2017


...................................

...THE CONCORD NH CLIMATE SUMMARY FOR FEBRUARY 21 2017...
VALID TODAY AS OF 0400 PM LOCAL TIME.

CLIMATE NORMAL PERIOD 1981 TO 2010
CLIMATE RECORD PERIOD 1868 TO 2017


WEATHER ITEM   OBSERVED TIME   RECORD YEAR NORMAL DEPARTURE LAST
                VALUE   (LST)  VALUE       VALUE  FROM      YEAR
                                                  NORMAL
..................................................................
TEMPERATURE (F)
 TODAY
  MAXIMUM         41    259 PM  64    1872  37      4       49
  MINIMUM         12    614 AM -17    2015  15     -3       29
  AVERAGE         27                        26      1       39

PRECIPITATION (IN)
  TODAY            0.00          1.40 1996   0.09  -0.09     0.00
  MONTH TO DATE    2.42                      1.93   0.49     2.70
  SINCE DEC 1      7.98                      7.83   0.15     8.84
  SINCE JAN 1      4.66                      4.63   0.03     4.06

SNOWFALL (IN)
  TODAY            0.0          15.0  1929   0.4   -0.4      0.0
  MONTH TO DATE   24.2                       9.4   14.8     11.8
  SINCE DEC 1     56.3                      42.0   14.3     23.8
  SINCE JUL 1     57.0                      44.6   12.4     23.8
  SNOW DEPTH      18

DEGREE DAYS
 HEATING
  TODAY           38                        39     -1       26
  MONTH TO DATE  825                       871    -46      820
  SINCE DEC 1   3100                      3433   -333     2828
  SINCE JUL 1   4352                      4993   -641     4108

 COOLING
  TODAY            0                         0      0        0
  MONTH TO DATE    0                         0      0        0
  SINCE DEC 1      0                         0      0        0
  SINCE JAN 1      0                         0      0        0
..................................................................


WIND (MPH)
  HIGHEST WIND SPEED    12   HIGHEST WIND DIRECTION    SE (140)
  HIGHEST GUST SPEED    16   HIGHEST GUST DIRECTION     E (110)
  AVERAGE WIND SPEED     3.5


SKY COVER
  POSSIBLE SUNSHINE  MM
  AVERAGE SKY COVER 0.0


WEATHER CONDITIONS
 THE FOLLOWING WEATHER WAS RECORDED TODAY.
  NO SIGNIFICANT WEATHER WAS OBSERVED.


RELATIVE HUMIDITY (PERCENT)
 HIGHEST    92           700 AM
 LOWEST     34           300 PM
 AVERAGE    63

..........................................................


THE CONCORD NH CLIMATE NORMALS FOR TOMORROW
                         NORMAL    RECORD    YEAR
 MAXIMUM TEMPERATURE (F)   37        67      1997
 MINIMUM TEMPERATURE (F)   16       -12      1968
                                             1918


SUNRISE AND SUNSET
FEBRUARY 21 2017......SUNRISE   635 AM EST   SUNSET   525 PM EST
FEBRUARY 22 2017......SUNRISE   633 AM EST   SUNSET   526 PM EST


-  INDICATES NEGATIVE NUMBERS.
R  INDICATES RECORD WAS SET OR TIED.
MM INDICATES DATA IS MISSING.
T  INDICATES TRACE AMOUNT.




$$
