000
CDUS41 KGYX 250909
CLICON


CLIMATE REPORT
NATIONAL WEATHER SERVICE GRAY ME
409 AM EST SUN JAN 25 2015


...................................

...THE CONCORD NH CLIMATE SUMMARY FOR JANUARY 24 2015...

CLIMATE NORMAL PERIOD 1981 TO 2010
CLIMATE RECORD PERIOD 1868 TO 2015


WEATHER ITEM   OBSERVED TIME   RECORD YEAR NORMAL DEPARTURE LAST
                VALUE   (LST)  VALUE       VALUE  FROM      YEAR
                                                  NORMAL
..................................................................
TEMPERATURE (F)
 YESTERDAY
  MAXIMUM         32   1159 PM  57    1967  31      1       14
  MINIMUM         17   1245 AM -27    1961  10      7       -1
  AVERAGE         25                        20      5        7

PRECIPITATION (IN)
  YESTERDAY       MM             1.20 1919   0.09  MM        0.00
  MONTH TO DATE    2.19                      2.10   0.09     3.17
  SINCE DEC 1      7.35                      5.30   2.05     6.56
  SINCE JAN 1      2.19                      2.10   0.09     3.17

SNOWFALL (IN)
  YESTERDAY       MM             7.8  1935   0.6   MM        0.0
  MONTH TO DATE    5.4                      14.2   -8.8     14.0
  SINCE DEC 1      9.1                      28.7  -19.6     33.9
  SINCE JUL 1     22.0                      31.3   -9.3     34.1
  SNOW DEPTH       3

DEGREE DAYS
 HEATING
  YESTERDAY       40                        45     -5       58
  MONTH TO DATE 1091                      1070     21     1071
  SINCE DEC 1   2127                      2256   -129     2349
  SINCE JUL 1   3631                      3816   -185     3866

 COOLING
  YESTERDAY        0                         0      0        0
  MONTH TO DATE    0                         0      0        0
  SINCE DEC 1      0                         0      0        0
  SINCE JAN 1      0                         0      0        0
..................................................................


WIND (MPH)
  RESULTANT WIND SPEED   2   RESULTANT WIND DIRECTION  NW (320)
  HIGHEST WIND SPEED     9   HIGHEST WIND DIRECTION     W (290)
  HIGHEST GUST SPEED    12   HIGHEST GUST DIRECTION     W (280)
  AVERAGE WIND SPEED     3.2


SKY COVER
  AVERAGE SKY COVER 0.7


WEATHER CONDITIONS
 THE FOLLOWING WEATHER WAS RECORDED YESTERDAY.
  SNOW
  LIGHT SNOW
  FOG


RELATIVE HUMIDITY (PERCENT)
 HIGHEST    92           100 PM
 LOWEST     74           600 AM
 AVERAGE    83

..........................................................


THE CONCORD NH CLIMATE NORMALS FOR TODAY
                         NORMAL    RECORD    YEAR
 MAXIMUM TEMPERATURE (F)   31        55      1938
 MINIMUM TEMPERATURE (F)   10       -22      1882


SUNRISE AND SUNSET
JANUARY 25 2015.......SUNRISE   708 AM EST   SUNSET   449 PM EST
JANUARY 26 2015.......SUNRISE   708 AM EST   SUNSET   450 PM EST


-  INDICATES NEGATIVE NUMBERS.
R  INDICATES RECORD WAS SET OR TIED.
MM INDICATES DATA IS MISSING.
T  INDICATES TRACE AMOUNT.




$$
