880
CDUS45 KPUB 101125
CLICOS


CLIMATE REPORT
NATIONAL WEATHER SERVICE PUEBLO
425 AM MST WED FEB 10 2016


...................................

...THE COLORADO SPRINGS CO CLIMATE SUMMARY FOR FEBRUARY 9 2016...

CLIMATE NORMAL PERIOD 1981 TO 2010
CLIMATE RECORD PERIOD 1872 TO 2016


WEATHER ITEM   OBSERVED TIME   RECORD YEAR NORMAL DEPARTURE LAST
                VALUE   (LST)  VALUE       VALUE  FROM      YEAR
                                                  NORMAL
..................................................................
TEMPERATURE (F)
 YESTERDAY
  MAXIMUM         47    433 PM  71    1996  44      3       64
  MINIMUM         19   1201 AM -22    1933  19      0       30
  AVERAGE         33                        31      2       47

PRECIPITATION (IN)
  YESTERDAY        0.00          0.32 1966   0.01  -0.01     0.00
  MONTH TO DATE    1.00                      0.09   0.91      T
  SINCE DEC 1      1.79                      0.75   1.04     1.03
  SINCE JAN 1      1.54                      0.41   1.13     0.87

SNOWFALL (IN)
  YESTERDAY        0.0           5.8  1966   0.2   -0.2      0.0
  MONTH TO DATE   10.3                       1.6    8.7       T
  SINCE DEC 1     20.6                      12.9    7.7     17.2
  SINCE JUL 1     26.4                      20.7    5.7     24.3
  SNOW DEPTH       4

DEGREE DAYS
 HEATING
  YESTERDAY       32                        34     -2       18
  MONTH TO DATE  376                       306     70      192
  SINCE DEC 1   2370                      2468    -98     2211
  SINCE JUL 1   3473                      3949   -476     3536

 COOLING
  YESTERDAY        0                         0      0        0
  MONTH TO DATE    0                         0      0        0
  SINCE DEC 1      0                         0      0        0
  SINCE JAN 1      0                         0      0        0
..................................................................


WIND (MPH)
  HIGHEST WIND SPEED    12   HIGHEST WIND DIRECTION     N (20)
  HIGHEST GUST SPEED    13   HIGHEST GUST DIRECTION     N (10)
  AVERAGE WIND SPEED     6.9


SKY COVER
  POSSIBLE SUNSHINE  MM
  AVERAGE SKY COVER 0.1


WEATHER CONDITIONS
 THE FOLLOWING WEATHER WAS RECORDED YESTERDAY.
  NO SIGNIFICANT WEATHER WAS OBSERVED.


RELATIVE HUMIDITY (PERCENT)
 HIGHEST    77           100 AM
 LOWEST     31          1200 PM
 AVERAGE    54

..........................................................


THE COLORADO SPRINGS CO CLIMATE NORMALS FOR TODAY
                         NORMAL    RECORD    YEAR
 MAXIMUM TEMPERATURE (F)   44        70      1962
 MINIMUM TEMPERATURE (F)   19       -18      1933


SUNRISE AND SUNSET
FEBRUARY 10 2016......SUNRISE   656 AM MST   SUNSET   530 PM MST
FEBRUARY 11 2016......SUNRISE   655 AM MST   SUNSET   531 PM MST


-  INDICATES NEGATIVE NUMBERS.
R  INDICATES RECORD WAS SET OR TIED.
MM INDICATES DATA IS MISSING.
T  INDICATES TRACE AMOUNT.




$$
