000
CDUS45 KPUB 271051
CLICOS


CLIMATE REPORT
NATIONAL WEATHER SERVICE PUEBLO
451 AM MDT FRI MAR 27 2015


...................................

...THE COLORADO SPRINGS CO CLIMATE SUMMARY FOR MARCH 26 2015...

CLIMATE NORMAL PERIOD 1981 TO 2010
CLIMATE RECORD PERIOD 1872 TO 2015


WEATHER ITEM   OBSERVED TIME   RECORD YEAR NORMAL DEPARTURE LAST
                VALUE   (LST)  VALUE       VALUE  FROM      YEAR
                                                  NORMAL
..................................................................
TEMPERATURE (F)
 YESTERDAY
  MAXIMUM         59   1115 AM  81    1971  55      4       66
  MINIMUM         23    429 AM  -6    1965  28     -5       28
  AVERAGE         41                        41      0       47

PRECIPITATION (IN)
  YESTERDAY        0.00          0.43 1938   0.03  -0.03      T
  MONTH TO DATE    0.81                      0.82  -0.01     0.42
  SINCE MAR 1      0.81                      0.82  -0.01     0.42
  SINCE JAN 1      3.13                      1.48   1.65     1.31

SNOWFALL (IN)
  YESTERDAY        0.0           6.5  1899   0.3   -0.3      0.0
  MONTH TO DATE    3.9                       6.8   -2.9      2.8
  SINCE MAR 1      3.9                       6.8   -2.9      2.8
  SINCE JUL 1     44.8                      30.8   14.0     26.9
  SNOW DEPTH       0

DEGREE DAYS
 HEATING
  YESTERDAY       24                        24      0       18
  MONTH TO DATE  612                       691    -79      687
  SINCE MAR 1    612                       691    -79      687
  SINCE JUL 1   4833                      5254   -421     5174

 COOLING
  YESTERDAY        0                         0      0        0
  MONTH TO DATE    0                         0      0        0
  SINCE MAR 1      0                         0      0        0
  SINCE JAN 1      0                         0      0        0
..................................................................


WIND (MPH)
  HIGHEST WIND SPEED    15   HIGHEST WIND DIRECTION    SW (210)
  HIGHEST GUST SPEED    20   HIGHEST GUST DIRECTION     S (200)
  AVERAGE WIND SPEED     5.8


SKY COVER
  POSSIBLE SUNSHINE  MM
  AVERAGE SKY COVER 0.6


WEATHER CONDITIONS
 THE FOLLOWING WEATHER WAS RECORDED YESTERDAY.
  HAZE


RELATIVE HUMIDITY (PERCENT)
 HIGHEST    88           200 AM
 LOWEST     20          1100 AM
 AVERAGE    54

..........................................................


THE COLORADO SPRINGS CO CLIMATE NORMALS FOR TODAY
                         NORMAL    RECORD    YEAR
 MAXIMUM TEMPERATURE (F)   55        76      1988
 MINIMUM TEMPERATURE (F)   29        -1      1931


SUNRISE AND SUNSET
MARCH 27 2015.........SUNRISE   652 AM MDT   SUNSET   717 PM MDT
MARCH 28 2015.........SUNRISE   650 AM MDT   SUNSET   718 PM MDT


-  INDICATES NEGATIVE NUMBERS.
R  INDICATES RECORD WAS SET OR TIED.
MM INDICATES DATA IS MISSING.
T  INDICATES TRACE AMOUNT.




$$
