000
CDUS45 KPUB 230027
CLICOS


CLIMATE REPORT
NATIONAL WEATHER SERVICE PUEBLO
527 PM MST WED NOV 22 2017


...................................

...THE COLORADO SPRINGS CO CLIMATE SUMMARY FOR NOVEMBER 22 2017...
VALID TODAY AS OF 0500 PM LOCAL TIME.

CLIMATE NORMAL PERIOD 1981 TO 2010
CLIMATE RECORD PERIOD 1872 TO 2017


WEATHER ITEM   OBSERVED TIME   RECORD YEAR NORMAL DEPARTURE LAST
                VALUE   (LST)  VALUE       VALUE  FROM      YEAR
                                                  NORMAL
..................................................................
TEMPERATURE (F)
 TODAY
  MAXIMUM         67    240 PM  74    1998  48     19       49
  MINIMUM         29    253 AM  -6    1929  23      6       31
  AVERAGE         48                        35     13       40

PRECIPITATION (IN)
  TODAY            0.00          0.34 1999   0.01  -0.01     0.06
  MONTH TO DATE    0.15                      0.30  -0.15     0.07
  SINCE SEP 1      3.15                      2.31   0.84     0.23
  SINCE JAN 1     18.43                     16.10   2.33    13.67

SNOWFALL (IN)
  TODAY            0.0           5.6  1999   0.2   -0.2      0.0
  MONTH TO DATE    0.7                       3.2   -2.5       T
  SINCE SEP 1      1.6                       6.3   -4.7       T
  SINCE JUL 1      1.6                       6.3   -4.7       T
  SNOW DEPTH       0

DEGREE DAYS
 HEATING
  TODAY           17                        30    -13       25
  MONTH TO DATE  454                       554   -100      364
  SINCE SEP 1   1036                      1197   -161      647
  SINCE JUL 1   1045                      1228   -183      668

 COOLING
  TODAY            0                         0      0        0
  MONTH TO DATE    0                         0      0        0
  SINCE SEP 1     91                        37     54       84
  SINCE JAN 1    639                       455    184      710
..................................................................


WIND (MPH)
  HIGHEST WIND SPEED    13   HIGHEST WIND DIRECTION    NE (30)
  HIGHEST GUST SPEED    14   HIGHEST GUST DIRECTION    SW (220)
  AVERAGE WIND SPEED     6.9


SKY COVER
  POSSIBLE SUNSHINE  MM
  AVERAGE SKY COVER 0.7


WEATHER CONDITIONS
 THE FOLLOWING WEATHER WAS RECORDED TODAY.
  NO SIGNIFICANT WEATHER WAS OBSERVED.


RELATIVE HUMIDITY (PERCENT)
 HIGHEST    85           100 AM
 LOWEST     20          1100 AM
 AVERAGE    53

..........................................................


THE COLORADO SPRINGS CO CLIMATE NORMALS FOR TOMORROW
                         NORMAL    RECORD    YEAR
 MAXIMUM TEMPERATURE (F)   47        69      1925
 MINIMUM TEMPERATURE (F)   22        -8      1918


SUNRISE AND SUNSET
NOVEMBER 22 2017......SUNRISE   649 AM MST   SUNSET   441 PM MST
NOVEMBER 23 2017......SUNRISE   650 AM MST   SUNSET   440 PM MST


-  INDICATES NEGATIVE NUMBERS.
R  INDICATES RECORD WAS SET OR TIED.
MM INDICATES DATA IS MISSING.
T  INDICATES TRACE AMOUNT.




$$
