000
CDUS45 KPUB 271056
CLICOS


CLIMATE REPORT
NATIONAL WEATHER SERVICE PUEBLO
455 AM MDT SAT MAY 27 2017


...................................

...THE COLORADO SPRINGS CO CLIMATE SUMMARY FOR MAY 26 2017...

CLIMATE NORMAL PERIOD 1981 TO 2010
CLIMATE RECORD PERIOD 1872 TO 2017


WEATHER ITEM   OBSERVED TIME   RECORD YEAR NORMAL DEPARTURE LAST
                VALUE   (LST)  VALUE       VALUE  FROM      YEAR
                                                  NORMAL
..................................................................
TEMPERATURE (F)
 YESTERDAY
  MAXIMUM         73    437 PM  90    2012  72      1       68
  MINIMUM         45    459 AM  28    1950  46     -1       44
  AVERAGE         59                        59      0       56

PRECIPITATION (IN)
  YESTERDAY        0.44          1.63 1990   0.08   0.36     0.61
  MONTH TO DATE    2.98                      1.63   1.35     1.64
  SINCE MAR 1      5.56                      4.05   1.51     4.65
  SINCE JAN 1      5.95                      4.71   1.24     6.19

SNOWFALL (IN)
  YESTERDAY        0.0           0.3  1950   0.0    0.0       T
  MONTH TO DATE    0.1                       0.7   -0.6       T
  SINCE MAR 1     11.8                      13.7   -1.9     23.6
  SINCE JUL 1     25.2                      37.7  -12.5     50.7
  SNOW DEPTH       0

DEGREE DAYS
 HEATING
  YESTERDAY        6                         7     -1        9
  MONTH TO DATE  245                       261    -16      280
  SINCE MAR 1   1286                      1620   -334     1533
  SINCE JUL 1   5039                      6183  -1144     5436

 COOLING
  YESTERDAY        0                         1     -1        0
  MONTH TO DATE    2                         2      0        2
  SINCE MAR 1      2                         3     -1        2
  SINCE JAN 1      2                         3     -1        2
..................................................................


WIND (MPH)
  HIGHEST WIND SPEED    35   HIGHEST WIND DIRECTION     N (340)
  HIGHEST GUST SPEED    46   HIGHEST GUST DIRECTION     N (340)
  AVERAGE WIND SPEED    12.8


SKY COVER
  POSSIBLE SUNSHINE  MM
  AVERAGE SKY COVER 0.5


WEATHER CONDITIONS
 THE FOLLOWING WEATHER WAS RECORDED YESTERDAY.
  THUNDERSTORM
  HEAVY RAIN
  RAIN
  LIGHT RAIN
  HAIL
  FOG


RELATIVE HUMIDITY (PERCENT)
 HIGHEST    92           500 AM
 LOWEST     35           600 PM
 AVERAGE    64

..........................................................


THE COLORADO SPRINGS CO CLIMATE NORMALS FOR TODAY
                         NORMAL    RECORD    YEAR
 MAXIMUM TEMPERATURE (F)   72        89      2010
 MINIMUM TEMPERATURE (F)   46        34      1917


SUNRISE AND SUNSET
MAY 27 2017...........SUNRISE   538 AM MDT   SUNSET   815 PM MDT
MAY 28 2017...........SUNRISE   537 AM MDT   SUNSET   815 PM MDT


-  INDICATES NEGATIVE NUMBERS.
R  INDICATES RECORD WAS SET OR TIED.
MM INDICATES DATA IS MISSING.
T  INDICATES TRACE AMOUNT.




$$
