000
CDUS45 KPUB 211136
CLICOS


CLIMATE REPORT
NATIONAL WEATHER SERVICE PUEBLO
435 AM MST WED FEB 21 2018


...................................

...THE COLORADO SPRINGS CO CLIMATE SUMMARY FOR FEBRUARY 20 2018...

CLIMATE NORMAL PERIOD 1981 TO 2010
CLIMATE RECORD PERIOD 1872 TO 2018


WEATHER ITEM   OBSERVED TIME   RECORD YEAR NORMAL DEPARTURE LAST
                VALUE   (LST)  VALUE       VALUE  FROM      YEAR
                                                  NORMAL
..................................................................
TEMPERATURE (F)
 YESTERDAY
  MAXIMUM         20    424 PM  71    1935  46    -26       60
  MINIMUM          2    657 AM  -9    1911  20    -18       31
  AVERAGE         11                        33    -22       46

PRECIPITATION (IN)
  YESTERDAY        T             0.65 2013   0.01  -0.01     0.00
  MONTH TO DATE    0.39                      0.21   0.18     0.05
  SINCE DEC 1      0.56                      0.87  -0.31     1.05
  SINCE JAN 1      0.55                      0.53   0.02     0.37

SNOWFALL (IN)
  YESTERDAY        0.6           7.3  2013   0.2    0.4      0.0
  MONTH TO DATE    8.4                       3.5    4.9      0.6
  SINCE DEC 1     11.0                      14.8   -3.8     13.3
  SINCE JUL 1     12.6                      22.6  -10.0     13.3
  SNOW DEPTH       3

DEGREE DAYS
 HEATING
  YESTERDAY       54                        32     22       19
  MONTH TO DATE  643                       670    -27      454
  SINCE DEC 1   2537                      2832   -295     2605
  SINCE JUL 1   3705                      4313   -608     3508

 COOLING
  YESTERDAY        0                         0      0        0
  MONTH TO DATE    0                         0      0        0
  SINCE DEC 1      0                         0      0        0
  SINCE JAN 1      0                         0      0        0
..................................................................


WIND (MPH)
  HIGHEST WIND SPEED    18   HIGHEST WIND DIRECTION     S (160)
  HIGHEST GUST SPEED    21   HIGHEST GUST DIRECTION     S (160)
  AVERAGE WIND SPEED     7.5


SKY COVER
  POSSIBLE SUNSHINE  MM
  AVERAGE SKY COVER 0.8


WEATHER CONDITIONS
 THE FOLLOWING WEATHER WAS RECORDED YESTERDAY.
  LIGHT SNOW
  FOG
  HAZE


RELATIVE HUMIDITY (PERCENT)
 HIGHEST    95           700 AM
 LOWEST     73           500 PM
 AVERAGE    84

..........................................................


THE COLORADO SPRINGS CO CLIMATE NORMALS FOR TODAY
                         NORMAL    RECORD    YEAR
 MAXIMUM TEMPERATURE (F)   46        72      2017
 MINIMUM TEMPERATURE (F)   20        -5      1953
                                             1939
                                             1913


SUNRISE AND SUNSET
FEBRUARY 21 2018......SUNRISE   642 AM MST   SUNSET   543 PM MST
FEBRUARY 22 2018......SUNRISE   641 AM MST   SUNSET   544 PM MST


-  INDICATES NEGATIVE NUMBERS.
R  INDICATES RECORD WAS SET OR TIED.
MM INDICATES DATA IS MISSING.
T  INDICATES TRACE AMOUNT.




$$
