000
CDUS45 KPUB 231035
CLICOS


CLIMATE REPORT
NATIONAL WEATHER SERVICE PUEBLO
433 AM MDT WED APR 23 2014


...................................

...THE COLORADO SPRINGS CO CLIMATE SUMMARY FOR APRIL 22 2014...

CLIMATE NORMAL PERIOD 1981 TO 2010
CLIMATE RECORD PERIOD 1872 TO 2014


WEATHER ITEM   OBSERVED TIME   RECORD YEAR NORMAL DEPARTURE LAST
                VALUE   (LST)  VALUE       VALUE  FROM      YEAR
                                                  NORMAL
..................................................................
TEMPERATURE (F)
 YESTERDAY
  MAXIMUM         77    157 PM  83    1989  62     15       60
  MINIMUM         39    553 AM  21    1982  35      4       24
  AVERAGE         58                        48     10       42

PRECIPITATION (IN)
  YESTERDAY        T             0.89 1999   0.06  -0.06      T
  MONTH TO DATE    0.90                      0.95  -0.05     0.26
  SINCE MAR 1      1.32                      1.95  -0.63     0.44
  SINCE JAN 1      2.21                      2.61  -0.40     1.52

SNOWFALL (IN)
  YESTERDAY        0.0           1.8  1909   0.2   -0.2       T
  MONTH TO DATE    7.5                       3.9    3.6      2.1
  SINCE MAR 1     10.3                      12.0   -1.7      6.3
  SINCE JUL 1     34.4                      36.0   -1.6     26.3
  SNOW DEPTH       0

DEGREE DAYS
 HEATING
  YESTERDAY        7                        17    -10       23
  MONTH TO DATE  392                       432    -40      539
  SINCE MAR 1   1173                      1237    -64     1351
  SINCE JUL 1   5660                      5800   -140     5695

 COOLING
  YESTERDAY        0                         0      0        0
  MONTH TO DATE    0                         0      0        0
  SINCE MAR 1      0                         0      0        0
  SINCE JAN 1      0                         0      0        0
..................................................................


WIND (MPH)
  HIGHEST WIND SPEED    30   HIGHEST WIND DIRECTION    SW (210)
  HIGHEST GUST SPEED    43   HIGHEST GUST DIRECTION    SW (240)
  AVERAGE WIND SPEED    10.2


SKY COVER
  POSSIBLE SUNSHINE  MM
  AVERAGE SKY COVER 0.6


WEATHER CONDITIONS
 THE FOLLOWING WEATHER WAS RECORDED YESTERDAY.
  LIGHT RAIN


RELATIVE HUMIDITY (PERCENT)
 HIGHEST    85           400 AM
 LOWEST     16          1200 PM
 AVERAGE    51

..........................................................


THE COLORADO SPRINGS CO CLIMATE NORMALS FOR TODAY
                         NORMAL    RECORD    YEAR
 MAXIMUM TEMPERATURE (F)   62        81      2006
                                             1989
 MINIMUM TEMPERATURE (F)   35        20      2013
                                             1995
                                             1909


SUNRISE AND SUNSET
APRIL 23 2014.........SUNRISE   611 AM MDT   SUNSET   744 PM MDT
APRIL 24 2014.........SUNRISE   610 AM MDT   SUNSET   745 PM MDT


-  INDICATES NEGATIVE NUMBERS.
R  INDICATES RECORD WAS SET OR TIED.
MM INDICATES DATA IS MISSING.
T  INDICATES TRACE AMOUNT.




$$
