000
CDUS43 KLSX 230727
CLICOU


CLIMATE REPORT
NATIONAL WEATHER SERVICE ST LOUIS MO
226 AM CDT SAT MAY 23 2015


...................................

...THE COLUMBIA ASOS CLIMATE SUMMARY FOR MAY 22 2015...

CLIMATE NORMAL PERIOD 1981 TO 2010
CLIMATE RECORD PERIOD 1890 TO 2015


WEATHER ITEM   OBSERVED TIME   RECORD YEAR NORMAL DEPARTURE LAST
                VALUE   (LST)  VALUE       VALUE  FROM      YEAR
                                                  NORMAL
..................................................................
TEMPERATURE (F)
 YESTERDAY
  MAXIMUM         70    412 PM  92    1925  76     -6       80
  MINIMUM         47    503 AM  35    1892  55     -8       58
  AVERAGE         59                        66     -7       69

PRECIPITATION (IN)
  YESTERDAY        T             1.77 1918   0.14  -0.14     0.00
  MONTH TO DATE    3.13                      3.59  -0.46     2.40
  SINCE MAR 1      7.96                     10.99  -3.03    11.91
  SINCE JAN 1     10.31                     15.16  -4.85    14.17

SNOWFALL (IN)
  YESTERDAY        0.0           0.0  2014   0.0    0.0      0.0
  MONTH TO DATE    0.0                       0.0    0.0      0.0
  SINCE MAR 1      1.6                       1.9   -0.3      0.5
  SINCE JUL 1     12.0                      18.0   -6.0     17.8
  SNOW DEPTH       0

DEGREE DAYS
 HEATING
  YESTERDAY        6                         3      3        0
  MONTH TO DATE   73                        93    -20      112
  SINCE MAR 1    877                      1050   -173     1142
  SINCE JUL 1   4932                      4996    -64     5571

 COOLING
  YESTERDAY        0                         3     -3        4
  MONTH TO DATE   59                        43     16       81
  SINCE MAR 1     74                        68      6       92
  SINCE JAN 1     74                        68      6       92
..................................................................


WIND (MPH)
  HIGHEST WIND SPEED    14   HIGHEST WIND DIRECTION    SW (230)
  HIGHEST GUST SPEED    18   HIGHEST GUST DIRECTION    SW (220)
  AVERAGE WIND SPEED     6.1


SKY COVER
  AVERAGE SKY COVER 0.2


WEATHER CONDITIONS
 THE FOLLOWING WEATHER WAS RECORDED YESTERDAY.
  HAZE


RELATIVE HUMIDITY (PERCENT)
 HIGHEST    86
 LOWEST     47
 AVERAGE    67

..........................................................


THE COLUMBIA ASOS CLIMATE NORMALS FOR TODAY
                         NORMAL    RECORD    YEAR
 MAXIMUM TEMPERATURE (F)   76        92      1912
 MINIMUM TEMPERATURE (F)   56        36      1963


SUNRISE AND SUNSET
MAY 23 2015...........SUNRISE   551 AM CDT   SUNSET   821 PM CDT
MAY 24 2015...........SUNRISE   550 AM CDT   SUNSET   822 PM CDT


-  INDICATES NEGATIVE NUMBERS.
R  INDICATES RECORD WAS SET OR TIED.
MM INDICATES DATA IS MISSING.
T  INDICATES TRACE AMOUNT.




$$
