000
CDUS43 KLSX 241222 CCA
CLICOU

CLIMATE REPORT
NATIONAL WEATHER SERVICE ST LOUIS MO
129 AM CST SAT FEB 24 2018


...................................

...THE COLUMBIA ASOS CLIMATE SUMMARY FOR FEBRUARY 23 2018...

CLIMATE NORMAL PERIOD 1981 TO 2010
CLIMATE RECORD PERIOD 1890 TO 2018


WEATHER ITEM   OBSERVED TIME   RECORD YEAR NORMAL DEPARTURE LAST
                VALUE   (LST)  VALUE       VALUE  FROM      YEAR
                                                  NORMAL
..................................................................
TEMPERATURE (F)
 YESTERDAY
  MAXIMUM         42    203 AM  73    1933  47     -5       67
  MINIMUM         36   1050 PM  -1    1910  27      9       49
  AVERAGE         39                        37      2       58

PRECIPITATION (IN)
  YESTERDAY        0.17          1.06 1942   0.08   0.09      T
  MONTH TO DATE    2.56                      1.81   0.75     0.06
  SINCE DEC 1      5.01                      6.17  -1.16     2.08
  SINCE JAN 1      4.78                      3.73   1.05     1.07

SNOWFALL (IN)
  YESTERDAY        0.0          11.8  1975   0.2    0.0      0.0
  MONTH TO DATE    0.5                       4.1   -3.6      0.0
  SINCE DEC 1      3.2                      14.6  -11.4      1.6
  SINCE JUL 1      3.2                      15.5  -12.3      1.6
  SNOW DEPTH       0

DEGREE DAYS
 HEATING
  YESTERDAY       26                        28     -2        7
  MONTH TO DATE  721                       722     -1      438
  SINCE DEC 1   2778                      2826    -48     2362
  SINCE JUL 1   3558                      3811   -253     2945

 COOLING
  YESTERDAY        0                         0      0        0
  MONTH TO DATE    0                         0      0        3
  SINCE DEC 1      0                         0      0        3
  SINCE JAN 1      0                         0      0        3
..................................................................


WIND (MPH)
  HIGHEST WIND SPEED    15   HIGHEST WIND DIRECTION     W (270)
  HIGHEST GUST SPEED    18   HIGHEST GUST DIRECTION     W (280)
  AVERAGE WIND SPEED     7.9


SKY COVER
  AVERAGE SKY COVER 0.9


WEATHER CONDITIONS
 THE FOLLOWING WEATHER WAS RECORDED YESTERDAY.
  LIGHT RAIN
  FOG
  HAZE


RELATIVE HUMIDITY (PERCENT)
 HIGHEST   100
 LOWEST     85
 AVERAGE    93

..........................................................


THE COLUMBIA ASOS CLIMATE NORMALS FOR TODAY
                         NORMAL    RECORD    YEAR
 MAXIMUM TEMPERATURE (F)   47        81      1930
 MINIMUM TEMPERATURE (F)   28         2      1913


SUNRISE AND SUNSET
FEBRUARY 24 2018......SUNRISE   648 AM CST   SUNSET   556 PM CST
FEBRUARY 25 2018......SUNRISE   647 AM CST   SUNSET   558 PM CST


-  INDICATES NEGATIVE NUMBERS.
R  INDICATES RECORD WAS SET OR TIED.
MM INDICATES DATA IS MISSING.
T  INDICATES TRACE AMOUNT.




$$
