754
CDUS43 KLSX 242234
CLICOU


CLIMATE REPORT
NATIONAL WEATHER SERVICE ST LOUIS MO
433 PM CST FRI NOV 24 2017


...................................

...THE COLUMBIA ASOS CLIMATE SUMMARY FOR NOVEMBER 24 2017...
VALID TODAY AS OF 0400 PM LOCAL TIME.

CLIMATE NORMAL PERIOD 1981 TO 2010
CLIMATE RECORD PERIOD 1890 TO 2017


WEATHER ITEM   OBSERVED TIME   RECORD YEAR NORMAL DEPARTURE LAST
                VALUE   (LST)  VALUE       VALUE  FROM      YEAR
                                                  NORMAL
..................................................................
TEMPERATURE (F)
 TODAY
  MAXIMUM         74R   309 PM  70    1966  49     25       47
  MINIMUM         38   1214 AM   4    1950  31      7       35
  AVERAGE         56                        40     16       41

PRECIPITATION (IN)
  TODAY            0.00          1.42 1987   0.10  -0.10     0.00
  MONTH TO DATE    0.36                      2.60  -2.24     1.79
  SINCE SEP 1      6.29                      9.78  -3.49    10.70
  SINCE JAN 1     37.40                     39.53  -2.13    39.04

SNOWFALL (IN)
  TODAY            0.0           4.7  2004   0.1   -0.1      0.0
  MONTH TO DATE    0.0                       0.6   -0.6      0.0
  SINCE SEP 1      T                         0.6   -0.6      0.0
  SINCE JUL 1      T                         0.6   -0.6      0.0
  SNOW DEPTH       0

DEGREE DAYS
 HEATING
  TODAY            9                        25    -16       24
  MONTH TO DATE  454                       461     -7      310
  SINCE SEP 1    704                       824   -120      451
  SINCE JUL 1    707                       826   -119      451

 COOLING
  TODAY            0                         0      0        0
  MONTH TO DATE    0                         0      0       19
  SINCE SEP 1    287                       164    123      321
  SINCE JAN 1   1401                      1247    154     1632
..................................................................


WIND (MPH)
  HIGHEST WIND SPEED    25   HIGHEST WIND DIRECTION     S (200)
  HIGHEST GUST SPEED    32   HIGHEST GUST DIRECTION     S (200)
  AVERAGE WIND SPEED    12.6


SKY COVER
  AVERAGE SKY COVER 0.0



RELATIVE HUMIDITY (PERCENT)
 HIGHEST    79           100 AM
 LOWEST     25           200 PM
 AVERAGE    52

..........................................................


THE COLUMBIA ASOS CLIMATE NORMALS FOR TOMORROW
                         NORMAL    RECORD    YEAR
 MAXIMUM TEMPERATURE (F)   49        72      1990
 MINIMUM TEMPERATURE (F)   31         5      1950


SUNRISE AND SUNSET
NOVEMBER 24 2017......SUNRISE   701 AM CST   SUNSET   450 PM CST
NOVEMBER 25 2017......SUNRISE   702 AM CST   SUNSET   449 PM CST


-  INDICATES NEGATIVE NUMBERS.
R  INDICATES RECORD WAS SET OR TIED.
MM INDICATES DATA IS MISSING.
T  INDICATES TRACE AMOUNT.




$$
