000
CDUS43 KLSX 222235
CLICOU


CLIMATE REPORT
NATIONAL WEATHER SERVICE ST LOUIS MO
434 PM CST MON DEC 22 2014


...................................

...THE COLUMBIA ASOS CLIMATE SUMMARY FOR DECEMBER 22 2014...
VALID TODAY AS OF 0400 PM LOCAL TIME.

CLIMATE NORMAL PERIOD 1981 TO 2010
CLIMATE RECORD PERIOD 1890 TO 2014


WEATHER ITEM   OBSERVED TIME   RECORD YEAR NORMAL DEPARTURE LAST
                VALUE   (LST)  VALUE       VALUE  FROM      YEAR
                                                  NORMAL
..................................................................
TEMPERATURE (F)
 TODAY
  MAXIMUM         47    359 PM  67    1893  39      8       31
  MINIMUM         39    737 AM -20    1989  22     17       20
  AVERAGE         43                        31     12       26

PRECIPITATION (IN)
  TODAY            0.14          1.85 1988   0.08   0.06     0.02
  MONTH TO DATE    1.86                      1.82   0.04     1.71
  SINCE DEC 1      1.86                      1.82   0.04     1.71
  SINCE JAN 1     43.80                     42.00   1.80    41.52

SNOWFALL (IN)
  TODAY            0.0           6.7  1913   0.1   -0.1      0.0
  MONTH TO DATE    1.0                       2.8   -1.8      2.4
  SINCE DEC 1      1.0                       2.8   -1.8      2.4
  SINCE JUL 1      1.8                       3.7   -1.9      2.4
  SNOW DEPTH       0

DEGREE DAYS
 HEATING
  TODAY           22                        34    -12       39
  MONTH TO DATE  596                       695    -99      742
  SINCE DEC 1    596                       695    -99      742
  SINCE JUL 1   1677                      1680     -3     1749

 COOLING
  TODAY            0                         0      0        0
  MONTH TO DATE    0                         0      0        0
  SINCE DEC 1      0                         0      0        0
  SINCE JAN 1   1266                      1249     17     1322
..................................................................


WIND (MPH)
  HIGHEST WIND SPEED    15   HIGHEST WIND DIRECTION     S (160)
  HIGHEST GUST SPEED    18   HIGHEST GUST DIRECTION    SE (140)
  AVERAGE WIND SPEED     9.6


SKY COVER
  AVERAGE SKY COVER 1.0



RELATIVE HUMIDITY (PERCENT)
 HIGHEST   100           900 AM
 LOWEST     73          1200 AM
 AVERAGE    87

..........................................................


THE COLUMBIA ASOS CLIMATE NORMALS FOR TOMORROW
                         NORMAL    RECORD    YEAR
 MAXIMUM TEMPERATURE (F)   39        70      1893
 MINIMUM TEMPERATURE (F)   22       -19      1989


SUNRISE AND SUNSET
DECEMBER 22 2014......SUNRISE   724 AM CST   SUNSET   451 PM CST
DECEMBER 23 2014......SUNRISE   725 AM CST   SUNSET   452 PM CST


-  INDICATES NEGATIVE NUMBERS.
R  INDICATES RECORD WAS SET OR TIED.
MM INDICATES DATA IS MISSING.
T  INDICATES TRACE AMOUNT.




$$
