000
CDUS45 KRIW 240737
CLICPR


CLIMATE REPORT
NATIONAL WEATHER SERVICE RIVERTON WY
1237 AM MST SAT FEB 24 2018


...................................

...THE CASPER WY CLIMATE SUMMARY FOR FEBRUARY 23 2018...

CLIMATE NORMAL PERIOD 1981 TO 2010
CLIMATE RECORD PERIOD 1939 TO 2018


WEATHER ITEM   OBSERVED TIME   RECORD YEAR NORMAL DEPARTURE LAST
                VALUE   (LST)  VALUE       VALUE  FROM      YEAR
                                                  NORMAL
..................................................................
TEMPERATURE (F)
 YESTERDAY
  MAXIMUM         19    218 PM  62    1958  40    -21       30
  MINIMUM        -16    511 AM -21    2003  17    -33       15
  AVERAGE          2                        29    -27       23

PRECIPITATION (IN)
  YESTERDAY        0.06          0.40 2017   0.02   0.04     0.40
  MONTH TO DATE    0.62                      0.46   0.16     0.81
  SINCE DEC 1      2.67                      1.46   1.21     2.66
  SINCE JAN 1      1.30                      0.97   0.33     1.35

SNOWFALL (IN)
  YESTERDAY        1.1                       0.4    0.7      9.0
  MONTH TO DATE   18.6                       8.1   10.5     14.2
  SINCE DEC 1     50.3                      28.2   22.1     50.2
  SINCE JUL 1     59.5                      47.7   11.8     53.4
  SNOW DEPTH       6

DEGREE DAYS
 HEATING
  YESTERDAY       63                        36     27       42
  MONTH TO DATE 1046                       893    153      708
  SINCE DEC 1   3506                      3416     90     3532
  SINCE JUL 1   5250                      5270    -20     4958

 COOLING
  YESTERDAY        0                         0      0        0
  MONTH TO DATE    0                         0      0        0
  SINCE DEC 1      0                         0      0        0
  SINCE JAN 1      0                         0      0        0
..................................................................


WIND (MPH)
  HIGHEST WIND SPEED    16   HIGHEST WIND DIRECTION    SW (230)
  HIGHEST GUST SPEED    19   HIGHEST GUST DIRECTION    SW (240)
  AVERAGE WIND SPEED     2.5


SKY COVER
  POSSIBLE SUNSHINE  MM
  AVERAGE SKY COVER 0.5


WEATHER CONDITIONS
 THE FOLLOWING WEATHER WAS RECORDED YESTERDAY.
  LIGHT SNOW
  FOG


RELATIVE HUMIDITY (PERCENT)
 HIGHEST    92          1000 PM
 LOWEST     63          1200 PM
 AVERAGE    78

..........................................................


THE CASPER WY CLIMATE NORMALS FOR TODAY
                         NORMAL    RECORD    YEAR
 MAXIMUM TEMPERATURE (F)   41        63      1981
 MINIMUM TEMPERATURE (F)   17       -30      2003


SUNRISE AND SUNSET
FEBRUARY 24 2018......SUNRISE   650 AM MST   SUNSET   549 PM MST
FEBRUARY 25 2018......SUNRISE   648 AM MST   SUNSET   550 PM MST


-  INDICATES NEGATIVE NUMBERS.
R  INDICATES RECORD WAS SET OR TIED.
MM INDICATES DATA IS MISSING.
T  INDICATES TRACE AMOUNT.




$$
