000
CDUS45 KRIW 140046
CLICPR


CLIMATE REPORT
NATIONAL WEATHER SERVICE RIVERTON WY
644 PM MDT SUN JUL 13 2014


...................................

...THE CASPER WY CLIMATE SUMMARY FOR JULY 13 2014...
VALID TODAY AS OF 0500 PM LOCAL TIME.

CLIMATE NORMAL PERIOD 1981 TO 2010
CLIMATE RECORD PERIOD 1939 TO 2014


WEATHER ITEM   OBSERVED TIME   RECORD YEAR NORMAL DEPARTURE LAST
                VALUE   (LST)  VALUE       VALUE  FROM      YEAR
                                                  NORMAL
..................................................................
TEMPERATURE (F)
 TODAY
  MAXIMUM         89        MM 103    2005  88      1       89
  MINIMUM         52        MM  37    2008  53     -1       58
  AVERAGE         71                        71      0       74

PRECIPITATION (IN)
  TODAY            0.00          1.64 2004   0.05  -0.05     0.01
  MONTH TO DATE    0.08                      0.55  -0.47     1.28
  SINCE JUN 1      1.43                      2.16  -0.73     2.15
  SINCE JAN 1      6.19                      7.37  -1.18     8.12

SNOWFALL (IN)
  TODAY            0.0                       0.0    0.0      0.0
  MONTH TO DATE    0.0                       0.0    0.0      0.0
  SINCE JUN 1      0.0                       0.1   -0.1      0.0
  SINCE JUL 1      0.0                       0.0    0.0      0.0
  SNOW DEPTH       0

DEGREE DAYS
 HEATING
  TODAY            0                         0      0        0
  MONTH TO DATE   11                        11      0        0
  SINCE JUN 1    169                       147     22       72
  SINCE JUL 1     11                        11      0        0

 COOLING
  TODAY            6                         6      0        9
  MONTH TO DATE   82                        67     15      102
  SINCE JUN 1     99                       120    -21      185
  SINCE JAN 1    105                       124    -19      195
..................................................................


WIND (MPH)
  HIGHEST WIND SPEED    13   HIGHEST WIND DIRECTION    NW (320)
  HIGHEST GUST SPEED    16   HIGHEST GUST DIRECTION     N (350)
  AVERAGE WIND SPEED     6.1


SKY COVER
  POSSIBLE SUNSHINE  MM
  AVERAGE SKY COVER 0.2


WEATHER CONDITIONS
 THE FOLLOWING WEATHER WAS RECORDED TODAY.
  NO SIGNIFICANT WEATHER WAS OBSERVED.


RELATIVE HUMIDITY (PERCENT)
 HIGHEST    93           400 AM
 LOWEST     21           300 PM
 AVERAGE    57

..........................................................


THE CASPER WY CLIMATE NORMALS FOR TOMORROW
                         NORMAL    RECORD    YEAR
 MAXIMUM TEMPERATURE (F)   88       101      1983
 MINIMUM TEMPERATURE (F)   53        41      1952


SUNRISE AND SUNSET
JULY 13 2014..........SUNRISE   539 AM MDT   SUNSET   844 PM MDT
JULY 14 2014..........SUNRISE   540 AM MDT   SUNSET   843 PM MDT


-  INDICATES NEGATIVE NUMBERS.
R  INDICATES RECORD WAS SET OR TIED.
MM INDICATES DATA IS MISSING.
T  INDICATES TRACE AMOUNT.




$$
