000
CDUS45 KRIW 270733
CLICPR


CLIMATE REPORT
NATIONAL WEATHER SERVICE RIVERTON WY
133 AM MDT SAT AUG 27 2016


...................................

...THE CASPER WY CLIMATE SUMMARY FOR AUGUST 26 2016...

CLIMATE NORMAL PERIOD 1981 TO 2010
CLIMATE RECORD PERIOD 1939 TO 2016


WEATHER ITEM   OBSERVED TIME   RECORD YEAR NORMAL DEPARTURE LAST
                VALUE   (LST)  VALUE       VALUE  FROM      YEAR
                                                  NORMAL
..................................................................
TEMPERATURE (F)
 YESTERDAY
  MAXIMUM         74    329 PM  98    1994  84    -10       94
  MINIMUM         46    544 AM  39    2005  49     -3       50
  AVERAGE         60                        67     -7       72

PRECIPITATION (IN)
  YESTERDAY        0.08          0.59 2006   0.02   0.06      T
  MONTH TO DATE    1.30                      0.73   0.57     0.83
  SINCE JUN 1      2.71                      3.75  -1.04     2.90
  SINCE JAN 1     12.17                      8.96   3.21    10.40

SNOWFALL (IN)
  YESTERDAY        0.0                       0.0    0.0      0.0
  MONTH TO DATE    0.0                       0.0    0.0      0.0
  SINCE JUN 1      0.0                       0.1   -0.1      0.0
  SINCE JUL 1      0.0                       0.0    0.0      0.0
  SNOW DEPTH       0

DEGREE DAYS
 HEATING
  YESTERDAY        5                         2      3        0
  MONTH TO DATE   53                        18     35       44
  SINCE JUN 1     95                       170    -75       86
  SINCE JUL 1     58                        34     24       60

 COOLING
  YESTERDAY        0                         3     -3        7
  MONTH TO DATE  103                       138    -35      116
  SINCE JUN 1    412                       379     33      322
  SINCE JAN 1    412                       383     29      322
..................................................................


WIND (MPH)
  HIGHEST WIND SPEED    25   HIGHEST WIND DIRECTION    NW (300)
  HIGHEST GUST SPEED    38   HIGHEST GUST DIRECTION    NW (300)
  AVERAGE WIND SPEED     7.2


SKY COVER
  POSSIBLE SUNSHINE  MM
  AVERAGE SKY COVER 0.0


WEATHER CONDITIONS
 THE FOLLOWING WEATHER WAS RECORDED YESTERDAY.
  THUNDERSTORM
  LIGHT RAIN


RELATIVE HUMIDITY (PERCENT)
 HIGHEST    93           300 AM
 LOWEST     27           400 PM
 AVERAGE    60

..........................................................


THE CASPER WY CLIMATE NORMALS FOR TODAY
                         NORMAL    RECORD    YEAR
 MAXIMUM TEMPERATURE (F)   84        96      2012
                                             2011
                                             1995
 MINIMUM TEMPERATURE (F)   49        37      1976


SUNRISE AND SUNSET
AUGUST 27 2016........SUNRISE   626 AM MDT   SUNSET   748 PM MDT
AUGUST 28 2016........SUNRISE   627 AM MDT   SUNSET   746 PM MDT


-  INDICATES NEGATIVE NUMBERS.
R  INDICATES RECORD WAS SET OR TIED.
MM INDICATES DATA IS MISSING.
T  INDICATES TRACE AMOUNT.




$$
