000
CDUS45 KRIW 240740
CLICPR


CLIMATE REPORT
NATIONAL WEATHER SERVICE RIVERTON WY
130 AM MDT SUN JUL 24 2016


...................................

...THE CASPER WY CLIMATE SUMMARY FOR JULY 23 2016...

CLIMATE NORMAL PERIOD 1981 TO 2010
CLIMATE RECORD PERIOD 1939 TO 2016


WEATHER ITEM   OBSERVED TIME   RECORD YEAR NORMAL DEPARTURE LAST
                VALUE   (LST)  VALUE       VALUE  FROM      YEAR
                                                  NORMAL
..................................................................
TEMPERATURE (F)
 YESTERDAY
  MAXIMUM         95    357 PM 100    2014  89      6       89
                                      2006
                                      2000
  MINIMUM         64    602 AM  43    1972  54     10       57
  AVERAGE         80                        72      8       73

PRECIPITATION (IN)
  YESTERDAY        0.00          1.14 1977   0.05  -0.05     0.00
  MONTH TO DATE    0.08                      1.05  -0.97     0.55
  SINCE JUN 1      1.25                      2.66  -1.41     2.05
  SINCE JAN 1     10.71                      7.87   2.84     9.55

SNOWFALL (IN)
  YESTERDAY        0.0                       0.0    0.0      0.0
  MONTH TO DATE    0.0                       0.0    0.0      0.0
  SINCE JUN 1      0.0                       0.1   -0.1      0.0
  SINCE JUL 1      0.0                       0.0    0.0      0.0
  SNOW DEPTH       0

DEGREE DAYS
 HEATING
  YESTERDAY        0                         0      0        0
  MONTH TO DATE    5                        11     -6        7
  SINCE JUN 1     42                       147   -105       33
  SINCE JUL 1      5                        11     -6        7

 COOLING
  YESTERDAY       15                         7      8        8
  MONTH TO DATE  146                       134     12      100
  SINCE JUN 1    249                       187     62      176
  SINCE JAN 1    249                       191     58      176
..................................................................


WIND (MPH)
  HIGHEST WIND SPEED    22   HIGHEST WIND DIRECTION    NE (30)
  HIGHEST GUST SPEED    28   HIGHEST GUST DIRECTION     N (20)
  AVERAGE WIND SPEED    11.2


SKY COVER
  POSSIBLE SUNSHINE  MM
  AVERAGE SKY COVER 0.0


WEATHER CONDITIONS
 THE FOLLOWING WEATHER WAS RECORDED YESTERDAY.
  NO SIGNIFICANT WEATHER WAS OBSERVED.


RELATIVE HUMIDITY (PERCENT)
 HIGHEST    48           600 AM
 LOWEST      4           400 PM
 AVERAGE    26

..........................................................


THE CASPER WY CLIMATE NORMALS FOR TODAY
                         NORMAL    RECORD    YEAR
 MAXIMUM TEMPERATURE (F)   89       100      2003
                                             1959
 MINIMUM TEMPERATURE (F)   54        45      2010


SUNRISE AND SUNSET
JULY 24 2016..........SUNRISE   549 AM MDT   SUNSET   835 PM MDT
JULY 25 2016..........SUNRISE   550 AM MDT   SUNSET   834 PM MDT


-  INDICATES NEGATIVE NUMBERS.
R  INDICATES RECORD WAS SET OR TIED.
MM INDICATES DATA IS MISSING.
T  INDICATES TRACE AMOUNT.




$$
