000
CDUS46 KLOX 211106
CLICQT


CLIMATE REPORT
NATIONAL WEATHER SERVICE LOS ANGELES/OXNARD CA
406 AM PDT TUE OCT 21 2014


...................................

...THE DOWNTOWN LOS ANGELES (USC) CA CLIMATE SUMMARY FOR OCTOBER 20 2014...

CLIMATE NORMAL PERIOD 1981 TO 2010
CLIMATE RECORD PERIOD 1877 TO 2014


WEATHER ITEM   OBSERVED TIME   RECORD YEAR NORMAL DEPARTURE LAST
                VALUE   (LST)  VALUE       VALUE  FROM      YEAR
                                                  NORMAL
..................................................................
TEMPERATURE (F)
 YESTERDAY
  MAXIMUM         79   1254 PM  96    1964  78      1       76
  MINIMUM         63    404 AM  43    1886  58      5       57
  AVERAGE         71                        68      3       67

PRECIPITATION (IN)
  YESTERDAY        0.00          3.16 1889   0.02  -0.02     0.00
  MONTH TO DATE    0.00                      0.37  -0.37     0.04
  SINCE JUL 1      0.05                      0.66  -0.61     0.13
  SINCE JAN 1      5.16                     11.27  -6.11     2.76

SNOWFALL (IN)
  YESTERDAY        0.0
  MONTH TO DATE    0.0
  SINCE SEP 1      0.0
  SINCE JUL 1      0.0

DEGREE DAYS
 HEATING
  YESTERDAY        0                         1     -1        0
  MONTH TO DATE    0                         3     -3        9
  SINCE SEP 1      0                         5     -5        9
  SINCE JUL 1      0                         5     -5        9

 COOLING
  YESTERDAY        6                         4      2        2
  MONTH TO DATE  188                        97     91       92
  SINCE SEP 1    541                       341    200      354
  SINCE JAN 1   1618                      1175    443     1159
..................................................................


WIND (MPH)
  HIGHEST WIND SPEED     8   HIGHEST WIND DIRECTION     W (280)
  HIGHEST GUST SPEED    16   HIGHEST GUST DIRECTION     W (270)
  AVERAGE WIND SPEED     1.4


SKY COVER
  POSSIBLE SUNSHINE  MM
  AVERAGE SKY COVER 0.3


WEATHER CONDITIONS
 THE FOLLOWING WEATHER WAS RECORDED YESTERDAY.
  HAZE


RELATIVE HUMIDITY (PERCENT)
 HIGHEST    90           400 AM
 LOWEST     54           100 PM
 AVERAGE    72

..........................................................


THE DOWNTOWN LOS ANGELES (USC) CA CLIMATE NORMALS FOR TODAY
                         NORMAL    RECORD    YEAR
 MAXIMUM TEMPERATURE (F)   78       100      1929
 MINIMUM TEMPERATURE (F)   58        45      1882


SUNRISE AND SUNSET
OCTOBER 21 2014.......SUNRISE   703 AM PDT   SUNSET   612 PM PDT
OCTOBER 22 2014.......SUNRISE   704 AM PDT   SUNSET   611 PM PDT


-  INDICATES NEGATIVE NUMBERS.
R  INDICATES RECORD WAS SET OR TIED.
MM INDICATES DATA IS MISSING.
T  INDICATES TRACE AMOUNT.




$$
