000
CDUS46 KLOX 200112
CLICQT


CLIMATE REPORT
NATIONAL WEATHER SERVICE LOS ANGELES/OXNARD CA
512 PM PST FRI JAN 19 2018


...................................

...THE DOWNTOWN LOS ANGELES (USC) CA CLIMATE SUMMARY FOR JANUARY 19 2018...
VALID TODAY AS OF 0500 PM LOCAL TIME.

CLIMATE NORMAL PERIOD 1981 TO 2010
CLIMATE RECORD PERIOD 1877 TO 2018


WEATHER ITEM   OBSERVED TIME   RECORD YEAR NORMAL DEPARTURE LAST
                VALUE   (LST)  VALUE       VALUE  FROM      YEAR
                                                  NORMAL
..................................................................
TEMPERATURE (F)
 TODAY
  MAXIMUM         65   1143 AM  92    1971  68     -3       64
  MINIMUM         57    408 AM  32    1889  48      9       52
  AVERAGE         61                        58      3       58

PRECIPITATION (IN)
  TODAY            0.00          2.26 1933   0.09  -0.09     0.98
  MONTH TO DATE    1.77                      1.95  -0.18     3.87
  SINCE OCT 1      1.89                      5.98  -4.09     9.82
  SINCE JAN 1      1.77                      1.95  -0.18     3.87

SNOWFALL (IN)
  TODAY            0.0
  MONTH TO DATE    0.0
  SINCE DEC 1      0.0
  SINCE JUL 1      0.0

DEGREE DAYS
 HEATING
  TODAY            4                         7     -3        7
  MONTH TO DATE   46                       139    -93      135
  SINCE DEC 1    176                       373   -197      332
  SINCE JUL 1    194                       504   -310      403

 COOLING
  TODAY            0                         0      0        0
  MONTH TO DATE   10                         0     10        1
  SINCE DEC 1     22                         4     18        7
  SINCE JAN 1     10                         0     10        1
..................................................................


WIND (MPH)
  HIGHEST WIND SPEED     9   HIGHEST WIND DIRECTION     W (270)
  HIGHEST GUST SPEED    15   HIGHEST GUST DIRECTION     W (270)
  AVERAGE WIND SPEED     1.2


SKY COVER
  POSSIBLE SUNSHINE  MM
  AVERAGE SKY COVER 0.9


WEATHER CONDITIONS
 THE FOLLOWING WEATHER WAS RECORDED TODAY.
  FOG
  HAZE


RELATIVE HUMIDITY (PERCENT)
 HIGHEST   100           100 AM
 LOWEST     67          1000 AM
 AVERAGE    84

..........................................................


THE DOWNTOWN LOS ANGELES (USC) CA CLIMATE NORMALS FOR TOMORROW
                         NORMAL    RECORD    YEAR
 MAXIMUM TEMPERATURE (F)   68        85      2009
 MINIMUM TEMPERATURE (F)   48        30      1883


SUNRISE AND SUNSET
JANUARY 19 2018.......SUNRISE   657 AM PST   SUNSET   511 PM PST
JANUARY 20 2018.......SUNRISE   657 AM PST   SUNSET   512 PM PST


-  INDICATES NEGATIVE NUMBERS.
R  INDICATES RECORD WAS SET OR TIED.
MM INDICATES DATA IS MISSING.
T  INDICATES TRACE AMOUNT.




$$
