000
CDUS46 KLOX 280915
CLICQT


CLIMATE REPORT
NATIONAL WEATHER SERVICE LOS ANGELES/OXNARD CA
215 AM PDT SAT MAR 28 2015


...................................

...THE DOWNTOWN LOS ANGELES (USC) CA CLIMATE SUMMARY FOR MARCH 27 2015...

CLIMATE NORMAL PERIOD 1981 TO 2010
CLIMATE RECORD PERIOD 1877 TO 2015


WEATHER ITEM   OBSERVED TIME   RECORD YEAR NORMAL DEPARTURE LAST
                VALUE   (LST)  VALUE       VALUE  FROM      YEAR
                                                  NORMAL
..................................................................
TEMPERATURE (F)
 YESTERDAY
  MAXIMUM         91R  1212 PM  91    1986  71     20       69
  MINIMUM         62    446 AM  37    1884  52     10       51
  AVERAGE         77                        61     16       60

PRECIPITATION (IN)
  YESTERDAY        0.00          1.98 1979   0.05  -0.05     0.00
  MONTH TO DATE    0.87                      2.22  -1.35     1.18
  SINCE OCT 1      7.40                     13.17  -5.77     5.64
  SINCE JAN 1      2.79                      9.14  -6.35     4.76

SNOWFALL (IN)
  YESTERDAY        0.0
  MONTH TO DATE    0.0
  SINCE MAR 1      0.0
  SINCE JUL 1      0.0

DEGREE DAYS
 HEATING
  YESTERDAY        0                         5     -5        5
  MONTH TO DATE   29                       139   -110       57
  SINCE MAR 1     29                       139   -110       57
  SINCE JUL 1    392                       914   -522      534

 COOLING
  YESTERDAY       12                         1     11        0
  MONTH TO DATE  126                        24    102       29
  SINCE MAR 1    126                        24    102       29
  SINCE JAN 1    183                        47    136       52
..................................................................


WIND (MPH)
  HIGHEST WIND SPEED     9   HIGHEST WIND DIRECTION     W (290)
  HIGHEST GUST SPEED    14   HIGHEST GUST DIRECTION     W (270)
  AVERAGE WIND SPEED     1.6


SKY COVER
  POSSIBLE SUNSHINE  MM
  AVERAGE SKY COVER 0.0


WEATHER CONDITIONS
 THE FOLLOWING WEATHER WAS RECORDED YESTERDAY.
  HAZE


RELATIVE HUMIDITY (PERCENT)
 HIGHEST    78          1100 PM
 LOWEST     19          1100 AM
 AVERAGE    49

..........................................................


THE DOWNTOWN LOS ANGELES (USC) CA CLIMATE NORMALS FOR TODAY
                         NORMAL    RECORD    YEAR
 MAXIMUM TEMPERATURE (F)   71        90      1879
 MINIMUM TEMPERATURE (F)   52        37      1892


SUNRISE AND SUNSET
MARCH 28 2015.........SUNRISE   646 AM PDT   SUNSET   711 PM PDT
MARCH 29 2015.........SUNRISE   645 AM PDT   SUNSET   712 PM PDT


-  INDICATES NEGATIVE NUMBERS.
R  INDICATES RECORD WAS SET OR TIED.
MM INDICATES DATA IS MISSING.
T  INDICATES TRACE AMOUNT.




$$
