225
CDUS46 KLOX 250902
CLICQT


CLIMATE REPORT
NATIONAL WEATHER SERVICE LOS ANGELES/OXNARD CA
102 AM PST SAT FEB 25 2017


...................................

...THE DOWNTOWN LOS ANGELES (USC) CA CLIMATE SUMMARY FOR FEBRUARY 24 2017...

CLIMATE NORMAL PERIOD 1981 TO 2010
CLIMATE RECORD PERIOD 1877 TO 2017


WEATHER ITEM   OBSERVED TIME   RECORD YEAR NORMAL DEPARTURE LAST
                VALUE   (LST)  VALUE       VALUE  FROM      YEAR
                                                  NORMAL
..................................................................
TEMPERATURE (F)
 YESTERDAY
  MAXIMUM         64    126 PM  94    1986  69     -5       81
  MINIMUM         44    629 AM  35    1890  50     -6       58
  AVERAGE         54                        60     -6       70

PRECIPITATION (IN)
  YESTERDAY        0.00          4.80 1913   0.13  -0.13     0.00
  MONTH TO DATE    4.11                      3.28   0.83     0.79
  SINCE OCT 1     18.44                     10.43   8.01     4.99
  SINCE JAN 1     12.49                      6.40   6.09     3.96

SNOWFALL (IN)
  YESTERDAY        0.0
  MONTH TO DATE    0.0
  SINCE DEC 1      0.0
  SINCE JUL 1      0.0

DEGREE DAYS
 HEATING
  YESTERDAY       11                         6      5        0
  MONTH TO DATE  107                       162    -55       68
  SINCE DEC 1    544                       622    -78      535
  SINCE JUL 1    615                       753   -138      639

 COOLING
  YESTERDAY        0                         1     -1        5
  MONTH TO DATE    5                        11     -6       67
  SINCE DEC 1     14                        24    -10       77
  SINCE JAN 1      8                        20    -12       67
..................................................................


WIND (MPH)
  HIGHEST WIND SPEED    10   HIGHEST WIND DIRECTION     W (280)
  HIGHEST GUST SPEED    14   HIGHEST GUST DIRECTION     W (280)
  AVERAGE WIND SPEED     1.8


SKY COVER
  POSSIBLE SUNSHINE  MM
  AVERAGE SKY COVER 0.0


WEATHER CONDITIONS
 THE FOLLOWING WEATHER WAS RECORDED YESTERDAY.
  NO SIGNIFICANT WEATHER WAS OBSERVED.


RELATIVE HUMIDITY (PERCENT)
 HIGHEST    66          1100 PM
 LOWEST     24          1200 AM
 AVERAGE    45

..........................................................


THE DOWNTOWN LOS ANGELES (USC) CA CLIMATE NORMALS FOR TODAY
                         NORMAL    RECORD    YEAR
 MAXIMUM TEMPERATURE (F)   69        92      1921
 MINIMUM TEMPERATURE (F)   50        40      1962
                                             1887
                                             1882


SUNRISE AND SUNSET
FEBRUARY 25 2017......SUNRISE   626 AM PST   SUNSET   546 PM PST
FEBRUARY 26 2017......SUNRISE   625 AM PST   SUNSET   547 PM PST


-  INDICATES NEGATIVE NUMBERS.
R  INDICATES RECORD WAS SET OR TIED.
MM INDICATES DATA IS MISSING.
T  INDICATES TRACE AMOUNT.




$$
