000
CDUS46 KLOX 050915
CLICQT


CLIMATE REPORT
NATIONAL WEATHER SERVICE LOS ANGELES/OXNARD CA
115 AM PST MON DEC 5 2016


...................................

...THE DOWNTOWN LOS ANGELES (USC) CA CLIMATE SUMMARY FOR DECEMBER 4 2016...

CLIMATE NORMAL PERIOD 1981 TO 2010
CLIMATE RECORD PERIOD 1877 TO 2016


WEATHER ITEM   OBSERVED TIME   RECORD YEAR NORMAL DEPARTURE LAST
                VALUE   (LST)  VALUE       VALUE  FROM      YEAR
                                                  NORMAL
..................................................................
TEMPERATURE (F)
 YESTERDAY
  MAXIMUM         71    207 PM  91    1979  69      2       67
  MINIMUM         44    656 AM  37    1909  48     -4       51
  AVERAGE         58                        58      0       59

PRECIPITATION (IN)
  YESTERDAY        0.00          1.59 1974   0.05  -0.05     0.00
  MONTH TO DATE    0.00                      0.20  -0.20     0.00
  SINCE OCT 1      1.40                      1.90  -0.50     0.46
  SINCE JAN 1      7.25                     12.80  -5.55     7.09

SNOWFALL (IN)
  YESTERDAY        0.0
  MONTH TO DATE    0.0
  SINCE DEC 1      0.0
  SINCE JUL 1      0.0

DEGREE DAYS
 HEATING
  YESTERDAY        7                         7      0        6
  MONTH TO DATE   31                        26      5       12
  SINCE DEC 1     31                        26      5       12
  SINCE JUL 1    102                       157    -55      116

 COOLING
  YESTERDAY        0                         0      0        0
  MONTH TO DATE    0                         0      0        1
  SINCE DEC 1      0                         0      0        1
  SINCE JAN 1   1522                      1240    282     1909
..................................................................


WIND (MPH)
  HIGHEST WIND SPEED     6   HIGHEST WIND DIRECTION     E (100)
  HIGHEST GUST SPEED     8   HIGHEST GUST DIRECTION     E (100)
  AVERAGE WIND SPEED     0.8


SKY COVER
  POSSIBLE SUNSHINE  MM
  AVERAGE SKY COVER 0.0


WEATHER CONDITIONS
 THE FOLLOWING WEATHER WAS RECORDED YESTERDAY.
  NO SIGNIFICANT WEATHER WAS OBSERVED.


RELATIVE HUMIDITY (PERCENT)
 HIGHEST    89          1100 PM
 LOWEST     29           100 PM
 AVERAGE    59

..........................................................


THE DOWNTOWN LOS ANGELES (USC) CA CLIMATE NORMALS FOR TODAY
                         NORMAL    RECORD    YEAR
 MAXIMUM TEMPERATURE (F)   68        89      1979
 MINIMUM TEMPERATURE (F)   48        38      1891


SUNRISE AND SUNSET
DECEMBER  5 2016......SUNRISE   644 AM PST   SUNSET   444 PM PST
DECEMBER  6 2016......SUNRISE   645 AM PST   SUNSET   444 PM PST


-  INDICATES NEGATIVE NUMBERS.
R  INDICATES RECORD WAS SET OR TIED.
MM INDICATES DATA IS MISSING.
T  INDICATES TRACE AMOUNT.




$$
