040
CDUS46 KLOX 240111
CLICQT


CLIMATE REPORT
NATIONAL WEATHER SERVICE LOS ANGELES/OXNARD CA
611 PM PDT MON MAY 23 2016


...................................

...THE DOWNTOWN LOS ANGELES (USC) CA CLIMATE SUMMARY FOR MAY 23 2016...
VALID TODAY AS OF 0600 PM LOCAL TIME.

CLIMATE NORMAL PERIOD 1981 TO 2010
CLIMATE RECORD PERIOD 1877 TO 2016


WEATHER ITEM   OBSERVED TIME   RECORD YEAR NORMAL DEPARTURE LAST
                VALUE   (LST)  VALUE       VALUE  FROM      YEAR
                                                  NORMAL
..................................................................
TEMPERATURE (F)
 TODAY
  MAXIMUM         74    107 PM  92    1932  75     -1       71
  MINIMUM         57    236 AM  41    1881  58     -1       57
  AVERAGE         66                        66      0       64

PRECIPITATION (IN)
  TODAY            0.00          0.10 1977   0.01  -0.01     0.00
  MONTH TO DATE    0.05                      0.22  -0.17     0.93
  SINCE OCT 1      6.88                     14.51  -7.63     8.46
  SINCE JAN 1      5.85                     10.48  -4.63     3.85

SNOWFALL (IN)
  TODAY            0.0
  MONTH TO DATE    0.0
  SINCE MAR 1      0.0
  SINCE JUL 1      0.0

DEGREE DAYS
 HEATING
  TODAY            0                         1     -1        1
  MONTH TO DATE   17                        36    -19       38
  SINCE MAR 1    115                       294   -179      104
  SINCE JUL 1    755                      1069   -314      467

 COOLING
  TODAY            1                         2     -1        0
  MONTH TO DATE   21                        46    -25       15
  SINCE MAR 1    125                       110     15      223
  SINCE JAN 1    200                       133     67      280
..................................................................


WIND (MPH)
  HIGHEST WIND SPEED    10   HIGHEST WIND DIRECTION     W (270)
  HIGHEST GUST SPEED    16   HIGHEST GUST DIRECTION     W (270)
  AVERAGE WIND SPEED     2.6


SKY COVER
  POSSIBLE SUNSHINE  MM
  AVERAGE SKY COVER 0.2


WEATHER CONDITIONS
 THE FOLLOWING WEATHER WAS RECORDED TODAY.
  NO SIGNIFICANT WEATHER WAS OBSERVED.


RELATIVE HUMIDITY (PERCENT)
 HIGHEST    80           200 AM
 LOWEST     41           100 PM
 AVERAGE    61

..........................................................


THE DOWNTOWN LOS ANGELES (USC) CA CLIMATE NORMALS FOR TOMORROW
                         NORMAL    RECORD    YEAR
 MAXIMUM TEMPERATURE (F)   75        95      1896
 MINIMUM TEMPERATURE (F)   58        45      1888


SUNRISE AND SUNSET
MAY 23 2016...........SUNRISE   546 AM PDT   SUNSET   754 PM PDT
MAY 24 2016...........SUNRISE   546 AM PDT   SUNSET   755 PM PDT


-  INDICATES NEGATIVE NUMBERS.
R  INDICATES RECORD WAS SET OR TIED.
MM INDICATES DATA IS MISSING.
T  INDICATES TRACE AMOUNT.




$$
