000
CDUS42 KILM 222043
CLICRE


CLIMATE REPORT
NATIONAL WEATHER SERVICE WILMINGTON NC
443 PM EDT SAT APR 22 2017


...................................

...THE NORTH MYRTLE BEACH SC CLIMATE SUMMARY FOR APRIL 22 2017...
VALID TODAY AS OF 0400 PM LOCAL TIME.

CLIMATE NORMAL PERIOD 1981 TO 2010
CLIMATE RECORD PERIOD 1949 TO 2017


WEATHER ITEM   OBSERVED TIME   RECORD YEAR NORMAL DEPARTURE LAST
                VALUE   (LST)  VALUE       VALUE  FROM      YEAR
                                                  NORMAL
..................................................................
TEMPERATURE (F)
 TODAY
  MAXIMUM         78    259 PM  92    2002  73      5       77
  MINIMUM         68    548 AM  34    1950  54     14       65
  AVERAGE         73                        63     10       71

PRECIPITATION (IN)
  TODAY            0.00                      0.10  -0.10     0.09
  MONTH TO DATE    2.25                      2.24   0.01     0.90
  SINCE MAR 1      4.19                      6.16  -1.97     2.37
  SINCE JAN 1      7.72                     13.27  -5.55    10.44

SNOWFALL (IN)
  TODAY           MM
  MONTH TO DATE   MM
  SINCE MAR 1     MM
  SINCE JUL 1     MM
  SNOW DEPTH      MM

DEGREE DAYS
 HEATING
  TODAY            0                         3     -3        0
  MONTH TO DATE   47                       120    -73      120
  SINCE MAR 1    391                       458    -67      291
  SINCE JUL 1   1795                      2402   -607     1766

 COOLING
  TODAY            8                         2      6        6
  MONTH TO DATE   51                        21     30       24
  SINCE MAR 1     63                        24     39       60
  SINCE JAN 1     64                        24     40       60
..................................................................


WIND (MPH)
  HIGHEST WIND SPEED    25   HIGHEST WIND DIRECTION    SW (220)
  HIGHEST GUST SPEED    32   HIGHEST GUST DIRECTION    SW (210)
  AVERAGE WIND SPEED    14.3


SKY COVER
  POSSIBLE SUNSHINE  MM
  AVERAGE SKY COVER 0.0


WEATHER CONDITIONS
 THE FOLLOWING WEATHER WAS RECORDED TODAY.
  NO SIGNIFICANT WEATHER WAS OBSERVED.


RELATIVE HUMIDITY (PERCENT)
 HIGHEST    90          1200 AM
 LOWEST     67          1000 AM
 AVERAGE    79

..........................................................


THE NORTH MYRTLE BEACH SC CLIMATE NORMALS FOR TOMORROW
                         NORMAL    RECORD    YEAR
 MAXIMUM TEMPERATURE (F)   73        85      1950
 MINIMUM TEMPERATURE (F)   54        35      1993


SUNRISE AND SUNSET
APRIL 22 2017.........SUNRISE   636 AM EDT   SUNSET   752 PM EDT
APRIL 23 2017.........SUNRISE   634 AM EDT   SUNSET   752 PM EDT


-  INDICATES NEGATIVE NUMBERS.
R  INDICATES RECORD WAS SET OR TIED.
MM INDICATES DATA IS MISSING.
T  INDICATES TRACE AMOUNT.




$$
