000
CDUS42 KILM 040841
CLICRE


CLIMATE REPORT
NATIONAL WEATHER SERVICE WILMINGTON NC
441 AM EDT WED MAY 4 2016


...................................

...THE NORTH MYRTLE BEACH SC CLIMATE SUMMARY FOR MAY 3 2016...

CLIMATE NORMAL PERIOD 1981 TO 2010
CLIMATE RECORD PERIOD 1949 TO 2016


WEATHER ITEM   OBSERVED TIME   RECORD YEAR NORMAL DEPARTURE LAST
                VALUE   (LST)  VALUE       VALUE  FROM      YEAR
                                                  NORMAL
..................................................................
TEMPERATURE (F)
 YESTERDAY
  MAXIMUM         77   1156 AM  87    2002  76      1       74
                                      1991
  MINIMUM         67    203 PM  48    1995  57     10       53
  AVERAGE         72                        66      6       64

PRECIPITATION (IN)
  YESTERDAY        1.57                      0.10   1.47     0.00
  MONTH TO DATE    2.27                      0.29   1.98      T
  SINCE MAR 1      4.73                      7.17  -2.44     6.07
  SINCE JAN 1     12.80                     14.28  -1.48    13.26

DEGREE DAYS
 HEATING
  YESTERDAY        0                         2     -2        1
  MONTH TO DATE    0                         6     -6        8
  SINCE MAR 1    294                       485   -191      363
  SINCE JUL 1   1769                      2429   -660     2450

 COOLING
  YESTERDAY        7                         3      4        0
  MONTH TO DATE   24                         9     15        0
  SINCE MAR 1    124                        51     73       52
  SINCE JAN 1    124                        51     73       53
..................................................................


WIND (MPH)
  HIGHEST WIND SPEED    29   HIGHEST WIND DIRECTION    SW (220)
  HIGHEST GUST SPEED    35   HIGHEST GUST DIRECTION    SW (210)
  AVERAGE WIND SPEED    10.2


SKY COVER
  POSSIBLE SUNSHINE  MM
  AVERAGE SKY COVER 0.7


WEATHER CONDITIONS
 THE FOLLOWING WEATHER WAS RECORDED YESTERDAY.
  THUNDERSTORM
  HEAVY RAIN
  RAIN
  LIGHT RAIN
  FOG
  HAZE


RELATIVE HUMIDITY (PERCENT)
 HIGHEST    93           100 AM
 LOWEST     76          1200 PM
 AVERAGE    85

..........................................................


THE NORTH MYRTLE BEACH SC CLIMATE NORMALS FOR TODAY
                         NORMAL    RECORD    YEAR
 MAXIMUM TEMPERATURE (F)   76        87      1949
 MINIMUM TEMPERATURE (F)   57        45      2004


SUNRISE AND SUNSET
MAY  4 2016...........SUNRISE   623 AM EDT   SUNSET   801 PM EDT
MAY  5 2016...........SUNRISE   622 AM EDT   SUNSET   802 PM EDT


-  INDICATES NEGATIVE NUMBERS.
R  INDICATES RECORD WAS SET OR TIED.
MM INDICATES DATA IS MISSING.
T  INDICATES TRACE AMOUNT.




$$
