000
CDUS42 KILM 280941
CLICRE


CLIMATE REPORT
NATIONAL WEATHER SERVICE WILMINGTON NC
441 AM EST FRI NOV 28 2014


...................................

...THE NORTH MYRTLE BEACH SC CLIMATE SUMMARY FOR NOVEMBER 27 2014...

CLIMATE NORMAL PERIOD 1981 TO 2010
CLIMATE RECORD PERIOD 1949 TO 2014


WEATHER ITEM   OBSERVED TIME   RECORD YEAR NORMAL DEPARTURE LAST
                VALUE   (LST)  VALUE       VALUE  FROM      YEAR
                                                  NORMAL
..................................................................
TEMPERATURE (F)
 YESTERDAY
  MAXIMUM         56    219 PM  79    2001  63     -7       68
  MINIMUM         38    855 PM  23    1954  44     -6       35
  AVERAGE         47                        53     -6       52

PRECIPITATION (IN)
  YESTERDAY        0.00                      0.10  -0.10     0.08
  MONTH TO DATE    3.86                      2.73   1.13     3.49
  SINCE SEP 1      9.14                     12.89  -3.75     6.22
  SINCE JAN 1     37.79                     48.24 -10.45    46.98

SNOWFALL (IN)
  YESTERDAY       MM
  MONTH TO DATE   MM
  SINCE SEP 1     MM
  SINCE JUL 1     MM
  SNOW DEPTH      MM

DEGREE DAYS
 HEATING
  YESTERDAY       18                        12      6       13
  MONTH TO DATE  329                       234     95      269
  SINCE SEP 1    389                       324     65      346
  SINCE JUL 1    389                       324     65      346

 COOLING
  YESTERDAY        0                         0      0        0
  MONTH TO DATE    4                        12     -8       23
  SINCE SEP 1    441                       419     22      389
  SINCE JAN 1   2029                      1895    134     1840
..................................................................


WIND (MPH)
  HIGHEST WIND SPEED    21   HIGHEST WIND DIRECTION    NW (310)
  HIGHEST GUST SPEED    29   HIGHEST GUST DIRECTION    NW (320)
  AVERAGE WIND SPEED     7.6


SKY COVER
  POSSIBLE SUNSHINE  MM
  AVERAGE SKY COVER 0.3


WEATHER CONDITIONS
 THE FOLLOWING WEATHER WAS RECORDED YESTERDAY.
  FOG
  FOG W/VISIBILITY <= 1/4 MILE


RELATIVE HUMIDITY (PERCENT)
 HIGHEST    96           300 AM
 LOWEST     46           200 PM
 AVERAGE    71

..........................................................


THE NORTH MYRTLE BEACH SC CLIMATE NORMALS FOR TODAY
                         NORMAL    RECORD    YEAR
 MAXIMUM TEMPERATURE (F)   63        77      1994
 MINIMUM TEMPERATURE (F)   43        27      1950


SUNRISE AND SUNSET
NOVEMBER 28 2014......SUNRISE   659 AM EST   SUNSET   507 PM EST
NOVEMBER 29 2014......SUNRISE   700 AM EST   SUNSET   506 PM EST


-  INDICATES NEGATIVE NUMBERS.
R  INDICATES RECORD WAS SET OR TIED.
MM INDICATES DATA IS MISSING.
T  INDICATES TRACE AMOUNT.




$$
