000
CDUS42 KILM 030842
CLICRE


CLIMATE REPORT
NATIONAL WEATHER SERVICE WILMINGTON NC
441 AM EDT THU SEP 3 2015


...................................

...THE NORTH MYRTLE BEACH SC CLIMATE SUMMARY FOR SEPTEMBER 2 2015...

CLIMATE NORMAL PERIOD 1981 TO 2010
CLIMATE RECORD PERIOD 1949 TO 2015


WEATHER ITEM   OBSERVED TIME   RECORD YEAR NORMAL DEPARTURE LAST
                VALUE   (LST)  VALUE       VALUE  FROM      YEAR
                                                  NORMAL
..................................................................
TEMPERATURE (F)
 YESTERDAY
  MAXIMUM         90   1130 AM  92    1993  86      4       89
  MINIMUM         74    627 AM  60    1954  70      4       77
  AVERAGE         82                        78      4       83

PRECIPITATION (IN)
  YESTERDAY        0.00                      0.26  -0.26     0.00
  MONTH TO DATE    0.00                      0.52  -0.52     0.00
  SINCE SEP 1      0.00                      0.52  -0.52     0.00
  SINCE JAN 1     32.76                     35.87  -3.11    28.65

DEGREE DAYS
 HEATING
  YESTERDAY        0                         0      0        0
  MONTH TO DATE    0                         0      0        0
  SINCE SEP 1      0                         0      0        0
  SINCE JUL 1      0                         0      0        0

 COOLING
  YESTERDAY       17                        13      4       18
  MONTH TO DATE   32                        26      6       35
  SINCE SEP 1     32                        26      6       35
  SINCE JAN 1   1741                      1502    239     1623
..................................................................


WIND (MPH)
  HIGHEST WIND SPEED    15   HIGHEST WIND DIRECTION    SW (210)
  HIGHEST GUST SPEED    18   HIGHEST GUST DIRECTION    SW (210)
  AVERAGE WIND SPEED     6.6


SKY COVER
  POSSIBLE SUNSHINE  MM
  AVERAGE SKY COVER 0.0


WEATHER CONDITIONS
 THE FOLLOWING WEATHER WAS RECORDED YESTERDAY.
  FOG


RELATIVE HUMIDITY (PERCENT)
 HIGHEST    94          1200 AM
 LOWEST     56          1100 AM
 AVERAGE    75

..........................................................


THE NORTH MYRTLE BEACH SC CLIMATE NORMALS FOR TODAY
                         NORMAL    RECORD    YEAR
 MAXIMUM TEMPERATURE (F)   86        95      2010
 MINIMUM TEMPERATURE (F)   70        55      1954


SUNRISE AND SUNSET
SEPTEMBER  3 2015.....SUNRISE   650 AM EDT   SUNSET   738 PM EDT
SEPTEMBER  4 2015.....SUNRISE   650 AM EDT   SUNSET   737 PM EDT


-  INDICATES NEGATIVE NUMBERS.
R  INDICATES RECORD WAS SET OR TIED.
MM INDICATES DATA IS MISSING.
T  INDICATES TRACE AMOUNT.




$$
