000
CDUS42 KILM 030841
CLICRE


CLIMATE REPORT
NATIONAL WEATHER SERVICE WILMINGTON NC
440 AM EDT WED JUN 3 2015


...................................

...THE NORTH MYRTLE BEACH SC CLIMATE SUMMARY FOR JUNE 2 2015...

CLIMATE NORMAL PERIOD 1981 TO 2010
CLIMATE RECORD PERIOD 1949 TO 2015


WEATHER ITEM   OBSERVED TIME   RECORD YEAR NORMAL DEPARTURE LAST
                VALUE   (LST)  VALUE       VALUE  FROM      YEAR
                                                  NORMAL
..................................................................
TEMPERATURE (F)
 YESTERDAY
  MAXIMUM         81    436 PM  92    2002  82     -1       78
  MINIMUM         70    541 AM  53    2003  66      4       55
  AVERAGE         76                        74      2       67

PRECIPITATION (IN)
  YESTERDAY        0.10                      0.14  -0.04     0.00
  MONTH TO DATE    0.10                      0.28  -0.18     0.00
  SINCE JUN 1      0.10                      0.28  -0.18     0.00
  SINCE JAN 1     20.16                     17.68   2.48    12.98

DEGREE DAYS
 HEATING
  YESTERDAY        0                         0      0        0
  MONTH TO DATE    0                         0      0        0
  SINCE JUN 1      0                         0      0        0
  SINCE JUL 1   2418                      2447    -29     2586

 COOLING
  YESTERDAY       11                         9      2        2
  MONTH TO DATE   22                        18      4        6
  SINCE JUN 1     22                        18      4        6
  SINCE JAN 1    281                       230     51      288
..................................................................


WIND (MPH)
  HIGHEST WIND SPEED    13   HIGHEST WIND DIRECTION     W (270)
  HIGHEST GUST SPEED    21   HIGHEST GUST DIRECTION     W (290)
  AVERAGE WIND SPEED     5.4


SKY COVER
  POSSIBLE SUNSHINE  MM
  AVERAGE SKY COVER 0.3


WEATHER CONDITIONS
 THE FOLLOWING WEATHER WAS RECORDED YESTERDAY.
  THUNDERSTORM
  HEAVY RAIN
  RAIN
  LIGHT RAIN
  FOG
  HAZE


RELATIVE HUMIDITY (PERCENT)
 HIGHEST    93           600 AM
 LOWEST     69          1000 AM
 AVERAGE    81

..........................................................


THE NORTH MYRTLE BEACH SC CLIMATE NORMALS FOR TODAY
                         NORMAL    RECORD    YEAR
 MAXIMUM TEMPERATURE (F)   82        93      1998
 MINIMUM TEMPERATURE (F)   66        49      1953


SUNRISE AND SUNSET
JUNE  3 2015..........SUNRISE   605 AM EDT   SUNSET   822 PM EDT
JUNE  4 2015..........SUNRISE   604 AM EDT   SUNSET   822 PM EDT


-  INDICATES NEGATIVE NUMBERS.
R  INDICATES RECORD WAS SET OR TIED.
MM INDICATES DATA IS MISSING.
T  INDICATES TRACE AMOUNT.




$$
