000
CDUS42 KILM 300842
CLICRE


CLIMATE REPORT
NATIONAL WEATHER SERVICE WILMINGTON NC
441 AM EDT MON MAR 30 2015


...................................

...THE NORTH MYRTLE BEACH SC CLIMATE SUMMARY FOR MARCH 29 2015...

CLIMATE NORMAL PERIOD 1981 TO 2010
CLIMATE RECORD PERIOD 1949 TO 2015


WEATHER ITEM   OBSERVED TIME   RECORD YEAR NORMAL DEPARTURE LAST
                VALUE   (LST)  VALUE       VALUE  FROM      YEAR
                                                  NORMAL
..................................................................
TEMPERATURE (F)
 YESTERDAY
  MAXIMUM         52    151 PM  88    2012  67    -15       65
  MINIMUM         31R   632 AM  31    2013  47    -16       59
  AVERAGE         42                        57    -15       62

PRECIPITATION (IN)
  YESTERDAY        0.00                      0.14  -0.14     1.77
  MONTH TO DATE    2.43                      3.68  -1.25     4.74
  SINCE MAR 1      2.43                      3.68  -1.25     4.74
  SINCE JAN 1      9.62                     10.79  -1.17     8.86

SNOWFALL (IN)
  YESTERDAY       MM
  MONTH TO DATE   MM
  SINCE MAR 1     MM
  SINCE JUL 1     MM
  SNOW DEPTH      MM

DEGREE DAYS
 HEATING
  YESTERDAY       23                         8     15        3
  MONTH TO DATE  282                       322    -40      434
  SINCE MAR 1    282                       322    -40      434
  SINCE JUL 1   2337                      2266     71     2458

 COOLING
  YESTERDAY        0                         0      0        0
  MONTH TO DATE    7                         0      7        0
  SINCE MAR 1      7                         0      7        0
  SINCE JAN 1      8                         0      8        0
..................................................................


WIND (MPH)
  HIGHEST WIND SPEED    17   HIGHEST WIND DIRECTION     N (20)
  HIGHEST GUST SPEED    22   HIGHEST GUST DIRECTION    NE (40)
  AVERAGE WIND SPEED     7.2


SKY COVER
  POSSIBLE SUNSHINE  MM
  AVERAGE SKY COVER 0.0


WEATHER CONDITIONS
 THE FOLLOWING WEATHER WAS RECORDED YESTERDAY.
  NO SIGNIFICANT WEATHER WAS OBSERVED.


RELATIVE HUMIDITY (PERCENT)
 HIGHEST    79          1100 PM
 LOWEST     24           100 PM
 AVERAGE    52

..........................................................


THE NORTH MYRTLE BEACH SC CLIMATE NORMALS FOR TODAY
                         NORMAL    RECORD    YEAR
 MAXIMUM TEMPERATURE (F)   67        86      1954
 MINIMUM TEMPERATURE (F)   48        29      1955


SUNRISE AND SUNSET
MARCH 30 2015.........SUNRISE   705 AM EDT   SUNSET   734 PM EDT
MARCH 31 2015.........SUNRISE   704 AM EDT   SUNSET   735 PM EDT


-  INDICATES NEGATIVE NUMBERS.
R  INDICATES RECORD WAS SET OR TIED.
MM INDICATES DATA IS MISSING.
T  INDICATES TRACE AMOUNT.




$$
