000
CDUS42 KILM 232141
CLICRE


CLIMATE REPORT
NATIONAL WEATHER SERVICE WILMINGTON NC
441 PM EST THU NOV 23 2017


...................................

...THE N.MYRTLE BEACH SOUTH CAROLINA CLIMATE SUMMARY FOR NOVEMBER 23 2017...
VALID TODAY AS OF 0400 PM LOCAL TIME.

CLIMATE NORMAL PERIOD 1981 TO 2010
CLIMATE RECORD PERIOD 1949 TO 2017


WEATHER ITEM   OBSERVED TIME   RECORD YEAR NORMAL DEPARTURE LAST
                VALUE   (LST)  VALUE       VALUE  FROM      YEAR
                                                  NORMAL
..................................................................
TEMPERATURE (F)
 TODAY
  MAXIMUM         51   1201 AM  78    1999  64    -13       63
                                      1953
  MINIMUM         45    935 AM  24    1949  45      0       32
  AVERAGE         48                        54     -6       48

PRECIPITATION (IN)
  TODAY            T             2.22 2014   0.11  -0.11     0.00
  MONTH TO DATE    1.54                      2.33  -0.79     0.17
  SINCE SEP 1     10.09                     12.49  -2.40    27.92
  SINCE JAN 1     45.70                     47.84  -2.14    53.56

SNOWFALL (IN)
  TODAY           MM
  MONTH TO DATE   MM
  SINCE SEP 1     MM
  SINCE JUL 1     MM
  SNOW DEPTH      MM

DEGREE DAYS
 HEATING
  TODAY           17                        11      6       17
  MONTH TO DATE  197                       188      9      228
  SINCE SEP 1    259                       278    -19      256
  SINCE JUL 1    259                       278    -19      256

 COOLING
  TODAY            0                         0      0        0
  MONTH TO DATE   17                        12      5        7
  SINCE SEP 1    532                       419    113      509
  SINCE JAN 1   2197                      1895    302     2365
..................................................................


WIND (MPH)
  HIGHEST WIND SPEED    17   HIGHEST WIND DIRECTION    NE (30)
  HIGHEST GUST SPEED    22   HIGHEST GUST DIRECTION    NE (40)
  AVERAGE WIND SPEED    10.1


SKY COVER
  POSSIBLE SUNSHINE  MM
  AVERAGE SKY COVER 0.4


WEATHER CONDITIONS
 THE FOLLOWING WEATHER WAS RECORDED TODAY.
  NO SIGNIFICANT WEATHER WAS OBSERVED.


RELATIVE HUMIDITY (PERCENT)
 HIGHEST    76           700 AM
 LOWEST     61           200 AM
 AVERAGE    69

..........................................................


THE N.MYRTLE BEACH SOUTH CAROLINA CLIMATE NORMALS FOR TOMORROW
                         NORMAL    RECORD    YEAR
 MAXIMUM TEMPERATURE (F)   64        76      1993
 MINIMUM TEMPERATURE (F)   44        27      2013


SUNRISE AND SUNSET
NOVEMBER 23 2017......SUNRISE   655 AM EST   SUNSET   508 PM EST
NOVEMBER 24 2017......SUNRISE   656 AM EST   SUNSET   507 PM EST


-  INDICATES NEGATIVE NUMBERS.
R  INDICATES RECORD WAS SET OR TIED.
MM INDICATES DATA IS MISSING.
T  INDICATES TRACE AMOUNT.




$$
