000
CDUS42 KILM 242100
CLICRE


CLIMATE REPORT
NATIONAL WEATHER SERVICE WILMINGTON NC
500 PM EDT WED AUG 24 2016


...................................

...THE NORTH MYRTLE BEACH SC CLIMATE SUMMARY FOR AUGUST 24 2016...
VALID TODAY AS OF 0400 PM LOCAL TIME.

CLIMATE NORMAL PERIOD 1981 TO 2010
CLIMATE RECORD PERIOD 1949 TO 2016


WEATHER ITEM   OBSERVED TIME   RECORD YEAR NORMAL DEPARTURE LAST
                VALUE   (LST)  VALUE       VALUE  FROM      YEAR
                                                  NORMAL
..................................................................
TEMPERATURE (F)
 TODAY
  MAXIMUM         88    236 PM  92    2002  86      2       87
  MINIMUM         68    541 AM  58    1953  71     -3       73
  AVERAGE         78                        78      0       80

PRECIPITATION (IN)
  TODAY            0.00                      0.29  -0.29     0.00
  MONTH TO DATE    2.75                      5.59  -2.84     2.92
  SINCE JUN 1      8.65                     16.13  -7.48     9.83
  SINCE JAN 1     24.39                     33.53  -9.14    29.89

DEGREE DAYS
 HEATING
  TODAY            0                         0      0        0
  MONTH TO DATE    0                         0      0        0
  SINCE JUN 1      0                         0      0        0
  SINCE JUL 1      0                         0      0        0

 COOLING
  TODAY           13                        14     -1       15
  MONTH TO DATE  439                       341     98      354
  SINCE JUN 1   1458                      1174    284     1354
  SINCE JAN 1   1754                      1386    368     1613
..................................................................


WIND (MPH)
  HIGHEST WIND SPEED    17   HIGHEST WIND DIRECTION    NE (50)
  HIGHEST GUST SPEED    22   HIGHEST GUST DIRECTION     N (20)
  AVERAGE WIND SPEED     7.2


SKY COVER
  POSSIBLE SUNSHINE  MM
  AVERAGE SKY COVER 0.0


WEATHER CONDITIONS
 THE FOLLOWING WEATHER WAS RECORDED TODAY.
  NO SIGNIFICANT WEATHER WAS OBSERVED.


RELATIVE HUMIDITY (PERCENT)
 HIGHEST    90           400 AM
 LOWEST     43           100 PM
 AVERAGE    67

..........................................................


THE NORTH MYRTLE BEACH SC CLIMATE NORMALS FOR TOMORROW
                         NORMAL    RECORD    YEAR
 MAXIMUM TEMPERATURE (F)   86        91      2002
 MINIMUM TEMPERATURE (F)   71        54      1952


SUNRISE AND SUNSET
AUGUST 24 2016........SUNRISE   643 AM EDT   SUNSET   750 PM EDT
AUGUST 25 2016........SUNRISE   644 AM EDT   SUNSET   749 PM EDT


-  INDICATES NEGATIVE NUMBERS.
R  INDICATES RECORD WAS SET OR TIED.
MM INDICATES DATA IS MISSING.
T  INDICATES TRACE AMOUNT.




$$
