000
CDUS42 KILM 190841
CLICRE


CLIMATE REPORT
NATIONAL WEATHER SERVICE WILMINGTON NC
441 AM EDT FRI SEP 19 2014


...................................

...THE NORTH MYRTLE BEACH SC CLIMATE SUMMARY FOR SEPTEMBER 18 2014...

CLIMATE NORMAL PERIOD 1981 TO 2010
CLIMATE RECORD PERIOD 1949 TO 2014


WEATHER ITEM   OBSERVED TIME   RECORD YEAR NORMAL DEPARTURE LAST
                VALUE   (LST)  VALUE       VALUE  FROM      YEAR
                                                  NORMAL
..................................................................
TEMPERATURE (F)
 YESTERDAY
  MAXIMUM         82    242 PM  88    2010  83     -1       77
                                      1991
  MINIMUM         68    656 AM  54    2001  67      1       56
  AVERAGE         75                        75      0       67

PRECIPITATION (IN)
  YESTERDAY        0.68                      0.17   0.51     0.00
  MONTH TO DATE    3.73                      4.10  -0.37     0.82
  SINCE SEP 1      3.73                      4.10  -0.37     0.82
  SINCE JAN 1     32.38                     39.45  -7.07    41.58

DEGREE DAYS
 HEATING
  YESTERDAY        0                         0      0        0
  MONTH TO DATE    0                         0      0        0
  SINCE SEP 1      0                         0      0        0
  SINCE JUL 1      0                         0      0        0

 COOLING
  YESTERDAY       10                        10      0        2
  MONTH TO DATE  243                       210     33      224
  SINCE SEP 1    243                       210     33      224
  SINCE JAN 1   1831                      1686    145     1675
..................................................................


WIND (MPH)
  HIGHEST WIND SPEED    15   HIGHEST WIND DIRECTION     E (70)
  HIGHEST GUST SPEED    21   HIGHEST GUST DIRECTION     E (90)
  AVERAGE WIND SPEED     6.6


SKY COVER
  POSSIBLE SUNSHINE  MM
  AVERAGE SKY COVER 0.2


WEATHER CONDITIONS
 THE FOLLOWING WEATHER WAS RECORDED YESTERDAY.
  HEAVY RAIN
  LIGHT RAIN
  FOG


RELATIVE HUMIDITY (PERCENT)
 HIGHEST    93           500 AM
 LOWEST     62           600 PM
 AVERAGE    78

..........................................................


THE NORTH MYRTLE BEACH SC CLIMATE NORMALS FOR TODAY
                         NORMAL    RECORD    YEAR
 MAXIMUM TEMPERATURE (F)   83        92      1949
 MINIMUM TEMPERATURE (F)   66        54      1990


SUNRISE AND SUNSET
SEPTEMBER 19 2014.....SUNRISE   701 AM EDT   SUNSET   716 PM EDT
SEPTEMBER 20 2014.....SUNRISE   702 AM EDT   SUNSET   714 PM EDT


-  INDICATES NEGATIVE NUMBERS.
R  INDICATES RECORD WAS SET OR TIED.
MM INDICATES DATA IS MISSING.
T  INDICATES TRACE AMOUNT.




$$
