000
CDUS42 KILM 250840
CLICRE


CLIMATE REPORT
NATIONAL WEATHER SERVICE WILMINGTON NC
440 AM EDT THU MAY 25 2017


...................................

...THE NORTH MYRTLE BEACH SC CLIMATE SUMMARY FOR MAY 24 2017...

CLIMATE NORMAL PERIOD 1981 TO 2010
CLIMATE RECORD PERIOD 1949 TO 2017


WEATHER ITEM   OBSERVED TIME   RECORD YEAR NORMAL DEPARTURE LAST
                VALUE   (LST)  VALUE       VALUE  FROM      YEAR
                                                  NORMAL
..................................................................
TEMPERATURE (F)
 YESTERDAY
  MAXIMUM         80   1052 AM  90    1949  80      0       77
  MINIMUM         69    433 AM  46    1954  63      6       52
  AVERAGE         75                        72      3       65

PRECIPITATION (IN)
  YESTERDAY        0.79                      0.12   0.67     0.00
  MONTH TO DATE    3.82                      2.49   1.33     4.23
  SINCE MAR 1      9.20                      9.37  -0.17     6.69
  SINCE JAN 1     12.73                     16.48  -3.75    14.76

DEGREE DAYS
 HEATING
  YESTERDAY        0                         0      0        0
  MONTH TO DATE   10                        23    -13       12
  SINCE MAR 1    402                       502   -100      306
  SINCE JUL 1   1806                      2446   -640     1781

 COOLING
  YESTERDAY       10                         7      3        0
  MONTH TO DATE  170                       115     55      129
  SINCE MAR 1    285                       157    128      229
  SINCE JAN 1    286                       157    129      229
..................................................................


WIND (MPH)
  HIGHEST WIND SPEED    31   HIGHEST WIND DIRECTION    SW (220)
  HIGHEST GUST SPEED    41   HIGHEST GUST DIRECTION    SW (230)
  AVERAGE WIND SPEED    12.8


SKY COVER
  POSSIBLE SUNSHINE  MM
  AVERAGE SKY COVER 0.6


WEATHER CONDITIONS
 THE FOLLOWING WEATHER WAS RECORDED YESTERDAY.
  HEAVY RAIN
  LIGHT RAIN
  FOG


RELATIVE HUMIDITY (PERCENT)
 HIGHEST   100          1200 AM
 LOWEST     74           400 PM
 AVERAGE    87

..........................................................


THE NORTH MYRTLE BEACH SC CLIMATE NORMALS FOR TODAY
                         NORMAL    RECORD    YEAR
 MAXIMUM TEMPERATURE (F)   80        90      1996
 MINIMUM TEMPERATURE (F)   64        46      2013


SUNRISE AND SUNSET
MAY 25 2017...........SUNRISE   608 AM EDT   SUNSET   816 PM EDT
MAY 26 2017...........SUNRISE   607 AM EDT   SUNSET   817 PM EDT


-  INDICATES NEGATIVE NUMBERS.
R  INDICATES RECORD WAS SET OR TIED.
MM INDICATES DATA IS MISSING.
T  INDICATES TRACE AMOUNT.




$$
