000
CDUS44 KCRP 250932
CLICRP

CLIMATE REPORT
NATIONAL WEATHER SERVICE CORPUS CHRISTI TX
332 AM CST SAT FEB 25 2017


...................................

...THE CORPUS CHRISTI CLIMATE SUMMARY FOR FEBRUARY 24 2017...

CLIMATE NORMAL PERIOD 1981 TO 2010
CLIMATE RECORD PERIOD 1887 TO 2017


WEATHER ITEM   OBSERVED TIME   RECORD YEAR NORMAL DEPARTURE LAST
                VALUE   (LST)  VALUE       VALUE  FROM      YEAR
                                                  NORMAL
..................................................................
TEMPERATURE (F)
 YESTERDAY
  MAXIMUM         88    342 PM  90    2007  72     16       70
  MINIMUM         65   1159 PM  29    1968  52     13       42
  AVERAGE         77                        62     15       56

PRECIPITATION (IN)
  YESTERDAY        0.00          1.39 2004   0.07  -0.07     0.00
  MONTH TO DATE    2.57                      1.61   0.96     0.21
  SINCE DEC 1      5.04                      4.98   0.06     3.18
  SINCE JAN 1      2.84                      3.15  -0.31     2.29

SNOWFALL (IN)
  YESTERDAY        0.0
  MONTH TO DATE    0.0
  SINCE DEC 1      0.0
  SINCE JUL 1      0.0
  SNOW DEPTH       0

DEGREE DAYS
 HEATING
  YESTERDAY        0                         5     -5        9
  MONTH TO DATE   26                       155   -129       92
  SINCE DEC 1    330                       681   -351      524
  SINCE JUL 1    348                       782   -434      598

 COOLING
  YESTERDAY       12                         2     10        0
  MONTH TO DATE  148                        41    107       50
  SINCE DEC 1    328                       120    208      141
  SINCE JAN 1    240                        71    169       63
..................................................................


WIND (MPH)
  HIGHEST WIND SPEED    25   HIGHEST WIND DIRECTION    NE (40)
  HIGHEST GUST SPEED    32   HIGHEST GUST DIRECTION     N (20)
  AVERAGE WIND SPEED    15.4


SKY COVER
  POSSIBLE SUNSHINE  MM
  AVERAGE SKY COVER 0.1


WEATHER CONDITIONS
 THE FOLLOWING WEATHER WAS RECORDED YESTERDAY.
  NO SIGNIFICANT WEATHER WAS OBSERVED.


RELATIVE HUMIDITY (PERCENT)
 HIGHEST   100          1200 AM
 LOWEST     21           400 PM
 AVERAGE    61

..........................................................


THE CORPUS CHRISTI CLIMATE NORMALS FOR TODAY
                         NORMAL    RECORD    YEAR
 MAXIMUM TEMPERATURE (F)   72        91      2008
 MINIMUM TEMPERATURE (F)   53        27      1960


SUNRISE AND SUNSET
FEBRUARY 25 2017......SUNRISE   658 AM CST   SUNSET   628 PM CST
FEBRUARY 26 2017......SUNRISE   657 AM CST   SUNSET   629 PM CST


-  INDICATES NEGATIVE NUMBERS.
R  INDICATES RECORD WAS SET OR TIED.
MM INDICATES DATA IS MISSING.
T  INDICATES TRACE AMOUNT.




$$
