000
CDUS44 KCRP 310954
CLICRP

CLIMATE REPORT
NATIONAL WEATHER SERVICE CORPUS CHRISTI TX
353 AM CST SAT JAN 31 2015


...................................

...THE CORPUS CHRISTI CLIMATE SUMMARY FOR JANUARY 30 2015...

CLIMATE NORMAL PERIOD 1981 TO 2010
CLIMATE RECORD PERIOD 1887 TO 2015


WEATHER ITEM   OBSERVED TIME   RECORD YEAR NORMAL DEPARTURE LAST
                VALUE   (LST)  VALUE       VALUE  FROM      YEAR
                                                  NORMAL
..................................................................
TEMPERATURE (F)
 YESTERDAY
  MAXIMUM         66    208 PM  91    1971  68     -2       69
  MINIMUM         55    814 AM  22    1951  48      7       49
  AVERAGE         61                        58      3       59

PRECIPITATION (IN)
  YESTERDAY        0.00          0.70 1972   0.05  -0.05     0.00
  MONTH TO DATE    1.99                      1.50   0.49     0.67
  SINCE DEC 1      3.03                      3.33  -0.30     0.96
  SINCE JAN 1      1.99                      1.50   0.49     0.67

SNOWFALL (IN)
  YESTERDAY        0.0
  MONTH TO DATE    0.0
  SINCE DEC 1      0.0
  SINCE JUL 1      0.0
  SNOW DEPTH       0

DEGREE DAYS
 HEATING
  YESTERDAY        4                         8     -4        6
  MONTH TO DATE  391                       263    128      308
  SINCE DEC 1    545                       513     32      607
  SINCE JUL 1    706                       614     92      764

 COOLING
  YESTERDAY        0                         1     -1        0
  MONTH TO DATE    2                        30    -28        2
  SINCE DEC 1     61                        79    -18       38
  SINCE JAN 1      2                        30    -28        2
..................................................................


WIND (MPH)
  HIGHEST WIND SPEED    25   HIGHEST WIND DIRECTION    NE (30)
  HIGHEST GUST SPEED    30   HIGHEST GUST DIRECTION    NE (40)
  AVERAGE WIND SPEED    15.2


SKY COVER
  POSSIBLE SUNSHINE  MM
  AVERAGE SKY COVER 0.9


WEATHER CONDITIONS
 THE FOLLOWING WEATHER WAS RECORDED YESTERDAY.
  FOG


RELATIVE HUMIDITY (PERCENT)
 HIGHEST   100           200 AM
 LOWEST     52          1100 AM
 AVERAGE    76

..........................................................


THE CORPUS CHRISTI CLIMATE NORMALS FOR TODAY
                         NORMAL    RECORD    YEAR
 MAXIMUM TEMPERATURE (F)   68        85      2002
                                             1917
 MINIMUM TEMPERATURE (F)   48        20      1949


SUNRISE AND SUNSET
JANUARY 31 2015.......SUNRISE   717 AM CST   SUNSET   610 PM CST
FEBRUARY  1 2015......SUNRISE   717 AM CST   SUNSET   611 PM CST


-  INDICATES NEGATIVE NUMBERS.
R  INDICATES RECORD WAS SET OR TIED.
MM INDICATES DATA IS MISSING.
T  INDICATES TRACE AMOUNT.

$$

GW
