410
CDUS44 KCRP 200808
CLICRP

CLIMATE REPORT
NATIONAL WEATHER SERVICE CORPUS CHRISTI TX
307 AM CDT THU JUL 20 2017

...................................

...THE CORPUS CHRISTI CLIMATE SUMMARY FOR JULY 19 2017...

CLIMATE NORMAL PERIOD 1981 TO 2010
CLIMATE RECORD PERIOD 1887 TO 2017

WEATHER ITEM   OBSERVED TIME   RECORD YEAR NORMAL DEPARTURE LAST
                VALUE   (LST)  VALUE       VALUE  FROM      YEAR
                                                  NORMAL
..................................................................
TEMPERATURE (F)
 YESTERDAY
  MAXIMUM         95    144 PM  98    2011  93      2       94
                                      2009
                                      2000
  MINIMUM         76    511 AM  68    1986  75      1       77
  AVERAGE         86                        84      2       86

PRECIPITATION (IN)
  YESTERDAY        T             1.52 1964   0.07  -0.07      T
  MONTH TO DATE    1.27                      2.04  -0.77      T
  SINCE JUN 1      3.20                      5.40  -2.20     2.95
  SINCE JAN 1     16.47                     15.67   0.80    21.17

SNOWFALL (IN)
  YESTERDAY        0.0
  MONTH TO DATE    0.0
  SINCE JUN 1      0.0
  SINCE JUL 1      0.0
  SNOW DEPTH       0

DEGREE DAYS
 HEATING
  YESTERDAY        0                         0      0        0
  MONTH TO DATE    0                         0      0        0
  SINCE JUN 1      0                         0      0        0
  SINCE JUL 1      0                         0      0        0

 COOLING
  YESTERDAY       21                        19      2       21
  MONTH TO DATE  354                       357     -3      410
  SINCE JUN 1    926                       879     47      970
  SINCE JAN 1   2116                      1720    396     2006
..................................................................

WIND (MPH)
  HIGHEST WIND SPEED    21   HIGHEST WIND DIRECTION    SE (140)
  HIGHEST GUST SPEED    28   HIGHEST GUST DIRECTION    SE (140)
  AVERAGE WIND SPEED     9.2

SKY COVER
  POSSIBLE SUNSHINE  MM
  AVERAGE SKY COVER 0.4

WEATHER CONDITIONS
 THE FOLLOWING WEATHER WAS RECORDED YESTERDAY.
  LIGHT RAIN

RELATIVE HUMIDITY (PERCENT)
 HIGHEST   100           100 AM
 LOWEST     52           300 PM
 AVERAGE    76

..........................................................

THE CORPUS CHRISTI CLIMATE NORMALS FOR TODAY
                         NORMAL    RECORD    YEAR
 MAXIMUM TEMPERATURE (F)   93       101      2009
 MINIMUM TEMPERATURE (F)   75        69      1986
                                             1974


SUNRISE AND SUNSET
JULY 20 2017..........SUNRISE   647 AM CDT   SUNSET   826 PM CDT
JULY 21 2017..........SUNRISE   647 AM CDT   SUNSET   825 PM CDT

-  INDICATES NEGATIVE NUMBERS.
R  INDICATES RECORD WAS SET OR TIED.
MM INDICATES DATA IS MISSING.
T  INDICATES TRACE AMOUNT.

$$
