000
CDUS44 KCRP 250915
CLICRP

CLIMATE REPORT
NATIONAL WEATHER SERVICE CORPUS CHRISTI TX
414 AM CDT THU MAY 25 2017


...................................

...THE CORPUS CHRISTI CLIMATE SUMMARY FOR MAY 24 2017...

CLIMATE NORMAL PERIOD 1981 TO 2010
CLIMATE RECORD PERIOD 1887 TO 2017


WEATHER ITEM   OBSERVED TIME   RECORD YEAR NORMAL DEPARTURE LAST
                VALUE   (LST)  VALUE       VALUE  FROM      YEAR
                                                  NORMAL
..................................................................
TEMPERATURE (F)
 YESTERDAY
  MAXIMUM         86    427 PM  94    1974  88     -2       88
  MINIMUM         58R   613 AM  58    1967  72    -14       78
  AVERAGE         72                        80     -8       83

PRECIPITATION (IN)
  YESTERDAY        0.00          2.67 1971   0.11  -0.11     0.00
  MONTH TO DATE    0.93                      2.30  -1.37     5.81
  SINCE MAR 1      8.14                      6.03   2.11    15.75
  SINCE JAN 1     10.98                      9.50   1.48    18.04

SNOWFALL (IN)
  YESTERDAY        0.0
  MONTH TO DATE    0.0
  SINCE MAR 1      0.0
  SINCE JUL 1      0.0
  SNOW DEPTH       0

DEGREE DAYS
 HEATING
  YESTERDAY        0                         0      0        0
  MONTH TO DATE    0                         0      0        0
  SINCE MAR 1     16                        98    -82       21
  SINCE JUL 1    368                       898   -530      640

 COOLING
  YESTERDAY        7                        15     -8       18
  MONTH TO DATE  305                       306     -1      336
  SINCE MAR 1    811                       658    153      834
  SINCE JAN 1   1080                       734    346      911
..................................................................


WIND (MPH)
  HIGHEST WIND SPEED    17   HIGHEST WIND DIRECTION     N (360)
  HIGHEST GUST SPEED    23   HIGHEST GUST DIRECTION     N (20)
  AVERAGE WIND SPEED     7.1


SKY COVER
  POSSIBLE SUNSHINE  MM
  AVERAGE SKY COVER 0.1


WEATHER CONDITIONS
 THE FOLLOWING WEATHER WAS RECORDED YESTERDAY.
  HAZE


RELATIVE HUMIDITY (PERCENT)
 HIGHEST   100           500 AM
 LOWEST     27           400 PM
 AVERAGE    64

..........................................................


THE CORPUS CHRISTI CLIMATE NORMALS FOR TODAY
                         NORMAL    RECORD    YEAR
 MAXIMUM TEMPERATURE (F)   88        97      2009
 MINIMUM TEMPERATURE (F)   72        60      1940


SUNRISE AND SUNSET
MAY 25 2017...........SUNRISE   636 AM CDT   SUNSET   818 PM CDT
MAY 26 2017...........SUNRISE   636 AM CDT   SUNSET   819 PM CDT


-  INDICATES NEGATIVE NUMBERS.
R  INDICATES RECORD WAS SET OR TIED.
MM INDICATES DATA IS MISSING.
T  INDICATES TRACE AMOUNT.




$$
