000
CDUS44 KCRP 190847
CLICRP

CLIMATE REPORT
NATIONAL WEATHER SERVICE CORPUS CHRISTI TX
345 AM CDT TUE SEP 19 2017


...................................

...THE CORPUS CHRISTI CLIMATE SUMMARY FOR SEPTEMBER 18 2017...

CLIMATE NORMAL PERIOD 1981 TO 2010
CLIMATE RECORD PERIOD 1887 TO 2017


WEATHER ITEM   OBSERVED TIME   RECORD YEAR NORMAL DEPARTURE LAST
                VALUE   (LST)  VALUE       VALUE  FROM      YEAR
                                                  NORMAL
..................................................................
TEMPERATURE (F)
 YESTERDAY
  MAXIMUM         93    318 PM  99    2016  90      3       99
  MINIMUM         77    532 AM  58    1981  72      5       77
  AVERAGE         85                        81      4       88

PRECIPITATION (IN)
  YESTERDAY        0.16          3.02 1971   0.16   0.00     0.00
  MONTH TO DATE    0.37                      3.18  -2.81     0.48
  SINCE SEP 1      0.37                      3.18  -2.81     0.48
  SINCE JAN 1     22.73                     22.52   0.21    25.77

SNOWFALL (IN)
  YESTERDAY        0.0
  MONTH TO DATE    0.0
  SINCE SEP 1      0.0
  SINCE JUL 1      0.0
  SNOW DEPTH       0

DEGREE DAYS
 HEATING
  YESTERDAY        0                         0      0        0
  MONTH TO DATE    0                         0      0        0
  SINCE SEP 1      0                         0      0        0
  SINCE JUL 1      0                         0      0        0

 COOLING
  YESTERDAY       20                        16      4       23
  MONTH TO DATE  276                       311    -35      383
  SINCE SEP 1    276                       311    -35      383
  SINCE JAN 1   3257                      2872    385     3300
..................................................................


WIND (MPH)
  HIGHEST WIND SPEED    23   HIGHEST WIND DIRECTION    SE (140)
  HIGHEST GUST SPEED    28   HIGHEST GUST DIRECTION    SE (140)
  AVERAGE WIND SPEED    11.1


SKY COVER
  POSSIBLE SUNSHINE  MM
  AVERAGE SKY COVER 0.6


WEATHER CONDITIONS
 THE FOLLOWING WEATHER WAS RECORDED YESTERDAY.
  THUNDERSTORM
  LIGHT RAIN


RELATIVE HUMIDITY (PERCENT)
 HIGHEST   100           500 AM
 LOWEST     56           300 PM
 AVERAGE    78

..........................................................


THE CORPUS CHRISTI CLIMATE NORMALS FOR TODAY
                         NORMAL    RECORD    YEAR
 MAXIMUM TEMPERATURE (F)   89        99      1977
                                             1947
 MINIMUM TEMPERATURE (F)   71        55      1981


SUNRISE AND SUNSET
SEPTEMBER 19 2017.....SUNRISE   717 AM CDT   SUNSET   730 PM CDT
SEPTEMBER 20 2017.....SUNRISE   718 AM CDT   SUNSET   728 PM CDT


-  INDICATES NEGATIVE NUMBERS.
R  INDICATES RECORD WAS SET OR TIED.
MM INDICATES DATA IS MISSING.
T  INDICATES TRACE AMOUNT.




$$
