000
CDUS44 KCRP 220838
CLICRP

CLIMATE REPORT
NATIONAL WEATHER SERVICE CORPUS CHRISTI TX
237 AM CST THU FEB 22 2018

...................................

...THE CORPUS CHRISTI CLIMATE SUMMARY FOR FEBRUARY 21 2018...

CLIMATE NORMAL PERIOD 1981 TO 2010
CLIMATE RECORD PERIOD 1887 TO 2018

WEATHER ITEM   OBSERVED TIME   RECORD YEAR NORMAL DEPARTURE LAST
                VALUE   (LST)  VALUE       VALUE  FROM      YEAR
                                                  NORMAL
..................................................................
TEMPERATURE (F)
 YESTERDAY
  MAXIMUM         81    308 PM  92    1997  72      9       84
  MINIMUM         47   1159 PM  33    1978  52     -5       54
                                      1964
  AVERAGE         64                        62      2       69

PRECIPITATION (IN)
  YESTERDAY        0.06          1.53 1938   0.07  -0.01     0.00
  MONTH TO DATE    0.41                      1.40  -0.99     2.57
  SINCE DEC 1      6.06                      4.77   1.29     5.04
  SINCE JAN 1      1.68                      2.94  -1.26     2.84

SNOWFALL (IN)
  YESTERDAY        0.0
  MONTH TO DATE    0.0
  SINCE DEC 1      1.0
  SINCE JUL 1      1.0
  SNOW DEPTH       0

DEGREE DAYS
 HEATING
  YESTERDAY        1                         5     -4        0
  MONTH TO DATE   94                       140    -46       26
  SINCE DEC 1    750                       666     84      330
  SINCE JUL 1    814                       767     47      348

 COOLING
  YESTERDAY        0                         2     -2        4
  MONTH TO DATE   73                        35     38      122
  SINCE DEC 1    118                       114      4      302
  SINCE JAN 1     80                        65     15      214
..................................................................

WIND (MPH)
  HIGHEST WIND SPEED    36   HIGHEST WIND DIRECTION    SE (130)
  HIGHEST GUST SPEED    42   HIGHEST GUST DIRECTION    SE (140)
  AVERAGE WIND SPEED    18.2

SKY COVER
  POSSIBLE SUNSHINE  MM
  AVERAGE SKY COVER 0.8

WEATHER CONDITIONS
 THE FOLLOWING WEATHER WAS RECORDED YESTERDAY.
  THUNDERSTORM
  HEAVY RAIN
  RAIN
  LIGHT RAIN
  FOG

RELATIVE HUMIDITY (PERCENT)
 HIGHEST   100           300 AM
 LOWEST     85           300 PM
 AVERAGE    93

..........................................................

THE CORPUS CHRISTI CLIMATE NORMALS FOR TODAY
                         NORMAL    RECORD    YEAR
 MAXIMUM TEMPERATURE (F)   72        89      1980
 MINIMUM TEMPERATURE (F)   52        27      1978

SUNRISE AND SUNSET
FEBRUARY 22 2018......SUNRISE   701 AM CST   SUNSET   626 PM CST
FEBRUARY 23 2018......SUNRISE   700 AM CST   SUNSET   627 PM CST

-  INDICATES NEGATIVE NUMBERS.
R  INDICATES RECORD WAS SET OR TIED.
MM INDICATES DATA IS MISSING.
T  INDICATES TRACE AMOUNT.

$$
