000
CDUS44 KCRP 111018
CLICRP

CLIMATE REPORT
NATIONAL WEATHER SERVICE CORPUS CHRISTI TX
416 AM CST MON DEC 11 2017

...THE CORPUS CHRISTI CLIMATE SUMMARY FOR DECEMBER 10 2017...

CLIMATE NORMAL PERIOD 1981 TO 2010
CLIMATE RECORD PERIOD 1887 TO 2017


WEATHER ITEM   OBSERVED TIME   RECORD YEAR NORMAL DEPARTURE LAST
                VALUE   (LST)  VALUE       VALUE  FROM      YEAR
                                                  NORMAL
..................................................................
TEMPERATURE (F)
 YESTERDAY
  MAXIMUM         67    352 PM  89    1993  69     -2       60
  MINIMUM         40    721 AM  21    1978  49     -9       47
  AVERAGE         54                        59     -5       54

PRECIPITATION (IN)
  YESTERDAY        0.00          1.35 1941   0.06  -0.06      T
  MONTH TO DATE    3.82                      0.53   3.29     2.00
  SINCE DEC 1      3.82                      0.53   3.29     2.00
  SINCE JAN 1     30.34                     30.46  -0.12    32.53

SNOWFALL (IN)
  YESTERDAY        0.0
  MONTH TO DATE    1.0
  SINCE DEC 1      1.0
  SINCE JUL 1      1.0
  SNOW DEPTH       0

DEGREE DAYS
 HEATING
  YESTERDAY       11                         7      4       11
  MONTH TO DATE   91                        66     25       73
  SINCE DEC 1     91                        66     25       73
  SINCE JUL 1    155                       167    -12       91

 COOLING
  YESTERDAY        0                         2     -2        0
  MONTH TO DATE   24                        20      4        8
  SINCE DEC 1     24                        20      4        8
  SINCE JAN 1   4011                      3495    516     4190
..................................................................


WIND (MPH)
  HIGHEST WIND SPEED    10   HIGHEST WIND DIRECTION     N (10)
  HIGHEST GUST SPEED    12   HIGHEST GUST DIRECTION     N (20)
  AVERAGE WIND SPEED     3.8


SKY COVER
  POSSIBLE SUNSHINE  MM
  AVERAGE SKY COVER 0.3


WEATHER CONDITIONS
 THE FOLLOWING WEATHER WAS RECORDED YESTERDAY.
  NO SIGNIFICANT WEATHER WAS OBSERVED.


RELATIVE HUMIDITY (PERCENT)
 HIGHEST    92           600 AM
 LOWEST     29           100 PM
 AVERAGE    61

..........................................................


THE CORPUS CHRISTI CLIMATE NORMALS FOR TODAY
                         NORMAL    RECORD    YEAR
 MAXIMUM TEMPERATURE (F)   69        89      1987
 MINIMUM TEMPERATURE (F)   49        30      2008


SUNRISE AND SUNSET
DECEMBER 11 2017......SUNRISE   711 AM CST   SUNSET   536 PM CST
DECEMBER 12 2017......SUNRISE   712 AM CST   SUNSET   536 PM CST


-  INDICATES NEGATIVE NUMBERS.
R  INDICATES RECORD WAS SET OR TIED.
MM INDICATES DATA IS MISSING.
T  INDICATES TRACE AMOUNT.

$$

87
