000
CDUS44 KCRP 170959
CLICRP

CLIMATE REPORT
NATIONAL WEATHER SERVICE CORPUS CHRISTI TX
356 AM CST TUE JAN 17 2017


...................................

...THE CORPUS CHRISTI CLIMATE SUMMARY FOR JANUARY 16 2017...

CLIMATE NORMAL PERIOD 1981 TO 2010
CLIMATE RECORD PERIOD 1887 TO 2017


WEATHER ITEM   OBSERVED TIME   RECORD YEAR NORMAL DEPARTURE LAST
                VALUE   (LST)  VALUE       VALUE  FROM      YEAR
                                                  NORMAL
..................................................................
TEMPERATURE (F)
 YESTERDAY
  MAXIMUM         77    301 PM  83    2006  67     10       70
                                      1978
  MINIMUM         67    618 AM  16    1888  47     20       41
  AVERAGE         72                        57     15       56

PRECIPITATION (IN)
  YESTERDAY        0.04          1.46 1934   0.05  -0.01      T
  MONTH TO DATE    0.11                      0.81  -0.70     2.08
  SINCE DEC 1      2.31                      2.64  -0.33     2.97
  SINCE JAN 1      0.11                      0.81  -0.70     2.08

SNOWFALL (IN)
  YESTERDAY        0.0
  MONTH TO DATE    0.0
  SINCE DEC 1      0.0
  SINCE JUL 1      0.0
  SNOW DEPTH       0

DEGREE DAYS
 HEATING
  YESTERDAY        0                         9     -9        9
  MONTH TO DATE   92                       144    -52      168
  SINCE DEC 1    241                       394   -153      327
  SINCE JUL 1    259                       495   -236      401

 COOLING
  YESTERDAY        7                         1      6        0
  MONTH TO DATE   62                        16     46        0
  SINCE DEC 1    150                        65     85       78
  SINCE JAN 1     62                        16     46        0
..................................................................


WIND (MPH)
  HIGHEST WIND SPEED    26   HIGHEST WIND DIRECTION    SE (150)
  HIGHEST GUST SPEED    34   HIGHEST GUST DIRECTION    SE (150)
  AVERAGE WIND SPEED    15.1


SKY COVER
  POSSIBLE SUNSHINE  MM
  AVERAGE SKY COVER 0.9


WEATHER CONDITIONS
 THE FOLLOWING WEATHER WAS RECORDED YESTERDAY.
  LIGHT RAIN
  FOG


RELATIVE HUMIDITY (PERCENT)
 HIGHEST   100           500 AM
 LOWEST     74           300 PM
 AVERAGE    87

..........................................................


THE CORPUS CHRISTI CLIMATE NORMALS FOR TODAY
                         NORMAL    RECORD    YEAR
 MAXIMUM TEMPERATURE (F)   67        86      1936
 MINIMUM TEMPERATURE (F)   47        23      1930


SUNRISE AND SUNSET
JANUARY 17 2017.......SUNRISE   722 AM CST   SUNSET   559 PM CST
JANUARY 18 2017.......SUNRISE   722 AM CST   SUNSET   600 PM CST


-  INDICATES NEGATIVE NUMBERS.
R  INDICATES RECORD WAS SET OR TIED.
MM INDICATES DATA IS MISSING.
T  INDICATES TRACE AMOUNT.




$$
