000
CDUS44 KCRP 010646
CLICRP

CLIMATE REPORT
NATIONAL WEATHER SERVICE CORPUS CHRISTI TX
144 AM CDT SUN MAY 1 2016


...................................

...THE CORPUS CHRISTI CLIMATE SUMMARY FOR APRIL 30 2016...

CLIMATE NORMAL PERIOD 1981 TO 2010
CLIMATE RECORD PERIOD 1887 TO 2016


WEATHER ITEM   OBSERVED TIME   RECORD YEAR NORMAL DEPARTURE LAST
                VALUE   (LST)  VALUE       VALUE  FROM      YEAR
                                                  NORMAL
..................................................................
TEMPERATURE (F)
 YESTERDAY
  MAXIMUM         94    243 PM 100    1953  84     10       81
  MINIMUM         78   1153 PM  45    1996  67     11       54
  AVERAGE         86                        75     11       68

PRECIPITATION (IN)
  YESTERDAY        0.00          4.17 1977   0.08  -0.08     0.00
  MONTH TO DATE    3.40                      1.84   1.56     6.36
  SINCE MAR 1      9.94                      3.73   6.21    12.49
  SINCE JAN 1     12.23                      7.20   5.03    15.94

SNOWFALL (IN)
  YESTERDAY        0.0
  MONTH TO DATE    0.0
  SINCE MAR 1      0.0
  SINCE JUL 1      0.0
  SNOW DEPTH       0

DEGREE DAYS
 HEATING
  YESTERDAY        0                         0      0        0
  MONTH TO DATE    0                        15    -15        0
  SINCE MAR 1     21                        98    -77      116
  SINCE JUL 1    640                       898   -258     1053

 COOLING
  YESTERDAY       21                        10     11        3
  MONTH TO DATE  298                       237     61      281
  SINCE MAR 1    498                       352    146      356
  SINCE JAN 1    575                       428    147      384
..................................................................


WIND (MPH)
  HIGHEST WIND SPEED    16   HIGHEST WIND DIRECTION     E (100)
  HIGHEST GUST SPEED    21   HIGHEST GUST DIRECTION     S (170)
  AVERAGE WIND SPEED     8.9


SKY COVER
  POSSIBLE SUNSHINE  MM
  AVERAGE SKY COVER 0.8


WEATHER CONDITIONS
 THE FOLLOWING WEATHER WAS RECORDED YESTERDAY.
  FOG
  HAZE


RELATIVE HUMIDITY (PERCENT)
 HIGHEST    91          1200 AM
 LOWEST     49          1200 PM
 AVERAGE    70

..........................................................


THE CORPUS CHRISTI CLIMATE NORMALS FOR TODAY
                         NORMAL    RECORD    YEAR
 MAXIMUM TEMPERATURE (F)   84        96      1998
 MINIMUM TEMPERATURE (F)   67        45      1925


SUNRISE AND SUNSET
MAY  1 2016...........SUNRISE   650 AM CDT   SUNSET   804 PM CDT
MAY  2 2016...........SUNRISE   649 AM CDT   SUNSET   805 PM CDT


-  INDICATES NEGATIVE NUMBERS.
R  INDICATES RECORD WAS SET OR TIED.
MM INDICATES DATA IS MISSING.
T  INDICATES TRACE AMOUNT.




$$
