000
CDUS44 KCRP 260834
CLICRP

CLIMATE REPORT
NATIONAL WEATHER SERVICE CORPUS CHRISTI TX
328 AM CDT TUE MAY 26 2015


...................................

...THE CORPUS CHRISTI CLIMATE SUMMARY FOR MAY 25 2015...

CLIMATE NORMAL PERIOD 1981 TO 2010
CLIMATE RECORD PERIOD 1887 TO 2015


WEATHER ITEM   OBSERVED TIME   RECORD YEAR NORMAL DEPARTURE LAST
                VALUE   (LST)  VALUE       VALUE  FROM      YEAR
                                                  NORMAL
..................................................................
TEMPERATURE (F)
 YESTERDAY
  MAXIMUM         86    149 PM  97    2009  88     -2       88
  MINIMUM         75    300 AM  60    1940  72      3       76
  AVERAGE         81                        80      1       82

PRECIPITATION (IN)
  YESTERDAY        T             3.31 1933   0.11  -0.11     0.00
  MONTH TO DATE   13.41                      2.41  11.00     3.81
  SINCE MAR 1     25.90                      6.14  19.76     5.96
  SINCE JAN 1     29.35                      9.61  19.74     6.87

SNOWFALL (IN)
  YESTERDAY        0.0
  MONTH TO DATE    0.0
  SINCE MAR 1      0.0
  SINCE JUL 1      0.0
  SNOW DEPTH       0

DEGREE DAYS
 HEATING
  YESTERDAY        0                         0      0        0
  MONTH TO DATE    0                         0      0        0
  SINCE MAR 1    116                        98     18      146
  SINCE JUL 1   1053                       898    155     1145

 COOLING
  YESTERDAY       16                        15      1       17
  MONTH TO DATE  349                       321     28      259
  SINCE MAR 1    705                       673     32      628
  SINCE JAN 1    733                       749    -16      705
..................................................................


WIND (MPH)
  HIGHEST WIND SPEED    32   HIGHEST WIND DIRECTION     S (160)
  HIGHEST GUST SPEED    41   HIGHEST GUST DIRECTION    SE (150)
  AVERAGE WIND SPEED    18.5


SKY COVER
  POSSIBLE SUNSHINE  MM
  AVERAGE SKY COVER 0.6


WEATHER CONDITIONS
 THE FOLLOWING WEATHER WAS RECORDED YESTERDAY.
  LIGHT RAIN
  FOG


RELATIVE HUMIDITY (PERCENT)
 HIGHEST    94          1200 AM
 LOWEST     74           100 PM
 AVERAGE    84

..........................................................


THE CORPUS CHRISTI CLIMATE NORMALS FOR TODAY
                         NORMAL    RECORD    YEAR
 MAXIMUM TEMPERATURE (F)   88        97      1928
 MINIMUM TEMPERATURE (F)   72        61      1947
                                             1901


SUNRISE AND SUNSET
MAY 26 2015...........SUNRISE   636 AM CDT   SUNSET   818 PM CDT
MAY 27 2015...........SUNRISE   636 AM CDT   SUNSET   819 PM CDT


-  INDICATES NEGATIVE NUMBERS.
R  INDICATES RECORD WAS SET OR TIED.
MM INDICATES DATA IS MISSING.
T  INDICATES TRACE AMOUNT.




$$
