000
CDUS41 KRLX 240826
CLICRW


CLIMATE REPORT
NATIONAL WEATHER SERVICE CHARLESTON WV
325 AM EST FRI FEB 24 2017


...................................

...THE CHARLESTON WV CLIMATE SUMMARY FOR FEBRUARY 23 2017...

CLIMATE NORMAL PERIOD 1981 TO 2010
CLIMATE RECORD PERIOD 1901 TO 2017


WEATHER ITEM   OBSERVED TIME   RECORD YEAR NORMAL DEPARTURE LAST
                VALUE   (LST)  VALUE       VALUE  FROM      YEAR
                                                  NORMAL
..................................................................
TEMPERATURE (F)
 YESTERDAY
  MAXIMUM         67    219 PM  75    1975  49     18       62
  MINIMUM         47    550 AM  -2    1963  30     17       45
  AVERAGE         57                        39     18       54

PRECIPITATION (IN)
  YESTERDAY        0.00          0.88 1998   0.13  -0.13     0.03
  MONTH TO DATE    1.32                      2.59  -1.27     3.15
  SINCE JAN 1      6.09                      5.59   0.50     5.69

SNOWFALL (IN)
  YESTERDAY        0.0
  MONTH TO DATE    T
  SINCE SEP 1      7.5
  SNOW DEPTH       0

DEGREE DAYS
 HEATING
  YESTERDAY        8                        26    -18       11
  MONTH TO DATE  449                       642   -193      632
  SINCE DEC 1   1970                      2446   -476     2153
  SINCE JUL 1   2624                      3330   -706     2805

 COOLING
  YESTERDAY        0                         0      0        0
  MONTH TO DATE    0                         0      0        0
  SINCE DEC 1      0                         1     -1        0
  SINCE JAN 1      0                         0      0        0
..................................................................


WIND (MPH)
  HIGHEST WIND SPEED    12   HIGHEST WIND DIRECTION     S (180)
  HIGHEST GUST SPEED    16   HIGHEST GUST DIRECTION     S (180)
  AVERAGE WIND SPEED     2.0


SKY COVER
  POSSIBLE SUNSHINE  MM
  AVERAGE SKY COVER 0.7


WEATHER CONDITIONS
 THE FOLLOWING WEATHER WAS RECORDED YESTERDAY.
  FOG


RELATIVE HUMIDITY (PERCENT)
 HIGHEST   100           400 AM
 LOWEST     63           300 PM
 AVERAGE    82

..........................................................


THE CHARLESTON WV CLIMATE NORMALS FOR TODAY
                         NORMAL    RECORD    YEAR
 MAXIMUM TEMPERATURE (F)   49        76      1925
                                             1909
 MINIMUM TEMPERATURE (F)   30         4      2015
                                             1967


SUNRISE AND SUNSET
FEBRUARY 24 2017......SUNRISE   705 AM EST   SUNSET   615 PM EST
FEBRUARY 25 2017......SUNRISE   704 AM EST   SUNSET   616 PM EST


-  INDICATES NEGATIVE NUMBERS.
R  INDICATES RECORD WAS SET OR TIED.
MM INDICATES DATA IS MISSING.
T  INDICATES TRACE AMOUNT.




$$
