000
CDUS41 KRLX 280721
CLICRW


CLIMATE REPORT
NATIONAL WEATHER SERVICE CHARLESTON WV
320 AM EDT THU MAY 28 2015


...................................

...THE CHARLESTON WV CLIMATE SUMMARY FOR MAY 27 2015...

CLIMATE NORMAL PERIOD 1981 TO 2010
CLIMATE RECORD PERIOD 1901 TO 2015


WEATHER ITEM   OBSERVED TIME   RECORD YEAR NORMAL DEPARTURE LAST
                VALUE   (LST)  VALUE       VALUE  FROM      YEAR
                                                  NORMAL
..................................................................
TEMPERATURE (F)
 YESTERDAY
  MAXIMUM         83    457 PM  95    1918  77      6       82
  MINIMUM         65   1159 PM  37    1949  56      9       63
  AVERAGE         74                        66      8       73

PRECIPITATION (IN)
  YESTERDAY        0.41          2.38 1917   0.16   0.25     0.10
  MONTH TO DATE    1.85                      4.13  -2.28     2.34
  SINCE JAN 1     19.11                     17.47   1.64    16.09

SNOWFALL (IN)
  YESTERDAY        0.0
  MONTH TO DATE    0.0
  SINCE SEP 1     29.1
  SNOW DEPTH       0

DEGREE DAYS
 HEATING
  YESTERDAY        0                         2     -2        0
  MONTH TO DATE   54                       109    -55       87
  SINCE MAR 1    930                      1003    -73     1006
  SINCE JUL 1   4835                      4457    378     4773

 COOLING
  YESTERDAY        9                         4      5        8
  MONTH TO DATE  134                        60     74       78
  SINCE MAR 1    149                        92     57       96
  SINCE JAN 1    149                        92     57       96
..................................................................


WIND (MPH)
  HIGHEST WIND SPEED    14   HIGHEST WIND DIRECTION    SW (220)
  HIGHEST GUST SPEED    19   HIGHEST GUST DIRECTION    SW (240)
  AVERAGE WIND SPEED     5.8


SKY COVER
  POSSIBLE SUNSHINE  MM
  AVERAGE SKY COVER 0.5


WEATHER CONDITIONS
 THE FOLLOWING WEATHER WAS RECORDED YESTERDAY.
  THUNDERSTORM
  LIGHT RAIN
  FOG


RELATIVE HUMIDITY (PERCENT)
 HIGHEST   100           300 AM
 LOWEST     47           300 PM
 AVERAGE    74

..........................................................


THE CHARLESTON WV CLIMATE NORMALS FOR TODAY
                         NORMAL    RECORD    YEAR
 MAXIMUM TEMPERATURE (F)   77        94      1929
                                             1911
 MINIMUM TEMPERATURE (F)   56        38      1907


SUNRISE AND SUNSET
MAY 28 2015...........SUNRISE   606 AM EDT   SUNSET   841 PM EDT
MAY 29 2015...........SUNRISE   606 AM EDT   SUNSET   842 PM EDT


-  INDICATES NEGATIVE NUMBERS.
R  INDICATES RECORD WAS SET OR TIED.
MM INDICATES DATA IS MISSING.
T  INDICATES TRACE AMOUNT.




$$
