000
CDUS41 KRLX 110830
CLICRW


CLIMATE REPORT
NATIONAL WEATHER SERVICE CHARLESTON WV
329 AM EST THU FEB 11 2016


...................................

...THE CHARLESTON WV CLIMATE SUMMARY FOR FEBRUARY 10 2016...

CLIMATE NORMAL PERIOD 1981 TO 2010
CLIMATE RECORD PERIOD 1901 TO 2016


WEATHER ITEM   OBSERVED TIME   RECORD YEAR NORMAL DEPARTURE LAST
                VALUE   (LST)  VALUE       VALUE  FROM      YEAR
                                                  NORMAL
..................................................................
TEMPERATURE (F)
 YESTERDAY
  MAXIMUM         24   1211 AM  73    1976  45    -21       32
                                      1959
  MINIMUM         17   1159 PM   2    1979  28    -11       25
                                      1975
  AVERAGE         21                        37    -16       29

PRECIPITATION (IN)
  YESTERDAY        T             1.08 1946   0.11  -0.11      T
  MONTH TO DATE    0.97                      1.08  -0.11     0.70
  SINCE JAN 1      3.51                      4.08  -0.57     2.93

SNOWFALL (IN)
  YESTERDAY        0.4
  MONTH TO DATE    2.3
  SINCE SEP 1     24.0
  SNOW DEPTH       2

DEGREE DAYS
 HEATING
  YESTERDAY       44                        28     16       36
  MONTH TO DATE  256                       291    -35      294
  SINCE DEC 1   1777                      2095   -318     2061
  SINCE JUL 1   2429                      2979   -550     3104

 COOLING
  YESTERDAY        0                         0      0        0
  MONTH TO DATE    0                         0      0        0
  SINCE DEC 1      0                         1     -1        0
  SINCE JAN 1      0                         0      0        0
..................................................................


WIND (MPH)
  HIGHEST WIND SPEED    22   HIGHEST WIND DIRECTION     W (270)
  HIGHEST GUST SPEED    31   HIGHEST GUST DIRECTION     W (270)
  AVERAGE WIND SPEED    11.0


SKY COVER
  POSSIBLE SUNSHINE  MM
  AVERAGE SKY COVER 1.0


WEATHER CONDITIONS
 THE FOLLOWING WEATHER WAS RECORDED YESTERDAY.
  LIGHT SNOW


RELATIVE HUMIDITY (PERCENT)
 HIGHEST    84           300 AM
 LOWEST     52           300 PM
 AVERAGE    68

..........................................................


THE CHARLESTON WV CLIMATE NORMALS FOR TODAY
                         NORMAL    RECORD    YEAR
 MAXIMUM TEMPERATURE (F)   46        76      1999
                                             1925
 MINIMUM TEMPERATURE (F)   28         1      1979


SUNRISE AND SUNSET
FEBRUARY 11 2016......SUNRISE   722 AM EST   SUNSET   600 PM EST
FEBRUARY 12 2016......SUNRISE   721 AM EST   SUNSET   601 PM EST


-  INDICATES NEGATIVE NUMBERS.
R  INDICATES RECORD WAS SET OR TIED.
MM INDICATES DATA IS MISSING.
T  INDICATES TRACE AMOUNT.




$$
