000
CDUS41 KRLX 230729
CLICRW


CLIMATE REPORT
NATIONAL WEATHER SERVICE CHARLESTON WV
321 AM EDT TUE SEP 23 2014


...................................

...THE CHARLESTON WV CLIMATE SUMMARY FOR SEPTEMBER 22 2014...

CLIMATE NORMAL PERIOD 1981 TO 2010
CLIMATE RECORD PERIOD 1901 TO 2014


WEATHER ITEM   OBSERVED TIME   RECORD YEAR NORMAL DEPARTURE LAST
                VALUE   (LST)  VALUE       VALUE  FROM      YEAR
                                                  NORMAL
..................................................................
TEMPERATURE (F)
 YESTERDAY
  MAXIMUM         68    305 PM 100    1931  76     -8       68
  MINIMUM         48   1136 PM  39    1999  55     -7       51
                                      1937
  AVERAGE         58                        65     -7       60

PRECIPITATION (IN)
  YESTERDAY        T             1.42 1990   0.11  -0.11     0.00
  MONTH TO DATE    4.49                      2.43   2.06     2.43
  SINCE JAN 1     36.64                     33.54   3.10    36.47

SNOWFALL (IN)
  YESTERDAY        0.0
  MONTH TO DATE    0.0
  SINCE SEP 1      0.0
  SNOW DEPTH       0

DEGREE DAYS
 HEATING
  YESTERDAY        7                         3      4        5
  MONTH TO DATE   30                        24      6       21
  SINCE SEP 1     30                        24      6       21
  SINCE JUL 1     30                        26      4       24

 COOLING
  YESTERDAY        0                         3     -3        0
  MONTH TO DATE  113                       108      5      111
  SINCE SEP 1    113                       108      5      111
  SINCE JAN 1   1020                      1054    -34     1077
..................................................................


WIND (MPH)
  HIGHEST WIND SPEED    15   HIGHEST WIND DIRECTION    NW (310)
  HIGHEST GUST SPEED    22   HIGHEST GUST DIRECTION    NW (330)
  AVERAGE WIND SPEED     2.9


SKY COVER
  POSSIBLE SUNSHINE  MM
  AVERAGE SKY COVER 0.6


WEATHER CONDITIONS
 THE FOLLOWING WEATHER WAS RECORDED YESTERDAY.
  LIGHT RAIN
  FOG W/VISIBILITY <= 1/4 MILE


RELATIVE HUMIDITY (PERCENT)
 HIGHEST   100           900 PM
 LOWEST     45           300 PM
 AVERAGE    73

..........................................................


THE CHARLESTON WV CLIMATE NORMALS FOR TODAY
                         NORMAL    RECORD    YEAR
 MAXIMUM TEMPERATURE (F)   75       102      1931
 MINIMUM TEMPERATURE (F)   54        35      1947


SUNRISE AND SUNSET
SEPTEMBER 23 2014.....SUNRISE   715 AM EDT   SUNSET   722 PM EDT
SEPTEMBER 24 2014.....SUNRISE   716 AM EDT   SUNSET   720 PM EDT


-  INDICATES NEGATIVE NUMBERS.
R  INDICATES RECORD WAS SET OR TIED.
MM INDICATES DATA IS MISSING.
T  INDICATES TRACE AMOUNT.




$$
