859
CDUS41 KRLX 170722
CLICRW


CLIMATE REPORT
NATIONAL WEATHER SERVICE CHARLESTON WV
320 AM EDT TUE OCT 17 2017


...................................

...THE CHARLESTON WV CLIMATE SUMMARY FOR OCTOBER 16 2017...

CLIMATE NORMAL PERIOD 1981 TO 2010
CLIMATE RECORD PERIOD 1901 TO 2017


WEATHER ITEM   OBSERVED TIME   RECORD YEAR NORMAL DEPARTURE LAST
                VALUE   (LST)  VALUE       VALUE  FROM      YEAR
                                                  NORMAL
..................................................................
TEMPERATURE (F)
 YESTERDAY
  MAXIMUM         63    355 PM  94    1928  68     -5       80
  MINIMUM         42   1159 PM  32    1945  45     -3       55
                                      1944
                                      1939
  AVERAGE         53                        56     -3       68

PRECIPITATION (IN)
  YESTERDAY        0.00          1.90 1936   0.08  -0.08     0.00
  MONTH TO DATE    1.66                      1.35   0.31     1.45
  SINCE JAN 1     39.49                     35.71   3.78    32.80

SNOWFALL (IN)
  YESTERDAY        0.0           0.0  2016   0.0    0.0      0.0
  MONTH TO DATE    0.0                       0.0    0.0      0.0
  SINCE SEP 1      0.0                       0.0    0.0      0.0
  SNOW DEPTH       0

DEGREE DAYS
 HEATING
  YESTERDAY       12                         9      3        0
  MONTH TO DATE   23                       114    -91       56
  SINCE SEP 1     60                       170   -110       63
  SINCE JUL 1     60                       172   -112       63

 COOLING
  YESTERDAY        0                         0      0        3
  MONTH TO DATE   68                        16     52        9
  SINCE SEP 1    199                       143     56      258
  SINCE JAN 1   1137                      1089     48     1439
..................................................................


WIND (MPH)
  HIGHEST WIND SPEED    14   HIGHEST WIND DIRECTION    NW (330)
  HIGHEST GUST SPEED    20   HIGHEST GUST DIRECTION    NW (300)
  AVERAGE WIND SPEED     5.5


SKY COVER
  POSSIBLE SUNSHINE  MM
  AVERAGE SKY COVER 0.6


WEATHER CONDITIONS
 THE FOLLOWING WEATHER WAS RECORDED YESTERDAY.
  FOG


RELATIVE HUMIDITY (PERCENT)
 HIGHEST    89          1100 PM
 LOWEST     39           400 PM
 AVERAGE    64

..........................................................


THE CHARLESTON WV CLIMATE NORMALS FOR TODAY
                         NORMAL    RECORD    YEAR
 MAXIMUM TEMPERATURE (F)   67        88      1930
                                             1920
 MINIMUM TEMPERATURE (F)   45        28      1970


SUNRISE AND SUNSET
OCTOBER 17 2017.......SUNRISE   738 AM EDT   SUNSET   645 PM EDT
OCTOBER 18 2017.......SUNRISE   739 AM EDT   SUNSET   644 PM EDT


-  INDICATES NEGATIVE NUMBERS.
R  INDICATES RECORD WAS SET OR TIED.
MM INDICATES DATA IS MISSING.
T  INDICATES TRACE AMOUNT.




$$
