681
CDUS41 KRLX 270716
CLICRW


CLIMATE REPORT
NATIONAL WEATHER SERVICE CHARLESTON WV
315 AM EDT THU APR 27 2017


...................................

...THE CHARLESTON WV CLIMATE SUMMARY FOR APRIL 26 2017...

CLIMATE NORMAL PERIOD 1981 TO 2010
CLIMATE RECORD PERIOD 1901 TO 2017


WEATHER ITEM   OBSERVED TIME   RECORD YEAR NORMAL DEPARTURE LAST
                VALUE   (LST)  VALUE       VALUE  FROM      YEAR
                                                  NORMAL
..................................................................
TEMPERATURE (F)
 YESTERDAY
  MAXIMUM         84    548 PM  95    1915  71     13       84
  MINIMUM         53    559 AM  29    1927  47      6       61
  AVERAGE         69                        59     10       73

PRECIPITATION (IN)
  YESTERDAY        0.00          1.71 2012   0.12  -0.12     0.98
  MONTH TO DATE    2.53                      2.77  -0.24     2.00
  SINCE JAN 1     14.02                     12.87   1.15    10.82

SNOWFALL (IN)
  YESTERDAY        0.0
  MONTH TO DATE    T
  SINCE SEP 1      7.5
  SNOW DEPTH       0

DEGREE DAYS
 HEATING
  YESTERDAY        0                         7     -7        0
  MONTH TO DATE  148                       268   -120      253
  SINCE MAR 1    717                       868   -151      638
  SINCE JUL 1   3424                      4322   -898     3573

 COOLING
  YESTERDAY        4                         1      3        8
  MONTH TO DATE   24                        25     -1       31
  SINCE MAR 1     27                        30     -3       35
  SINCE JAN 1     27                        30     -3       35
..................................................................


WIND (MPH)
  HIGHEST WIND SPEED    10   HIGHEST WIND DIRECTION     S (180)
  HIGHEST GUST SPEED    16   HIGHEST GUST DIRECTION    SE (150)
  AVERAGE WIND SPEED     2.6


SKY COVER
  POSSIBLE SUNSHINE  MM
  AVERAGE SKY COVER 0.2


WEATHER CONDITIONS
 THE FOLLOWING WEATHER WAS RECORDED YESTERDAY.
  FOG
  FOG W/VISIBILITY <= 1/4 MILE


RELATIVE HUMIDITY (PERCENT)
 HIGHEST    93           200 AM
 LOWEST     32           500 PM
 AVERAGE    63

..........................................................


THE CHARLESTON WV CLIMATE NORMALS FOR TODAY
                         NORMAL    RECORD    YEAR
 MAXIMUM TEMPERATURE (F)   71        94      1990
 MINIMUM TEMPERATURE (F)   48        30      1926
                                             1919


SUNRISE AND SUNSET
APRIL 27 2017.........SUNRISE   634 AM EDT   SUNSET   814 PM EDT
APRIL 28 2017.........SUNRISE   633 AM EDT   SUNSET   815 PM EDT


-  INDICATES NEGATIVE NUMBERS.
R  INDICATES RECORD WAS SET OR TIED.
MM INDICATES DATA IS MISSING.
T  INDICATES TRACE AMOUNT.




$$
