000
CDUS41 KRLX 260826
CLICRW


CLIMATE REPORT
NATIONAL WEATHER SERVICE CHARLESTON WV
324 AM EST FRI DEC 26 2014


...................................

...THE CHARLESTON WV CLIMATE SUMMARY FOR DECEMBER 25 2014...

CLIMATE NORMAL PERIOD 1981 TO 2010
CLIMATE RECORD PERIOD 1901 TO 2014


WEATHER ITEM   OBSERVED TIME   RECORD YEAR NORMAL DEPARTURE LAST
                VALUE   (LST)  VALUE       VALUE  FROM      YEAR
                                                  NORMAL
..................................................................
TEMPERATURE (F)
 YESTERDAY
  MAXIMUM         44    417 PM  76    1982  43      1       38
  MINIMUM         29   1159 PM -10    1983  27      2       14
  AVERAGE         37                        35      2       26

PRECIPITATION (IN)
  YESTERDAY        0.02          1.54 1987   0.10  -0.08     0.00
  MONTH TO DATE    2.62                      2.68  -0.06     5.33
  SINCE JAN 1     45.98                     43.44   2.54    46.30

SNOWFALL (IN)
  YESTERDAY        0.0
  MONTH TO DATE    T
  SINCE SEP 1      1.0
  SNOW DEPTH       0

DEGREE DAYS
 HEATING
  YESTERDAY       28                        30     -2       39
  MONTH TO DATE  608                       676    -68      619
  SINCE DEC 1    608                       676    -68      619
  SINCE JUL 1   1651                      1560     91     1576

 COOLING
  YESTERDAY        0                         0      0        0
  MONTH TO DATE    0                         0      0        2
  SINCE DEC 1      0                         0      0        2
  SINCE JAN 1   1049                      1096    -47     1123
..................................................................


WIND (MPH)
  HIGHEST WIND SPEED    20   HIGHEST WIND DIRECTION    SW (240)
  HIGHEST GUST SPEED    27   HIGHEST GUST DIRECTION    SW (230)
  AVERAGE WIND SPEED     6.4


SKY COVER
  POSSIBLE SUNSHINE  MM
  AVERAGE SKY COVER 0.7


WEATHER CONDITIONS
 THE FOLLOWING WEATHER WAS RECORDED YESTERDAY.
  LIGHT RAIN
  FOG


RELATIVE HUMIDITY (PERCENT)
 HIGHEST   100          1100 PM
 LOWEST     62           300 PM
 AVERAGE    81

..........................................................


THE CHARLESTON WV CLIMATE NORMALS FOR TODAY
                         NORMAL    RECORD    YEAR
 MAXIMUM TEMPERATURE (F)   43        70      1942
 MINIMUM TEMPERATURE (F)   27         1      1983


SUNRISE AND SUNSET
DECEMBER 26 2014......SUNRISE   742 AM EST   SUNSET   512 PM EST
DECEMBER 27 2014......SUNRISE   742 AM EST   SUNSET   513 PM EST


-  INDICATES NEGATIVE NUMBERS.
R  INDICATES RECORD WAS SET OR TIED.
MM INDICATES DATA IS MISSING.
T  INDICATES TRACE AMOUNT.




$$
