000
CDUS41 KRLX 180716
CLICRW


CLIMATE REPORT
NATIONAL WEATHER SERVICE CHARLESTON WV
316 AM EDT FRI APR 18 2014


...................................

...THE CHARLESTON WV CLIMATE SUMMARY FOR APRIL 17 2014...

CLIMATE NORMAL PERIOD 1981 TO 2010
CLIMATE RECORD PERIOD 1901 TO 2014


WEATHER ITEM   OBSERVED TIME   RECORD YEAR NORMAL DEPARTURE LAST
                VALUE   (LST)  VALUE       VALUE  FROM      YEAR
                                                  NORMAL
..................................................................
TEMPERATURE (F)
 YESTERDAY
  MAXIMUM         71    409 PM  89    1976  69      2       78
  MINIMUM         41    539 AM  26    1980  45     -4       59
                                      1962
  AVERAGE         56                        57     -1       69

PRECIPITATION (IN)
  YESTERDAY        0.00          1.17 1945   0.10  -0.10     0.04
  MONTH TO DATE    1.47                      1.76  -0.29     0.81
  SINCE JAN 1     12.23                     11.86   0.37    10.01

SNOWFALL (IN)
  YESTERDAY        0.0
  MONTH TO DATE    0.3
  SINCE SEP 1     51.7
  SNOW DEPTH       0

DEGREE DAYS
 HEATING
  YESTERDAY        9                         9      0        0
  MONTH TO DATE  144                       195    -51      154
  SINCE MAR 1    862                       795     67      931
  SINCE JUL 1   4629                      4249    380     4314

 COOLING
  YESTERDAY        0                         1     -1        4
  MONTH TO DATE   15                        16     -1       32
  SINCE MAR 1     15                        21     -6       32
  SINCE JAN 1     15                        21     -6       32
..................................................................


WIND (MPH)
  HIGHEST WIND SPEED    16   HIGHEST WIND DIRECTION    SE (140)
  HIGHEST GUST SPEED    21   HIGHEST GUST DIRECTION    SE (130)
  AVERAGE WIND SPEED     6.3


SKY COVER
  POSSIBLE SUNSHINE  MM
  AVERAGE SKY COVER 0.2


WEATHER CONDITIONS
 THE FOLLOWING WEATHER WAS RECORDED YESTERDAY.
  NO SIGNIFICANT WEATHER WAS OBSERVED.


RELATIVE HUMIDITY (PERCENT)
 HIGHEST    49           100 AM
 LOWEST     16           400 PM
 AVERAGE    33

..........................................................


THE CHARLESTON WV CLIMATE NORMALS FOR TODAY
                         NORMAL    RECORD    YEAR
 MAXIMUM TEMPERATURE (F)   69        90      1976
 MINIMUM TEMPERATURE (F)   45        26      1983


SUNRISE AND SUNSET
APRIL 18 2014.........SUNRISE   646 AM EDT   SUNSET   806 PM EDT
APRIL 19 2014.........SUNRISE   645 AM EDT   SUNSET   807 PM EDT


-  INDICATES NEGATIVE NUMBERS.
R  INDICATES RECORD WAS SET OR TIED.
MM INDICATES DATA IS MISSING.
T  INDICATES TRACE AMOUNT.




$$
