000
CDUS41 KRLX 130821
CLICRW


CLIMATE REPORT
NATIONAL WEATHER SERVICE CHARLESTON WV
320 AM EST WED DEC 13 2017


...................................

...THE CHARLESTON WV CLIMATE SUMMARY FOR DECEMBER 12 2017...

CLIMATE NORMAL PERIOD 1981 TO 2010
CLIMATE RECORD PERIOD 1901 TO 2017


WEATHER ITEM   OBSERVED TIME   RECORD YEAR NORMAL DEPARTURE LAST
                VALUE   (LST)  VALUE       VALUE  FROM      YEAR
                                                  NORMAL
..................................................................
TEMPERATURE (F)
 YESTERDAY
  MAXIMUM         52   1258 AM  75    1931  46      6       57
  MINIMUM         22   1159 PM   0    1962  30     -8       35
  AVERAGE         37                        38     -1       46

PRECIPITATION (IN)
  YESTERDAY        0.07          0.85 1979   0.11  -0.04     0.68
  MONTH TO DATE    0.48                      1.34  -0.86     1.07
  SINCE JAN 1     44.69                     42.10   2.59    39.17

SNOWFALL (IN)
  YESTERDAY        0.6           3.0  1917   0.2    0.4      0.0
                                      2004
  MONTH TO DATE    1.2                       1.9   -0.7      0.2
  SINCE SEP 1      1.2                       3.3   -2.1      0.3
  SNOW DEPTH       0

DEGREE DAYS
 HEATING
  YESTERDAY       28                        27      1       19
  MONTH TO DATE  307                       305      2      312
  SINCE DEC 1    307                       305      2      312
  SINCE JUL 1   1093                      1189    -96      966

 COOLING
  YESTERDAY        0                         0      0        0
  MONTH TO DATE    0                         0      0        0
  SINCE DEC 1      0                         0      0        0
  SINCE JAN 1   1138                      1096     42     1473
..................................................................


WIND (MPH)
  HIGHEST WIND SPEED    24   HIGHEST WIND DIRECTION     N (340)
  HIGHEST GUST SPEED    35   HIGHEST GUST DIRECTION     N (340)
  AVERAGE WIND SPEED    12.4


SKY COVER
  POSSIBLE SUNSHINE  MM
  AVERAGE SKY COVER 0.9


WEATHER CONDITIONS
 THE FOLLOWING WEATHER WAS RECORDED YESTERDAY.
  RAIN
  LIGHT RAIN
  HAIL
  SNOW
  LIGHT SNOW
  FOG


RELATIVE HUMIDITY (PERCENT)
 HIGHEST    85          1200 PM
 LOWEST     38          1200 AM
 AVERAGE    62

..........................................................


THE CHARLESTON WV CLIMATE NORMALS FOR TODAY
                         NORMAL    RECORD    YEAR
 MAXIMUM TEMPERATURE (F)   46        72      1929
 MINIMUM TEMPERATURE (F)   30         0      1962


SUNRISE AND SUNSET
DECEMBER 13 2017......SUNRISE   735 AM EST   SUNSET   506 PM EST
DECEMBER 14 2017......SUNRISE   736 AM EST   SUNSET   507 PM EST


-  INDICATES NEGATIVE NUMBERS.
R  INDICATES RECORD WAS SET OR TIED.
MM INDICATES DATA IS MISSING.
T  INDICATES TRACE AMOUNT.




$$
