000
CDUS41 KRLX 240741
CLICRW


CLIMATE REPORT
NATIONAL WEATHER SERVICE CHARLESTON WV
340 AM EDT THU AUG 24 2017


...................................

...THE CHARLESTON WV CLIMATE SUMMARY FOR AUGUST 23 2017...

CLIMATE NORMAL PERIOD 1981 TO 2010
CLIMATE RECORD PERIOD 1901 TO 2017


WEATHER ITEM   OBSERVED TIME   RECORD YEAR NORMAL DEPARTURE LAST
                VALUE   (LST)  VALUE       VALUE  FROM      YEAR
                                                  NORMAL
..................................................................
TEMPERATURE (F)
 YESTERDAY
  MAXIMUM         81    227 PM 100    1903  84     -3       85
  MINIMUM         59   1159 PM  49    1925  64     -5       56
  AVERAGE         70                        74     -4       71

PRECIPITATION (IN)
  YESTERDAY        0.01          3.27 1942   0.11  -0.10     0.00
  MONTH TO DATE    3.43                      2.87   0.56     3.12
  SINCE JAN 1     35.44                     30.24   5.20    29.45

SNOWFALL (IN)
  YESTERDAY        0.0
  MONTH TO DATE    0.0
  SINCE SEP 1      7.5
  SNOW DEPTH       0

DEGREE DAYS
 HEATING
  YESTERDAY        0                         0      0        0
  MONTH TO DATE    0                         0      0        0
  SINCE JUN 1      5                        13     -8        3
  SINCE JUL 1      0                         0      0        0

 COOLING
  YESTERDAY        5                         9     -4        6
  MONTH TO DATE  213                       224    -11      297
  SINCE JUN 1    755                       768    -13      928
  SINCE JAN 1    900                       878     22     1058
..................................................................


WIND (MPH)
  HIGHEST WIND SPEED    13   HIGHEST WIND DIRECTION    NW (310)
  HIGHEST GUST SPEED    19   HIGHEST GUST DIRECTION    NW (310)
  AVERAGE WIND SPEED     5.0


SKY COVER
  AVERAGE SKY COVER 0.5


WEATHER CONDITIONS
 THE FOLLOWING WEATHER WAS RECORDED YESTERDAY.
  LIGHT RAIN


RELATIVE HUMIDITY (PERCENT)
 HIGHEST    93           300 AM
 LOWEST     39           400 PM
 AVERAGE    66

..........................................................


THE CHARLESTON WV CLIMATE NORMALS FOR TODAY
                         NORMAL    RECORD    YEAR
 MAXIMUM TEMPERATURE (F)   84       101      1903
 MINIMUM TEMPERATURE (F)   64        46      1951


SUNRISE AND SUNSET
AUGUST 24 2017........SUNRISE   649 AM EDT   SUNSET   808 PM EDT
AUGUST 25 2017........SUNRISE   650 AM EDT   SUNSET   806 PM EDT


-  INDICATES NEGATIVE NUMBERS.
R  INDICATES RECORD WAS SET OR TIED.
MM INDICATES DATA IS MISSING.
T  INDICATES TRACE AMOUNT.




$$
