000
CDUS42 KFFC 042042
CLICSG


CLIMATE REPORT
NATIONAL WEATHER SERVICE PEACHTREE CITY GA
432 PM EDT TUE AUG 4 2015


...................................

...THE COLUMBUS CLIMATE SUMMARY FOR AUGUST 4 2015...
VALID TODAY AS OF 0400 PM LOCAL TIME.

CLIMATE NORMAL PERIOD 1981 TO 2010
CLIMATE RECORD PERIOD 1948 TO 2015


WEATHER ITEM   OBSERVED TIME   RECORD YEAR NORMAL DEPARTURE LAST
                VALUE   (LST)  VALUE       VALUE  FROM      YEAR
                                                  NORMAL
..................................................................
TEMPERATURE (F)
 TODAY
  MAXIMUM         99R   258 PM  99    2011  92      7       92
                                      2006
                                      1954
  MINIMUM         73    631 AM  62    1950  73      0       71
  AVERAGE         86                        82      4       82

PRECIPITATION (IN)
  TODAY            0.00          1.33 1966   0.13  -0.13     0.00
                                      1948
  MONTH TO DATE    0.19                      0.53  -0.34     0.02
  SINCE JUN 1      6.50                      9.01  -2.51     8.72
  SINCE JAN 1     25.98                     29.50  -3.52    34.51

DEGREE DAYS
 HEATING
  TODAY            0                         0      0        0
  MONTH TO DATE    0                         0      0        0
  SINCE JUN 1      0                         0      0        0
  SINCE JUL 1      0                         0      0        0

 COOLING
  TODAY           21                        18      3       17
  MONTH TO DATE   76                        72      4       57
  SINCE JUN 1   1137                      1062     75      998
  SINCE JAN 1   1583                      1420    163     1334
..................................................................


WIND (MPH)
  RESULTANT WIND SPEED   0   RESULTANT WIND DIRECTION   N (360)
  HIGHEST WIND SPEED    13   HIGHEST WIND DIRECTION    NW (310)
  HIGHEST GUST SPEED    18   HIGHEST GUST DIRECTION     N (340)
  AVERAGE WIND SPEED     2.4


SKY COVER
  AVERAGE SKY COVER 0.1


WEATHER CONDITIONS
 THE FOLLOWING WEATHER WAS RECORDED TODAY.
  NO SIGNIFICANT WEATHER WAS OBSERVED.


RELATIVE HUMIDITY (PERCENT)
 HIGHEST    93           500 AM
 LOWEST     30           300 PM
 AVERAGE    62

..........................................................


THE COLUMBUS CLIMATE NORMALS FOR TOMORROW
                         NORMAL    RECORD    YEAR
 MAXIMUM TEMPERATURE (F)   92        99      2011
 MINIMUM TEMPERATURE (F)   73        57      1950


SUNRISE AND SUNSET
AUGUST  4 2015........SUNRISE   656 AM EDT   SUNSET   835 PM EDT
AUGUST  5 2015........SUNRISE   657 AM EDT   SUNSET   834 PM EDT


-  INDICATES NEGATIVE NUMBERS.
R  INDICATES RECORD WAS SET OR TIED.
MM INDICATES DATA IS MISSING.
T  INDICATES TRACE AMOUNT.




$$
