000
CDUS42 KFFC 110928
CLICSG


CLIMATE REPORT
NATIONAL WEATHER SERVICE PEACHTREE CITY GA
428 AM EST SUN DEC 11 2016


...................................

...THE COLUMBUS CLIMATE SUMMARY FOR DECEMBER 10 2016...

CLIMATE NORMAL PERIOD 1981 TO 2010
CLIMATE RECORD PERIOD 1948 TO 2016


WEATHER ITEM   OBSERVED TIME   RECORD YEAR NORMAL DEPARTURE LAST
                VALUE   (LST)  VALUE       VALUE  FROM      YEAR
                                                  NORMAL
..................................................................
TEMPERATURE (F)
 YESTERDAY
  MAXIMUM         53    352 PM  79    1972  60     -7       72
  MINIMUM         29    757 AM  19    1995  40    -11       46
  AVERAGE         41                        50     -9       59

PRECIPITATION (IN)
  YESTERDAY        0.00          3.15 1947   0.14  -0.14     0.00
  MONTH TO DATE    1.97                      1.50   0.47     0.14
  SINCE DEC 1      1.97                      1.50   0.47     0.14
  SINCE JAN 1     32.74                     43.98 -11.24    45.86

SNOWFALL (IN)
  YESTERDAY        0.0           0.0  2001   0.0    0.0      0.0
  MONTH TO DATE    0.0                       0.0    0.0      0.0
  SINCE DEC 1      0.0                       0.0    0.0      0.0
  SINCE JUL 1      0.0                       0.0    0.0      0.0
  SNOW DEPTH       0

DEGREE DAYS
 HEATING
  YESTERDAY       24                        15      9        6
  MONTH TO DATE  152                       140     12       98
  SINCE DEC 1    152                       140     12       98
  SINCE JUL 1    339                       472   -133      294

 COOLING
  YESTERDAY        0                         0      0        0
  MONTH TO DATE    0                         0      0        1
  SINCE DEC 1      0                         0      0        1
  SINCE JAN 1   2755                      2364    391     2490
..................................................................


WIND (MPH)
  HIGHEST WIND SPEED    10   HIGHEST WIND DIRECTION     E (90)
  HIGHEST GUST SPEED    14   HIGHEST GUST DIRECTION     E (90)
  AVERAGE WIND SPEED     3.6


SKY COVER
  AVERAGE SKY COVER 0.0


WEATHER CONDITIONS
 THE FOLLOWING WEATHER WAS RECORDED YESTERDAY.
  NO SIGNIFICANT WEATHER WAS OBSERVED.


RELATIVE HUMIDITY (PERCENT)
 HIGHEST    64          1100 PM
 LOWEST     19           400 PM
 AVERAGE    42

..........................................................


THE COLUMBUS CLIMATE NORMALS FOR TODAY
                         NORMAL    RECORD    YEAR
 MAXIMUM TEMPERATURE (F)   60        81      1918
 MINIMUM TEMPERATURE (F)   40        21      1957


SUNRISE AND SUNSET
DECEMBER 11 2016......SUNRISE   732 AM EST   SUNSET   535 PM EST
DECEMBER 12 2016......SUNRISE   732 AM EST   SUNSET   535 PM EST


-  INDICATES NEGATIVE NUMBERS.
R  INDICATES RECORD WAS SET OR TIED.
MM INDICATES DATA IS MISSING.
T  INDICATES TRACE AMOUNT.




$$
