000
CDUS42 KFFC 210037
CLICSG


CLIMATE REPORT
NATIONAL WEATHER SERVICE PEACHTREE CITY GA
737 PM EST TUE FEB 20 2018


...................................

...THE COLUMBUS CLIMATE SUMMARY FOR FEBRUARY 20 2018...
VALID AS OF 0700 PM LOCAL TIME.

CLIMATE NORMAL PERIOD 1981 TO 2010
CLIMATE RECORD PERIOD 1948 TO 2018


WEATHER ITEM   OBSERVED TIME   RECORD YEAR NORMAL DEPARTURE LAST
                VALUE   (LST)  VALUE       VALUE  FROM      YEAR
                                                  NORMAL
..................................................................
TEMPERATURE (F)
 TODAY
  MAXIMUM         79    445 PM  80    1986  63     16       76
  MINIMUM         61    705 AM  21    2015  41     20       46
  AVERAGE         70                        52     18       61

PRECIPITATION (IN)
  TODAY            0.00          1.80 1945   0.16  -0.16     0.00
  MONTH TO DATE    2.69                      3.12  -0.43     1.28
  SINCE DEC 1      6.84                     11.24  -4.40    17.13
  SINCE JAN 1      4.29                      6.97  -2.68    12.76

SNOWFALL (IN)
  TODAY            0.0           0.0  2002   0.0    0.0      0.0
  MONTH TO DATE    0.0                       0.0    0.0      0.0
  SINCE DEC 1      2.0                       0.3    1.7      0.0
  SINCE JUL 1      2.0                       0.3    1.7      0.0
  SNOW DEPTH       0

DEGREE DAYS
 HEATING
  TODAY            0                        13    -13        4
  MONTH TO DATE  133                       298   -165      177
  SINCE DEC 1   1188                      1349   -161      911
  SINCE JUL 1   1452                      1681   -229     1098
..................................................................


WIND (MPH)
  HIGHEST WIND SPEED    15   HIGHEST WIND DIRECTION     S (160)
  HIGHEST GUST SPEED    22   HIGHEST GUST DIRECTION     S (160)
  AVERAGE WIND SPEED     6.3


SKY COVER
  AVERAGE SKY COVER 0.7


WEATHER CONDITIONS
 THE FOLLOWING WEATHER WAS RECORDED TODAY.
  NO SIGNIFICANT WEATHER WAS OBSERVED.


RELATIVE HUMIDITY (PERCENT)
 HIGHEST    93           800 AM
 LOWEST     58           300 PM

..........................................................


THE COLUMBUS CLIMATE NORMALS FOR TOMORROW
                         NORMAL    RECORD
 MAXIMUM TEMPERATURE (F)   64        81
 MINIMUM TEMPERATURE (F)   41        18


SUNRISE AND SUNSET
FEBRUARY 20 2018......SUNRISE   717 AM EST   SUNSET   630 PM EST
FEBRUARY 21 2018......SUNRISE   716 AM EST   SUNSET   631 PM EST


-  INDICATES NEGATIVE NUMBERS.
R  INDICATES RECORD WAS SET OR TIED.
MM INDICATES DATA IS MISSING.
T  INDICATES TRACE AMOUNT.




$$
