000
CDUS42 KFFC 300819
CLICSG


CLIMATE REPORT
NATIONAL WEATHER SERVICE PEACHTREE CITY GA
418 AM EDT TUE MAY 30 2017


...................................

...THE COLUMBUS CLIMATE SUMMARY FOR MAY 29 2017...

CLIMATE NORMAL PERIOD 1981 TO 2010
CLIMATE RECORD PERIOD 1948 TO 2017


WEATHER ITEM   OBSERVED TIME   RECORD YEAR NORMAL DEPARTURE LAST
                VALUE   (LST)  VALUE       VALUE  FROM      YEAR
                                                  NORMAL
..................................................................
TEMPERATURE (F)
 YESTERDAY
  MAXIMUM         87   1245 PM  99    1941  87      0       90
                                      1937
  MINIMUM         70    556 AM  48    1961  66      4       65
  AVERAGE         79                        76      3       78

PRECIPITATION (IN)
  YESTERDAY        0.01          3.22 1952   0.11  -0.10     0.00
  MONTH TO DATE    5.36                      2.96   2.40     2.51
  SINCE MAR 1     11.30                     11.97  -0.67    12.01
  SINCE JAN 1     25.56                     20.26   5.30    19.44

DEGREE DAYS
 HEATING
  YESTERDAY        0                         0      0        0
  MONTH TO DATE   13                         6      7        7
  SINCE MAR 1    239                       341   -102      221
  SINCE JUL 1   1369                      2118   -749     1611

 COOLING
  YESTERDAY       14                        11      3       13
  MONTH TO DATE  252                       229     23      213
  SINCE MAR 1    507                       329    178      351
  SINCE JAN 1    524                       333    191      353
..................................................................


WIND (MPH)
  HIGHEST WIND SPEED    22   HIGHEST WIND DIRECTION    NW (330)
  HIGHEST GUST SPEED    27   HIGHEST GUST DIRECTION    NW (320)
  AVERAGE WIND SPEED     6.9


SKY COVER
  AVERAGE SKY COVER 0.1


WEATHER CONDITIONS
 THE FOLLOWING WEATHER WAS RECORDED YESTERDAY.
  THUNDERSTORM


RELATIVE HUMIDITY (PERCENT)
 HIGHEST    84           600 AM
 LOWEST     55           100 PM
 AVERAGE    70

..........................................................


THE COLUMBUS CLIMATE NORMALS FOR TODAY
                         NORMAL    RECORD    YEAR
 MAXIMUM TEMPERATURE (F)   87       100      1937
 MINIMUM TEMPERATURE (F)   66        49      1984


SUNRISE AND SUNSET
MAY 30 2017...........SUNRISE   634 AM EDT   SUNSET   841 PM EDT
MAY 31 2017...........SUNRISE   633 AM EDT   SUNSET   842 PM EDT


-  INDICATES NEGATIVE NUMBERS.
R  INDICATES RECORD WAS SET OR TIED.
MM INDICATES DATA IS MISSING.
T  INDICATES TRACE AMOUNT.




$$
