000
CDUS42 KFFC 270021
CLICSG


CLIMATE REPORT
NATIONAL WEATHER SERVICE PEACHTREE CITY GA
821 PM EDT THU MAY 26 2016


...................................

...THE COLUMBUS CLIMATE SUMMARY FOR MAY 26 2016...
VALID AS OF 0800 PM LOCAL TIME.

CLIMATE NORMAL PERIOD 1981 TO 2010
CLIMATE RECORD PERIOD 1948 TO 2016


WEATHER ITEM   OBSERVED TIME   RECORD YEAR NORMAL DEPARTURE LAST
                VALUE   (LST)  VALUE       VALUE  FROM      YEAR
                                                  NORMAL
..................................................................
TEMPERATURE (F)
 TODAY
  MAXIMUM         88    424 PM  98    1933  86      2       87
  MINIMUM         66    615 AM  47    1979  65      1       68
  AVERAGE         77                        76      1       78

PRECIPITATION (IN)
  TODAY            0.00          1.94 2015   0.10  -0.10     1.94
  MONTH TO DATE    2.51                      2.65  -0.14     2.88
  SINCE MAR 1     12.01                     11.66   0.35    11.81
  SINCE JAN 1     19.44                     19.95  -0.51    19.18

DEGREE DAYS
 COOLING
  TODAY           12                        11      1       13
  MONTH TO DATE  175                       196    -21      236
  SINCE MAR 1    313                       296     17      385
  SINCE JAN 1    315                       300     15      385
..................................................................


WIND (MPH)
  HIGHEST WIND SPEED    13   HIGHEST WIND DIRECTION    SW (210)
  HIGHEST GUST SPEED    17   HIGHEST GUST DIRECTION     S (180)
  AVERAGE WIND SPEED     3.7


SKY COVER
  AVERAGE SKY COVER 0.1


WEATHER CONDITIONS
 THE FOLLOWING WEATHER WAS RECORDED TODAY.
  HAZE


RELATIVE HUMIDITY (PERCENT)
 HIGHEST    87           500 AM
 LOWEST     40           300 PM

..........................................................


THE COLUMBUS CLIMATE NORMALS FOR TOMORROW
                         NORMAL    RECORD
 MAXIMUM TEMPERATURE (F)   87        98
 MINIMUM TEMPERATURE (F)   65        45


SUNRISE AND SUNSET
MAY 26 2016...........SUNRISE   635 AM EDT   SUNSET   839 PM EDT
MAY 27 2016...........SUNRISE   635 AM EDT   SUNSET   840 PM EDT


-  INDICATES NEGATIVE NUMBERS.
R  INDICATES RECORD WAS SET OR TIED.
MM INDICATES DATA IS MISSING.
T  INDICATES TRACE AMOUNT.




$$
