000
CDUS42 KFFC 192036
CLICSG


CLIMATE REPORT
NATIONAL WEATHER SERVICE PEACHTREE CITY GA
435 PM EDT TUE SEP 19 2017


...................................

...THE COLUMBUS CLIMATE SUMMARY FOR SEPTEMBER 19 2017...
VALID TODAY AS OF 0400 PM LOCAL TIME.

CLIMATE NORMAL PERIOD 1981 TO 2010
CLIMATE RECORD PERIOD 1948 TO 2017


WEATHER ITEM   OBSERVED TIME   RECORD YEAR NORMAL DEPARTURE LAST
                VALUE   (LST)  VALUE       VALUE  FROM      YEAR
                                                  NORMAL
..................................................................
TEMPERATURE (F)
 TODAY
  MAXIMUM         92    257 PM 103    1925  86      6       94
  MINIMUM         70    634 AM  49    1981  66      4       74
  AVERAGE         81                        76      5       84

PRECIPITATION (IN)
  TODAY            0.00          2.00 1953   0.10  -0.10     0.00
  MONTH TO DATE    3.15                      1.99   1.16     0.34
  SINCE SEP 1      3.15                      1.99   1.16     0.34
  SINCE JAN 1     42.16                     34.73   7.43    27.26

DEGREE DAYS
 HEATING
  TODAY            0                         0      0        0
  MONTH TO DATE    3                         0      3        0
  SINCE SEP 1      3                         0      3        0
  SINCE JUL 1      3                         0      3        0

 COOLING
  TODAY           16                        11      5       19
  MONTH TO DATE  197                       252    -55      309
  SINCE SEP 1    197                       252    -55      309
  SINCE JAN 1   2291                      2124    167     2366
..................................................................


WIND (MPH)
  RESULTANT WIND SPEED   1   RESULTANT WIND DIRECTION  NW (320)
  HIGHEST WIND SPEED    10   HIGHEST WIND DIRECTION     W (290)
  HIGHEST GUST SPEED    12   HIGHEST GUST DIRECTION     W (290)
  AVERAGE WIND SPEED     1.8


SKY COVER
  AVERAGE SKY COVER 0.1


WEATHER CONDITIONS
 THE FOLLOWING WEATHER WAS RECORDED TODAY.
  NO SIGNIFICANT WEATHER WAS OBSERVED.


RELATIVE HUMIDITY (PERCENT)
 HIGHEST    90           400 AM
 LOWEST     44           200 PM
 AVERAGE    67

..........................................................


THE COLUMBUS CLIMATE NORMALS FOR TOMORROW
                         NORMAL    RECORD    YEAR
 MAXIMUM TEMPERATURE (F)   85       104      1931
                                             1925
 MINIMUM TEMPERATURE (F)   65        50      1981


SUNRISE AND SUNSET
SEPTEMBER 19 2017.....SUNRISE   726 AM EDT   SUNSET   740 PM EDT
SEPTEMBER 20 2017.....SUNRISE   727 AM EDT   SUNSET   739 PM EDT


-  INDICATES NEGATIVE NUMBERS.
R  INDICATES RECORD WAS SET OR TIED.
MM INDICATES DATA IS MISSING.
T  INDICATES TRACE AMOUNT.




$$
