000
CDUS42 KFFC 280024
CLICSG


CLIMATE REPORT
NATIONAL WEATHER SERVICE PEACHTREE CITY GA
824 PM EDT THU JUL 27 2017


...................................

...THE COLUMBUS CLIMATE SUMMARY FOR JULY 27 2017...
VALID AS OF 0800 PM LOCAL TIME.

CLIMATE NORMAL PERIOD 1981 TO 2010
CLIMATE RECORD PERIOD 1948 TO 2017


WEATHER ITEM   OBSERVED TIME   RECORD YEAR NORMAL DEPARTURE LAST
                VALUE   (LST)  VALUE       VALUE  FROM      YEAR
                                                  NORMAL
..................................................................
TEMPERATURE (F)
 TODAY
  MAXIMUM         95    445 PM 101    1944  92      3       95
                                      1914
  MINIMUM         75    633 AM  62    1911  73      2       74
  AVERAGE         85                        83      2       85

PRECIPITATION (IN)
  TODAY            T             2.44 1986   0.14  -0.14     0.01
  MONTH TO DATE    3.58                      4.18  -0.60     0.87
  SINCE JUN 1      7.16                      7.90  -0.74     3.02
  SINCE JAN 1     32.73                     28.39   4.34    22.46

DEGREE DAYS
 COOLING
  TODAY           20                        18      2       20
  MONTH TO DATE  517                       478     39      528
  SINCE JUN 1    939                       924     15     1024
  SINCE JAN 1   1491                      1282    209     1410
..................................................................


WIND (MPH)
  HIGHEST WIND SPEED    15   HIGHEST WIND DIRECTION    NW (330)
  HIGHEST GUST SPEED    19   HIGHEST GUST DIRECTION    NW (320)
  AVERAGE WIND SPEED     3.9


SKY COVER
  AVERAGE SKY COVER 0.1


WEATHER CONDITIONS
 THE FOLLOWING WEATHER WAS RECORDED TODAY.
  THUNDERSTORM
  LIGHT RAIN
  HAZE


RELATIVE HUMIDITY (PERCENT)
 HIGHEST    94           400 AM
 LOWEST     43           400 PM

..........................................................


THE COLUMBUS CLIMATE NORMALS FOR TOMORROW
                         NORMAL    RECORD
 MAXIMUM TEMPERATURE (F)   92       100
 MINIMUM TEMPERATURE (F)   73        61


SUNRISE AND SUNSET
JULY 27 2017..........SUNRISE   651 AM EDT   SUNSET   841 PM EDT
JULY 28 2017..........SUNRISE   652 AM EDT   SUNSET   840 PM EDT


-  INDICATES NEGATIVE NUMBERS.
R  INDICATES RECORD WAS SET OR TIED.
MM INDICATES DATA IS MISSING.
T  INDICATES TRACE AMOUNT.




$$
