000
CDUS42 KFFC 080918
CLICSG


CLIMATE REPORT
NATIONAL WEATHER SERVICE PEACHTREE CITY GA
417 AM EST MON FEB 8 2016


...................................

...THE COLUMBUS CLIMATE SUMMARY FOR FEBRUARY 7 2016...

CLIMATE NORMAL PERIOD 1981 TO 2010
CLIMATE RECORD PERIOD 1948 TO 2016


WEATHER ITEM   OBSERVED TIME   RECORD YEAR NORMAL DEPARTURE LAST
                VALUE   (LST)  VALUE       VALUE  FROM      YEAR
                                                  NORMAL
..................................................................
TEMPERATURE (F)
 YESTERDAY
  MAXIMUM         62    321 PM  78    1957  60      2       64
  MINIMUM         34    748 AM  17    1988  39     -5       29
  AVERAGE         48                        49     -1       47

PRECIPITATION (IN)
  YESTERDAY        0.00          1.74 1971   0.15  -0.15     0.00
  MONTH TO DATE    2.38                      1.05   1.33     1.13
  SINCE DEC 1     22.96                      9.17  13.79     8.90
  SINCE JAN 1      5.58                      4.90   0.68     4.28

SNOWFALL (IN)
  YESTERDAY        0.0           0.0  2002   0.0    0.0      0.0
  MONTH TO DATE    0.0                       0.0    0.0      0.0
  SINCE DEC 1      0.0                       0.3   -0.3      0.0
  SINCE JUL 1      0.0                       0.3   -0.3      0.0
  SNOW DEPTH       0

DEGREE DAYS
 HEATING
  YESTERDAY       17                        16      1       18
  MONTH TO DATE   87                       113    -26      138
  SINCE DEC 1    890                      1164   -274     1120
  SINCE JUL 1   1086                      1496   -410     1588

 COOLING
  YESTERDAY        0                         0      0        0
  MONTH TO DATE    0                         0      0        0
  SINCE DEC 1     34                         5     29        1
  SINCE JAN 1      0                         1     -1        0
..................................................................


WIND (MPH)
  HIGHEST WIND SPEED    18   HIGHEST WIND DIRECTION    NW (330)
  HIGHEST GUST SPEED    24   HIGHEST GUST DIRECTION    NW (330)
  AVERAGE WIND SPEED     7.5


SKY COVER
  AVERAGE SKY COVER 0.0


WEATHER CONDITIONS
 THE FOLLOWING WEATHER WAS RECORDED YESTERDAY.
  NO SIGNIFICANT WEATHER WAS OBSERVED.


RELATIVE HUMIDITY (PERCENT)
 HIGHEST    56           600 AM
 LOWEST     23           400 PM
 AVERAGE    40

..........................................................


THE COLUMBUS CLIMATE NORMALS FOR TODAY
                         NORMAL    RECORD    YEAR
 MAXIMUM TEMPERATURE (F)   61        81      1957
 MINIMUM TEMPERATURE (F)   39        20      1967
                                             1951


SUNRISE AND SUNSET
FEBRUARY  8 2016......SUNRISE   729 AM EST   SUNSET   619 PM EST
FEBRUARY  9 2016......SUNRISE   728 AM EST   SUNSET   620 PM EST


-  INDICATES NEGATIVE NUMBERS.
R  INDICATES RECORD WAS SET OR TIED.
MM INDICATES DATA IS MISSING.
T  INDICATES TRACE AMOUNT.




$$
