000
CDUS44 KOHX 130656
CLICSV

CLIMATE REPORT
NATIONAL WEATHER SERVICE NASHVILLE TN
154 AM CDT SUN JUL 13 2014


...................................

...THE CROSSVILLE CLIMATE SUMMARY FOR JULY 12 2014...

CLIMATE NORMAL PERIOD 1981 TO 2010
CLIMATE RECORD PERIOD 1954 TO 2014


WEATHER ITEM   OBSERVED TIME   RECORD YEAR NORMAL DEPARTURE
                VALUE   (LST)  VALUE       VALUE  FROM
                                                  NORMAL
...............................................................
TEMPERATURE (F)
 YESTERDAY
  MAXIMUM         86    435 PM  97    1980  84      2
  MINIMUM         63    451 AM  51    1975  65     -2
  AVERAGE         75                        75      0

PRECIPITATION (IN)
  YESTERDAY        0.00          2.45 2012   0.17  -0.17
  MONTH TO DATE    1.28                      1.96  -0.68
  SINCE JUN 1      5.61                      6.56  -0.95
  SINCE JAN 1     23.52                     30.94  -7.42

DEGREE DAYS
 HEATING
  YESTERDAY        0                                0
  MONTH TO DATE    0                                0
  SINCE JUN 1      0                              -14
  SINCE JUL 1      0                                0

 COOLING
  YESTERDAY       10                                0
  MONTH TO DATE   97                              -17
  SINCE JUN 1    325                               16
  SINCE JAN 1    443                               51
...............................................................


WIND (MPH)
  HIGHEST WIND SPEED    10   HIGHEST WIND DIRECTION     S (180)
  HIGHEST GUST SPEED    19   HIGHEST GUST DIRECTION     S (200)
  AVERAGE WIND SPEED     1.3


SKY COVER
  POSSIBLE SUNSHINE  MM
  AVERAGE SKY COVER 0.1


WEATHER CONDITIONS
 THE FOLLOWING WEATHER WAS RECORDED YESTERDAY.
  FOG
  HAZE


RELATIVE HUMIDITY (PERCENT)
 HIGHEST    87          1200 AM
 LOWEST     40           200 PM
 AVERAGE    64

..........................................................


THE CROSSVILLE CLIMATE NORMALS FOR TODAY
                         NORMAL    RECORD    YEAR
 MAXIMUM TEMPERATURE (F)   84        97      1954
 MINIMUM TEMPERATURE (F)   66        54      1959


SUNRISE AND SUNSET
JULY 13 2014..........SUNRISE   534 AM CDT   SUNSET   758 PM CDT
JULY 14 2014..........SUNRISE   535 AM CDT   SUNSET   757 PM CDT


-  INDICATES NEGATIVE NUMBERS.
R  INDICATES RECORD WAS SET OR TIED.
MM INDICATES DATA IS MISSING.
T  INDICATES TRACE AMOUNT.




$$
