500
CDUS45 KTFX 222330
CLICTB


CLIMATE REPORT
NATIONAL WEATHER SERVICE GREAT FALLS MT
430 PM MST MON JAN 22 2018


...................................

...THE CUT BANK MT CLIMATE SUMMARY FOR JANUARY 22 2018...
VALID TODAY AS OF 0400 PM LOCAL TIME.

CLIMATE NORMAL PERIOD 1981 TO 2010
CLIMATE RECORD PERIOD 1903 TO 2018


WEATHER ITEM   OBSERVED TIME   RECORD YEAR NORMAL DEPARTURE LAST
                VALUE   (LST)  VALUE       VALUE  FROM      YEAR
                                                  NORMAL
..................................................................
TEMPERATURE (F)
 TODAY
  MAXIMUM         38    220 PM  61    1981  33      5       25
  MINIMUM         27    819 AM -38    1943  12     15       17
  AVERAGE         33                        22     11       21

PRECIPITATION (IN)
  TODAY            0.00          0.18 1922   0.01  -0.01      T
  MONTH TO DATE    T                         0.15  -0.15     0.45
  SINCE OCT 1      1.05                      1.17  -0.12     1.88
  SINCE JAN 1      T                         0.15  -0.15     0.45

DEGREE DAYS
 HEATING
  TODAY           32                        43    -11       44
  MONTH TO DATE  912                       949    -37     1120
  SINCE DEC 1   2359                      2276     83     2765
  SINCE JUL 1   4583                      4539     44     4743

 COOLING
  TODAY            0                         0      0        0
  MONTH TO DATE    0                         0      0        0
  SINCE DEC 1      0                         0      0        0
  SINCE JAN 1      0                         0      0        0
..................................................................


WIND (MPH)
  HIGHEST WIND SPEED    39   HIGHEST WIND DIRECTION     W (260)
  HIGHEST GUST SPEED    47   HIGHEST GUST DIRECTION     W (270)
  AVERAGE WIND SPEED    21.1


SKY COVER
  AVERAGE SKY COVER 0.0


WEATHER CONDITIONS
 THE FOLLOWING WEATHER WAS RECORDED TODAY.
  NO SIGNIFICANT WEATHER WAS OBSERVED.


RELATIVE HUMIDITY (PERCENT)
 HIGHEST    61           200 AM
 LOWEST     40           100 PM
 AVERAGE    51

..........................................................


THE CUT BANK MT CLIMATE NORMALS FOR TOMORROW
                         NORMAL    RECORD    YEAR
 MAXIMUM TEMPERATURE (F)   33        62      2005
 MINIMUM TEMPERATURE (F)   12       -38      1943


SUNRISE AND SUNSET
JANUARY 22 2018.......SUNRISE   811 AM MST   SUNSET   512 PM MST
JANUARY 23 2018.......SUNRISE   810 AM MST   SUNSET   514 PM MST


-  INDICATES NEGATIVE NUMBERS.
R  INDICATES RECORD WAS SET OR TIED.
MM INDICATES DATA IS MISSING.
T  INDICATES TRACE AMOUNT.




$$
