000
CDUS45 KTFX 250839
CLICTB


CLIMATE REPORT
NATIONAL WEATHER SERVICE GREAT FALLS MT
237 AM MDT MON SEP 25 2017


...................................

...THE CUT BANK MT CLIMATE SUMMARY FOR SEPTEMBER 24 2017...

CLIMATE NORMAL PERIOD 1981 TO 2010
CLIMATE RECORD PERIOD 1903 TO 2017


WEATHER ITEM   OBSERVED TIME   RECORD YEAR NORMAL DEPARTURE LAST
                VALUE   (LST)  VALUE       VALUE  FROM      YEAR
                                                  NORMAL
..................................................................
TEMPERATURE (F)
 YESTERDAY
  MAXIMUM         60    253 PM  92    2001  65     -5       63
  MINIMUM         27    600 AM   0    1926  37    -10       41
  AVERAGE         44                        51     -7       52

PRECIPITATION (IN)
  YESTERDAY        0.00          0.50 1908   0.04  -0.04      T
  MONTH TO DATE    0.53                      1.03  -0.50     1.26
  SINCE OCT 1      9.47                     10.71  -1.24    11.82
  SINCE JAN 1      8.04                      9.69  -1.65     9.90

SNOWFALL (IN)
  YESTERDAY       MM
  SNOW DEPTH       0

DEGREE DAYS
 HEATING
  YESTERDAY       21                        14      7       13
  MONTH TO DATE  264                       252     12      294
  SINCE SEP 1    264                       252     12      294
  SINCE JUL 1    347                       446    -99      467

 COOLING
  YESTERDAY        0                         0      0        0
  MONTH TO DATE   24                         6     18        5
  SINCE SEP 1     24                         6     18        5
  SINCE JAN 1    250                       159     91      108
..................................................................


WIND (MPH)
  HIGHEST WIND SPEED    13   HIGHEST WIND DIRECTION    NW (310)
  HIGHEST GUST SPEED    13   HIGHEST GUST DIRECTION    NW (310)
  AVERAGE WIND SPEED     5.4


SKY COVER
  AVERAGE SKY COVER 0.1


WEATHER CONDITIONS
 THE FOLLOWING WEATHER WAS RECORDED YESTERDAY.
  NO SIGNIFICANT WEATHER WAS OBSERVED.


RELATIVE HUMIDITY (PERCENT)
 HIGHEST    92          1200 AM
 LOWEST     25           200 PM
 AVERAGE    59

..........................................................


THE CUT BANK MT CLIMATE NORMALS FOR TODAY
                         NORMAL    RECORD    YEAR
 MAXIMUM TEMPERATURE (F)   64        90      2014
 MINIMUM TEMPERATURE (F)   37        -4      1934


SUNRISE AND SUNSET
SEPTEMBER 25 2017.....SUNRISE   721 AM MDT   SUNSET   720 PM MDT
SEPTEMBER 26 2017.....SUNRISE   722 AM MDT   SUNSET   718 PM MDT


-  INDICATES NEGATIVE NUMBERS.
R  INDICATES RECORD WAS SET OR TIED.
MM INDICATES DATA IS MISSING.
T  INDICATES TRACE AMOUNT.




$$
