000
CDUS45 KTFX 280951
CLICTB


CLIMATE REPORT
NATIONAL WEATHER SERVICE GREAT FALLS MT
250 AM MST FRI NOV 28 2014


...................................

...THE CUT BANK MT CLIMATE SUMMARY FOR NOVEMBER 27 2014...

CLIMATE NORMAL PERIOD 1981 TO 2010
CLIMATE RECORD PERIOD 1903 TO 2014


WEATHER ITEM   OBSERVED TIME   RECORD YEAR NORMAL DEPARTURE LAST
                VALUE   (LST)  VALUE       VALUE  FROM      YEAR
                                                  NORMAL
..................................................................
TEMPERATURE (F)
 YESTERDAY
  MAXIMUM         51    113 PM  64    1922  36     15       43
  MINIMUM         23    703 AM -23    1985  16      7       19
  AVERAGE         37                        26     11       31

PRECIPITATION (IN)
  YESTERDAY        0.00          0.15 1928   0.01  -0.01     0.00
  MONTH TO DATE    0.75                      0.33   0.42     0.41
  SINCE OCT 1      1.27                      0.77   0.50     0.76
  SINCE JAN 1     16.18                     10.65   5.53    14.46

SNOWFALL (IN)
  YESTERDAY       MM
  SNOW DEPTH       2

DEGREE DAYS
 HEATING
  YESTERDAY       28                        39    -11       34
  MONTH TO DATE 1008                       920     88      990
  SINCE SEP 1   1794                      1950   -156     1939
  SINCE JUL 1   1891                      2144   -253     2011

 COOLING
  YESTERDAY        0                         0      0        0
  MONTH TO DATE    0                         0      0        0
  SINCE SEP 1     11                         9      2       31
  SINCE JAN 1    208                       162     46      226
..................................................................


WIND (MPH)
  HIGHEST WIND SPEED    52   HIGHEST WIND DIRECTION     W (250)
  HIGHEST GUST SPEED    61   HIGHEST GUST DIRECTION     W (250)
  AVERAGE WIND SPEED    22.1


SKY COVER
  AVERAGE SKY COVER 0.3


WEATHER CONDITIONS
 THE FOLLOWING WEATHER WAS RECORDED YESTERDAY.
  FOG
  FOG W/VISIBILITY <= 1/4 MILE


RELATIVE HUMIDITY (PERCENT)
 HIGHEST   100          1200 AM
 LOWEST     56           100 PM
 AVERAGE    78

..........................................................


THE CUT BANK MT CLIMATE NORMALS FOR TODAY
                         NORMAL    RECORD    YEAR
 MAXIMUM TEMPERATURE (F)   35        60      1956
 MINIMUM TEMPERATURE (F)   16       -24      1985


SUNRISE AND SUNSET
NOVEMBER 28 2014......SUNRISE   757 AM MST   SUNSET   438 PM MST
NOVEMBER 29 2014......SUNRISE   758 AM MST   SUNSET   437 PM MST


-  INDICATES NEGATIVE NUMBERS.
R  INDICATES RECORD WAS SET OR TIED.
MM INDICATES DATA IS MISSING.
T  INDICATES TRACE AMOUNT.




$$
