000
CDUS45 KTFX 110741
CLICTB


CLIMATE REPORT
NATIONAL WEATHER SERVICE GREAT FALLS MT
141 AM MDT FRI JUL 11 2014


...................................

...THE CUT BANK MT CLIMATE SUMMARY FOR JULY 10 2014...

CLIMATE NORMAL PERIOD 1981 TO 2010
CLIMATE RECORD PERIOD 1903 TO 2014


WEATHER ITEM   OBSERVED TIME   RECORD YEAR NORMAL DEPARTURE LAST
                VALUE   (LST)  VALUE       VALUE  FROM      YEAR
                                                  NORMAL
..................................................................
TEMPERATURE (F)
 YESTERDAY
  MAXIMUM         86    536 PM 101    1973  78      8       87
  MINIMUM         54    512 AM  39    1922  49      5       49
  AVERAGE         70                        64      6       68

PRECIPITATION (IN)
  YESTERDAY        0.00          0.63 1974   0.05  -0.05     0.00
  MONTH TO DATE    0.04                      0.51  -0.47     1.44
  SINCE OCT 1     11.97                      7.72   4.25    11.40
  SINCE JAN 1     10.77                      6.70   4.07     9.23

SNOWFALL (IN)
  YESTERDAY       MM
  SNOW DEPTH       0

DEGREE DAYS
 HEATING
  YESTERDAY        0                         3     -3        0
  MONTH TO DATE    4                        40    -36       16
  SINCE JUN 1    277                       273      4      225
  SINCE JUL 1      4                        40    -36       16

 COOLING
  YESTERDAY        5                         2      3        3
  MONTH TO DATE   37                        15     22       42
  SINCE JUN 1     38                        30      8       54
  SINCE JAN 1     38                        32      6       56
..................................................................


WIND (MPH)
  HIGHEST WIND SPEED    28   HIGHEST WIND DIRECTION     N (10)
  HIGHEST GUST SPEED    34   HIGHEST GUST DIRECTION     N (10)
  AVERAGE WIND SPEED     9.7


SKY COVER
  AVERAGE SKY COVER 0.0


WEATHER CONDITIONS
 THE FOLLOWING WEATHER WAS RECORDED YESTERDAY.
  NO SIGNIFICANT WEATHER WAS OBSERVED.


RELATIVE HUMIDITY (PERCENT)
 HIGHEST    86           400 AM
 LOWEST     29           400 PM
 AVERAGE    58

..........................................................


THE CUT BANK MT CLIMATE NORMALS FOR TODAY
                         NORMAL    RECORD    YEAR
 MAXIMUM TEMPERATURE (F)   79        95      1917
 MINIMUM TEMPERATURE (F)   49        37      1987


SUNRISE AND SUNSET
JULY 11 2014..........SUNRISE   539 AM MDT   SUNSET   930 PM MDT
JULY 12 2014..........SUNRISE   540 AM MDT   SUNSET   930 PM MDT


-  INDICATES NEGATIVE NUMBERS.
R  INDICATES RECORD WAS SET OR TIED.
MM INDICATES DATA IS MISSING.
T  INDICATES TRACE AMOUNT.




$$
