000
CDUS45 KTFX 170954
CLICTB


CLIMATE REPORT
NATIONAL WEATHER SERVICE GREAT FALLS MT
253 AM MST TUE JAN 17 2017


...................................

...THE CUT BANK MT CLIMATE SUMMARY FOR JANUARY 16 2017...

CLIMATE NORMAL PERIOD 1981 TO 2010
CLIMATE RECORD PERIOD 1903 TO 2017


WEATHER ITEM   OBSERVED TIME   RECORD YEAR NORMAL DEPARTURE LAST
                VALUE   (LST)  VALUE       VALUE  FROM      YEAR
                                                  NORMAL
..................................................................
TEMPERATURE (F)
 YESTERDAY
  MAXIMUM         39   1131 PM  52    1958  33      6       13
  MINIMUM         20    739 AM -36    1930  12      8        6
  AVERAGE         30                        22      8       10

PRECIPITATION (IN)
  YESTERDAY        0.00          0.15 1992   0.01  -0.01     0.06
  MONTH TO DATE    0.05                      0.11  -0.06     0.35
  SINCE OCT 1      1.48                      1.13   0.35     2.27
  SINCE JAN 1      0.05                      0.11  -0.06     0.35

SNOWFALL (IN)
  YESTERDAY       MM
  SNOW DEPTH       3

DEGREE DAYS
 HEATING
  YESTERDAY       35                        43     -8       55
  MONTH TO DATE  929                       691    238      780
  SINCE DEC 1   2574                      2018    556     2087
  SINCE JUL 1   4552                      4281    271     4125

 COOLING
  YESTERDAY        0                         0      0        0
  MONTH TO DATE    0                         0      0        0
  SINCE DEC 1      0                         0      0        0
  SINCE JAN 1      0                         0      0        0
..................................................................


WIND (MPH)
  HIGHEST WIND SPEED    35   HIGHEST WIND DIRECTION     W (260)
  HIGHEST GUST SPEED    41   HIGHEST GUST DIRECTION     W (260)
  AVERAGE WIND SPEED    19.5


SKY COVER
  AVERAGE SKY COVER 0.0


WEATHER CONDITIONS
 THE FOLLOWING WEATHER WAS RECORDED YESTERDAY.
  NO SIGNIFICANT WEATHER WAS OBSERVED.


RELATIVE HUMIDITY (PERCENT)
 HIGHEST    73           400 AM
 LOWEST     40           900 PM
 AVERAGE    57

..........................................................


THE CUT BANK MT CLIMATE NORMALS FOR TODAY
                         NORMAL    RECORD    YEAR
 MAXIMUM TEMPERATURE (F)   33        52      1976
 MINIMUM TEMPERATURE (F)   12       -36      1950


SUNRISE AND SUNSET
JANUARY 17 2017.......SUNRISE   815 AM MST   SUNSET   505 PM MST
JANUARY 18 2017.......SUNRISE   814 AM MST   SUNSET   507 PM MST


-  INDICATES NEGATIVE NUMBERS.
R  INDICATES RECORD WAS SET OR TIED.
MM INDICATES DATA IS MISSING.
T  INDICATES TRACE AMOUNT.




$$
