000
CDUS42 KTAE 250641
CLICTY


CLIMATE REPORT
NATIONAL WEATHER SERVICE TALLAHASSEE FL
140 AM EST TUE NOV 25 2014


...................................

...THE CROSS CITY (AWOS) CLIMATE SUMMARY FOR NOVEMBER 24 2014...

CLIMATE NORMAL PERIOD 1981 TO 2010
CLIMATE RECORD PERIOD 1948 TO 2014


WEATHER ITEM   OBSERVED TIME   NORMAL DEPARTURE LAST
                VALUE   (LST)  VALUE  FROM      YEAR
                                      NORMAL
......................................................
TEMPERATURE (F)
 YESTERDAY
  MAXIMUM         79    221 PM  73      6
  MINIMUM         70   1159 PM  48     22
  AVERAGE         75            60     15

PRECIPITATION (IN)
  YESTERDAY        0.09          0.11  -0.02     0.00
  MONTH TO DATE    1.17          2.02  -0.85     1.48
  SINCE SEP 1     15.68          9.88   5.80     7.88
  SINCE JAN 1     56.06         45.25  10.81    60.66

DEGREE DAYS
 HEATING
  YESTERDAY        0             6     -6
  MONTH TO DATE  201            97    104
  SINCE SEP 1    218           129     89
  SINCE JUL 1    218           129     89

 COOLING
  YESTERDAY       10             1      9
  MONTH TO DATE   27            52    -25
  SINCE SEP 1    648           657     -9
  SINCE JAN 1   2710          2595    115
......................................................


WIND (MPH)
  RESULTANT WIND SPEED  10   RESULTANT WIND DIRECTION   S (190)
  HIGHEST WIND SPEED    20   HIGHEST WIND DIRECTION     W (290)
  HIGHEST GUST SPEED    25   HIGHEST GUST DIRECTION    SW (210)
  AVERAGE WIND SPEED    10.2



WEATHER CONDITIONS
 THE FOLLOWING WEATHER WAS RECORDED YESTERDAY.
  NO SIGNIFICANT WEATHER WAS OBSERVED.


RELATIVE HUMIDITY (PERCENT)
 HIGHEST   100
 LOWEST     79

..........................................................




SUNRISE AND SUNSET
NOVEMBER 25 2014......SUNRISE   705 AM EST   SUNSET   534 PM EST
NOVEMBER 26 2014......SUNRISE   706 AM EST   SUNSET   533 PM EST


-  INDICATES NEGATIVE NUMBERS.
R  INDICATES RECORD WAS SET OR TIED.
MM INDICATES DATA IS MISSING.
T  INDICATES TRACE AMOUNT.




$$
