000
CDUS42 KTAE 020632
CLICTY


CLIMATE REPORT
NATIONAL WEATHER SERVICE TALLAHASSEE FL
231 AM EDT SUN AUG 2 2015


...................................

...THE CROSS CITY  CLIMATE SUMMARY FOR AUGUST 1 2015...

CLIMATE NORMAL PERIOD 1981 TO 2010
CLIMATE RECORD PERIOD 1948 TO 2015


WEATHER ITEM   OBSERVED TIME   NORMAL DEPARTURE LAST
                VALUE   (LST)  VALUE  FROM      YEAR
                                      NORMAL
......................................................
TEMPERATURE (F)
 YESTERDAY
  MAXIMUM         81   1047 AM  91    -10       90
  MINIMUM         75    814 AM  72      3       68
  AVERAGE         78            82     -4

PRECIPITATION (IN)
  YESTERDAY        6.92          0.26   6.66     0.00
  MONTH TO DATE    6.92          0.26   6.66     0.00
  SINCE JUN 1     32.56         11.01  21.55    11.06
  SINCE JAN 1     45.70         28.18  17.52    36.56

DEGREE DAYS
 HEATING
  YESTERDAY        0             0      0
  MONTH TO DATE    0             0      0
  SINCE JUN 1      0             0      0
  SINCE JUL 1      0             0      0

 COOLING
  YESTERDAY       13            17     -4
  MONTH TO DATE   13            17     -4
  SINCE JUN 1   1082           972    110
  SINCE JAN 1   1921          1451    470
......................................................


WIND (MPH)
  RESULTANT WIND SPEED   3   RESULTANT WIND DIRECTION   S (190)
  HIGHEST WIND SPEED    18   HIGHEST WIND DIRECTION     S (170)
  HIGHEST GUST SPEED    22   HIGHEST GUST DIRECTION     S (170)
  AVERAGE WIND SPEED     4.2



WEATHER CONDITIONS
 THE FOLLOWING WEATHER WAS RECORDED YESTERDAY.
  NO SIGNIFICANT WEATHER WAS OBSERVED.


RELATIVE HUMIDITY (PERCENT)
 HIGHEST   100
 LOWEST     91

..........................................................




SUNRISE AND SUNSET
AUGUST  2 2015........SUNRISE   653 AM EDT   SUNSET   824 PM EDT
AUGUST  3 2015........SUNRISE   653 AM EDT   SUNSET   824 PM EDT


-  INDICATES NEGATIVE NUMBERS.
R  INDICATES RECORD WAS SET OR TIED.
MM INDICATES DATA IS MISSING.
T  INDICATES TRACE AMOUNT.




$$
