000
CDUS42 KTAE 310654
CLICTY


CLIMATE REPORT
NATIONAL WEATHER SERVICE TALLAHASSEE FL
253 AM EDT FRI OCT 31 2014


...................................

...THE CROSS CITY (AWOS) CLIMATE SUMMARY FOR OCTOBER 30 2014...

CLIMATE NORMAL PERIOD 1981 TO 2010
CLIMATE RECORD PERIOD 1948 TO 2014


WEATHER ITEM   OBSERVED TIME   NORMAL DEPARTURE LAST
                VALUE   (LST)  VALUE  FROM      YEAR
                                      NORMAL
......................................................
TEMPERATURE (F)
 YESTERDAY
  MAXIMUM         81    237 PM  80      1
  MINIMUM         61    620 AM  53      8
  AVERAGE         71            66      5

PRECIPITATION (IN)
  YESTERDAY        0.08          0.09  -0.01     0.00
  MONTH TO DATE    1.84          3.32  -1.48     1.23
  SINCE SEP 1     14.51          7.78   6.73     6.39
  SINCE JAN 1     54.89         43.15  11.74    59.17

DEGREE DAYS
 HEATING
  YESTERDAY        0             2     -2
  MONTH TO DATE   15            29    -14
  SINCE SEP 1     15            29    -14
  SINCE JUL 1     15            29    -14

 COOLING
  YESTERDAY        6             4      2
  MONTH TO DATE  194           197     -3
  SINCE SEP 1    621           601     20
  SINCE JAN 1   2683          2539    144
......................................................


WIND (MPH)
  RESULTANT WIND SPEED   2   RESULTANT WIND DIRECTION   N (20)
  HIGHEST WIND SPEED    10   HIGHEST WIND DIRECTION    NE (30)
  HIGHEST GUST SPEED    14   HIGHEST GUST DIRECTION     N (20)
  AVERAGE WIND SPEED     3.3



WEATHER CONDITIONS
 THE FOLLOWING WEATHER WAS RECORDED YESTERDAY.
  NO SIGNIFICANT WEATHER WAS OBSERVED.


RELATIVE HUMIDITY (PERCENT)
 HIGHEST   100
 LOWEST     58

..........................................................




SUNRISE AND SUNSET
OCTOBER 31 2014.......SUNRISE   745 AM EDT   SUNSET   647 PM EDT
NOVEMBER  1 2014......SUNRISE   746 AM EDT   SUNSET   646 PM EDT


-  INDICATES NEGATIVE NUMBERS.
R  INDICATES RECORD WAS SET OR TIED.
MM INDICATES DATA IS MISSING.
T  INDICATES TRACE AMOUNT.




$$
