000
CDUS42 KTAE 230633
CLICTY


CLIMATE REPORT
NATIONAL WEATHER SERVICE TALLAHASSEE FL
232 AM EDT TUE MAY 23 2017


...................................

...THE CROSS CITY  CLIMATE SUMMARY FOR MAY 22 2017...

CLIMATE NORMAL PERIOD 1981 TO 2010
CLIMATE RECORD PERIOD 1948 TO 2017


WEATHER ITEM   OBSERVED TIME   NORMAL DEPARTURE LAST
                VALUE   (LST)  VALUE  FROM      YEAR
                                      NORMAL
......................................................
TEMPERATURE (F)
 YESTERDAY
  MAXIMUM         90   1115 AM  89      1       87
  MINIMUM         66    415 AM  64      2       66
  AVERAGE         78            76      2

PRECIPITATION (IN)
  YESTERDAY        0.00          0.08  -0.08     0.00
  MONTH TO DATE    2.12          1.57   0.55     1.70
  SINCE MAR 1      5.09          8.74  -3.65     9.67
  SINCE JAN 1      7.64         16.05  -8.41    16.43

DEGREE DAYS
 HEATING
  YESTERDAY        0             0      0
  MONTH TO DATE    0             0      0
  SINCE MAR 1    159           183    -24
  SINCE JUL 1    758          1303   -545

 COOLING
  YESTERDAY       13            11      2
  MONTH TO DATE  208           186     22
  SINCE MAR 1    444           341    103
  SINCE JAN 1    506           368    138
......................................................


WIND (MPH)
  RESULTANT WIND SPEED   5   RESULTANT WIND DIRECTION  SW (220)
  HIGHEST WIND SPEED    15   HIGHEST WIND DIRECTION     W (260)
  HIGHEST GUST SPEED    20   HIGHEST GUST DIRECTION     W (260)
  AVERAGE WIND SPEED     5.8



WEATHER CONDITIONS
 THE FOLLOWING WEATHER WAS RECORDED YESTERDAY.
  FOG


RELATIVE HUMIDITY (PERCENT)
 HIGHEST   100
 LOWEST     50

..........................................................




SUNRISE AND SUNSET
MAY 23 2017...........SUNRISE   635 AM EDT   SUNSET   823 PM EDT
MAY 24 2017...........SUNRISE   635 AM EDT   SUNSET   824 PM EDT


-  INDICATES NEGATIVE NUMBERS.
R  INDICATES RECORD WAS SET OR TIED.
MM INDICATES DATA IS MISSING.
T  INDICATES TRACE AMOUNT.




$$
