000
CDUS42 KTAE 310655
CLICTY


CLIMATE REPORT
NATIONAL WEATHER SERVICE TALLAHASSEE FL
251 AM EDT THU JUL 31 2014


...................................

...THE CROSS CITY (AWOS) CLIMATE SUMMARY FOR JULY 30 2014...

CLIMATE NORMAL PERIOD 1981 TO 2010
CLIMATE RECORD PERIOD 1948 TO 2014


WEATHER ITEM   OBSERVED TIME   NORMAL DEPARTURE LAST
                VALUE   (LST)  VALUE  FROM      YEAR
                                      NORMAL
......................................................
TEMPERATURE (F)
 YESTERDAY
  MAXIMUM         93    323 PM  91      2
  MINIMUM         66    617 AM  72     -6
  AVERAGE         80            82     -2

PRECIPITATION (IN)
  YESTERDAY        0.00          0.21  -0.21     0.11
  MONTH TO DATE    7.29          5.46   1.83    20.50
  SINCE JUN 1     11.06         10.55   0.51    29.85
  SINCE JAN 1     36.56         27.72   8.84    42.39

DEGREE DAYS
 HEATING
  YESTERDAY        0             0      0
  MONTH TO DATE    0             0      0
  SINCE JUN 1      0             0      0
  SINCE JUL 1      0             0      0

 COOLING
  YESTERDAY       15            17     -2
  MONTH TO DATE  506           494     12
  SINCE JUN 1    985           941     44
  SINCE JAN 1   1477          1420     57
......................................................


WIND (MPH)
  RESULTANT WIND SPEED   3   RESULTANT WIND DIRECTION  NW (320)
  HIGHEST WIND SPEED    14   HIGHEST WIND DIRECTION     W (250)
  HIGHEST GUST SPEED    20   HIGHEST GUST DIRECTION     N (340)
  AVERAGE WIND SPEED     4.3



WEATHER CONDITIONS
 THE FOLLOWING WEATHER WAS RECORDED YESTERDAY.
  NO SIGNIFICANT WEATHER WAS OBSERVED.


RELATIVE HUMIDITY (PERCENT)
 HIGHEST    93
 LOWEST     36

..........................................................




SUNRISE AND SUNSET
JULY 31 2014..........SUNRISE   652 AM EDT   SUNSET   826 PM EDT
AUGUST  1 2014........SUNRISE   652 AM EDT   SUNSET   825 PM EDT


-  INDICATES NEGATIVE NUMBERS.
R  INDICATES RECORD WAS SET OR TIED.
MM INDICATES DATA IS MISSING.
T  INDICATES TRACE AMOUNT.




$$
