000
CDUS42 KTAE 040634
CLICTY


CLIMATE REPORT
NATIONAL WEATHER SERVICE TALLAHASSEE FL
132 AM EST SUN DEC 4 2016


...................................

...THE CROSS CITY  CLIMATE SUMMARY FOR DECEMBER 3 2016...

CLIMATE NORMAL PERIOD 1981 TO 2010
CLIMATE RECORD PERIOD 1948 TO 2016


WEATHER ITEM   OBSERVED TIME   NORMAL DEPARTURE LAST
                VALUE   (LST)  VALUE  FROM      YEAR
                                      NORMAL
......................................................
TEMPERATURE (F)
 YESTERDAY
  MAXIMUM         72    400 PM  70      2       68
  MINIMUM         39    500 AM  46     -7       53
  AVERAGE         56            58     -2

PRECIPITATION (IN)
  YESTERDAY        0.00          0.10  -0.10     0.00
  MONTH TO DATE    0.14          0.26  -0.12     0.24
  SINCE DEC 1      0.14          0.26  -0.12     0.24
  SINCE JAN 1     59.74         46.10  13.64    65.86

DEGREE DAYS
 HEATING
  YESTERDAY        9             8      1
  MONTH TO DATE   26            24      2
  SINCE DEC 1     26            24      2
  SINCE JUL 1    151           192    -41

 COOLING
  YESTERDAY        0             1     -1
  MONTH TO DATE    0             3     -3
  SINCE DEC 1      0             3     -3
  SINCE JAN 1   3021          2605    416
......................................................


WIND (MPH)
  RESULTANT WIND SPEED   5   RESULTANT WIND DIRECTION  NE (50)
  HIGHEST WIND SPEED    10   HIGHEST WIND DIRECTION    NE (50)
  HIGHEST GUST SPEED    MM   HIGHEST GUST DIRECTION    MM
  AVERAGE WIND SPEED     5.2



WEATHER CONDITIONS
 THE FOLLOWING WEATHER WAS RECORDED YESTERDAY.
  NO SIGNIFICANT WEATHER WAS OBSERVED.


RELATIVE HUMIDITY (PERCENT)
 HIGHEST    92
 LOWEST     38

..........................................................




SUNRISE AND SUNSET
DECEMBER  4 2016......SUNRISE   712 AM EST   SUNSET   533 PM EST
DECEMBER  5 2016......SUNRISE   713 AM EST   SUNSET   533 PM EST


-  INDICATES NEGATIVE NUMBERS.
R  INDICATES RECORD WAS SET OR TIED.
MM INDICATES DATA IS MISSING.
T  INDICATES TRACE AMOUNT.




$$
