000
CDUS42 KTAE 290911
CLICTY


CLIMATE REPORT
NATIONAL WEATHER SERVICE TALLAHASSEE FL
511 AM EDT SAT AUG 29 2015


...................................

...THE CROSS CITY  CLIMATE SUMMARY FOR AUGUST 28 2015...

CLIMATE NORMAL PERIOD 1981 TO 2010
CLIMATE RECORD PERIOD 1948 TO 2015


WEATHER ITEM   OBSERVED TIME   NORMAL DEPARTURE LAST
                VALUE   (LST)  VALUE  FROM      YEAR
                                      NORMAL
......................................................
TEMPERATURE (F)
 YESTERDAY
  MAXIMUM         90   1142 AM  90      0       94
  MINIMUM         74   1159 PM  71      3       64
  AVERAGE         82            81      1

PRECIPITATION (IN)
  YESTERDAY        0.16          0.25  -0.09     0.00
  MONTH TO DATE   15.00          6.73   8.27     3.47
  SINCE JUN 1     40.73         17.48  23.25    14.53
  SINCE JAN 1     53.87         34.65  19.22    40.03

DEGREE DAYS
 HEATING
  YESTERDAY        0             0      0
  MONTH TO DATE    0             0      0
  SINCE JUN 1      0             0      0
  SINCE JUL 1      0             0      0

 COOLING
  YESTERDAY       17            16      1
  MONTH TO DATE  518           458     60
  SINCE JUN 1   1608          1413    195
  SINCE JAN 1   2447          1892    555
......................................................


WIND (MPH)
  RESULTANT WIND SPEED   3   RESULTANT WIND DIRECTION   E (90)
  HIGHEST WIND SPEED    15   HIGHEST WIND DIRECTION     E (80)
  HIGHEST GUST SPEED    26   HIGHEST GUST DIRECTION     E (90)
  AVERAGE WIND SPEED     3.6



WEATHER CONDITIONS
 THE FOLLOWING WEATHER WAS RECORDED YESTERDAY.
  NO SIGNIFICANT WEATHER WAS OBSERVED.


RELATIVE HUMIDITY (PERCENT)
 HIGHEST    94
 LOWEST     59

..........................................................




SUNRISE AND SUNSET
AUGUST 29 2015........SUNRISE   708 AM EDT   SUNSET   758 PM EDT
AUGUST 30 2015........SUNRISE   708 AM EDT   SUNSET   757 PM EDT


-  INDICATES NEGATIVE NUMBERS.
R  INDICATES RECORD WAS SET OR TIED.
MM INDICATES DATA IS MISSING.
T  INDICATES TRACE AMOUNT.




$$
