000
CDUS42 KTAE 280634
CLICTY


CLIMATE REPORT
NATIONAL WEATHER SERVICE TALLAHASSEE FL
133 AM EST TUE FEB 28 2017


...................................

...THE CROSS CITY  CLIMATE SUMMARY FOR FEBRUARY 27 2017...

CLIMATE NORMAL PERIOD 1981 TO 2010
CLIMATE RECORD PERIOD 1948 TO 2017


WEATHER ITEM   OBSERVED TIME   NORMAL DEPARTURE LAST
                VALUE   (LST)  VALUE  FROM      YEAR
                                      NORMAL
......................................................
TEMPERATURE (F)
 YESTERDAY
  MAXIMUM         84    135 PM  73     11       68
  MINIMUM         43    355 AM  45     -2       29
  AVERAGE         64            59      5

PRECIPITATION (IN)
  YESTERDAY        0.00          0.16  -0.16     0.00
  MONTH TO DATE    1.12          3.09  -1.97     3.68
  SINCE DEC 1      6.42          9.65  -3.23     9.02
  SINCE JAN 1      2.55          7.13  -4.58     6.76

DEGREE DAYS
 HEATING
  YESTERDAY        1             7     -6
  MONTH TO DATE  101           234   -133
  SINCE DEC 1    474           944   -470
  SINCE JUL 1    599          1112   -513

 COOLING
  YESTERDAY        0             1     -1
  MONTH TO DATE   25            21      4
  SINCE DEC 1    112            50     62
  SINCE JAN 1     59            32     27
......................................................


WIND (MPH)
  RESULTANT WIND SPEED   3   RESULTANT WIND DIRECTION   S (190)
  HIGHEST WIND SPEED    15   HIGHEST WIND DIRECTION    SW (230)
  HIGHEST GUST SPEED    23   HIGHEST GUST DIRECTION    SW (220)
  AVERAGE WIND SPEED     5.9



WEATHER CONDITIONS
 THE FOLLOWING WEATHER WAS RECORDED YESTERDAY.
  NO SIGNIFICANT WEATHER WAS OBSERVED.


RELATIVE HUMIDITY (PERCENT)
 HIGHEST    93
 LOWEST     43

..........................................................




SUNRISE AND SUNSET
FEBRUARY 28 2017......SUNRISE   659 AM EST   SUNSET   631 PM EST
MARCH  1 2017.........SUNRISE   658 AM EST   SUNSET   632 PM EST


-  INDICATES NEGATIVE NUMBERS.
R  INDICATES RECORD WAS SET OR TIED.
MM INDICATES DATA IS MISSING.
T  INDICATES TRACE AMOUNT.




$$
