000
CDUS42 KTAE 170639
CLICTY


CLIMATE REPORT
NATIONAL WEATHER SERVICE TALLAHASSEE FL
236 AM EDT WED SEP 17 2014


...................................

...THE CROSS CITY (AWOS) CLIMATE SUMMARY FOR SEPTEMBER 16 2014...

CLIMATE NORMAL PERIOD 1981 TO 2010
CLIMATE RECORD PERIOD 1948 TO 2014


WEATHER ITEM   OBSERVED TIME   NORMAL DEPARTURE LAST
                VALUE   (LST)  VALUE  FROM      YEAR
                                      NORMAL
......................................................
TEMPERATURE (F)
 YESTERDAY
  MAXIMUM         81    400 PM  89     -8
  MINIMUM         74   1100 PM  69      5
  AVERAGE         78            79     -1

PRECIPITATION (IN)
  YESTERDAY        1.51          0.15   1.36     0.01
  MONTH TO DATE    6.38          2.81   3.57     0.72
  SINCE SEP 1      6.38          2.81   3.57     0.72
  SINCE JAN 1     46.76         38.18   8.58    53.50

DEGREE DAYS
 HEATING
  YESTERDAY        0             0      0
  MONTH TO DATE    0             0      0
  SINCE SEP 1      0             0      0
  SINCE JUL 1      0             0      0

 COOLING
  YESTERDAY       13            14     -1
  MONTH TO DATE  250           234     16
  SINCE SEP 1    250           234     16
  SINCE JAN 1   2312          2172    140
......................................................


WIND (MPH)
  RESULTANT WIND SPEED   4   RESULTANT WIND DIRECTION   W (270)
  HIGHEST WIND SPEED    13   HIGHEST WIND DIRECTION     W (280)
  HIGHEST GUST SPEED    MM   HIGHEST GUST DIRECTION    MM
  AVERAGE WIND SPEED     5.5



WEATHER CONDITIONS
 THE FOLLOWING WEATHER WAS RECORDED YESTERDAY.
  NO SIGNIFICANT WEATHER WAS OBSERVED.


RELATIVE HUMIDITY (PERCENT)
 HIGHEST   100
 LOWEST    MM

..........................................................




SUNRISE AND SUNSET
SEPTEMBER 17 2014.....SUNRISE   718 AM EDT   SUNSET   735 PM EDT
SEPTEMBER 18 2014.....SUNRISE   719 AM EDT   SUNSET   734 PM EDT


-  INDICATES NEGATIVE NUMBERS.
R  INDICATES RECORD WAS SET OR TIED.
MM INDICATES DATA IS MISSING.
T  INDICATES TRACE AMOUNT.




$$
