000
CDUS42 KTAE 280635
CLICTY


CLIMATE REPORT
NATIONAL WEATHER SERVICE TALLAHASSEE FL
234 AM EDT SUN AUG 28 2016


...................................

...THE CROSS CITY  CLIMATE SUMMARY FOR AUGUST 27 2016...

CLIMATE NORMAL PERIOD 1981 TO 2010
CLIMATE RECORD PERIOD 1948 TO 2016


WEATHER ITEM   OBSERVED TIME   NORMAL DEPARTURE LAST
                VALUE   (LST)  VALUE  FROM      YEAR
                                      NORMAL
......................................................
TEMPERATURE (F)
 YESTERDAY
  MAXIMUM         93    135 PM  90      3       91
  MINIMUM         73    135 AM  71      2       74
  AVERAGE         83            81      2

PRECIPITATION (IN)
  YESTERDAY        0.15          0.25  -0.10     0.00
  MONTH TO DATE   14.99          6.48   8.51    14.84
  SINCE JUN 1     26.64         17.23   9.41    40.57
  SINCE JAN 1     43.39         34.40   8.99    53.71

DEGREE DAYS
 HEATING
  YESTERDAY        0             0      0
  MONTH TO DATE    0             0      0
  SINCE JUN 1      0             0      0
  SINCE JUL 1      0             0      0

 COOLING
  YESTERDAY       18            16      2
  MONTH TO DATE  431           442    -11
  SINCE JUN 1   1569          1397    172
  SINCE JAN 1   2244          1876    368
......................................................


WIND (MPH)
  RESULTANT WIND SPEED   5   RESULTANT WIND DIRECTION  NE (60)
  HIGHEST WIND SPEED    13   HIGHEST WIND DIRECTION    NE (40)
  HIGHEST GUST SPEED    MM   HIGHEST GUST DIRECTION    MM
  AVERAGE WIND SPEED     5.7



WEATHER CONDITIONS
 THE FOLLOWING WEATHER WAS RECORDED YESTERDAY.
  NO SIGNIFICANT WEATHER WAS OBSERVED.


RELATIVE HUMIDITY (PERCENT)
 HIGHEST    91
 LOWEST     49

..........................................................




SUNRISE AND SUNSET
AUGUST 28 2016........SUNRISE   708 AM EDT   SUNSET   759 PM EDT
AUGUST 29 2016........SUNRISE   708 AM EDT   SUNSET   757 PM EDT


-  INDICATES NEGATIVE NUMBERS.
R  INDICATES RECORD WAS SET OR TIED.
MM INDICATES DATA IS MISSING.
T  INDICATES TRACE AMOUNT.




$$
