000
CDUS42 KCAE 010604
CLICUB


CLIMATE REPORT
NATIONAL WEATHER SERVICE COLUMBIA SC
204 AM EDT SAT AUG 1 2015


...................................

...THE HAMILTON - OWENS AIRPORT SC CLIMATE SUMMARY FOR JULY 31 2015...

CLIMATE NORMAL PERIOD 1981 TO 2010
CLIMATE RECORD PERIOD 9999 TO 9999


WEATHER ITEM   OBSERVED TIME   NORMAL DEPARTURE LAST
                VALUE   (LST)  VALUE  FROM      YEAR
                                      NORMAL
......................................................
TEMPERATURE (F)
 YESTERDAY
  MAXIMUM         96    525 PM  93      3       86
  MINIMUM         78    135 AM  73      5       70
  AVERAGE         87            83      4       78

PRECIPITATION (IN)
  YESTERDAY        0.00          0.17  -0.17     0.41
  MONTH TO DATE    2.66          5.18  -2.52     3.32
  SINCE JUN 1     10.07         10.09  -0.02     6.48
  SINCE JAN 1     25.21         26.91  -1.70    24.44

DEGREE DAYS
 HEATING
  YESTERDAY        0             0      0        0
  MONTH TO DATE    0             0      0        0
  SINCE JUN 1      0             0      0        0
  SINCE JUL 1      0             0      0        0

 COOLING
  YESTERDAY       22            18      4       13
  MONTH TO DATE  629           547     82      524
  SINCE JUN 1   1175           980    195     1018
  SINCE JAN 1   1604          1316    288     1411
......................................................


WIND (MPH)
  HIGHEST WIND SPEED    12   HIGHEST WIND DIRECTION     E (70)
  HIGHEST GUST SPEED    18   HIGHEST GUST DIRECTION     E (70)
  AVERAGE WIND SPEED     2.9


SKY COVER
  AVERAGE SKY COVER 0.4


WEATHER CONDITIONS
 THE FOLLOWING WEATHER WAS RECORDED YESTERDAY.
  NO SIGNIFICANT WEATHER WAS OBSERVED.


RELATIVE HUMIDITY (PERCENT)
 HIGHEST    91          1200 AM
 LOWEST     36           300 PM

..........................................................


THE HAMILTON - OWENS AIRPORT SC CLIMATE NORMALS FOR TODAY
                         NORMAL    RECORD    YEAR
 MAXIMUM TEMPERATURE (F)   93        MM        MM
 MINIMUM TEMPERATURE (F)   73        MM        MM


SUNRISE AND SUNSET
AUGUST  1 2015........SUNRISE   635 AM EDT   SUNSET   825 PM EDT
AUGUST  2 2015........SUNRISE   636 AM EDT   SUNSET   824 PM EDT


-  INDICATES NEGATIVE NUMBERS.
R  INDICATES RECORD WAS SET OR TIED.
MM INDICATES DATA IS MISSING.
T  INDICATES TRACE AMOUNT.




$$
