000
CDUS42 KCAE 220622
CLICUB


CLIMATE REPORT
NATIONAL WEATHER SERVICE COLUMBIA SC
222 AM EDT FRI SEP 22 2017


...................................

...THE HAMILTON - OWENS AIRPORT SC CLIMATE SUMMARY FOR SEPTEMBER 21 2017...

CLIMATE NORMAL PERIOD 1981 TO 2010
CLIMATE RECORD PERIOD 9999 TO 9999


WEATHER ITEM   OBSERVED TIME   NORMAL DEPARTURE LAST
                VALUE   (LST)  VALUE  FROM      YEAR
                                      NORMAL
......................................................
TEMPERATURE (F)
 YESTERDAY
  MAXIMUM         95    317 PM  85     10       79
  MINIMUM         70    641 AM  65      5       72
  AVERAGE         83            74      9       76

PRECIPITATION (IN)
  YESTERDAY        0.00          0.14  -0.14     0.51
  MONTH TO DATE    3.90          2.97   0.93     5.40
  SINCE SEP 1      3.90          2.97   0.93     5.40
  SINCE JAN 1     40.10         34.82   5.28    33.13

DEGREE DAYS
 HEATING
  YESTERDAY        0             0      0        0
  MONTH TO DATE    0             0      0        0
  SINCE SEP 1      0             0      0        0
  SINCE JUL 1      0             0      0        0

 COOLING
  YESTERDAY       18            10      8       11
  MONTH TO DATE  235           257    -22      314
  SINCE SEP 1    235           257    -22      314
  SINCE JAN 1   2335          2075    260     2548
......................................................


WIND (MPH)
  HIGHEST WIND SPEED     8   HIGHEST WIND DIRECTION    NW (320)
  HIGHEST GUST SPEED    11   HIGHEST GUST DIRECTION    NW (320)
  AVERAGE WIND SPEED     1.0


SKY COVER
  AVERAGE SKY COVER 0.2


WEATHER CONDITIONS
 THE FOLLOWING WEATHER WAS RECORDED YESTERDAY.
  THUNDERSTORM
  FOG


RELATIVE HUMIDITY (PERCENT)
 HIGHEST    97           600 AM
 LOWEST     33           200 PM

..........................................................


THE HAMILTON - OWENS AIRPORT SC CLIMATE NORMALS FOR TODAY
                         NORMAL    RECORD    YEAR
 MAXIMUM TEMPERATURE (F)   84        MM        MM
 MINIMUM TEMPERATURE (F)   64        MM        MM


SUNRISE AND SUNSET
SEPTEMBER 22 2017.....SUNRISE   712 AM EDT   SUNSET   720 PM EDT
SEPTEMBER 23 2017.....SUNRISE   713 AM EDT   SUNSET   719 PM EDT


-  INDICATES NEGATIVE NUMBERS.
R  INDICATES RECORD WAS SET OR TIED.
MM INDICATES DATA IS MISSING.
T  INDICATES TRACE AMOUNT.




$$
