000
CDUS42 KCAE 010620
CLICUB


CLIMATE REPORT
NATIONAL WEATHER SERVICE COLUMBIA SC
220 AM EDT WED JUN 1 2016


...................................

...THE HAMILTON - OWENS AIRPORT SC CLIMATE SUMMARY FOR MAY 31 2016...

CLIMATE NORMAL PERIOD 1981 TO 2010
CLIMATE RECORD PERIOD 9999 TO 9999


WEATHER ITEM   OBSERVED TIME   NORMAL DEPARTURE LAST
                VALUE   (LST)  VALUE  FROM      YEAR
                                      NORMAL
......................................................
TEMPERATURE (F)
 YESTERDAY
  MAXIMUM         92    425 PM  87      5       91
  MINIMUM         71    613 AM  65      6       67
  AVERAGE         82            76      6       79

PRECIPITATION (IN)
  YESTERDAY        0.00          0.12  -0.12     0.16
  MONTH TO DATE    4.52          2.97   1.55     1.57
  SINCE MAR 1      9.07          9.54  -0.47     7.22
  SINCE JAN 1     13.99         16.82  -2.83    15.14

DEGREE DAYS
 HEATING
  YESTERDAY        0             0      0        0
  MONTH TO DATE    6            11     -5        6
  SINCE MAR 1    217           386   -169      255
  SINCE JUL 1   1717          2315   -598     2381

 COOLING
  YESTERDAY       17            11      6       14
  MONTH TO DATE  249           237     12      295
  SINCE MAR 1    434           333    101      429
  SINCE JAN 1    437           336    101      429
......................................................


WIND (MPH)
  HIGHEST WIND SPEED     9   HIGHEST WIND DIRECTION     E (80)
  HIGHEST GUST SPEED    14   HIGHEST GUST DIRECTION     E (80)
  AVERAGE WIND SPEED     2.5


SKY COVER
  AVERAGE SKY COVER 0.6


WEATHER CONDITIONS
 THE FOLLOWING WEATHER WAS RECORDED YESTERDAY.
  THUNDERSTORM


RELATIVE HUMIDITY (PERCENT)
 HIGHEST    93           400 AM
 LOWEST     41           400 PM

..........................................................


THE HAMILTON - OWENS AIRPORT SC CLIMATE NORMALS FOR TODAY
                         NORMAL    RECORD    YEAR
 MAXIMUM TEMPERATURE (F)   87        MM        MM
 MINIMUM TEMPERATURE (F)   66        MM        MM


SUNRISE AND SUNSET
JUNE  1 2016..........SUNRISE   614 AM EDT   SUNSET   830 PM EDT
JUNE  2 2016..........SUNRISE   613 AM EDT   SUNSET   831 PM EDT


-  INDICATES NEGATIVE NUMBERS.
R  INDICATES RECORD WAS SET OR TIED.
MM INDICATES DATA IS MISSING.
T  INDICATES TRACE AMOUNT.




$$
