000
CDUS43 KUNR 310831
CLICUT


CLIMATE REPORT
NATIONAL WEATHER SERVICE RAPID CITY SD
131 AM MST SAT JAN 31 2015


...................................

...THE CUSTER COUNTY AIRPORT SD CLIMATE SUMMARY FOR JANUARY 30 2015...

CLIMATE NORMAL PERIOD 1981 TO 2010
CLIMATE RECORD PERIOD 9999 TO 9999


WEATHER ITEM   OBSERVED TIME   NORMAL DEPARTURE LAST
                VALUE   (LST)  VALUE  FROM      YEAR
                                      NORMAL
......................................................
TEMPERATURE (F)
 YESTERDAY
  MAXIMUM         49    129 PM  35     14       33
  MINIMUM         22    427 AM  14      8        7
  AVERAGE         36            24     12       20

PRECIPITATION (IN)
  YESTERDAY        0.00          0.02  -0.02     0.09
  MONTH TO DATE    0.24          0.32  -0.08     0.45
  SINCE DEC 1      0.39          0.70  -0.31     1.35
  SINCE JAN 1      0.24          0.32  -0.08     0.45

DEGREE DAYS
 HEATING
  YESTERDAY       29            41    -12       45
  MONTH TO DATE 1085          1230   -145     1000
  SINCE DEC 1   2228          2519   -291     2348
  SINCE JUL 1   4316          4700   -384     4460

 COOLING
  YESTERDAY        0             0      0        0
  MONTH TO DATE    0             0      0        0
  SINCE DEC 1      0             0      0        0
  SINCE JAN 1      0             0      0        0
......................................................


WIND (MPH)
  HIGHEST WIND SPEED    10   HIGHEST WIND DIRECTION     E (100)
  HIGHEST GUST SPEED    13   HIGHEST GUST DIRECTION     W (270)
  AVERAGE WIND SPEED     3.6


SKY COVER
  AVERAGE SKY COVER 0.0


WEATHER CONDITIONS
 THE FOLLOWING WEATHER WAS RECORDED YESTERDAY.
  NO SIGNIFICANT WEATHER WAS OBSERVED.


RELATIVE HUMIDITY (PERCENT)
 HIGHEST    81
 LOWEST     24
 AVERAGE    53

..........................................................




SUNRISE AND SUNSET
JANUARY 31 2015.......SUNRISE   712 AM MST   SUNSET   504 PM MST
FEBRUARY  1 2015......SUNRISE   711 AM MST   SUNSET   505 PM MST


-  INDICATES NEGATIVE NUMBERS.
R  INDICATES RECORD WAS SET OR TIED.
MM INDICATES DATA IS MISSING.
T  INDICATES TRACE AMOUNT.




$$
