000
CDUS43 KUNR 270831
CLICUT


CLIMATE REPORT
NATIONAL WEATHER SERVICE RAPID CITY SD
131 AM MST SAT DEC 27 2014


...................................

...THE CUSTER COUNTY AIRPORT SD CLIMATE SUMMARY FOR DECEMBER 26 2014...

CLIMATE NORMAL PERIOD 1981 TO 2010
CLIMATE RECORD PERIOD 9999 TO 9999


WEATHER ITEM   OBSERVED TIME   NORMAL DEPARTURE LAST
                VALUE   (LST)  VALUE  FROM      YEAR
                                      NORMAL
......................................................
TEMPERATURE (F)
 YESTERDAY
  MAXIMUM         17    256 PM  34    -17       49
  MINIMUM          4   1125 PM  13     -9       27
  AVERAGE         11            23    -12       38

PRECIPITATION (IN)
  YESTERDAY        0.00          0.02  -0.02     0.00
  MONTH TO DATE    0.07          0.32  -0.25     0.89
  SINCE DEC 1      0.07          0.32  -0.25     0.89
  SINCE JAN 1     20.12         18.89   1.23    22.31

DEGREE DAYS
 HEATING
  YESTERDAY       54            42     12       27
  MONTH TO DATE  862          1081   -219     1189
  SINCE DEC 1    862          1081   -219     1189
  SINCE JUL 1   2950          3262   -312     3301

 COOLING
  YESTERDAY        0             0      0        0
  MONTH TO DATE    0             0      0        0
  SINCE DEC 1      0             0      0        0
  SINCE JAN 1    152           177    -25      187
......................................................


WIND (MPH)
  HIGHEST WIND SPEED     9   HIGHEST WIND DIRECTION     W (270)
  HIGHEST GUST SPEED    12   HIGHEST GUST DIRECTION    SW (240)
  AVERAGE WIND SPEED     3.7


SKY COVER
  AVERAGE SKY COVER 0.9


WEATHER CONDITIONS
 THE FOLLOWING WEATHER WAS RECORDED YESTERDAY.
  FOG


RELATIVE HUMIDITY (PERCENT)
 HIGHEST    96
 LOWEST     73
 AVERAGE    85

..........................................................




SUNRISE AND SUNSET
DECEMBER 27 2014......SUNRISE   727 AM MST   SUNSET   424 PM MST
DECEMBER 28 2014......SUNRISE   728 AM MST   SUNSET   425 PM MST


-  INDICATES NEGATIVE NUMBERS.
R  INDICATES RECORD WAS SET OR TIED.
MM INDICATES DATA IS MISSING.
T  INDICATES TRACE AMOUNT.




$$
