000
CDUS43 KUNR 170832
CLICUT


CLIMATE REPORT
NATIONAL WEATHER SERVICE RAPID CITY SD
231 AM MDT THU APR 17 2014


...................................

...THE CUSTER COUNTY AIRPORT SD CLIMATE SUMMARY FOR APRIL 16 2014...

CLIMATE NORMAL PERIOD 1981 TO 2010
CLIMATE RECORD PERIOD 9999 TO 9999


WEATHER ITEM   OBSERVED TIME   NORMAL DEPARTURE LAST
                VALUE   (LST)  VALUE  FROM      YEAR
                                      NORMAL
......................................................
TEMPERATURE (F)
 YESTERDAY
  MAXIMUM         45    148 PM  51     -6       21
  MINIMUM         24   1147 PM  28     -4       18
  AVERAGE         35            39     -4       20

PRECIPITATION (IN)
  YESTERDAY        0.46          0.08   0.38     0.46
  MONTH TO DATE    1.21          0.99   0.22     1.61
  SINCE MAR 1      2.41          2.00   0.41     2.35
  SINCE JAN 1      3.74          2.86   0.88     3.28

DEGREE DAYS
 HEATING
  YESTERDAY       30            26      4       45
  MONTH TO DATE  466           448     18      549
  SINCE MAR 1   1518          1488     30     1634
  SINCE JUL 1   7376          7323     53     7176

 COOLING
  YESTERDAY        0             0      0        0
  MONTH TO DATE    0             0      0        0
  SINCE MAR 1      0             0      0        0
  SINCE JAN 1      0             0      0        0
......................................................


WIND (MPH)
  HIGHEST WIND SPEED    17   HIGHEST WIND DIRECTION     N (350)
  HIGHEST GUST SPEED    25   HIGHEST GUST DIRECTION     N (360)
  AVERAGE WIND SPEED     7.1


SKY COVER
  AVERAGE SKY COVER 0.9


WEATHER CONDITIONS
 THE FOLLOWING WEATHER WAS RECORDED YESTERDAY.
  HEAVY SNOW
  SNOW
  LIGHT SNOW
  FOG
  FOG W/VISIBILITY <= 1/4 MILE


RELATIVE HUMIDITY (PERCENT)
 HIGHEST    92
 LOWEST     37
 AVERAGE    65

..........................................................




SUNRISE AND SUNSET
APRIL 17 2014.........SUNRISE   608 AM MDT   SUNSET   740 PM MDT
APRIL 18 2014.........SUNRISE   607 AM MDT   SUNSET   742 PM MDT


-  INDICATES NEGATIVE NUMBERS.
R  INDICATES RECORD WAS SET OR TIED.
MM INDICATES DATA IS MISSING.
T  INDICATES TRACE AMOUNT.




$$
