000
CDUS43 KUNR 230835
CLICUT


CLIMATE REPORT
NATIONAL WEATHER SERVICE RAPID CITY SD
234 AM MDT FRI JUN 23 2017


...................................

...THE CUSTER COUNTY AIRPORT SD CLIMATE SUMMARY FOR JUNE 22 2017...

CLIMATE NORMAL PERIOD 1981 TO 2010
CLIMATE RECORD PERIOD 9999 TO 9999


WEATHER ITEM   OBSERVED TIME   NORMAL DEPARTURE LAST
                VALUE   (LST)  VALUE  FROM      YEAR
                                      NORMAL
......................................................
TEMPERATURE (F)
 YESTERDAY
  MAXIMUM         68    931 AM  74     -6       82
  MINIMUM         52   1159 PM  49      3       55
  AVERAGE         60            61     -1       69

PRECIPITATION (IN)
  YESTERDAY        T             0.09  -0.09     0.00
  MONTH TO DATE    1.22          2.43  -1.21     1.47
  SINCE JUN 1      1.22          2.43  -1.21     1.47
  SINCE JAN 1      9.10          9.54  -0.44     6.05

DEGREE DAYS
 HEATING
  YESTERDAY        5             5      0        0
  MONTH TO DATE   94           187    -93       49
  SINCE JUN 1     94           187    -93       49
  SINCE JUL 1   7538          8356   -818     7164

 COOLING
  YESTERDAY        0             1     -1        4
  MONTH TO DATE   15            10      5       63
  SINCE JUN 1     15            10      5       63
  SINCE JAN 1     15            11      4       63
......................................................


WIND (MPH)
  HIGHEST WIND SPEED    21   HIGHEST WIND DIRECTION     E (70)
  HIGHEST GUST SPEED    30   HIGHEST GUST DIRECTION     N (10)
  AVERAGE WIND SPEED     8.3


SKY COVER
  AVERAGE SKY COVER 0.5


WEATHER CONDITIONS
 THE FOLLOWING WEATHER WAS RECORDED YESTERDAY.
  LIGHT RAIN


RELATIVE HUMIDITY (PERCENT)
 HIGHEST    71
 LOWEST     34
 AVERAGE    53

..........................................................




SUNRISE AND SUNSET
JUNE 23 2017..........SUNRISE   513 AM MDT   SUNSET   840 PM MDT
JUNE 24 2017..........SUNRISE   514 AM MDT   SUNSET   840 PM MDT


-  INDICATES NEGATIVE NUMBERS.
R  INDICATES RECORD WAS SET OR TIED.
MM INDICATES DATA IS MISSING.
T  INDICATES TRACE AMOUNT.




$$
